{"id":6300,"date":"2025-06-25T10:30:13","date_gmt":"2025-06-25T13:30:13","guid":{"rendered":"https:\/\/www.legislapp.com.br\/index.php\/cam-legislativa-de-mg-pl-3778-2025\/"},"modified":"2025-06-25T10:30:13","modified_gmt":"2025-06-25T13:30:13","slug":"cam-legislativa-de-mg-pl-3778-2025","status":"publish","type":"page","link":"https:\/\/www.legislapp.com.br\/index.php\/cam-legislativa-de-mg-pl-3778-2025\/","title":{"rendered":"PL 3778\/2025 &#8211; Deputados"},"content":{"rendered":"<h1 style='text-align: center;'>C\u00e2m. Legislativa de MG &#8211; Autoria de Deputados<\/h3>\n<p><\/p>\n<article style='text-align: center'>Altera a Lei 21156, de 17 de janeiro de 2014,\u00a0para determinar que a<br \/>\npol\u00edtica estadual de desenvolvimento rural sustent\u00e1vel da agricultura<br \/>\nfamiliar &#8211; Pledraf &#8211; priorize \u00e0 mulher cafeicultora o acesso a linhas de<br \/>\ncr\u00e9dito para comercializa\u00e7\u00e3o do caf\u00e9. (Prioriza \u00e0 mulher cafeicultora o<br \/>\nacesso a linhas de cr\u00e9dito espec\u00edficas destinadas \u00e0 agricultura familiar,<br \/>\na mecanismos p\u00fablicos de comercializa\u00e7\u00e3o do caf\u00e9 e a programas de<br \/>\naquisi\u00e7\u00e3o de produtos da agricultura familiar no \u00e2mbito estadual.)<\/article>\n<p><\/p>\n<p style='text-align: center'><a href='https:\/\/app.legislapp.com.br\/#\/busca?termo='><\/a><\/p>\n<p><\/p>\n<article>Altera a Lei n\u00ba 21.156, de 17 de janeiro de 2014, para determinar que a Pol\u00edtica Estadual de Desenvolvimento Rural Sustent\u00e1vel da Agricultura Familiar (Pledraf) priorize \u00e0 mulher cafeicultora ao acesso \u00e0s linhas de cr\u00e9dito para comercializa\u00e7\u00e3o do caf\u00e9.<br \/>\nA Assembleia Legislativa do Estado de Minas Gerais decreta:<br \/>\nArt. 1\u00ba \u2013 Acrescente-se o seguinte artigo a Lei n\u00ba 21.156, de 17 de janeiro de 2014, para determinar que a Pol\u00edtica Estadual de Desenvolvimento Rural Sustent\u00e1vel da Agricultura Familiar priorize \u00e0 mulher cafeicultora ao acesso \u00e0s linhas de cr\u00e9dito para comercializa\u00e7\u00e3o do caf\u00e9:<br \/>\n\u201cArt. 3\u00b0 \u2013 A Pol\u00edtica Estadual de Desenvolvimento Rural Sustent\u00e1vel da Agricultura Familiar dever\u00e1 priorizar a mulher cafeicultora, que preencha os crit\u00e9rios de agricultora familiar nos termos da legisla\u00e7\u00e3o estadual e federal aplic\u00e1vel, no acesso:<br \/>\nI \u2013 \u00e0s linhas de cr\u00e9dito espec\u00edficas destinadas \u00e0 agricultura familiar;<br \/>\nII \u2013 aos mecanismos p\u00fablicos de comercializa\u00e7\u00e3o do caf\u00e9;<br \/>\nIII \u2013 aos programas de aquisi\u00e7\u00e3o de produtos da agricultura familiar no \u00e2mbito estadual;<br \/>\n\u00a7 1\u00ba \u2013 Regulamento definir\u00e1 os par\u00e2metros para o enquadramento como mulher chefe de fam\u00edlia.<br \/>\n\u00a7 2\u00ba \u2013 A taxa de juros das linhas de cr\u00e9dito de que trata o caput dever\u00e1 ser inferior \u00e0 estabelecida para os demais benefici\u00e1rios, respeitados os limites legais e or\u00e7ament\u00e1rios.\u201d.<br \/>\nArt. 2\u00ba \u2013 Esta lei entra em vigor na data de sua publica\u00e7\u00e3o.<br \/>\nSala das Reuni\u00f5es, 15 de maio de 2025.<br \/>\nCassio Soares (PSD)<br \/>\nJustifica\u00e7\u00e3o: A presente proposi\u00e7\u00e3o tem por objetivo acrescentar dispositivo \u00e0 Lei Estadual n\u00ba 21.156, de 17 de janeiro de 2014, que institui a Pol\u00edtica Estadual de Desenvolvimento Rural Sustent\u00e1vel da Agricultura Familiar \u2013 Pedraf \u2013, a fim de assegurar tratamento priorit\u00e1rio \u00e0 mulher cafeicultora ao acesso a cr\u00e9dito e a mecanismos de comercializa\u00e7\u00e3o do caf\u00e9. A Pol\u00edtica Estadual da Agricultura Familiar visa promover a inclus\u00e3o produtiva, a valoriza\u00e7\u00e3o social e o fortalecimento econ\u00f4mico das fam\u00edlias rurais mineiras. Contudo, ainda \u00e9 evidente a desigualdade de g\u00eanero no campo, especialmente em rela\u00e7\u00e3o \u00e0 distribui\u00e7\u00e3o de recursos, cr\u00e9dito rural e oportunidades de inser\u00e7\u00e3o no mercado.<br \/>\nNo setor cafeeiro, um dos pilares da economia rural mineira, as mulheres t\u00eam assumido papel de destaque, com crescente participa\u00e7\u00e3o em cadeias de valor, cooperativas e na produ\u00e7\u00e3o de caf\u00e9s especiais. Ainda assim, encontram dificuldades no acesso a pol\u00edticas p\u00fablicas espec\u00edficas, inclusive em linhas de cr\u00e9dito e nos mecanismos de comercializa\u00e7\u00e3o.<br \/>\nA proposi\u00e7\u00e3o pretende combater a desigualdade de g\u00eanero no meio rural, promover a autonomia econ\u00f4mica da mulher agricultora e fortalecer o protagonismo feminino na cafeicultura mineira, que \u00e9 uma das atividades mais relevantes para a economia local e nacional. Dessa forma, a inclus\u00e3o dessa prioridade no \u00e2mbito da Pol\u00edtica Estadual de Agricultura Familiar contribuir\u00e1 para o desenvolvimento mais justo, inclusivo e sustent\u00e1vel do campo mineiro.<br \/>\n\u2013 Publicado, vai o projeto \u00e0s Comiss\u00f5es de Justi\u00e7a, de Agropecu\u00e1ria, dos Direitos da Mulher e de Fiscaliza\u00e7\u00e3o Financeira para parecer, nos termos do art. 188, c\/c o art. 102, do Regimento Interno.<\/article>\n<div style=\"text-align: center\">\n<div style=\"margin-bottom: 20px;\" class=\"et_pb_button_module_wrapper et_pb_button_5_tb_body_wrapper et_pb_button_alignment_center et_pb_module \">\n         <a class=\"et_pb_button et_pb_button_5_tb_body et_hover_enabled et_pb_bg_layout_dark\" style=\"width: 50%;background-color: black;\" href=\"https:\/\/app.legislapp.com.br\" target=\"_blank\" rel=\"noopener\">Visualizar completo na nossa plataforma (30 dias gr\u00e1tis)<\/a><\/p><\/div>\n<p>      <a href=\"https:\/\/play.google.com\/store\/apps\/details?id=br.com.legislapp\"><img decoding=\"async\" style=\"width: 15%; min-width: 130px;\" src=\"https:\/\/www.legislapp.com.br\/wp-content\/uploads\/google-play.png\"><\/a><br \/>\n      <a href=\"https:\/\/apps.apple.com\/us\/app\/legislapp\/id1568929859\"><img decoding=\"async\" style=\"width: 15%; min-width: 130px\" src=\"https:\/\/www.legislapp.com.br\/wp-content\/uploads\/apple-store.png\"><\/a>\n   <\/div>\n","protected":false},"excerpt":{"rendered":"<p>C\u00e2m. Legislativa de MG &#8211; Autoria de Deputados Altera a Lei 21156, de 17 de janeiro de 2014,\u00a0para determinar que a pol\u00edtica estadual de desenvolvimento rural sustent\u00e1vel da agricultura familiar &#8211; Pledraf &#8211; priorize \u00e0 mulher cafeicultora o acesso a linhas de cr\u00e9dito para comercializa\u00e7\u00e3o do caf\u00e9. (Prioriza \u00e0 mulher cafeicultora o acesso a linhas [&hellip;]<\/p>\n","protected":false},"author":1,"featured_media":0,"parent":0,"menu_order":0,"comment_status":"closed","ping_status":"closed","template":"page-template-blank.php","meta":{"_et_pb_use_builder":"","_et_pb_old_content":"","_et_gb_content_width":"1080","ngg_post_thumbnail":0,"footnotes":""},"class_list":["post-6300","page","type-page","status-publish","hentry"],"yoast_head":"<!-- This site is optimized with the Yoast SEO plugin v24.4 - https:\/\/yoast.com\/wordpress\/plugins\/seo\/ -->\n<title>PL 3778\/2025 - Deputados - Legislapp<\/title>\n<meta name=\"robots\" content=\"index, follow, max-snippet:-1, max-image-preview:large, max-video-preview:-1\" \/>\n<link rel=\"canonical\" href=\"https:\/\/www.legislapp.com.br\/index.php\/cam-legislativa-de-mg-pl-3778-2025\/\" \/>\n<meta property=\"og:locale\" content=\"pt_BR\" \/>\n<meta property=\"og:type\" content=\"article\" \/>\n<meta property=\"og:title\" content=\"PL 3778\/2025 - Deputados - Legislapp\" \/>\n<meta property=\"og:description\" content=\"C\u00e2m. Legislativa de MG &#8211; Autoria de Deputados Altera a Lei 21156, de 17 de janeiro de 2014,\u00a0para determinar que a pol\u00edtica estadual de desenvolvimento rural sustent\u00e1vel da agricultura familiar &#8211; Pledraf &#8211; priorize \u00e0 mulher cafeicultora o acesso a linhas de cr\u00e9dito para comercializa\u00e7\u00e3o do caf\u00e9. (Prioriza \u00e0 mulher cafeicultora o acesso a linhas [&hellip;]\" \/>\n<meta property=\"og:url\" content=\"https:\/\/www.legislapp.com.br\/index.php\/cam-legislativa-de-mg-pl-3778-2025\/\" \/>\n<meta property=\"og:site_name\" content=\"Legislapp\" \/>\n<meta property=\"article:publisher\" content=\"https:\/\/www.instagram.com\/legislapp\/\" \/>\n<meta property=\"og:image\" content=\"https:\/\/www.legislapp.com.br\/wp-content\/uploads\/google-play.png\" \/>\n<meta name=\"twitter:card\" content=\"summary_large_image\" \/>\n<meta name=\"twitter:label1\" content=\"Est. tempo de leitura\" \/>\n\t<meta name=\"twitter:data1\" content=\"3 minutos\" \/>\n<script type=\"application\/ld+json\" class=\"yoast-schema-graph\">{\"@context\":\"https:\/\/schema.org\",\"@graph\":[{\"@type\":\"WebPage\",\"@id\":\"https:\/\/www.legislapp.com.br\/index.php\/cam-legislativa-de-mg-pl-3778-2025\/\",\"url\":\"https:\/\/www.legislapp.com.br\/index.php\/cam-legislativa-de-mg-pl-3778-2025\/\",\"name\":\"PL 3778\/2025 - Deputados - Legislapp\",\"isPartOf\":{\"@id\":\"https:\/\/www.legislapp.com.br\/#website\"},\"primaryImageOfPage\":{\"@id\":\"https:\/\/www.legislapp.com.br\/index.php\/cam-legislativa-de-mg-pl-3778-2025\/#primaryimage\"},\"image\":{\"@id\":\"https:\/\/www.legislapp.com.br\/index.php\/cam-legislativa-de-mg-pl-3778-2025\/#primaryimage\"},\"thumbnailUrl\":\"https:\/\/www.legislapp.com.br\/wp-content\/uploads\/google-play.png\",\"datePublished\":\"2025-06-25T13:30:13+00:00\",\"breadcrumb\":{\"@id\":\"https:\/\/www.legislapp.com.br\/index.php\/cam-legislativa-de-mg-pl-3778-2025\/#breadcrumb\"},\"inLanguage\":\"pt-BR\",\"potentialAction\":[{\"@type\":\"ReadAction\",\"target\":[\"https:\/\/www.legislapp.com.br\/index.php\/cam-legislativa-de-mg-pl-3778-2025\/\"]}]},{\"@type\":\"ImageObject\",\"inLanguage\":\"pt-BR\",\"@id\":\"https:\/\/www.legislapp.com.br\/index.php\/cam-legislativa-de-mg-pl-3778-2025\/#primaryimage\",\"url\":\"https:\/\/www.legislapp.com.br\/wp-content\/uploads\/google-play.png\",\"contentUrl\":\"https:\/\/www.legislapp.com.br\/wp-content\/uploads\/google-play.png\",\"width\":564,\"height\":168},{\"@type\":\"BreadcrumbList\",\"@id\":\"https:\/\/www.legislapp.com.br\/index.php\/cam-legislativa-de-mg-pl-3778-2025\/#breadcrumb\",\"itemListElement\":[{\"@type\":\"ListItem\",\"position\":1,\"name\":\"In\u00edcio\",\"item\":\"https:\/\/www.legislapp.com.br\/\"},{\"@type\":\"ListItem\",\"position\":2,\"name\":\"PL 3778\/2025 &#8211; Deputados\"}]},{\"@type\":\"WebSite\",\"@id\":\"https:\/\/www.legislapp.com.br\/#website\",\"url\":\"https:\/\/www.legislapp.com.br\/\",\"name\":\"Legislapp\",\"description\":\"Intelig\u00eancia governamental em tempo real\",\"publisher\":{\"@id\":\"https:\/\/www.legislapp.com.br\/#organization\"},\"potentialAction\":[{\"@type\":\"SearchAction\",\"target\":{\"@type\":\"EntryPoint\",\"urlTemplate\":\"https:\/\/www.legislapp.com.br\/?s={search_term_string}\"},\"query-input\":{\"@type\":\"PropertyValueSpecification\",\"valueRequired\":true,\"valueName\":\"search_term_string\"}}],\"inLanguage\":\"pt-BR\"},{\"@type\":\"Organization\",\"@id\":\"https:\/\/www.legislapp.com.br\/#organization\",\"name\":\"Legislapp Monitoramento e Intelig\u00eancia Governamental\",\"url\":\"https:\/\/www.legislapp.com.br\/\",\"logo\":{\"@type\":\"ImageObject\",\"inLanguage\":\"pt-BR\",\"@id\":\"https:\/\/www.legislapp.com.br\/#\/schema\/logo\/image\/\",\"url\":\"https:\/\/www.legislapp.com.br\/wp-content\/uploads\/icon.png\",\"contentUrl\":\"https:\/\/www.legislapp.com.br\/wp-content\/uploads\/icon.png\",\"width\":1024,\"height\":1024,\"caption\":\"Legislapp Monitoramento e Intelig\u00eancia Governamental\"},\"image\":{\"@id\":\"https:\/\/www.legislapp.com.br\/#\/schema\/logo\/image\/\"},\"sameAs\":[\"https:\/\/www.instagram.com\/legislapp\/\"]}]}<\/script>\n<!-- \/ Yoast SEO plugin. -->","yoast_head_json":{"title":"PL 3778\/2025 - Deputados - Legislapp","robots":{"index":"index","follow":"follow","max-snippet":"max-snippet:-1","max-image-preview":"max-image-preview:large","max-video-preview":"max-video-preview:-1"},"canonical":"https:\/\/www.legislapp.com.br\/index.php\/cam-legislativa-de-mg-pl-3778-2025\/","og_locale":"pt_BR","og_type":"article","og_title":"PL 3778\/2025 - Deputados - Legislapp","og_description":"C\u00e2m. Legislativa de MG &#8211; Autoria de Deputados Altera a Lei 21156, de 17 de janeiro de 2014,\u00a0para determinar que a pol\u00edtica estadual de desenvolvimento rural sustent\u00e1vel da agricultura familiar &#8211; Pledraf &#8211; priorize \u00e0 mulher cafeicultora o acesso a linhas de cr\u00e9dito para comercializa\u00e7\u00e3o do caf\u00e9. (Prioriza \u00e0 mulher cafeicultora o acesso a linhas [&hellip;]","og_url":"https:\/\/www.legislapp.com.br\/index.php\/cam-legislativa-de-mg-pl-3778-2025\/","og_site_name":"Legislapp","article_publisher":"https:\/\/www.instagram.com\/legislapp\/","og_image":[{"url":"https:\/\/www.legislapp.com.br\/wp-content\/uploads\/google-play.png","type":"","width":"","height":""}],"twitter_card":"summary_large_image","twitter_misc":{"Est. tempo de leitura":"3 minutos"},"schema":{"@context":"https:\/\/schema.org","@graph":[{"@type":"WebPage","@id":"https:\/\/www.legislapp.com.br\/index.php\/cam-legislativa-de-mg-pl-3778-2025\/","url":"https:\/\/www.legislapp.com.br\/index.php\/cam-legislativa-de-mg-pl-3778-2025\/","name":"PL 3778\/2025 - Deputados - Legislapp","isPartOf":{"@id":"https:\/\/www.legislapp.com.br\/#website"},"primaryImageOfPage":{"@id":"https:\/\/www.legislapp.com.br\/index.php\/cam-legislativa-de-mg-pl-3778-2025\/#primaryimage"},"image":{"@id":"https:\/\/www.legislapp.com.br\/index.php\/cam-legislativa-de-mg-pl-3778-2025\/#primaryimage"},"thumbnailUrl":"https:\/\/www.legislapp.com.br\/wp-content\/uploads\/google-play.png","datePublished":"2025-06-25T13:30:13+00:00","breadcrumb":{"@id":"https:\/\/www.legislapp.com.br\/index.php\/cam-legislativa-de-mg-pl-3778-2025\/#breadcrumb"},"inLanguage":"pt-BR","potentialAction":[{"@type":"ReadAction","target":["https:\/\/www.legislapp.com.br\/index.php\/cam-legislativa-de-mg-pl-3778-2025\/"]}]},{"@type":"ImageObject","inLanguage":"pt-BR","@id":"https:\/\/www.legislapp.com.br\/index.php\/cam-legislativa-de-mg-pl-3778-2025\/#primaryimage","url":"https:\/\/www.legislapp.com.br\/wp-content\/uploads\/google-play.png","contentUrl":"https:\/\/www.legislapp.com.br\/wp-content\/uploads\/google-play.png","width":564,"height":168},{"@type":"BreadcrumbList","@id":"https:\/\/www.legislapp.com.br\/index.php\/cam-legislativa-de-mg-pl-3778-2025\/#breadcrumb","itemListElement":[{"@type":"ListItem","position":1,"name":"In\u00edcio","item":"https:\/\/www.legislapp.com.br\/"},{"@type":"ListItem","position":2,"name":"PL 3778\/2025 &#8211; Deputados"}]},{"@type":"WebSite","@id":"https:\/\/www.legislapp.com.br\/#website","url":"https:\/\/www.legislapp.com.br\/","name":"Legislapp","description":"Intelig\u00eancia governamental em tempo real","publisher":{"@id":"https:\/\/www.legislapp.com.br\/#organization"},"potentialAction":[{"@type":"SearchAction","target":{"@type":"EntryPoint","urlTemplate":"https:\/\/www.legislapp.com.br\/?s={search_term_string}"},"query-input":{"@type":"PropertyValueSpecification","valueRequired":true,"valueName":"search_term_string"}}],"inLanguage":"pt-BR"},{"@type":"Organization","@id":"https:\/\/www.legislapp.com.br\/#organization","name":"Legislapp Monitoramento e Intelig\u00eancia Governamental","url":"https:\/\/www.legislapp.com.br\/","logo":{"@type":"ImageObject","inLanguage":"pt-BR","@id":"https:\/\/www.legislapp.com.br\/#\/schema\/logo\/image\/","url":"https:\/\/www.legislapp.com.br\/wp-content\/uploads\/icon.png","contentUrl":"https:\/\/www.legislapp.com.br\/wp-content\/uploads\/icon.png","width":1024,"height":1024,"caption":"Legislapp Monitoramento e Intelig\u00eancia Governamental"},"image":{"@id":"https:\/\/www.legislapp.com.br\/#\/schema\/logo\/image\/"},"sameAs":["https:\/\/www.instagram.com\/legislapp\/"]}]}},"_links":{"self":[{"href":"https:\/\/www.legislapp.com.br\/index.php\/wp-json\/wp\/v2\/pages\/6300","targetHints":{"allow":["GET"]}}],"collection":[{"href":"https:\/\/www.legislapp.com.br\/index.php\/wp-json\/wp\/v2\/pages"}],"about":[{"href":"https:\/\/www.legislapp.com.br\/index.php\/wp-json\/wp\/v2\/types\/page"}],"author":[{"embeddable":true,"href":"https:\/\/www.legislapp.com.br\/index.php\/wp-json\/wp\/v2\/users\/1"}],"replies":[{"embeddable":true,"href":"https:\/\/www.legislapp.com.br\/index.php\/wp-json\/wp\/v2\/comments?post=6300"}],"version-history":[{"count":0,"href":"https:\/\/www.legislapp.com.br\/index.php\/wp-json\/wp\/v2\/pages\/6300\/revisions"}],"wp:attachment":[{"href":"https:\/\/www.legislapp.com.br\/index.php\/wp-json\/wp\/v2\/media?parent=6300"}],"curies":[{"name":"wp","href":"https:\/\/api.w.org\/{rel}","templated":true}]}}