{"id":6725,"date":"2025-09-17T10:39:47","date_gmt":"2025-09-17T13:39:47","guid":{"rendered":"https:\/\/www.legislapp.com.br\/index.php\/discurso-camara-8-27-2025-gilson-daniel-pode-es-3\/"},"modified":"2025-09-17T10:39:47","modified_gmt":"2025-09-17T13:39:47","slug":"discurso-camara-8-27-2025-gilson-daniel-pode-es-3","status":"publish","type":"page","link":"https:\/\/www.legislapp.com.br\/index.php\/discurso-camara-8-27-2025-gilson-daniel-pode-es-3\/","title":{"rendered":"Discurso de Gilson Daniel, PODE-ES"},"content":{"rendered":"<h1 style='text-align: center;'>Wednesday, August 27, 2025 &#8211; BREVES COMUNICA\u00c7\u00d5ES<\/h3>\n<p><\/p>\n<article>Sum\u00e1rio:&nbsp;O Deputado tratou do Projeto de Lei (PL) n\u00ba 1.087, de 2025, que isenta do Imposto de Renda quem recebe at\u00e9 5 mil reais, com possibilidade de eleva\u00e7\u00e3o do limite para 7.350 reais. Ademais, argumentou em favor de sua emenda ao PL, que beneficia os cafeicultores do Esp\u00edrito Santo ao elevar de 150 mil para 500 mil reais o valor de isen\u00e7\u00e3o para quem vende caf\u00e9 e outros produtos agr\u00edcolas, medida que incentivar\u00e1 a emiss\u00e3o de notas e aumentar\u00e1 o Imposto sobre Opera\u00e7\u00f5es relativas \u00e0 Circula\u00e7\u00e3o de Mercadorias e sobre Presta\u00e7\u00f5es de Servi\u00e7os de Transporte Interestadual e Intermunicipal e de Comunica\u00e7\u00e3o (ICMS). Ressaltou tamb\u00e9m a relev\u00e2ncia da emenda para os produtores de Linhares (ES), importante polo cafeeiro. Al\u00e9m disso, alertou que a isen\u00e7\u00e3o do imposto de renda reduzir\u00e1 a arrecada\u00e7\u00e3o dos Munic\u00edpios, j\u00e1 que a maioria dos servidores municipais recebe abaixo de 5 mil reais. Ao final, defendeu que a Uni\u00e3o compense financeiramente os Munic\u00edpios.<\/article>\n<p><\/p>\n<div style=\"text-align: center\">\n      <img decoding=\"async\" style=\"width: 14%;\" src=\"https:\/\/www.legislapp.com.br\/wp-content\/uploads\/2021\/07\/Logo-Legislapp-1-03-1.png\"><br \/>\n      <\/p>\n<div style=\"margin-bottom: 20px;\" class=\"et_pb_button_module_wrapper et_pb_button_5_tb_body_wrapper et_pb_button_alignment_center et_pb_module \">\n         <a class=\"et_pb_button et_pb_button_5_tb_body et_hover_enabled et_pb_bg_layout_dark\" style=\"width: 50%;background-color: black;\" href=\"https:\/\/app.legislapp.com.br\" target=\"_blank\" rel=\"noopener\">Visualizar completo na nossa plataforma (30 dias gr\u00e1tis)<\/a><\/p><\/div>\n<p>      <a href=\"https:\/\/play.google.com\/store\/apps\/details?id=br.com.legislapp\"><img decoding=\"async\" style=\"width: 15%; min-width: 130px;\" src=\"https:\/\/www.legislapp.com.br\/wp-content\/uploads\/google-play.png\"><\/a><br \/>\n      <a href=\"https:\/\/apps.apple.com\/us\/app\/legislapp\/id1568929859\"><img decoding=\"async\" style=\"width: 15%; min-width: 130px\" src=\"https:\/\/www.legislapp.com.br\/wp-content\/uploads\/apple-store.png\"><\/a>\n   <\/div>\n","protected":false},"excerpt":{"rendered":"<p>Wednesday, August 27, 2025 &#8211; BREVES COMUNICA\u00c7\u00d5ES Sum\u00e1rio:&nbsp;O Deputado tratou do Projeto de Lei (PL) n\u00ba 1.087, de 2025, que isenta do Imposto de Renda quem recebe at\u00e9 5 mil reais, com possibilidade de eleva\u00e7\u00e3o do limite para 7.350 reais. Ademais, argumentou em favor de sua emenda ao PL, que beneficia os cafeicultores do Esp\u00edrito [&hellip;]<\/p>\n","protected":false},"author":1,"featured_media":0,"parent":0,"menu_order":0,"comment_status":"closed","ping_status":"closed","template":"page-template-blank.php","meta":{"_et_pb_use_builder":"","_et_pb_old_content":"","_et_gb_content_width":"1080","ngg_post_thumbnail":0,"footnotes":""},"class_list":["post-6725","page","type-page","status-publish","hentry"],"yoast_head":"<!-- This site is optimized with the Yoast SEO plugin v24.4 - https:\/\/yoast.com\/wordpress\/plugins\/seo\/ -->\n<title>Discurso de Gilson Daniel, PODE-ES - Legislapp<\/title>\n<meta name=\"robots\" content=\"index, follow, max-snippet:-1, max-image-preview:large, max-video-preview:-1\" \/>\n<link rel=\"canonical\" href=\"https:\/\/www.legislapp.com.br\/index.php\/discurso-camara-8-27-2025-gilson-daniel-pode-es-3\/\" \/>\n<meta property=\"og:locale\" content=\"pt_BR\" \/>\n<meta property=\"og:type\" content=\"article\" \/>\n<meta property=\"og:title\" content=\"Discurso de Gilson Daniel, PODE-ES - Legislapp\" \/>\n<meta property=\"og:description\" content=\"Wednesday, August 27, 2025 &#8211; BREVES COMUNICA\u00c7\u00d5ES Sum\u00e1rio:&nbsp;O Deputado tratou do Projeto de Lei (PL) n\u00ba 1.087, de 2025, que isenta do Imposto de Renda quem recebe at\u00e9 5 mil reais, com possibilidade de eleva\u00e7\u00e3o do limite para 7.350 reais. Ademais, argumentou em favor de sua emenda ao PL, que beneficia os cafeicultores do Esp\u00edrito [&hellip;]\" \/>\n<meta property=\"og:url\" content=\"https:\/\/www.legislapp.com.br\/index.php\/discurso-camara-8-27-2025-gilson-daniel-pode-es-3\/\" \/>\n<meta property=\"og:site_name\" content=\"Legislapp\" \/>\n<meta property=\"article:publisher\" content=\"https:\/\/www.instagram.com\/legislapp\/\" \/>\n<meta property=\"og:image\" content=\"https:\/\/www.legislapp.com.br\/wp-content\/uploads\/2021\/07\/Logo-Legislapp-1-03-1.png\" \/>\n<meta name=\"twitter:card\" content=\"summary_large_image\" \/>\n<meta name=\"twitter:label1\" content=\"Est. tempo de leitura\" \/>\n\t<meta name=\"twitter:data1\" content=\"1 minuto\" \/>\n<script type=\"application\/ld+json\" class=\"yoast-schema-graph\">{\"@context\":\"https:\/\/schema.org\",\"@graph\":[{\"@type\":\"WebPage\",\"@id\":\"https:\/\/www.legislapp.com.br\/index.php\/discurso-camara-8-27-2025-gilson-daniel-pode-es-3\/\",\"url\":\"https:\/\/www.legislapp.com.br\/index.php\/discurso-camara-8-27-2025-gilson-daniel-pode-es-3\/\",\"name\":\"Discurso de Gilson Daniel, PODE-ES - Legislapp\",\"isPartOf\":{\"@id\":\"https:\/\/www.legislapp.com.br\/#website\"},\"primaryImageOfPage\":{\"@id\":\"https:\/\/www.legislapp.com.br\/index.php\/discurso-camara-8-27-2025-gilson-daniel-pode-es-3\/#primaryimage\"},\"image\":{\"@id\":\"https:\/\/www.legislapp.com.br\/index.php\/discurso-camara-8-27-2025-gilson-daniel-pode-es-3\/#primaryimage\"},\"thumbnailUrl\":\"https:\/\/www.legislapp.com.br\/wp-content\/uploads\/2021\/07\/Logo-Legislapp-1-03-1.png\",\"datePublished\":\"2025-09-17T13:39:47+00:00\",\"breadcrumb\":{\"@id\":\"https:\/\/www.legislapp.com.br\/index.php\/discurso-camara-8-27-2025-gilson-daniel-pode-es-3\/#breadcrumb\"},\"inLanguage\":\"pt-BR\",\"potentialAction\":[{\"@type\":\"ReadAction\",\"target\":[\"https:\/\/www.legislapp.com.br\/index.php\/discurso-camara-8-27-2025-gilson-daniel-pode-es-3\/\"]}]},{\"@type\":\"ImageObject\",\"inLanguage\":\"pt-BR\",\"@id\":\"https:\/\/www.legislapp.com.br\/index.php\/discurso-camara-8-27-2025-gilson-daniel-pode-es-3\/#primaryimage\",\"url\":\"https:\/\/www.legislapp.com.br\/wp-content\/uploads\/2021\/07\/Logo-Legislapp-1-03-1.png\",\"contentUrl\":\"https:\/\/www.legislapp.com.br\/wp-content\/uploads\/2021\/07\/Logo-Legislapp-1-03-1.png\",\"width\":2679,\"height\":2697},{\"@type\":\"BreadcrumbList\",\"@id\":\"https:\/\/www.legislapp.com.br\/index.php\/discurso-camara-8-27-2025-gilson-daniel-pode-es-3\/#breadcrumb\",\"itemListElement\":[{\"@type\":\"ListItem\",\"position\":1,\"name\":\"In\u00edcio\",\"item\":\"https:\/\/www.legislapp.com.br\/\"},{\"@type\":\"ListItem\",\"position\":2,\"name\":\"Discurso de Gilson Daniel, PODE-ES\"}]},{\"@type\":\"WebSite\",\"@id\":\"https:\/\/www.legislapp.com.br\/#website\",\"url\":\"https:\/\/www.legislapp.com.br\/\",\"name\":\"Legislapp\",\"description\":\"Intelig\u00eancia governamental em tempo real\",\"publisher\":{\"@id\":\"https:\/\/www.legislapp.com.br\/#organization\"},\"potentialAction\":[{\"@type\":\"SearchAction\",\"target\":{\"@type\":\"EntryPoint\",\"urlTemplate\":\"https:\/\/www.legislapp.com.br\/?s={search_term_string}\"},\"query-input\":{\"@type\":\"PropertyValueSpecification\",\"valueRequired\":true,\"valueName\":\"search_term_string\"}}],\"inLanguage\":\"pt-BR\"},{\"@type\":\"Organization\",\"@id\":\"https:\/\/www.legislapp.com.br\/#organization\",\"name\":\"Legislapp Monitoramento e Intelig\u00eancia Governamental\",\"url\":\"https:\/\/www.legislapp.com.br\/\",\"logo\":{\"@type\":\"ImageObject\",\"inLanguage\":\"pt-BR\",\"@id\":\"https:\/\/www.legislapp.com.br\/#\/schema\/logo\/image\/\",\"url\":\"https:\/\/www.legislapp.com.br\/wp-content\/uploads\/icon.png\",\"contentUrl\":\"https:\/\/www.legislapp.com.br\/wp-content\/uploads\/icon.png\",\"width\":1024,\"height\":1024,\"caption\":\"Legislapp Monitoramento e Intelig\u00eancia Governamental\"},\"image\":{\"@id\":\"https:\/\/www.legislapp.com.br\/#\/schema\/logo\/image\/\"},\"sameAs\":[\"https:\/\/www.instagram.com\/legislapp\/\"]}]}<\/script>\n<!-- \/ Yoast SEO plugin. -->","yoast_head_json":{"title":"Discurso de Gilson Daniel, PODE-ES - Legislapp","robots":{"index":"index","follow":"follow","max-snippet":"max-snippet:-1","max-image-preview":"max-image-preview:large","max-video-preview":"max-video-preview:-1"},"canonical":"https:\/\/www.legislapp.com.br\/index.php\/discurso-camara-8-27-2025-gilson-daniel-pode-es-3\/","og_locale":"pt_BR","og_type":"article","og_title":"Discurso de Gilson Daniel, PODE-ES - Legislapp","og_description":"Wednesday, August 27, 2025 &#8211; BREVES COMUNICA\u00c7\u00d5ES Sum\u00e1rio:&nbsp;O Deputado tratou do Projeto de Lei (PL) n\u00ba 1.087, de 2025, que isenta do Imposto de Renda quem recebe at\u00e9 5 mil reais, com possibilidade de eleva\u00e7\u00e3o do limite para 7.350 reais. Ademais, argumentou em favor de sua emenda ao PL, que beneficia os cafeicultores do Esp\u00edrito [&hellip;]","og_url":"https:\/\/www.legislapp.com.br\/index.php\/discurso-camara-8-27-2025-gilson-daniel-pode-es-3\/","og_site_name":"Legislapp","article_publisher":"https:\/\/www.instagram.com\/legislapp\/","og_image":[{"url":"https:\/\/www.legislapp.com.br\/wp-content\/uploads\/2021\/07\/Logo-Legislapp-1-03-1.png","type":"","width":"","height":""}],"twitter_card":"summary_large_image","twitter_misc":{"Est. tempo de leitura":"1 minuto"},"schema":{"@context":"https:\/\/schema.org","@graph":[{"@type":"WebPage","@id":"https:\/\/www.legislapp.com.br\/index.php\/discurso-camara-8-27-2025-gilson-daniel-pode-es-3\/","url":"https:\/\/www.legislapp.com.br\/index.php\/discurso-camara-8-27-2025-gilson-daniel-pode-es-3\/","name":"Discurso de Gilson Daniel, PODE-ES - Legislapp","isPartOf":{"@id":"https:\/\/www.legislapp.com.br\/#website"},"primaryImageOfPage":{"@id":"https:\/\/www.legislapp.com.br\/index.php\/discurso-camara-8-27-2025-gilson-daniel-pode-es-3\/#primaryimage"},"image":{"@id":"https:\/\/www.legislapp.com.br\/index.php\/discurso-camara-8-27-2025-gilson-daniel-pode-es-3\/#primaryimage"},"thumbnailUrl":"https:\/\/www.legislapp.com.br\/wp-content\/uploads\/2021\/07\/Logo-Legislapp-1-03-1.png","datePublished":"2025-09-17T13:39:47+00:00","breadcrumb":{"@id":"https:\/\/www.legislapp.com.br\/index.php\/discurso-camara-8-27-2025-gilson-daniel-pode-es-3\/#breadcrumb"},"inLanguage":"pt-BR","potentialAction":[{"@type":"ReadAction","target":["https:\/\/www.legislapp.com.br\/index.php\/discurso-camara-8-27-2025-gilson-daniel-pode-es-3\/"]}]},{"@type":"ImageObject","inLanguage":"pt-BR","@id":"https:\/\/www.legislapp.com.br\/index.php\/discurso-camara-8-27-2025-gilson-daniel-pode-es-3\/#primaryimage","url":"https:\/\/www.legislapp.com.br\/wp-content\/uploads\/2021\/07\/Logo-Legislapp-1-03-1.png","contentUrl":"https:\/\/www.legislapp.com.br\/wp-content\/uploads\/2021\/07\/Logo-Legislapp-1-03-1.png","width":2679,"height":2697},{"@type":"BreadcrumbList","@id":"https:\/\/www.legislapp.com.br\/index.php\/discurso-camara-8-27-2025-gilson-daniel-pode-es-3\/#breadcrumb","itemListElement":[{"@type":"ListItem","position":1,"name":"In\u00edcio","item":"https:\/\/www.legislapp.com.br\/"},{"@type":"ListItem","position":2,"name":"Discurso de Gilson Daniel, PODE-ES"}]},{"@type":"WebSite","@id":"https:\/\/www.legislapp.com.br\/#website","url":"https:\/\/www.legislapp.com.br\/","name":"Legislapp","description":"Intelig\u00eancia governamental em tempo real","publisher":{"@id":"https:\/\/www.legislapp.com.br\/#organization"},"potentialAction":[{"@type":"SearchAction","target":{"@type":"EntryPoint","urlTemplate":"https:\/\/www.legislapp.com.br\/?s={search_term_string}"},"query-input":{"@type":"PropertyValueSpecification","valueRequired":true,"valueName":"search_term_string"}}],"inLanguage":"pt-BR"},{"@type":"Organization","@id":"https:\/\/www.legislapp.com.br\/#organization","name":"Legislapp Monitoramento e Intelig\u00eancia Governamental","url":"https:\/\/www.legislapp.com.br\/","logo":{"@type":"ImageObject","inLanguage":"pt-BR","@id":"https:\/\/www.legislapp.com.br\/#\/schema\/logo\/image\/","url":"https:\/\/www.legislapp.com.br\/wp-content\/uploads\/icon.png","contentUrl":"https:\/\/www.legislapp.com.br\/wp-content\/uploads\/icon.png","width":1024,"height":1024,"caption":"Legislapp Monitoramento e Intelig\u00eancia Governamental"},"image":{"@id":"https:\/\/www.legislapp.com.br\/#\/schema\/logo\/image\/"},"sameAs":["https:\/\/www.instagram.com\/legislapp\/"]}]}},"_links":{"self":[{"href":"https:\/\/www.legislapp.com.br\/index.php\/wp-json\/wp\/v2\/pages\/6725","targetHints":{"allow":["GET"]}}],"collection":[{"href":"https:\/\/www.legislapp.com.br\/index.php\/wp-json\/wp\/v2\/pages"}],"about":[{"href":"https:\/\/www.legislapp.com.br\/index.php\/wp-json\/wp\/v2\/types\/page"}],"author":[{"embeddable":true,"href":"https:\/\/www.legislapp.com.br\/index.php\/wp-json\/wp\/v2\/users\/1"}],"replies":[{"embeddable":true,"href":"https:\/\/www.legislapp.com.br\/index.php\/wp-json\/wp\/v2\/comments?post=6725"}],"version-history":[{"count":0,"href":"https:\/\/www.legislapp.com.br\/index.php\/wp-json\/wp\/v2\/pages\/6725\/revisions"}],"wp:attachment":[{"href":"https:\/\/www.legislapp.com.br\/index.php\/wp-json\/wp\/v2\/media?parent=6725"}],"curies":[{"name":"wp","href":"https:\/\/api.w.org\/{rel}","templated":true}]}}

<h1 style='text-align: center;'>Wednesday, August 27, 2025 &#8211; BREVES COMUNICAÇÕES</h3>
<p></p>
<article>Sumário:&nbsp;O Deputado tratou do Projeto de Lei (PL) nº 1.087, de 2025, que isenta do Imposto de Renda quem recebe até 5 mil reais, com possibilidade de elevação do limite para 7.350 reais. Ademais, argumentou em favor de sua emenda ao PL, que beneficia os cafeicultores do Espírito Santo ao elevar de 150 mil para 500 mil reais o valor de isenção para quem vende café e outros produtos agrícolas, medida que incentivará a emissão de notas e aumentará o Imposto sobre Operações relativas à Circulação de Mercadorias e sobre Prestações de Serviços de Transporte Interestadual e Intermunicipal e de Comunicação (ICMS). Ressaltou também a relevância da emenda para os produtores de Linhares (ES), importante polo cafeeiro. Além disso, alertou que a isenção do imposto de renda reduzirá a arrecadação dos Municípios, já que a maioria dos servidores municipais recebe abaixo de 5 mil reais. Ao final, defendeu que a União compense financeiramente os Municípios.</article>
<p></p>
<div style="text-align: center">
      <img decoding="async" style="width: 14%;" src="https://www.legislapp.com.br/wp-content/uploads/2021/07/Logo-Legislapp-1-03-1.png"><br />
      </p>
<div style="margin-bottom: 20px;" class="et_pb_button_module_wrapper et_pb_button_5_tb_body_wrapper et_pb_button_alignment_center et_pb_module ">
         <a class="et_pb_button et_pb_button_5_tb_body et_hover_enabled et_pb_bg_layout_dark" style="width: 50%;background-color: black;" href="https://app.legislapp.com.br" target="_blank" rel="noopener">Visualizar completo na nossa plataforma (30 dias grátis)</a></p></div>
<p>      <a href="https://play.google.com/store/apps/details?id=br.com.legislapp"><img decoding="async" style="width: 15%; min-width: 130px;" src="https://www.legislapp.com.br/wp-content/uploads/google-play.png"></a><br />
      <a href="https://apps.apple.com/us/app/legislapp/id1568929859"><img decoding="async" style="width: 15%; min-width: 130px" src="https://www.legislapp.com.br/wp-content/uploads/apple-store.png"></a>
   </div>

<p>Wednesday, August 27, 2025 &#8211; BREVES COMUNICAÇÕES Sumário:&nbsp;O Deputado tratou do Projeto de Lei (PL) nº 1.087, de 2025, que isenta do Imposto de Renda quem recebe até 5 mil reais, com possibilidade de elevação do limite para 7.350 reais. Ademais, argumentou em favor de sua emenda ao PL, que beneficia os cafeicultores do Espírito [&hellip;]</p>

<!-- This site is optimized with the Yoast SEO plugin v24.4 - https://yoast.com/wordpress/plugins/seo/ -->
<title>Discurso de Gilson Daniel, PODE-ES - Legislapp</title>
<meta name="robots" content="index, follow, max-snippet:-1, max-image-preview:large, max-video-preview:-1" />
<link rel="canonical" href="https://www.legislapp.com.br/index.php/discurso-camara-8-27-2025-gilson-daniel-pode-es-3/" />
<meta property="og:locale" content="pt_BR" />
<meta property="og:type" content="article" />
<meta property="og:title" content="Discurso de Gilson Daniel, PODE-ES - Legislapp" />
<meta property="og:description" content="Wednesday, August 27, 2025 &#8211; BREVES COMUNICAÇÕES Sumário:&nbsp;O Deputado tratou do Projeto de Lei (PL) nº 1.087, de 2025, que isenta do Imposto de Renda quem recebe até 5 mil reais, com possibilidade de elevação do limite para 7.350 reais. Ademais, argumentou em favor de sua emenda ao PL, que beneficia os cafeicultores do Espírito [&hellip;]" />
<meta property="og:url" content="https://www.legislapp.com.br/index.php/discurso-camara-8-27-2025-gilson-daniel-pode-es-3/" />
<meta property="og:site_name" content="Legislapp" />
<meta property="article:publisher" content="https://www.instagram.com/legislapp/" />
<meta property="og:image" content="https://www.legislapp.com.br/wp-content/uploads/2021/07/Logo-Legislapp-1-03-1.png" />
<meta name="twitter:card" content="summary_large_image" />
<meta name="twitter:label1" content="Est. tempo de leitura" />
	<meta name="twitter:data1" content="1 minuto" />
<script type="application/ld+json" class="yoast-schema-graph">{"@context":"https://schema.org","@graph":[{"@type":"WebPage","@id":"https://www.legislapp.com.br/index.php/discurso-camara-8-27-2025-gilson-daniel-pode-es-3/","url":"https://www.legislapp.com.br/index.php/discurso-camara-8-27-2025-gilson-daniel-pode-es-3/","name":"Discurso de Gilson Daniel, PODE-ES - Legislapp","isPartOf":{"@id":"https://www.legislapp.com.br/#website"},"primaryImageOfPage":{"@id":"https://www.legislapp.com.br/index.php/discurso-camara-8-27-2025-gilson-daniel-pode-es-3/#primaryimage"},"image":{"@id":"https://www.legislapp.com.br/index.php/discurso-camara-8-27-2025-gilson-daniel-pode-es-3/#primaryimage"},"thumbnailUrl":"https://www.legislapp.com.br/wp-content/uploads/2021/07/Logo-Legislapp-1-03-1.png","datePublished":"2025-09-17T13:39:47+00:00","breadcrumb":{"@id":"https://www.legislapp.com.br/index.php/discurso-camara-8-27-2025-gilson-daniel-pode-es-3/#breadcrumb"},"inLanguage":"pt-BR","potentialAction":[{"@type":"ReadAction","target":["https://www.legislapp.com.br/index.php/discurso-camara-8-27-2025-gilson-daniel-pode-es-3/"]}]},{"@type":"ImageObject","inLanguage":"pt-BR","@id":"https://www.legislapp.com.br/index.php/discurso-camara-8-27-2025-gilson-daniel-pode-es-3/#primaryimage","url":"https://www.legislapp.com.br/wp-content/uploads/2021/07/Logo-Legislapp-1-03-1.png","contentUrl":"https://www.legislapp.com.br/wp-content/uploads/2021/07/Logo-Legislapp-1-03-1.png","width":2679,"height":2697},{"@type":"BreadcrumbList","@id":"https://www.legislapp.com.br/index.php/discurso-camara-8-27-2025-gilson-daniel-pode-es-3/#breadcrumb","itemListElement":[{"@type":"ListItem","position":1,"name":"Início","item":"https://www.legislapp.com.br/"},{"@type":"ListItem","position":2,"name":"Discurso de Gilson Daniel, PODE-ES"}]},{"@type":"WebSite","@id":"https://www.legislapp.com.br/#website","url":"https://www.legislapp.com.br/","name":"Legislapp","description":"Inteligência governamental em tempo real","publisher":{"@id":"https://www.legislapp.com.br/#organization"},"potentialAction":[{"@type":"SearchAction","target":{"@type":"EntryPoint","urlTemplate":"https://www.legislapp.com.br/?s={search_term_string}"},"query-input":{"@type":"PropertyValueSpecification","valueRequired":true,"valueName":"search_term_string"}}],"inLanguage":"pt-BR"},{"@type":"Organization","@id":"https://www.legislapp.com.br/#organization","name":"Legislapp Monitoramento e Inteligência Governamental","url":"https://www.legislapp.com.br/","logo":{"@type":"ImageObject","inLanguage":"pt-BR","@id":"https://www.legislapp.com.br/#/schema/logo/image/","url":"https://www.legislapp.com.br/wp-content/uploads/icon.png","contentUrl":"https://www.legislapp.com.br/wp-content/uploads/icon.png","width":1024,"height":1024,"caption":"Legislapp Monitoramento e Inteligência Governamental"},"image":{"@id":"https://www.legislapp.com.br/#/schema/logo/image/"},"sameAs":["https://www.instagram.com/legislapp/"]}]}</script>
<!-- / Yoast SEO plugin. -->

Wednesday, August 27, 2025 &#8211; BREVES COMUNICAÇÕES Sumário:&nbsp;O Deputado tratou do Projeto de Lei (PL) nº 1.087, de 2025, que isenta do Imposto de Renda quem recebe até 5 mil reais, com possibilidade de elevação do limite para 7.350 reais. Ademais, argumentou em favor de sua emenda ao PL, que beneficia os cafeicultores do Espírito [&hellip;]

Início

Inteligência governamental em tempo real

Legislapp Monitoramento e Inteligência Governamental
