{"id":6742,"date":"2025-09-17T10:40:34","date_gmt":"2025-09-17T13:40:34","guid":{"rendered":"https:\/\/www.legislapp.com.br\/index.php\/discurso-camara-8-20-2025-maria-mello-4\/"},"modified":"2025-09-17T10:40:34","modified_gmt":"2025-09-17T13:40:34","slug":"discurso-camara-8-20-2025-maria-mello-4","status":"publish","type":"page","link":"https:\/\/www.legislapp.com.br\/index.php\/discurso-camara-8-20-2025-maria-mello-4\/","title":{"rendered":"Discurso de Maria Mello, &#8212;&#8211;"},"content":{"rendered":"<h1 style='text-align: center;'>Wednesday, August 20, 2025 &#8211; COMISS\u00c3O GERAL<\/h3>\n<p><\/p>\n<article>Sum\u00e1rio:&nbsp;A Representante Instituto Alana discursou na.Comiss\u00e3o Geral com a finalidade de debater a prote\u00e7\u00e3o a crian\u00e7as e adolescentes em ambientes digitais. Defendeua aprova\u00e7\u00e3o do Projeto de Lei n\u00ba 2.628, de 2022, que disp\u00f5e sobre a prote\u00e7\u00e3o de crian\u00e7as e adolescentes em ambientes digitais, destacando que o ambiente digital atual explorava vulnerabilidades de crian\u00e7as e adolescentes e sobrecarregava as fam\u00edlias. Apontou que plataformas lucravam com a aten\u00e7\u00e3o e a sa\u00fade mental de jovens, promovendo conte\u00fados inadequados e adultiza\u00e7\u00e3o precoce. Citou exemplos de falhas algor\u00edtmicas que expunham perfis de adolescentes a drogas, \u00e1lcool e mensagens extremistas, refor\u00e7ando que a responsabilidade n\u00e3o podia recair apenas sobre os pais. Afirmou que o Projeto proporcionaria prote\u00e7\u00e3o in\u00e9dita e inovadora, alinhando-se \u00e0 Constitui\u00e7\u00e3o, que atribui responsabilidade compartilhada entre Estado, fam\u00edlias e sociedade, incluindo empresas. Concluiu que aprovar o projeto representava um ato de humanidade e a chance de garantir uma inf\u00e2ncia segura e saud\u00e1vel no ambiente digital.<\/article>\n<p><\/p>\n<div style=\"text-align: center\">\n      <img decoding=\"async\" style=\"width: 14%;\" src=\"https:\/\/www.legislapp.com.br\/wp-content\/uploads\/2021\/07\/Logo-Legislapp-1-03-1.png\"><br \/>\n      <\/p>\n<div style=\"margin-bottom: 20px;\" class=\"et_pb_button_module_wrapper et_pb_button_5_tb_body_wrapper et_pb_button_alignment_center et_pb_module \">\n         <a class=\"et_pb_button et_pb_button_5_tb_body et_hover_enabled et_pb_bg_layout_dark\" style=\"width: 50%;background-color: black;\" href=\"https:\/\/app.legislapp.com.br\" target=\"_blank\" rel=\"noopener\">Visualizar completo na nossa plataforma (30 dias gr\u00e1tis)<\/a><\/p><\/div>\n<p>      <a href=\"https:\/\/play.google.com\/store\/apps\/details?id=br.com.legislapp\"><img decoding=\"async\" style=\"width: 15%; min-width: 130px;\" src=\"https:\/\/www.legislapp.com.br\/wp-content\/uploads\/google-play.png\"><\/a><br \/>\n      <a href=\"https:\/\/apps.apple.com\/us\/app\/legislapp\/id1568929859\"><img decoding=\"async\" style=\"width: 15%; min-width: 130px\" src=\"https:\/\/www.legislapp.com.br\/wp-content\/uploads\/apple-store.png\"><\/a>\n   <\/div>\n","protected":false},"excerpt":{"rendered":"<p>Wednesday, August 20, 2025 &#8211; COMISS\u00c3O GERAL Sum\u00e1rio:&nbsp;A Representante Instituto Alana discursou na.Comiss\u00e3o Geral com a finalidade de debater a prote\u00e7\u00e3o a crian\u00e7as e adolescentes em ambientes digitais. Defendeua aprova\u00e7\u00e3o do Projeto de Lei n\u00ba 2.628, de 2022, que disp\u00f5e sobre a prote\u00e7\u00e3o de crian\u00e7as e adolescentes em ambientes digitais, destacando que o ambiente digital [&hellip;]<\/p>\n","protected":false},"author":1,"featured_media":0,"parent":0,"menu_order":0,"comment_status":"closed","ping_status":"closed","template":"page-template-blank.php","meta":{"_et_pb_use_builder":"","_et_pb_old_content":"","_et_gb_content_width":"1080","ngg_post_thumbnail":0,"footnotes":""},"class_list":["post-6742","page","type-page","status-publish","hentry"],"yoast_head":"<!-- This site is optimized with the Yoast SEO plugin v24.4 - https:\/\/yoast.com\/wordpress\/plugins\/seo\/ -->\n<title>Discurso de Maria Mello, - Legislapp<\/title>\n<meta name=\"robots\" content=\"index, follow, max-snippet:-1, max-image-preview:large, max-video-preview:-1\" \/>\n<link rel=\"canonical\" href=\"https:\/\/www.legislapp.com.br\/index.php\/discurso-camara-8-20-2025-maria-mello-4\/\" \/>\n<meta property=\"og:locale\" content=\"pt_BR\" \/>\n<meta property=\"og:type\" content=\"article\" \/>\n<meta property=\"og:title\" content=\"Discurso de Maria Mello, - Legislapp\" \/>\n<meta property=\"og:description\" content=\"Wednesday, August 20, 2025 &#8211; COMISS\u00c3O GERAL Sum\u00e1rio:&nbsp;A Representante Instituto Alana discursou na.Comiss\u00e3o Geral com a finalidade de debater a prote\u00e7\u00e3o a crian\u00e7as e adolescentes em ambientes digitais. Defendeua aprova\u00e7\u00e3o do Projeto de Lei n\u00ba 2.628, de 2022, que disp\u00f5e sobre a prote\u00e7\u00e3o de crian\u00e7as e adolescentes em ambientes digitais, destacando que o ambiente digital [&hellip;]\" \/>\n<meta property=\"og:url\" content=\"https:\/\/www.legislapp.com.br\/index.php\/discurso-camara-8-20-2025-maria-mello-4\/\" \/>\n<meta property=\"og:site_name\" content=\"Legislapp\" \/>\n<meta property=\"article:publisher\" content=\"https:\/\/www.instagram.com\/legislapp\/\" \/>\n<meta property=\"og:image\" content=\"https:\/\/www.legislapp.com.br\/wp-content\/uploads\/2021\/07\/Logo-Legislapp-1-03-1.png\" \/>\n<meta name=\"twitter:card\" content=\"summary_large_image\" \/>\n<meta name=\"twitter:label1\" content=\"Est. tempo de leitura\" \/>\n\t<meta name=\"twitter:data1\" content=\"1 minuto\" \/>\n<script type=\"application\/ld+json\" class=\"yoast-schema-graph\">{\"@context\":\"https:\/\/schema.org\",\"@graph\":[{\"@type\":\"WebPage\",\"@id\":\"https:\/\/www.legislapp.com.br\/index.php\/discurso-camara-8-20-2025-maria-mello-4\/\",\"url\":\"https:\/\/www.legislapp.com.br\/index.php\/discurso-camara-8-20-2025-maria-mello-4\/\",\"name\":\"Discurso de Maria Mello, - Legislapp\",\"isPartOf\":{\"@id\":\"https:\/\/www.legislapp.com.br\/#website\"},\"primaryImageOfPage\":{\"@id\":\"https:\/\/www.legislapp.com.br\/index.php\/discurso-camara-8-20-2025-maria-mello-4\/#primaryimage\"},\"image\":{\"@id\":\"https:\/\/www.legislapp.com.br\/index.php\/discurso-camara-8-20-2025-maria-mello-4\/#primaryimage\"},\"thumbnailUrl\":\"https:\/\/www.legislapp.com.br\/wp-content\/uploads\/2021\/07\/Logo-Legislapp-1-03-1.png\",\"datePublished\":\"2025-09-17T13:40:34+00:00\",\"breadcrumb\":{\"@id\":\"https:\/\/www.legislapp.com.br\/index.php\/discurso-camara-8-20-2025-maria-mello-4\/#breadcrumb\"},\"inLanguage\":\"pt-BR\",\"potentialAction\":[{\"@type\":\"ReadAction\",\"target\":[\"https:\/\/www.legislapp.com.br\/index.php\/discurso-camara-8-20-2025-maria-mello-4\/\"]}]},{\"@type\":\"ImageObject\",\"inLanguage\":\"pt-BR\",\"@id\":\"https:\/\/www.legislapp.com.br\/index.php\/discurso-camara-8-20-2025-maria-mello-4\/#primaryimage\",\"url\":\"https:\/\/www.legislapp.com.br\/wp-content\/uploads\/2021\/07\/Logo-Legislapp-1-03-1.png\",\"contentUrl\":\"https:\/\/www.legislapp.com.br\/wp-content\/uploads\/2021\/07\/Logo-Legislapp-1-03-1.png\",\"width\":2679,\"height\":2697},{\"@type\":\"BreadcrumbList\",\"@id\":\"https:\/\/www.legislapp.com.br\/index.php\/discurso-camara-8-20-2025-maria-mello-4\/#breadcrumb\",\"itemListElement\":[{\"@type\":\"ListItem\",\"position\":1,\"name\":\"In\u00edcio\",\"item\":\"https:\/\/www.legislapp.com.br\/\"},{\"@type\":\"ListItem\",\"position\":2,\"name\":\"Discurso de Maria Mello, &#8212;&#8211;\"}]},{\"@type\":\"WebSite\",\"@id\":\"https:\/\/www.legislapp.com.br\/#website\",\"url\":\"https:\/\/www.legislapp.com.br\/\",\"name\":\"Legislapp\",\"description\":\"Intelig\u00eancia governamental em tempo real\",\"publisher\":{\"@id\":\"https:\/\/www.legislapp.com.br\/#organization\"},\"potentialAction\":[{\"@type\":\"SearchAction\",\"target\":{\"@type\":\"EntryPoint\",\"urlTemplate\":\"https:\/\/www.legislapp.com.br\/?s={search_term_string}\"},\"query-input\":{\"@type\":\"PropertyValueSpecification\",\"valueRequired\":true,\"valueName\":\"search_term_string\"}}],\"inLanguage\":\"pt-BR\"},{\"@type\":\"Organization\",\"@id\":\"https:\/\/www.legislapp.com.br\/#organization\",\"name\":\"Legislapp Monitoramento e Intelig\u00eancia Governamental\",\"url\":\"https:\/\/www.legislapp.com.br\/\",\"logo\":{\"@type\":\"ImageObject\",\"inLanguage\":\"pt-BR\",\"@id\":\"https:\/\/www.legislapp.com.br\/#\/schema\/logo\/image\/\",\"url\":\"https:\/\/www.legislapp.com.br\/wp-content\/uploads\/icon.png\",\"contentUrl\":\"https:\/\/www.legislapp.com.br\/wp-content\/uploads\/icon.png\",\"width\":1024,\"height\":1024,\"caption\":\"Legislapp Monitoramento e Intelig\u00eancia Governamental\"},\"image\":{\"@id\":\"https:\/\/www.legislapp.com.br\/#\/schema\/logo\/image\/\"},\"sameAs\":[\"https:\/\/www.instagram.com\/legislapp\/\"]}]}<\/script>\n<!-- \/ Yoast SEO plugin. -->","yoast_head_json":{"title":"Discurso de Maria Mello, - Legislapp","robots":{"index":"index","follow":"follow","max-snippet":"max-snippet:-1","max-image-preview":"max-image-preview:large","max-video-preview":"max-video-preview:-1"},"canonical":"https:\/\/www.legislapp.com.br\/index.php\/discurso-camara-8-20-2025-maria-mello-4\/","og_locale":"pt_BR","og_type":"article","og_title":"Discurso de Maria Mello, - Legislapp","og_description":"Wednesday, August 20, 2025 &#8211; COMISS\u00c3O GERAL Sum\u00e1rio:&nbsp;A Representante Instituto Alana discursou na.Comiss\u00e3o Geral com a finalidade de debater a prote\u00e7\u00e3o a crian\u00e7as e adolescentes em ambientes digitais. Defendeua aprova\u00e7\u00e3o do Projeto de Lei n\u00ba 2.628, de 2022, que disp\u00f5e sobre a prote\u00e7\u00e3o de crian\u00e7as e adolescentes em ambientes digitais, destacando que o ambiente digital [&hellip;]","og_url":"https:\/\/www.legislapp.com.br\/index.php\/discurso-camara-8-20-2025-maria-mello-4\/","og_site_name":"Legislapp","article_publisher":"https:\/\/www.instagram.com\/legislapp\/","og_image":[{"url":"https:\/\/www.legislapp.com.br\/wp-content\/uploads\/2021\/07\/Logo-Legislapp-1-03-1.png","type":"","width":"","height":""}],"twitter_card":"summary_large_image","twitter_misc":{"Est. tempo de leitura":"1 minuto"},"schema":{"@context":"https:\/\/schema.org","@graph":[{"@type":"WebPage","@id":"https:\/\/www.legislapp.com.br\/index.php\/discurso-camara-8-20-2025-maria-mello-4\/","url":"https:\/\/www.legislapp.com.br\/index.php\/discurso-camara-8-20-2025-maria-mello-4\/","name":"Discurso de Maria Mello, - Legislapp","isPartOf":{"@id":"https:\/\/www.legislapp.com.br\/#website"},"primaryImageOfPage":{"@id":"https:\/\/www.legislapp.com.br\/index.php\/discurso-camara-8-20-2025-maria-mello-4\/#primaryimage"},"image":{"@id":"https:\/\/www.legislapp.com.br\/index.php\/discurso-camara-8-20-2025-maria-mello-4\/#primaryimage"},"thumbnailUrl":"https:\/\/www.legislapp.com.br\/wp-content\/uploads\/2021\/07\/Logo-Legislapp-1-03-1.png","datePublished":"2025-09-17T13:40:34+00:00","breadcrumb":{"@id":"https:\/\/www.legislapp.com.br\/index.php\/discurso-camara-8-20-2025-maria-mello-4\/#breadcrumb"},"inLanguage":"pt-BR","potentialAction":[{"@type":"ReadAction","target":["https:\/\/www.legislapp.com.br\/index.php\/discurso-camara-8-20-2025-maria-mello-4\/"]}]},{"@type":"ImageObject","inLanguage":"pt-BR","@id":"https:\/\/www.legislapp.com.br\/index.php\/discurso-camara-8-20-2025-maria-mello-4\/#primaryimage","url":"https:\/\/www.legislapp.com.br\/wp-content\/uploads\/2021\/07\/Logo-Legislapp-1-03-1.png","contentUrl":"https:\/\/www.legislapp.com.br\/wp-content\/uploads\/2021\/07\/Logo-Legislapp-1-03-1.png","width":2679,"height":2697},{"@type":"BreadcrumbList","@id":"https:\/\/www.legislapp.com.br\/index.php\/discurso-camara-8-20-2025-maria-mello-4\/#breadcrumb","itemListElement":[{"@type":"ListItem","position":1,"name":"In\u00edcio","item":"https:\/\/www.legislapp.com.br\/"},{"@type":"ListItem","position":2,"name":"Discurso de Maria Mello, &#8212;&#8211;"}]},{"@type":"WebSite","@id":"https:\/\/www.legislapp.com.br\/#website","url":"https:\/\/www.legislapp.com.br\/","name":"Legislapp","description":"Intelig\u00eancia governamental em tempo real","publisher":{"@id":"https:\/\/www.legislapp.com.br\/#organization"},"potentialAction":[{"@type":"SearchAction","target":{"@type":"EntryPoint","urlTemplate":"https:\/\/www.legislapp.com.br\/?s={search_term_string}"},"query-input":{"@type":"PropertyValueSpecification","valueRequired":true,"valueName":"search_term_string"}}],"inLanguage":"pt-BR"},{"@type":"Organization","@id":"https:\/\/www.legislapp.com.br\/#organization","name":"Legislapp Monitoramento e Intelig\u00eancia Governamental","url":"https:\/\/www.legislapp.com.br\/","logo":{"@type":"ImageObject","inLanguage":"pt-BR","@id":"https:\/\/www.legislapp.com.br\/#\/schema\/logo\/image\/","url":"https:\/\/www.legislapp.com.br\/wp-content\/uploads\/icon.png","contentUrl":"https:\/\/www.legislapp.com.br\/wp-content\/uploads\/icon.png","width":1024,"height":1024,"caption":"Legislapp Monitoramento e Intelig\u00eancia Governamental"},"image":{"@id":"https:\/\/www.legislapp.com.br\/#\/schema\/logo\/image\/"},"sameAs":["https:\/\/www.instagram.com\/legislapp\/"]}]}},"_links":{"self":[{"href":"https:\/\/www.legislapp.com.br\/index.php\/wp-json\/wp\/v2\/pages\/6742","targetHints":{"allow":["GET"]}}],"collection":[{"href":"https:\/\/www.legislapp.com.br\/index.php\/wp-json\/wp\/v2\/pages"}],"about":[{"href":"https:\/\/www.legislapp.com.br\/index.php\/wp-json\/wp\/v2\/types\/page"}],"author":[{"embeddable":true,"href":"https:\/\/www.legislapp.com.br\/index.php\/wp-json\/wp\/v2\/users\/1"}],"replies":[{"embeddable":true,"href":"https:\/\/www.legislapp.com.br\/index.php\/wp-json\/wp\/v2\/comments?post=6742"}],"version-history":[{"count":0,"href":"https:\/\/www.legislapp.com.br\/index.php\/wp-json\/wp\/v2\/pages\/6742\/revisions"}],"wp:attachment":[{"href":"https:\/\/www.legislapp.com.br\/index.php\/wp-json\/wp\/v2\/media?parent=6742"}],"curies":[{"name":"wp","href":"https:\/\/api.w.org\/{rel}","templated":true}]}}

<h1 style='text-align: center;'>Wednesday, August 20, 2025 &#8211; COMISSÃO GERAL</h3>
<p></p>
<article>Sumário:&nbsp;A Representante Instituto Alana discursou na.Comissão Geral com a finalidade de debater a proteção a crianças e adolescentes em ambientes digitais. Defendeua aprovação do Projeto de Lei nº 2.628, de 2022, que dispõe sobre a proteção de crianças e adolescentes em ambientes digitais, destacando que o ambiente digital atual explorava vulnerabilidades de crianças e adolescentes e sobrecarregava as famílias. Apontou que plataformas lucravam com a atenção e a saúde mental de jovens, promovendo conteúdos inadequados e adultização precoce. Citou exemplos de falhas algorítmicas que expunham perfis de adolescentes a drogas, álcool e mensagens extremistas, reforçando que a responsabilidade não podia recair apenas sobre os pais. Afirmou que o Projeto proporcionaria proteção inédita e inovadora, alinhando-se à Constituição, que atribui responsabilidade compartilhada entre Estado, famílias e sociedade, incluindo empresas. Concluiu que aprovar o projeto representava um ato de humanidade e a chance de garantir uma infância segura e saudável no ambiente digital.</article>
<p></p>
<div style="text-align: center">
      <img decoding="async" style="width: 14%;" src="https://www.legislapp.com.br/wp-content/uploads/2021/07/Logo-Legislapp-1-03-1.png"><br />
      </p>
<div style="margin-bottom: 20px;" class="et_pb_button_module_wrapper et_pb_button_5_tb_body_wrapper et_pb_button_alignment_center et_pb_module ">
         <a class="et_pb_button et_pb_button_5_tb_body et_hover_enabled et_pb_bg_layout_dark" style="width: 50%;background-color: black;" href="https://app.legislapp.com.br" target="_blank" rel="noopener">Visualizar completo na nossa plataforma (30 dias grátis)</a></p></div>
<p>      <a href="https://play.google.com/store/apps/details?id=br.com.legislapp"><img decoding="async" style="width: 15%; min-width: 130px;" src="https://www.legislapp.com.br/wp-content/uploads/google-play.png"></a><br />
      <a href="https://apps.apple.com/us/app/legislapp/id1568929859"><img decoding="async" style="width: 15%; min-width: 130px" src="https://www.legislapp.com.br/wp-content/uploads/apple-store.png"></a>
   </div>

<p>Wednesday, August 20, 2025 &#8211; COMISSÃO GERAL Sumário:&nbsp;A Representante Instituto Alana discursou na.Comissão Geral com a finalidade de debater a proteção a crianças e adolescentes em ambientes digitais. Defendeua aprovação do Projeto de Lei nº 2.628, de 2022, que dispõe sobre a proteção de crianças e adolescentes em ambientes digitais, destacando que o ambiente digital [&hellip;]</p>

<!-- This site is optimized with the Yoast SEO plugin v24.4 - https://yoast.com/wordpress/plugins/seo/ -->
<title>Discurso de Maria Mello, - Legislapp</title>
<meta name="robots" content="index, follow, max-snippet:-1, max-image-preview:large, max-video-preview:-1" />
<link rel="canonical" href="https://www.legislapp.com.br/index.php/discurso-camara-8-20-2025-maria-mello-4/" />
<meta property="og:locale" content="pt_BR" />
<meta property="og:type" content="article" />
<meta property="og:title" content="Discurso de Maria Mello, - Legislapp" />
<meta property="og:description" content="Wednesday, August 20, 2025 &#8211; COMISSÃO GERAL Sumário:&nbsp;A Representante Instituto Alana discursou na.Comissão Geral com a finalidade de debater a proteção a crianças e adolescentes em ambientes digitais. Defendeua aprovação do Projeto de Lei nº 2.628, de 2022, que dispõe sobre a proteção de crianças e adolescentes em ambientes digitais, destacando que o ambiente digital [&hellip;]" />
<meta property="og:url" content="https://www.legislapp.com.br/index.php/discurso-camara-8-20-2025-maria-mello-4/" />
<meta property="og:site_name" content="Legislapp" />
<meta property="article:publisher" content="https://www.instagram.com/legislapp/" />
<meta property="og:image" content="https://www.legislapp.com.br/wp-content/uploads/2021/07/Logo-Legislapp-1-03-1.png" />
<meta name="twitter:card" content="summary_large_image" />
<meta name="twitter:label1" content="Est. tempo de leitura" />
	<meta name="twitter:data1" content="1 minuto" />
<script type="application/ld+json" class="yoast-schema-graph">{"@context":"https://schema.org","@graph":[{"@type":"WebPage","@id":"https://www.legislapp.com.br/index.php/discurso-camara-8-20-2025-maria-mello-4/","url":"https://www.legislapp.com.br/index.php/discurso-camara-8-20-2025-maria-mello-4/","name":"Discurso de Maria Mello, - Legislapp","isPartOf":{"@id":"https://www.legislapp.com.br/#website"},"primaryImageOfPage":{"@id":"https://www.legislapp.com.br/index.php/discurso-camara-8-20-2025-maria-mello-4/#primaryimage"},"image":{"@id":"https://www.legislapp.com.br/index.php/discurso-camara-8-20-2025-maria-mello-4/#primaryimage"},"thumbnailUrl":"https://www.legislapp.com.br/wp-content/uploads/2021/07/Logo-Legislapp-1-03-1.png","datePublished":"2025-09-17T13:40:34+00:00","breadcrumb":{"@id":"https://www.legislapp.com.br/index.php/discurso-camara-8-20-2025-maria-mello-4/#breadcrumb"},"inLanguage":"pt-BR","potentialAction":[{"@type":"ReadAction","target":["https://www.legislapp.com.br/index.php/discurso-camara-8-20-2025-maria-mello-4/"]}]},{"@type":"ImageObject","inLanguage":"pt-BR","@id":"https://www.legislapp.com.br/index.php/discurso-camara-8-20-2025-maria-mello-4/#primaryimage","url":"https://www.legislapp.com.br/wp-content/uploads/2021/07/Logo-Legislapp-1-03-1.png","contentUrl":"https://www.legislapp.com.br/wp-content/uploads/2021/07/Logo-Legislapp-1-03-1.png","width":2679,"height":2697},{"@type":"BreadcrumbList","@id":"https://www.legislapp.com.br/index.php/discurso-camara-8-20-2025-maria-mello-4/#breadcrumb","itemListElement":[{"@type":"ListItem","position":1,"name":"Início","item":"https://www.legislapp.com.br/"},{"@type":"ListItem","position":2,"name":"Discurso de Maria Mello, &#8212;&#8211;"}]},{"@type":"WebSite","@id":"https://www.legislapp.com.br/#website","url":"https://www.legislapp.com.br/","name":"Legislapp","description":"Inteligência governamental em tempo real","publisher":{"@id":"https://www.legislapp.com.br/#organization"},"potentialAction":[{"@type":"SearchAction","target":{"@type":"EntryPoint","urlTemplate":"https://www.legislapp.com.br/?s={search_term_string}"},"query-input":{"@type":"PropertyValueSpecification","valueRequired":true,"valueName":"search_term_string"}}],"inLanguage":"pt-BR"},{"@type":"Organization","@id":"https://www.legislapp.com.br/#organization","name":"Legislapp Monitoramento e Inteligência Governamental","url":"https://www.legislapp.com.br/","logo":{"@type":"ImageObject","inLanguage":"pt-BR","@id":"https://www.legislapp.com.br/#/schema/logo/image/","url":"https://www.legislapp.com.br/wp-content/uploads/icon.png","contentUrl":"https://www.legislapp.com.br/wp-content/uploads/icon.png","width":1024,"height":1024,"caption":"Legislapp Monitoramento e Inteligência Governamental"},"image":{"@id":"https://www.legislapp.com.br/#/schema/logo/image/"},"sameAs":["https://www.instagram.com/legislapp/"]}]}</script>
<!-- / Yoast SEO plugin. -->

Wednesday, August 20, 2025 &#8211; COMISSÃO GERAL Sumário:&nbsp;A Representante Instituto Alana discursou na.Comissão Geral com a finalidade de debater a proteção a crianças e adolescentes em ambientes digitais. Defendeua aprovação do Projeto de Lei nº 2.628, de 2022, que dispõe sobre a proteção de crianças e adolescentes em ambientes digitais, destacando que o ambiente digital [&hellip;]

Início

Inteligência governamental em tempo real

Legislapp Monitoramento e Inteligência Governamental
