{"id":6996,"date":"2025-09-17T13:06:38","date_gmt":"2025-09-17T16:06:38","guid":{"rendered":"https:\/\/www.legislapp.com.br\/index.php\/cam-legislativa-de-mg-pl-4183-2025\/"},"modified":"2025-09-17T13:06:38","modified_gmt":"2025-09-17T16:06:38","slug":"cam-legislativa-de-mg-pl-4183-2025","status":"publish","type":"page","link":"https:\/\/www.legislapp.com.br\/index.php\/cam-legislativa-de-mg-pl-4183-2025\/","title":{"rendered":"PL 4183\/2025 &#8211; Deputados"},"content":{"rendered":"<h1 style='text-align: center;'>C\u00e2m. Legislativa de MG &#8211; Autoria de Deputados<\/h3>\n<p><\/p>\n<article style='text-align: center'>Assegura aos pais e aos respons\u00e1veis o direito de vedar a participa\u00e7\u00e3o de<br \/>\nseus filhos ou de seus dependentes em atividades pedag\u00f3gicas de g\u00eanero<br \/>\nrealizadas em institui\u00e7\u00f5es de ensino p\u00fablicas e privadas.<\/article>\n<p><\/p>\n<p style='text-align: center'><a href='https:\/\/app.legislapp.com.br\/#\/busca?termo='><\/a><\/p>\n<p><\/p>\n<article>Assegura aos pais e aos respons\u00e1veis o direito de vedar a participa\u00e7\u00e3o de seus filhos ou de seus dependentes em atividades pedag\u00f3gicas de g\u00eanero realizadas em institui\u00e7\u00f5es de ensino p\u00fablicas e privadas.<br \/>\nA Assembleia Legislativa do Estado de Minas Gerais decreta:<br \/>\nArt. 1\u00ba \u2013 Fica assegurado aos pais e aos respons\u00e1veis o direito de vedar a participa\u00e7\u00e3o de seus filhos ou de seus dependentes em atividades pedag\u00f3gicas de g\u00eanero, conforme definido nesta Lei, realizadas em institui\u00e7\u00f5es de ensino p\u00fablicas e privadas.<br \/>\nArt. 2\u00ba \u2013 Para fins desta Lei, atividades pedag\u00f3gicas de g\u00eanero s\u00e3o aquelas que abordam temas relacionados \u00e0 identidade de g\u00eanero, \u00e0 orienta\u00e7\u00e3o sexual, \u00e0 diversidade sexual, \u00e0 igualdade de g\u00eanero e a outros assuntos similares.<br \/>\nArt. 3\u00ba \u2013 As institui\u00e7\u00f5es de ensino dever\u00e3o informar aos pais ou aos respons\u00e1veis sobre quaisquer atividades pedag\u00f3gicas de g\u00eanero que possam ser realizadas no ambiente escolar, sob pena de serem responsabilizadas civil e penalmente, conforme o caso.<br \/>\nArt. 4\u00ba \u2013 Os pais ou os respons\u00e1veis dever\u00e3o manifestar expressamente sua concord\u00e2ncia ou discord\u00e2ncia quanto \u00e0 participa\u00e7\u00e3o de seus filhos ou de seus dependentes em atividades pedag\u00f3gicas de g\u00eanero, por meio de documento, escrito e assinado, a ser entregue \u00e0 institui\u00e7\u00e3o de ensino.<br \/>\nArt. 5\u00ba \u2013 As institui\u00e7\u00f5es de ensino ser\u00e3o respons\u00e1veis por garantir o cumprimento da vontade dos pais ou dos respons\u00e1veis, respeitando a decis\u00e3o de vedar a participa\u00e7\u00e3o de seus filhos ou de seus dependentes em atividades pedag\u00f3gicas de g\u00eanero.<br \/>\nArt. 6\u00ba \u2013 O Poder Executivo dever\u00e1 regulamentar as san\u00e7\u00f5es aplic\u00e1veis em caso de descumprimento desta lei no prazo de at\u00e9 90 (noventa) dias contados da data de sua publica\u00e7\u00e3o.<br \/>\nArt. 7\u00ba \u2013 Esta Lei entra em vigor na data de sua publica\u00e7\u00e3o.<br \/>\nSala das Reuni\u00f5es, 4 de agosto de 2025.<br \/>\nCaporezzo (PL)<br \/>\nJustifica\u00e7\u00e3o: O presente projeto de lei tem como finalidade assegurar aos pais e respons\u00e1veis legais o direito de proteger seus filhos da participa\u00e7\u00e3o em atividades pedag\u00f3gicas que abordem conte\u00fados relativos \u00e0 ideologia de g\u00eanero, tema que, contraria princ\u00edpios biol\u00f3gicos objetivos e valores morais amplamente defendidos pela sociedade brasileira.<br \/>\nRessalta-se, ainda, que o art. 226 da Constitui\u00e7\u00e3o Federal estabelece a fam\u00edlia como base da sociedade, com especial prote\u00e7\u00e3o do Estado. Soma-se a isso o disposto no art. 12, inciso 4, da Conven\u00e7\u00e3o Americana sobre Direitos Humanos (Pacto de San Jos\u00e9 da Costa Rica), que assegura aos pais o direito de que seus filhos recebam a educa\u00e7\u00e3o religiosa e moral de acordo com suas pr\u00f3prias convic\u00e7\u00f5es.<br \/>\nA presente proposi\u00e7\u00e3o visa, portanto, garantir a soberania da fam\u00edlia na forma\u00e7\u00e3o dos filhos, resguardando-a de interfer\u00eancias externas que extrapolem os limites do papel pedag\u00f3gico da escola e atentem contra os valores morais, \u00e9ticos e biol\u00f3gicos que fundamentam a estrutura familiar.<br \/>\nDessa forma, esta proposta legislativa n\u00e3o apenas reafirma o papel primordial da fam\u00edlia como n\u00facleo formador da sociedade, como tamb\u00e9m estabelece limites claros \u00e0 atua\u00e7\u00e3o das institui\u00e7\u00f5es de ensino, preservando o direito dos pais de exercerem plenamente seu dever de cuidado, orienta\u00e7\u00e3o e forma\u00e7\u00e3o conforme suas convic\u00e7\u00f5es.<br \/>\nDiante disso, pe\u00e7o o apoio dos deputados para aprovar esta proposta, que defende a liberdade das fam\u00edlias, a educa\u00e7\u00e3o baseada na verdade e o respeito \u00e0s crian\u00e7as.<br \/>\n\u2013 Proposi\u00e7\u00e3o n\u00e3o recebida nos termos do inciso III do art. 173 do Regimento Interno.<\/article>\n<div style=\"text-align: center\">\n<div style=\"margin-bottom: 20px;\" class=\"et_pb_button_module_wrapper et_pb_button_5_tb_body_wrapper et_pb_button_alignment_center et_pb_module \">\n         <a class=\"et_pb_button et_pb_button_5_tb_body et_hover_enabled et_pb_bg_layout_dark\" style=\"width: 50%;background-color: black;\" href=\"https:\/\/app.legislapp.com.br\" target=\"_blank\" rel=\"noopener\">Visualizar completo na nossa plataforma (30 dias gr\u00e1tis)<\/a><\/p><\/div>\n<p>      <a href=\"https:\/\/play.google.com\/store\/apps\/details?id=br.com.legislapp\"><img decoding=\"async\" style=\"width: 15%; min-width: 130px;\" src=\"https:\/\/www.legislapp.com.br\/wp-content\/uploads\/google-play.png\"><\/a><br \/>\n      <a href=\"https:\/\/apps.apple.com\/us\/app\/legislapp\/id1568929859\"><img decoding=\"async\" style=\"width: 15%; min-width: 130px\" src=\"https:\/\/www.legislapp.com.br\/wp-content\/uploads\/apple-store.png\"><\/a>\n   <\/div>\n","protected":false},"excerpt":{"rendered":"<p>C\u00e2m. Legislativa de MG &#8211; Autoria de Deputados Assegura aos pais e aos respons\u00e1veis o direito de vedar a participa\u00e7\u00e3o de seus filhos ou de seus dependentes em atividades pedag\u00f3gicas de g\u00eanero realizadas em institui\u00e7\u00f5es de ensino p\u00fablicas e privadas. Assegura aos pais e aos respons\u00e1veis o direito de vedar a participa\u00e7\u00e3o de seus filhos [&hellip;]<\/p>\n","protected":false},"author":1,"featured_media":0,"parent":0,"menu_order":0,"comment_status":"closed","ping_status":"closed","template":"page-template-blank.php","meta":{"_et_pb_use_builder":"","_et_pb_old_content":"","_et_gb_content_width":"1080","ngg_post_thumbnail":0,"footnotes":""},"class_list":["post-6996","page","type-page","status-publish","hentry"],"yoast_head":"<!-- This site is optimized with the Yoast SEO plugin v24.4 - https:\/\/yoast.com\/wordpress\/plugins\/seo\/ -->\n<title>PL 4183\/2025 - Deputados - Legislapp<\/title>\n<meta name=\"robots\" content=\"index, follow, max-snippet:-1, max-image-preview:large, max-video-preview:-1\" \/>\n<link rel=\"canonical\" href=\"https:\/\/www.legislapp.com.br\/index.php\/cam-legislativa-de-mg-pl-4183-2025\/\" \/>\n<meta property=\"og:locale\" content=\"pt_BR\" \/>\n<meta property=\"og:type\" content=\"article\" \/>\n<meta property=\"og:title\" content=\"PL 4183\/2025 - Deputados - Legislapp\" \/>\n<meta property=\"og:description\" content=\"C\u00e2m. Legislativa de MG &#8211; Autoria de Deputados Assegura aos pais e aos respons\u00e1veis o direito de vedar a participa\u00e7\u00e3o de seus filhos ou de seus dependentes em atividades pedag\u00f3gicas de g\u00eanero realizadas em institui\u00e7\u00f5es de ensino p\u00fablicas e privadas. Assegura aos pais e aos respons\u00e1veis o direito de vedar a participa\u00e7\u00e3o de seus filhos [&hellip;]\" \/>\n<meta property=\"og:url\" content=\"https:\/\/www.legislapp.com.br\/index.php\/cam-legislativa-de-mg-pl-4183-2025\/\" \/>\n<meta property=\"og:site_name\" content=\"Legislapp\" \/>\n<meta property=\"article:publisher\" content=\"https:\/\/www.instagram.com\/legislapp\/\" \/>\n<meta property=\"og:image\" content=\"https:\/\/www.legislapp.com.br\/wp-content\/uploads\/google-play.png\" \/>\n<meta name=\"twitter:card\" content=\"summary_large_image\" \/>\n<meta name=\"twitter:label1\" content=\"Est. tempo de leitura\" \/>\n\t<meta name=\"twitter:data1\" content=\"3 minutos\" \/>\n<script type=\"application\/ld+json\" class=\"yoast-schema-graph\">{\"@context\":\"https:\/\/schema.org\",\"@graph\":[{\"@type\":\"WebPage\",\"@id\":\"https:\/\/www.legislapp.com.br\/index.php\/cam-legislativa-de-mg-pl-4183-2025\/\",\"url\":\"https:\/\/www.legislapp.com.br\/index.php\/cam-legislativa-de-mg-pl-4183-2025\/\",\"name\":\"PL 4183\/2025 - Deputados - Legislapp\",\"isPartOf\":{\"@id\":\"https:\/\/www.legislapp.com.br\/#website\"},\"primaryImageOfPage\":{\"@id\":\"https:\/\/www.legislapp.com.br\/index.php\/cam-legislativa-de-mg-pl-4183-2025\/#primaryimage\"},\"image\":{\"@id\":\"https:\/\/www.legislapp.com.br\/index.php\/cam-legislativa-de-mg-pl-4183-2025\/#primaryimage\"},\"thumbnailUrl\":\"https:\/\/www.legislapp.com.br\/wp-content\/uploads\/google-play.png\",\"datePublished\":\"2025-09-17T16:06:38+00:00\",\"breadcrumb\":{\"@id\":\"https:\/\/www.legislapp.com.br\/index.php\/cam-legislativa-de-mg-pl-4183-2025\/#breadcrumb\"},\"inLanguage\":\"pt-BR\",\"potentialAction\":[{\"@type\":\"ReadAction\",\"target\":[\"https:\/\/www.legislapp.com.br\/index.php\/cam-legislativa-de-mg-pl-4183-2025\/\"]}]},{\"@type\":\"ImageObject\",\"inLanguage\":\"pt-BR\",\"@id\":\"https:\/\/www.legislapp.com.br\/index.php\/cam-legislativa-de-mg-pl-4183-2025\/#primaryimage\",\"url\":\"https:\/\/www.legislapp.com.br\/wp-content\/uploads\/google-play.png\",\"contentUrl\":\"https:\/\/www.legislapp.com.br\/wp-content\/uploads\/google-play.png\",\"width\":564,\"height\":168},{\"@type\":\"BreadcrumbList\",\"@id\":\"https:\/\/www.legislapp.com.br\/index.php\/cam-legislativa-de-mg-pl-4183-2025\/#breadcrumb\",\"itemListElement\":[{\"@type\":\"ListItem\",\"position\":1,\"name\":\"In\u00edcio\",\"item\":\"https:\/\/www.legislapp.com.br\/\"},{\"@type\":\"ListItem\",\"position\":2,\"name\":\"PL 4183\/2025 &#8211; Deputados\"}]},{\"@type\":\"WebSite\",\"@id\":\"https:\/\/www.legislapp.com.br\/#website\",\"url\":\"https:\/\/www.legislapp.com.br\/\",\"name\":\"Legislapp\",\"description\":\"Intelig\u00eancia governamental em tempo real\",\"publisher\":{\"@id\":\"https:\/\/www.legislapp.com.br\/#organization\"},\"potentialAction\":[{\"@type\":\"SearchAction\",\"target\":{\"@type\":\"EntryPoint\",\"urlTemplate\":\"https:\/\/www.legislapp.com.br\/?s={search_term_string}\"},\"query-input\":{\"@type\":\"PropertyValueSpecification\",\"valueRequired\":true,\"valueName\":\"search_term_string\"}}],\"inLanguage\":\"pt-BR\"},{\"@type\":\"Organization\",\"@id\":\"https:\/\/www.legislapp.com.br\/#organization\",\"name\":\"Legislapp Monitoramento e Intelig\u00eancia Governamental\",\"url\":\"https:\/\/www.legislapp.com.br\/\",\"logo\":{\"@type\":\"ImageObject\",\"inLanguage\":\"pt-BR\",\"@id\":\"https:\/\/www.legislapp.com.br\/#\/schema\/logo\/image\/\",\"url\":\"https:\/\/www.legislapp.com.br\/wp-content\/uploads\/icon.png\",\"contentUrl\":\"https:\/\/www.legislapp.com.br\/wp-content\/uploads\/icon.png\",\"width\":1024,\"height\":1024,\"caption\":\"Legislapp Monitoramento e Intelig\u00eancia Governamental\"},\"image\":{\"@id\":\"https:\/\/www.legislapp.com.br\/#\/schema\/logo\/image\/\"},\"sameAs\":[\"https:\/\/www.instagram.com\/legislapp\/\"]}]}<\/script>\n<!-- \/ Yoast SEO plugin. -->","yoast_head_json":{"title":"PL 4183\/2025 - Deputados - Legislapp","robots":{"index":"index","follow":"follow","max-snippet":"max-snippet:-1","max-image-preview":"max-image-preview:large","max-video-preview":"max-video-preview:-1"},"canonical":"https:\/\/www.legislapp.com.br\/index.php\/cam-legislativa-de-mg-pl-4183-2025\/","og_locale":"pt_BR","og_type":"article","og_title":"PL 4183\/2025 - Deputados - Legislapp","og_description":"C\u00e2m. Legislativa de MG &#8211; Autoria de Deputados Assegura aos pais e aos respons\u00e1veis o direito de vedar a participa\u00e7\u00e3o de seus filhos ou de seus dependentes em atividades pedag\u00f3gicas de g\u00eanero realizadas em institui\u00e7\u00f5es de ensino p\u00fablicas e privadas. Assegura aos pais e aos respons\u00e1veis o direito de vedar a participa\u00e7\u00e3o de seus filhos [&hellip;]","og_url":"https:\/\/www.legislapp.com.br\/index.php\/cam-legislativa-de-mg-pl-4183-2025\/","og_site_name":"Legislapp","article_publisher":"https:\/\/www.instagram.com\/legislapp\/","og_image":[{"url":"https:\/\/www.legislapp.com.br\/wp-content\/uploads\/google-play.png","type":"","width":"","height":""}],"twitter_card":"summary_large_image","twitter_misc":{"Est. tempo de leitura":"3 minutos"},"schema":{"@context":"https:\/\/schema.org","@graph":[{"@type":"WebPage","@id":"https:\/\/www.legislapp.com.br\/index.php\/cam-legislativa-de-mg-pl-4183-2025\/","url":"https:\/\/www.legislapp.com.br\/index.php\/cam-legislativa-de-mg-pl-4183-2025\/","name":"PL 4183\/2025 - Deputados - Legislapp","isPartOf":{"@id":"https:\/\/www.legislapp.com.br\/#website"},"primaryImageOfPage":{"@id":"https:\/\/www.legislapp.com.br\/index.php\/cam-legislativa-de-mg-pl-4183-2025\/#primaryimage"},"image":{"@id":"https:\/\/www.legislapp.com.br\/index.php\/cam-legislativa-de-mg-pl-4183-2025\/#primaryimage"},"thumbnailUrl":"https:\/\/www.legislapp.com.br\/wp-content\/uploads\/google-play.png","datePublished":"2025-09-17T16:06:38+00:00","breadcrumb":{"@id":"https:\/\/www.legislapp.com.br\/index.php\/cam-legislativa-de-mg-pl-4183-2025\/#breadcrumb"},"inLanguage":"pt-BR","potentialAction":[{"@type":"ReadAction","target":["https:\/\/www.legislapp.com.br\/index.php\/cam-legislativa-de-mg-pl-4183-2025\/"]}]},{"@type":"ImageObject","inLanguage":"pt-BR","@id":"https:\/\/www.legislapp.com.br\/index.php\/cam-legislativa-de-mg-pl-4183-2025\/#primaryimage","url":"https:\/\/www.legislapp.com.br\/wp-content\/uploads\/google-play.png","contentUrl":"https:\/\/www.legislapp.com.br\/wp-content\/uploads\/google-play.png","width":564,"height":168},{"@type":"BreadcrumbList","@id":"https:\/\/www.legislapp.com.br\/index.php\/cam-legislativa-de-mg-pl-4183-2025\/#breadcrumb","itemListElement":[{"@type":"ListItem","position":1,"name":"In\u00edcio","item":"https:\/\/www.legislapp.com.br\/"},{"@type":"ListItem","position":2,"name":"PL 4183\/2025 &#8211; Deputados"}]},{"@type":"WebSite","@id":"https:\/\/www.legislapp.com.br\/#website","url":"https:\/\/www.legislapp.com.br\/","name":"Legislapp","description":"Intelig\u00eancia governamental em tempo real","publisher":{"@id":"https:\/\/www.legislapp.com.br\/#organization"},"potentialAction":[{"@type":"SearchAction","target":{"@type":"EntryPoint","urlTemplate":"https:\/\/www.legislapp.com.br\/?s={search_term_string}"},"query-input":{"@type":"PropertyValueSpecification","valueRequired":true,"valueName":"search_term_string"}}],"inLanguage":"pt-BR"},{"@type":"Organization","@id":"https:\/\/www.legislapp.com.br\/#organization","name":"Legislapp Monitoramento e Intelig\u00eancia Governamental","url":"https:\/\/www.legislapp.com.br\/","logo":{"@type":"ImageObject","inLanguage":"pt-BR","@id":"https:\/\/www.legislapp.com.br\/#\/schema\/logo\/image\/","url":"https:\/\/www.legislapp.com.br\/wp-content\/uploads\/icon.png","contentUrl":"https:\/\/www.legislapp.com.br\/wp-content\/uploads\/icon.png","width":1024,"height":1024,"caption":"Legislapp Monitoramento e Intelig\u00eancia Governamental"},"image":{"@id":"https:\/\/www.legislapp.com.br\/#\/schema\/logo\/image\/"},"sameAs":["https:\/\/www.instagram.com\/legislapp\/"]}]}},"_links":{"self":[{"href":"https:\/\/www.legislapp.com.br\/index.php\/wp-json\/wp\/v2\/pages\/6996","targetHints":{"allow":["GET"]}}],"collection":[{"href":"https:\/\/www.legislapp.com.br\/index.php\/wp-json\/wp\/v2\/pages"}],"about":[{"href":"https:\/\/www.legislapp.com.br\/index.php\/wp-json\/wp\/v2\/types\/page"}],"author":[{"embeddable":true,"href":"https:\/\/www.legislapp.com.br\/index.php\/wp-json\/wp\/v2\/users\/1"}],"replies":[{"embeddable":true,"href":"https:\/\/www.legislapp.com.br\/index.php\/wp-json\/wp\/v2\/comments?post=6996"}],"version-history":[{"count":0,"href":"https:\/\/www.legislapp.com.br\/index.php\/wp-json\/wp\/v2\/pages\/6996\/revisions"}],"wp:attachment":[{"href":"https:\/\/www.legislapp.com.br\/index.php\/wp-json\/wp\/v2\/media?parent=6996"}],"curies":[{"name":"wp","href":"https:\/\/api.w.org\/{rel}","templated":true}]}}