{"id":7042,"date":"2025-09-17T13:09:10","date_gmt":"2025-09-17T16:09:10","guid":{"rendered":"https:\/\/www.legislapp.com.br\/index.php\/cam-legislativa-de-sc-pl-0597-2025\/"},"modified":"2025-09-17T13:09:10","modified_gmt":"2025-09-17T16:09:10","slug":"cam-legislativa-de-sc-pl-0597-2025","status":"publish","type":"page","link":"https:\/\/www.legislapp.com.br\/index.php\/cam-legislativa-de-sc-pl-0597-2025\/","title":{"rendered":"PL.\/0597\/2025 &#8211; Governador do Estado"},"content":{"rendered":"<h1 style='text-align: center;'>C\u00e2m. Legislativa de SC &#8211; Autoria de Governador do Estado<\/h3>\n<p><\/p>\n<article style='text-align: center'>Denomina &#8220;Policial Penal Leonardo Steil&#8221; a base operacional do Grupo T\u00e1tico de Interven\u00e7\u00e3o, com sede no Complexo Penitenci\u00e1rio do Estado, localizado no Munic\u00edpio de S\u00e3o Pedro de Alc\u00e2ntara.<\/article>\n<p><\/p>\n<p style='text-align: center'><a href='https:\/\/app.legislapp.com.br\/#\/busca?termo='><\/a><\/p>\n<p><\/p>\n<article>ESTADO DE SANTA CATARINA<br \/>\nGABINETE DO GOVERNADOR  <\/p>\n<p>MENSAGEM N\u00ba 1208 <\/p>\n<p>EXCELENT\u00cdSSIMO SENHOR PRESIDENTE, SENHORAS<br \/>\nDEPUTADAS E SENHORES DEPUTADOS DA ASSEMBLEIA<br \/>\nLEGISLATIVA DO ESTADO <\/p>\n<p>Nos termos do art. 50 da Constitui\u00e7\u00e3o do Estado, submeto \u00e0<br \/>\nelevada delibera\u00e7\u00e3o dessa augusta Casa Legislativa, acompanhado de exposi\u00e7\u00e3o de<br \/>\nmotivos da Secretaria de Estado de Justi\u00e7a e Reintegra\u00e7\u00e3o Social, o projeto de lei que<br \/>\n\u201cDenomina \u2018Policial Penal Leonardo Steil\u2019 a base operacional do Grupo T\u00e1tico de<br \/>\nInterven\u00e7\u00e3o, com sede no Complexo Penitenci\u00e1rio do Estado, localizado no Munic\u00edpio de<br \/>\nS\u00e3o Pedro de Alc\u00e2ntara\u201d. <\/p>\n<p>Florian\u00f3polis, 20 de agosto de 2025. <\/p>\n<p>JORGINHO MELLO<br \/>\nGovernador do Estado<br \/>\nmsl_PJ_244<br \/>\n98<br \/>\nP\u00e1g. 01 de 01 &#8211; Documento assinado digitalmente. Para confer\u00eancia, acesse o site https:\/\/portal.sgpe.sea.sc.gov.br\/portal-externo e informe o processo SAP 00002535\/2021 e o c\u00f3digo 3E83NY4C.Assinaturas do documento<\/p>\n<p>C\u00f3digo para verifica\u00e7\u00e3o: 3E83NY4C<\/p>\n<p>Este documento foi assinado digitalmente pelos seguintes signat\u00e1rios nas datas indicadas:<\/p>\n<p>JORGINHO DOS SANTOS MELLO (CPF: 250.XXX.199-XX) em 20\/08\/2025 \u00e0s 17:55:48<br \/>\nEmitido por: &#8220;SGP-e&#8221;, emitido em 14\/04\/2023 &#8211; 11:54:30 e v\u00e1lido at\u00e9 14\/04\/2123 &#8211; 11:54:30.<br \/>\n(Assinatura do sistema)<\/p>\n<p>Para verificar a autenticidade desta c\u00f3pia, acesse o link https:\/\/portal.sgpe.sea.sc.gov.br\/portal-externo\/conferencia-<br \/>\ndocumento\/U0FQXzIwMTQwXzAwMDAyNTM1XzI1NTJfMjAyMV8zRTgzTlk0Qw== ou o site<br \/>\nhttps:\/\/portal.sgpe.sea.sc.gov.br\/portal-externo e informe o processo SAP 00002535\/2021 e o c\u00f3digo 3E83NY4C<br \/>\nou aponte a c\u00e2mera para o QR Code presente nesta p\u00e1gina para realizar a confer\u00eancia.<\/p>\n<p>ESTADO DE SANTA CATARINA<br \/>\nSECRETARIA DE ESTADO DE JUSTI\u00c7A E REINTEGRA\u00c7\u00c3O SOCIAL <\/p>\n<p>EM N\u00ba 04\/25\/GAB\/SAP<br \/>\n  Florian\u00f3polis, data da assinatura digital. <\/p>\n<p>Senhor Governador, <\/p>\n<p>Submeto \u00e0 elevada considera\u00e7\u00e3o de Vossa Excel\u00eancia o anteprojeto de Lei<br \/>\nque \u201cAltera o Anexo I da Lei n\u00ba 16.720, de 2015, para denominar Base Operacional<br \/>\nPolicial Penal Leonardo Steil, a base operacional do Grupo T\u00e1tico de Interven\u00e7\u00e3o<br \/>\nPrisional (GTI), localizada na Penitenci\u00e1ria de S\u00e3o Pedro de Alc\u00e2ntara\u201d. <\/p>\n<p>Trata-se de homenagem p\u00f3stuma feita ao policial penal Leonardo Steil,<br \/>\nmatr\u00edcula n\u00ba 379.627-2, natural de Tijucas\/SC, e ingresso na carreira \u00e0 \u00e9poca Agente<br \/>\nPenitenci\u00e1rio, atual Pol\u00edcia Penal, no ano de 2006, em raz\u00e3o dos relevantes servi\u00e7os<br \/>\nprestados e sua destacada participa\u00e7\u00e3o no Sistema Prisional deste Estado. <\/p>\n<p>O homenageado iniciou suas atividades no Pres\u00eddio Regional de Tijucas,<br \/>\npassou pelo extinto Pres\u00eddio Regional de Itaja\u00ed, e, em novembro de 2018 at\u00e9 a data do<br \/>\nfalecimento, no Grupo T\u00e1tico de Interven\u00e7\u00e3o (GTI). <\/p>\n<p>Al\u00e9m das atividades dedicadas ao longo dos 14 (quatorze) anos de servi\u00e7o<br \/>\np\u00fablico estadual, todos prestados na atividade final\u00edstica, o policial penal prestou cursos<br \/>\nde aperfei\u00e7oamento e forma\u00e7\u00e3o continuada junto \u00e0 academia profissional desta<br \/>\nSecretaria, com destaque: <\/p>\n<p>&#8211; Curso de T\u00e9cnicas Operacionais Penitenci\u00e1rias (TOP), em 2015;<br \/>\n&#8211; Curso de Interven\u00e7\u00e3o T\u00e1tica Prisional Avan\u00e7ada, em 2018; e<br \/>\n&#8211; Curso de Armamento e Tiro, revolver 38, pistola, fuzil 55.6, carabina CT<br \/>\n40 e espingarda calibre 12. <\/p>\n<p>O policial penal homenageado era conhecido por ser refer\u00eancia de<br \/>\ndignidade, honestidade, retid\u00e3o, solidariedade e compet\u00eancia, nunca tendo se furtado a<br \/>\nparticipar de qualquer opera\u00e7\u00e3o seja da mais simples a mais complexa, permanecendo<br \/>\ndias e dias fora do conv\u00edvio de sua fam\u00edlia em raz\u00e3o das miss\u00f5es no GTI. <\/p>\n<p>Al\u00e9m do altru\u00edsmo em servir o Estado, por meio de perfeita atua\u00e7\u00e3o no<br \/>\nGTI, o servidor era pessoa de f\u00e1cil trato, alegre e dedicado \u00e0 fam\u00edlia, com profundo e<br \/>\nsincero amor incondicional aos dois filhos. <\/p>\n<p>Diante do exposto, importante destacar que a proposta em quest\u00e3o<br \/>\nconter\u00e1 despesa \u00ednfima, cita-se coloca\u00e7\u00e3o de identifica\u00e7\u00e3o e divulga\u00e7\u00e3o, a expensas<br \/>\ndesta Secretaria, sendo que a mat\u00e9ria est\u00e1 devidamente instru\u00edda em conformidade com<br \/>\no art. 7\u00ba do Decreto n\u00ba 2.382, de 2014. <\/p>\n<p>Respeitosamente, <\/p>\n<p>Danielle Amorim Silva<br \/>\nSecret\u00e1ria de Estado de Justi\u00e7a e Reintegra\u00e7\u00e3o Social<br \/>\n(Assinatura digital) <\/p>\n<p>57<br \/>\nP\u00e1g. 01 de 01 &#8211; Documento assinado digitalmente. Para confer\u00eancia, acesse o site https:\/\/portal.sgpe.sea.sc.gov.br\/portal-externo e informe o processo SAP 00002535\/2021 e o c\u00f3digo 3JIG573I.Assinaturas do documento<\/p>\n<p>C\u00f3digo para verifica\u00e7\u00e3o: 3JIG573I<\/p>\n<p>Este documento foi assinado digitalmente pelos seguintes signat\u00e1rios nas datas indicadas:<\/p>\n<p>DANIELLE AMORIM SILVA (CPF: 033.XXX.649-XX) em 12\/05\/2025 \u00e0s 19:13:58<br \/>\nEmitido por: &#8220;SGP-e&#8221;, emitido em 13\/07\/2018 &#8211; 13:36:02 e v\u00e1lido at\u00e9 13\/07\/2118 &#8211; 13:36:02.<br \/>\n(Assinatura do sistema)<\/p>\n<p>Para verificar a autenticidade desta c\u00f3pia, acesse o link https:\/\/portal.sgpe.sea.sc.gov.br\/portal-externo\/conferencia-<br \/>\ndocumento\/U0FQXzIwMTQwXzAwMDAyNTM1XzI1NTJfMjAyMV8zSklHNTczSQ== ou o site<br \/>\nhttps:\/\/portal.sgpe.sea.sc.gov.br\/portal-externo e informe o processo SAP 00002535\/2021 e o c\u00f3digo 3JIG573I ou<br \/>\naponte a c\u00e2mera para o QR Code presente nesta p\u00e1gina para realizar a confer\u00eancia.<br \/>\nESTADO DE SANTA CATARINA <\/p>\n<p>PROJETO DE LEI N\u00ba <\/p>\n<p>Denomina \u201cPolicial Penal Leonardo Steil\u201d a base operacional do<br \/>\nGrupo T\u00e1tico de Interven\u00e7\u00e3o, com sede no Complexo<br \/>\nPenitenci\u00e1rio do Estado, localizado no Munic\u00edpio de S\u00e3o Pedro<br \/>\nde Alc\u00e2ntara. <\/p>\n<p>O GOVERNADOR DO ESTADO DE SANTA CATARINA<br \/>\nFa\u00e7o saber a todos os habitantes deste Estado que a<br \/>\nAssembleia Legislativa decreta e eu sanciono a seguinte Lei: <\/p>\n<p>Art. 1\u00ba Fica denominada \u201cPolicial Penal Leonardo Steil\u201d a base<br \/>\noperacional do Grupo T\u00e1tico de Interven\u00e7\u00e3o, com sede no Complexo Penitenci\u00e1rio do<br \/>\nEstado, localizado no Munic\u00edpio de S\u00e3o Pedro de Alc\u00e2ntara. <\/p>\n<p>Art. 2\u00ba Esta Lei entra em vigor na data de sua publica\u00e7\u00e3o. <\/p>\n<p>Florian\u00f3polis, <\/p>\n<p>JORGINHO MELLO<br \/>\nGovernador do Estado <\/p>\n<p>PJ_244  SAP 2535\/2021<br \/>\n97<br \/>\nP\u00e1g. 01 de 01 &#8211; Documento assinado digitalmente. Para confer\u00eancia, acesse o site https:\/\/portal.sgpe.sea.sc.gov.br\/portal-externo e informe o processo SAP 00002535\/2021 e o c\u00f3digo X97N5Q7B.Assinaturas do documento<\/p>\n<p>C\u00f3digo para verifica\u00e7\u00e3o: X97N5Q7B<\/p>\n<p>Este documento foi assinado digitalmente pelos seguintes signat\u00e1rios nas datas indicadas:<\/p>\n<p>JORGINHO DOS SANTOS MELLO (CPF: 250.XXX.199-XX) em 20\/08\/2025 \u00e0s 17:55:48<br \/>\nEmitido por: &#8220;SGP-e&#8221;, emitido em 14\/04\/2023 &#8211; 11:54:30 e v\u00e1lido at\u00e9 14\/04\/2123 &#8211; 11:54:30.<br \/>\n(Assinatura do sistema)<\/p>\n<p>Para verificar a autenticidade desta c\u00f3pia, acesse o link https:\/\/portal.sgpe.sea.sc.gov.br\/portal-externo\/conferencia-<br \/>\ndocumento\/U0FQXzIwMTQwXzAwMDAyNTM1XzI1NTJfMjAyMV9YOTdONVE3Qg== ou o site<br \/>\nhttps:\/\/portal.sgpe.sea.sc.gov.br\/portal-externo e informe o processo SAP 00002535\/2021 e o c\u00f3digo X97N5Q7B<br \/>\nou aponte a c\u00e2mera para o QR Code presente nesta p\u00e1gina para realizar a confer\u00eancia.<br \/>\n<\/article>\n<div style=\"text-align: center\">\n<div style=\"margin-bottom: 20px;\" class=\"et_pb_button_module_wrapper et_pb_button_5_tb_body_wrapper et_pb_button_alignment_center et_pb_module \">\n         <a class=\"et_pb_button et_pb_button_5_tb_body et_hover_enabled et_pb_bg_layout_dark\" style=\"width: 50%;background-color: black;\" href=\"https:\/\/app.legislapp.com.br\" target=\"_blank\" rel=\"noopener\">Visualizar completo na nossa plataforma (30 dias gr\u00e1tis)<\/a><\/p><\/div>\n<p>      <a href=\"https:\/\/play.google.com\/store\/apps\/details?id=br.com.legislapp\"><img decoding=\"async\" style=\"width: 15%; min-width: 130px;\" src=\"https:\/\/www.legislapp.com.br\/wp-content\/uploads\/google-play.png\"><\/a><br \/>\n      <a href=\"https:\/\/apps.apple.com\/us\/app\/legislapp\/id1568929859\"><img decoding=\"async\" style=\"width: 15%; min-width: 130px\" src=\"https:\/\/www.legislapp.com.br\/wp-content\/uploads\/apple-store.png\"><\/a>\n   <\/div>\n","protected":false},"excerpt":{"rendered":"<p>C\u00e2m. Legislativa de SC &#8211; Autoria de Governador do Estado Denomina &#8220;Policial Penal Leonardo Steil&#8221; a base operacional do Grupo T\u00e1tico de Interven\u00e7\u00e3o, com sede no Complexo Penitenci\u00e1rio do Estado, localizado no Munic\u00edpio de S\u00e3o Pedro de Alc\u00e2ntara. ESTADO DE SANTA CATARINA GABINETE DO GOVERNADOR MENSAGEM N\u00ba 1208 EXCELENT\u00cdSSIMO SENHOR PRESIDENTE, SENHORAS DEPUTADAS E SENHORES [&hellip;]<\/p>\n","protected":false},"author":1,"featured_media":0,"parent":0,"menu_order":0,"comment_status":"closed","ping_status":"closed","template":"page-template-blank.php","meta":{"_et_pb_use_builder":"","_et_pb_old_content":"","_et_gb_content_width":"1080","ngg_post_thumbnail":0,"footnotes":""},"class_list":["post-7042","page","type-page","status-publish","hentry"],"yoast_head":"<!-- This site is optimized with the Yoast SEO plugin v24.4 - https:\/\/yoast.com\/wordpress\/plugins\/seo\/ -->\n<title>PL.\/0597\/2025 - Governador do Estado - Legislapp<\/title>\n<meta name=\"robots\" content=\"index, follow, max-snippet:-1, max-image-preview:large, max-video-preview:-1\" \/>\n<link rel=\"canonical\" href=\"https:\/\/www.legislapp.com.br\/index.php\/cam-legislativa-de-sc-pl-0597-2025\/\" \/>\n<meta property=\"og:locale\" content=\"pt_BR\" \/>\n<meta property=\"og:type\" content=\"article\" \/>\n<meta property=\"og:title\" content=\"PL.\/0597\/2025 - Governador do Estado - Legislapp\" \/>\n<meta property=\"og:description\" content=\"C\u00e2m. Legislativa de SC &#8211; Autoria de Governador do Estado Denomina &#8220;Policial Penal Leonardo Steil&#8221; a base operacional do Grupo T\u00e1tico de Interven\u00e7\u00e3o, com sede no Complexo Penitenci\u00e1rio do Estado, localizado no Munic\u00edpio de S\u00e3o Pedro de Alc\u00e2ntara. ESTADO DE SANTA CATARINA GABINETE DO GOVERNADOR MENSAGEM N\u00ba 1208 EXCELENT\u00cdSSIMO SENHOR PRESIDENTE, SENHORAS DEPUTADAS E SENHORES [&hellip;]\" \/>\n<meta property=\"og:url\" content=\"https:\/\/www.legislapp.com.br\/index.php\/cam-legislativa-de-sc-pl-0597-2025\/\" \/>\n<meta property=\"og:site_name\" content=\"Legislapp\" \/>\n<meta property=\"article:publisher\" content=\"https:\/\/www.instagram.com\/legislapp\/\" \/>\n<meta property=\"og:image\" content=\"https:\/\/www.legislapp.com.br\/wp-content\/uploads\/google-play.png\" \/>\n<meta name=\"twitter:card\" content=\"summary_large_image\" \/>\n<meta name=\"twitter:label1\" content=\"Est. tempo de leitura\" \/>\n\t<meta name=\"twitter:data1\" content=\"6 minutos\" \/>\n<script type=\"application\/ld+json\" class=\"yoast-schema-graph\">{\"@context\":\"https:\/\/schema.org\",\"@graph\":[{\"@type\":\"WebPage\",\"@id\":\"https:\/\/www.legislapp.com.br\/index.php\/cam-legislativa-de-sc-pl-0597-2025\/\",\"url\":\"https:\/\/www.legislapp.com.br\/index.php\/cam-legislativa-de-sc-pl-0597-2025\/\",\"name\":\"PL.\/0597\/2025 - Governador do Estado - Legislapp\",\"isPartOf\":{\"@id\":\"https:\/\/www.legislapp.com.br\/#website\"},\"primaryImageOfPage\":{\"@id\":\"https:\/\/www.legislapp.com.br\/index.php\/cam-legislativa-de-sc-pl-0597-2025\/#primaryimage\"},\"image\":{\"@id\":\"https:\/\/www.legislapp.com.br\/index.php\/cam-legislativa-de-sc-pl-0597-2025\/#primaryimage\"},\"thumbnailUrl\":\"https:\/\/www.legislapp.com.br\/wp-content\/uploads\/google-play.png\",\"datePublished\":\"2025-09-17T16:09:10+00:00\",\"breadcrumb\":{\"@id\":\"https:\/\/www.legislapp.com.br\/index.php\/cam-legislativa-de-sc-pl-0597-2025\/#breadcrumb\"},\"inLanguage\":\"pt-BR\",\"potentialAction\":[{\"@type\":\"ReadAction\",\"target\":[\"https:\/\/www.legislapp.com.br\/index.php\/cam-legislativa-de-sc-pl-0597-2025\/\"]}]},{\"@type\":\"ImageObject\",\"inLanguage\":\"pt-BR\",\"@id\":\"https:\/\/www.legislapp.com.br\/index.php\/cam-legislativa-de-sc-pl-0597-2025\/#primaryimage\",\"url\":\"https:\/\/www.legislapp.com.br\/wp-content\/uploads\/google-play.png\",\"contentUrl\":\"https:\/\/www.legislapp.com.br\/wp-content\/uploads\/google-play.png\",\"width\":564,\"height\":168},{\"@type\":\"BreadcrumbList\",\"@id\":\"https:\/\/www.legislapp.com.br\/index.php\/cam-legislativa-de-sc-pl-0597-2025\/#breadcrumb\",\"itemListElement\":[{\"@type\":\"ListItem\",\"position\":1,\"name\":\"In\u00edcio\",\"item\":\"https:\/\/www.legislapp.com.br\/\"},{\"@type\":\"ListItem\",\"position\":2,\"name\":\"PL.\/0597\/2025 &#8211; Governador do Estado\"}]},{\"@type\":\"WebSite\",\"@id\":\"https:\/\/www.legislapp.com.br\/#website\",\"url\":\"https:\/\/www.legislapp.com.br\/\",\"name\":\"Legislapp\",\"description\":\"Intelig\u00eancia governamental em tempo real\",\"publisher\":{\"@id\":\"https:\/\/www.legislapp.com.br\/#organization\"},\"potentialAction\":[{\"@type\":\"SearchAction\",\"target\":{\"@type\":\"EntryPoint\",\"urlTemplate\":\"https:\/\/www.legislapp.com.br\/?s={search_term_string}\"},\"query-input\":{\"@type\":\"PropertyValueSpecification\",\"valueRequired\":true,\"valueName\":\"search_term_string\"}}],\"inLanguage\":\"pt-BR\"},{\"@type\":\"Organization\",\"@id\":\"https:\/\/www.legislapp.com.br\/#organization\",\"name\":\"Legislapp Monitoramento e Intelig\u00eancia Governamental\",\"url\":\"https:\/\/www.legislapp.com.br\/\",\"logo\":{\"@type\":\"ImageObject\",\"inLanguage\":\"pt-BR\",\"@id\":\"https:\/\/www.legislapp.com.br\/#\/schema\/logo\/image\/\",\"url\":\"https:\/\/www.legislapp.com.br\/wp-content\/uploads\/icon.png\",\"contentUrl\":\"https:\/\/www.legislapp.com.br\/wp-content\/uploads\/icon.png\",\"width\":1024,\"height\":1024,\"caption\":\"Legislapp Monitoramento e Intelig\u00eancia Governamental\"},\"image\":{\"@id\":\"https:\/\/www.legislapp.com.br\/#\/schema\/logo\/image\/\"},\"sameAs\":[\"https:\/\/www.instagram.com\/legislapp\/\"]}]}<\/script>\n<!-- \/ Yoast SEO plugin. -->","yoast_head_json":{"title":"PL.\/0597\/2025 - Governador do Estado - Legislapp","robots":{"index":"index","follow":"follow","max-snippet":"max-snippet:-1","max-image-preview":"max-image-preview:large","max-video-preview":"max-video-preview:-1"},"canonical":"https:\/\/www.legislapp.com.br\/index.php\/cam-legislativa-de-sc-pl-0597-2025\/","og_locale":"pt_BR","og_type":"article","og_title":"PL.\/0597\/2025 - Governador do Estado - Legislapp","og_description":"C\u00e2m. Legislativa de SC &#8211; Autoria de Governador do Estado Denomina &#8220;Policial Penal Leonardo Steil&#8221; a base operacional do Grupo T\u00e1tico de Interven\u00e7\u00e3o, com sede no Complexo Penitenci\u00e1rio do Estado, localizado no Munic\u00edpio de S\u00e3o Pedro de Alc\u00e2ntara. ESTADO DE SANTA CATARINA GABINETE DO GOVERNADOR MENSAGEM N\u00ba 1208 EXCELENT\u00cdSSIMO SENHOR PRESIDENTE, SENHORAS DEPUTADAS E SENHORES [&hellip;]","og_url":"https:\/\/www.legislapp.com.br\/index.php\/cam-legislativa-de-sc-pl-0597-2025\/","og_site_name":"Legislapp","article_publisher":"https:\/\/www.instagram.com\/legislapp\/","og_image":[{"url":"https:\/\/www.legislapp.com.br\/wp-content\/uploads\/google-play.png","type":"","width":"","height":""}],"twitter_card":"summary_large_image","twitter_misc":{"Est. tempo de leitura":"6 minutos"},"schema":{"@context":"https:\/\/schema.org","@graph":[{"@type":"WebPage","@id":"https:\/\/www.legislapp.com.br\/index.php\/cam-legislativa-de-sc-pl-0597-2025\/","url":"https:\/\/www.legislapp.com.br\/index.php\/cam-legislativa-de-sc-pl-0597-2025\/","name":"PL.\/0597\/2025 - Governador do Estado - Legislapp","isPartOf":{"@id":"https:\/\/www.legislapp.com.br\/#website"},"primaryImageOfPage":{"@id":"https:\/\/www.legislapp.com.br\/index.php\/cam-legislativa-de-sc-pl-0597-2025\/#primaryimage"},"image":{"@id":"https:\/\/www.legislapp.com.br\/index.php\/cam-legislativa-de-sc-pl-0597-2025\/#primaryimage"},"thumbnailUrl":"https:\/\/www.legislapp.com.br\/wp-content\/uploads\/google-play.png","datePublished":"2025-09-17T16:09:10+00:00","breadcrumb":{"@id":"https:\/\/www.legislapp.com.br\/index.php\/cam-legislativa-de-sc-pl-0597-2025\/#breadcrumb"},"inLanguage":"pt-BR","potentialAction":[{"@type":"ReadAction","target":["https:\/\/www.legislapp.com.br\/index.php\/cam-legislativa-de-sc-pl-0597-2025\/"]}]},{"@type":"ImageObject","inLanguage":"pt-BR","@id":"https:\/\/www.legislapp.com.br\/index.php\/cam-legislativa-de-sc-pl-0597-2025\/#primaryimage","url":"https:\/\/www.legislapp.com.br\/wp-content\/uploads\/google-play.png","contentUrl":"https:\/\/www.legislapp.com.br\/wp-content\/uploads\/google-play.png","width":564,"height":168},{"@type":"BreadcrumbList","@id":"https:\/\/www.legislapp.com.br\/index.php\/cam-legislativa-de-sc-pl-0597-2025\/#breadcrumb","itemListElement":[{"@type":"ListItem","position":1,"name":"In\u00edcio","item":"https:\/\/www.legislapp.com.br\/"},{"@type":"ListItem","position":2,"name":"PL.\/0597\/2025 &#8211; Governador do Estado"}]},{"@type":"WebSite","@id":"https:\/\/www.legislapp.com.br\/#website","url":"https:\/\/www.legislapp.com.br\/","name":"Legislapp","description":"Intelig\u00eancia governamental em tempo real","publisher":{"@id":"https:\/\/www.legislapp.com.br\/#organization"},"potentialAction":[{"@type":"SearchAction","target":{"@type":"EntryPoint","urlTemplate":"https:\/\/www.legislapp.com.br\/?s={search_term_string}"},"query-input":{"@type":"PropertyValueSpecification","valueRequired":true,"valueName":"search_term_string"}}],"inLanguage":"pt-BR"},{"@type":"Organization","@id":"https:\/\/www.legislapp.com.br\/#organization","name":"Legislapp Monitoramento e Intelig\u00eancia Governamental","url":"https:\/\/www.legislapp.com.br\/","logo":{"@type":"ImageObject","inLanguage":"pt-BR","@id":"https:\/\/www.legislapp.com.br\/#\/schema\/logo\/image\/","url":"https:\/\/www.legislapp.com.br\/wp-content\/uploads\/icon.png","contentUrl":"https:\/\/www.legislapp.com.br\/wp-content\/uploads\/icon.png","width":1024,"height":1024,"caption":"Legislapp Monitoramento e Intelig\u00eancia Governamental"},"image":{"@id":"https:\/\/www.legislapp.com.br\/#\/schema\/logo\/image\/"},"sameAs":["https:\/\/www.instagram.com\/legislapp\/"]}]}},"_links":{"self":[{"href":"https:\/\/www.legislapp.com.br\/index.php\/wp-json\/wp\/v2\/pages\/7042","targetHints":{"allow":["GET"]}}],"collection":[{"href":"https:\/\/www.legislapp.com.br\/index.php\/wp-json\/wp\/v2\/pages"}],"about":[{"href":"https:\/\/www.legislapp.com.br\/index.php\/wp-json\/wp\/v2\/types\/page"}],"author":[{"embeddable":true,"href":"https:\/\/www.legislapp.com.br\/index.php\/wp-json\/wp\/v2\/users\/1"}],"replies":[{"embeddable":true,"href":"https:\/\/www.legislapp.com.br\/index.php\/wp-json\/wp\/v2\/comments?post=7042"}],"version-history":[{"count":0,"href":"https:\/\/www.legislapp.com.br\/index.php\/wp-json\/wp\/v2\/pages\/7042\/revisions"}],"wp:attachment":[{"href":"https:\/\/www.legislapp.com.br\/index.php\/wp-json\/wp\/v2\/media?parent=7042"}],"curies":[{"name":"wp","href":"https:\/\/api.w.org\/{rel}","templated":true}]}}