{"id":7074,"date":"2025-09-17T13:10:57","date_gmt":"2025-09-17T16:10:57","guid":{"rendered":"https:\/\/www.legislapp.com.br\/index.php\/cam-legislativa-de-sc-pl-0561-2025\/"},"modified":"2025-09-17T13:10:57","modified_gmt":"2025-09-17T16:10:57","slug":"cam-legislativa-de-sc-pl-0561-2025","status":"publish","type":"page","link":"https:\/\/www.legislapp.com.br\/index.php\/cam-legislativa-de-sc-pl-0561-2025\/","title":{"rendered":"PL.\/0561\/2025 &#8211; Jess\u00e9 Lopes"},"content":{"rendered":"<h1 style='text-align: center;'>C\u00e2m. Legislativa de SC &#8211; Autoria de Jess\u00e9 Lopes<\/h3>\n<p><\/p>\n<article style='text-align: center'>Institui, no \u00e2mbito do Estado de Santa Catarina, a Pol\u00edtica Estadual de preven\u00e7\u00e3o e combate \u00e0 explora\u00e7\u00e3o comercial e \u00e0 adultiza\u00e7\u00e3o de crian\u00e7as, e cria a &#8220;Frente de Enfrentamento Local Contra a Adultiza\u00e7\u00e3o&#8221; &#8211; FELCA.<\/article>\n<p><\/p>\n<p style='text-align: center'><a href='https:\/\/app.legislapp.com.br\/#\/busca?termo='><\/a><\/p>\n<p><\/p>\n<article>ASSEMBLEIA LEGISLATIVA GABINETE DEPUTADO<br \/>\nESTADO DE SANTA CATARINA JESS\u00c9 LOPES<\/p>\n<p>PROJETO DE LEI N.      , DE 2025<\/p>\n<p>Institui, no \u00e2mbito do Estado de Santa Catarina, a Pol\u00edtica<br \/>\nEstadual de preven\u00e7\u00e3o e combate \u00e0 explora\u00e7\u00e3o comercial e \u00e0<br \/>\nadultiza\u00e7\u00e3o de crian\u00e7as, e cria a &#8220;Frente de Enfrentamento<br \/>\nLocal Contra a Adultiza\u00e7\u00e3o&#8221; &#8211; FELCA.<\/p>\n<p>Art. 1\u00ba Esta Lei institui, no \u00e2mbito do Estado de Santa<br \/>\nCatarina, a Pol\u00edtica Estadual de preven\u00e7\u00e3o e combate \u00e0 explora\u00e7\u00e3o comercial e \u00e0<br \/>\nadultiza\u00e7\u00e3o de crian\u00e7as, e cria a &#8220;Frente de Enfrentamento Local Contra a Adultiza\u00e7\u00e3o&#8221;<br \/>\n&#8211; FELCA.<\/p>\n<p>Par\u00e1grafo \u00danico. A pol\u00edtica de que trata o caput tem como<br \/>\nmetas e objetivos:<\/p>\n<p>I &#8211; prevenir, combater e punir atos de sexualiza\u00e7\u00e3o precoce<br \/>\nou explora\u00e7\u00e3o comercial da imagem e inoc\u00eancia de crian\u00e7as e adolescentes;<\/p>\n<p>II &#8211; reprimir a apologia, difus\u00e3o ou incentivo \u00e0 pornografia<br \/>\ninfantil;<\/p>\n<p>III &#8211; inibir pr\u00e1ticas de adultiza\u00e7\u00e3o indevida de menores,<br \/>\nespecialmente em meios culturais, midi\u00e1ticos e publicit\u00e1rios;<\/p>\n<p>IV &#8211; promover a\u00e7\u00f5es educativas de prote\u00e7\u00e3o \u00e0 inf\u00e2ncia,<br \/>\nincentivando o aproveitamento, pelos menores, de sua inf\u00e2ncia com pureza e<br \/>\ninoc\u00eancia; <\/p>\n<p>V &#8211; coordenar a\u00e7\u00f5es conjuntas das mais diversas esferas e<br \/>\n\u00f3rg\u00e3os da Administra\u00e7\u00e3o em prol de fiscaliza\u00e7\u00e3o e repress\u00e3o ao uso indevido da<br \/>\nimagem de crian\u00e7as em meios virtuais, em especial para fins comerciais ou<br \/>\npublicit\u00e1rios;<\/p>\n<p>VI &#8211; firmar na sociedade catarinense, como ideal, o combate<br \/>\nao uso da imagem de crian\u00e7as para fins publicit\u00e1rios, em qualquer cen\u00e1rio degradante,<br \/>\nexcessivamente exposto ou com tom e abordagem erotizada.<\/p>\n<p>Art. 2\u00ba Para efeitos desta Lei, considera-se:<\/p>\n<p>I &#8211; sexualiza\u00e7\u00e3o infantil: qualquer pr\u00e1tica, conte\u00fado, atividade<br \/>\nou manifesta\u00e7\u00e3o que exponha crian\u00e7as ou adolescentes a est\u00edmulos, imagens ou<br \/>\ncondutas de cunho sexual inadequadas a sua faixa et\u00e1ria.<\/p>\n<p>II &#8211; adultiza\u00e7\u00e3o: a indu\u00e7\u00e3o de crian\u00e7as ou adolescentes a<br \/>\ncomportarem-se, vestirem-se ou se exporem como adultos com conota\u00e7\u00e3o er\u00f3tica,<br \/>\nsexual, ou qualquer outra que degrade a inf\u00e2ncia e a inoc\u00eancia das crian\u00e7as;<\/p>\n<p>III &#8211; apologia \u00e0 pornografia infantil: promo\u00e7\u00e3o, defesa ou<br \/>\nincentivo, expl\u00edcito ou impl\u00edcito, de material pornogr\u00e1fico envolvendo menores de 18<br \/>\nanos.<\/p>\n<p>Art. 3\u00ba Fica vedado, no territ\u00f3rio catarinense:<br \/>\nI &#8211; a veicula\u00e7\u00e3o, em eventos, pe\u00e7as teatrais, apresenta\u00e7\u00f5es<br \/>\nart\u00edsticas, publicidades ou atividades culturais, de conte\u00fados que caracterizem<br \/>\nsexualiza\u00e7\u00e3o, erotiza\u00e7\u00e3o infantil ou adultiza\u00e7\u00e3o de menores;<\/p>\n<p>II &#8211; a exposi\u00e7\u00e3o de crian\u00e7as e adolescentes em figurinos,<br \/>\ncoreografias, falas ou contextos que sugiram conota\u00e7\u00e3o sexual, inclusive quando a<br \/>\nconota\u00e7\u00e3o advenha exclusivamente das letras de m\u00fasicas envolvidas no respectivo ato;<\/p>\n<p>III &#8211; a promo\u00e7\u00e3o de concursos, desfiles ou apresenta\u00e7\u00f5es que<br \/>\nincentivem padr\u00f5es comportamentais erotizados ou sexualizados para menores, em<br \/>\nespecial concursos de dan\u00e7as, observado o disposto no inc. II deste artigo;<\/p>\n<p>IV &#8211; a exibi\u00e7\u00e3o ou distribui\u00e7\u00e3o de qualquer conte\u00fado com<br \/>\napologia \u00e0 pornografia infantil, seja em formato f\u00edsico, digital ou audiovisual.<\/p>\n<p>Art. 4\u00ba A fiscaliza\u00e7\u00e3o do cumprimento desta Lei ser\u00e1<br \/>\nexercida, de forma integrada, pela ora institu\u00edda Frente de Enfrentamento Local Contra<br \/>\na Adultiza\u00e7\u00e3o &#8211; FELCA, a ser constitu\u00edda por todos os \u00f3rg\u00e3os da Administra\u00e7\u00e3o P\u00fablica<br \/>\nestadual, tendo como cooperadores e centrais bra\u00e7os de atua\u00e7\u00e3o: <\/p>\n<p>I &#8211; o Minist\u00e9rio P\u00fablico de Santa Catarina; <\/p>\n<p>II &#8211; a Secretaria de Estado da Assist\u00eancia Social, Mulher e<br \/>\nFam\u00edlia;<\/p>\n<p>III &#8211; a Pol\u00edcia Militar do Estado de Santa Catarina; <\/p>\n<p>IV &#8211; a Pol\u00edcia Civil do Estado de Santa Catarina; <\/p>\n<p>V &#8211; a Assembleia Legislativa do Estado de Santa Catarina.<\/p>\n<p>\u00a7 1\u00ba Os entes descritos nos incs. I a V do caput det\u00e9m a<br \/>\nprerrogativa de, individual ou coletivamente, articular entre si meios para fiscaliza\u00e7\u00e3o,<br \/>\ncontrole e repress\u00e3o, inclusive pela ado\u00e7\u00e3o de novos regramentos ou exerc\u00edcio de<br \/>\napelo ao Congresso Nacional, dos dispores desta Lei, podendo ainda requisitar<br \/>\ninforma\u00e7\u00f5es a pessoas f\u00edsicas e jur\u00eddicas sobre eventual descumprimento e, sendo o<br \/>\ncaso, exigir-lhe o cumprimento da norma, sob pena de multa, sem preju\u00edzo da<br \/>\npersecu\u00e7\u00e3o c\u00edvel ou penal cab\u00edvel \u00e0 esp\u00e9cie. <\/p>\n<p>\u00a7 2\u00ba Qualquer do povo tem o direito de representar \u00e0s<br \/>\nautoridades p\u00fablicas eventual descumprimento desta Lei. <\/p>\n<p>\u00a7 3\u00ba \u00c9 facultado a todo e qualquer \u00f3rg\u00e3o da Administra\u00e7\u00e3o<br \/>\nexercer, internamente, a fiscaliza\u00e7\u00e3o do cumprimento desta Lei e das leis federais<br \/>\nvigentes, no que compete \u00e0 tem\u00e1tica abordada na presente norma, conforme<br \/>\nRegulamento. <\/p>\n<p>\u00a7 4\u00ba O descumprimento, por pessoa f\u00edsica ou jur\u00eddica, do<br \/>\ndisposto no \u00a7 1\u00ba, a sujeitar\u00e1 a multa administrativa no valor de R$ 2.000,00 (dois mil<br \/>\nreais) a R$ 50.000,00 (cinquenta mil reais), de acordo com a gravidade e recorr\u00eancia<br \/>\nda pr\u00e1tica, nos termos do Decreto do Governador do Estado.<\/p>\n<p>Art. 5\u00ba Os \u00f3rg\u00e3os descritos nos incs. I a V do caput do art. 4\u00ba<br \/>\npoder\u00e3o ainda:<\/p>\n<p>I &#8211; notificar e autuar estabelecimentos, produtores e<br \/>\nrespons\u00e1veis por eventos;<\/p>\n<p>II &#8211; solicitar a suspens\u00e3o imediata de apresenta\u00e7\u00f5es ou<br \/>\nconte\u00fados irregulares;<br \/>\nIII &#8211; encaminhar ao Minist\u00e9rio P\u00fablico os casos que<br \/>\nconfigurem crime previsto no Estatuto da Crian\u00e7a e do Adolescente (ECA).<\/p>\n<p>Par\u00e1grafo \u00danico. \u00c9 vedado, em todo o caso, o emprego de<br \/>\ncensura pr\u00e9via sobre conte\u00fados a serem publicados em redes sociais, sendo dever do<br \/>\nEstado a fiscaliza\u00e7\u00e3o, eventual derrubada e repress\u00e3o ao comportamento tipificado.<\/p>\n<p>Art. 6\u00ba O descumprimento ao disposto no art. 3\u00ba desta Lei<br \/>\nsujeitar\u00e1 o infrator \u00e0s seguintes penalidades, sem preju\u00edzo das san\u00e7\u00f5es penais<br \/>\ncab\u00edveis:<\/p>\n<p>I &#8211; advert\u00eancia;<\/p>\n<p>II &#8211; multa de R$ 5.000,00 (cinco mil reais) a R$ 150.000,00<br \/>\n(cento e cinquenta mil reais);<\/p>\n<p>III &#8211; suspens\u00e3o do evento ou atividade;<\/p>\n<p>IV &#8211; cassa\u00e7\u00e3o de alvar\u00e1 de funcionamento em caso de<br \/>\nreincid\u00eancia.<\/p>\n<p>Art. 7\u00ba Fica o Poder Executivo autorizado a prever dota\u00e7\u00e3o<br \/>\nor\u00e7ament\u00e1ria espec\u00edfica para a implementa\u00e7\u00e3o das a\u00e7\u00f5es previstas nesta Lei, podendo<br \/>\nainda utilizar os recursos provenientes da arrecada\u00e7\u00e3o das multas aplicadas em<br \/>\ndecorr\u00eancia de seu descumprimento.<\/p>\n<p>Art. 8\u00ba Decreto do Governador do Estado poder\u00e1 definir<br \/>\nespecifica\u00e7\u00f5es \u00e0s veda\u00e7\u00f5es do art. 3\u00ba, sem preju\u00edzo da regulamenta\u00e7\u00e3o regular cab\u00edvel<br \/>\n\u00e0 esp\u00e9cie.<\/p>\n<p>Art. 9\u00ba Esta Lei entra em vigor na data de sua publica\u00e7\u00e3o.<\/p>\n<p>Sala das Sess\u00f5es, data da assinatura digital.<\/p>\n<p>Deputado JESS\u00c9 LOPES<br \/>\nPL\/SC<\/p>\n<p>JUSTIFICATIVA<\/p>\n<p>A presente proposi\u00e7\u00e3o visa instituir, no \u00e2mbito do Estado de<br \/>\nSanta Catarina, a Pol\u00edtica Estadual de Preven\u00e7\u00e3o e Combate \u00e0 Explora\u00e7\u00e3o<br \/>\nComercial e \u00e0 Adultiza\u00e7\u00e3o de Crian\u00e7as, criando a Frente de Enfrentamento Local<br \/>\nContra a Adultiza\u00e7\u00e3o \u2013 FELCA. Trata-se de um conjunto de medidas integradas e<br \/>\npermanentes, com foco na prote\u00e7\u00e3o integral da inf\u00e2ncia, em conformidade com os<br \/>\nprinc\u00edpios previstos na Constitui\u00e7\u00e3o Federal e no Estatuto da Crian\u00e7a e do<br \/>\nAdolescente (Lei n\u00ba 8.069\/1990).<\/p>\n<p>\u00c9 fato not\u00f3rio que, nos \u00faltimos anos, t\u00eam se multiplicado<br \/>\nsitua\u00e7\u00f5es em que crian\u00e7as e adolescentes s\u00e3o expostos a conte\u00fados, figurinos,<br \/>\ncoreografias e contextos que promovem a erotiza\u00e7\u00e3o precoce, seja em eventos<br \/>\nculturais, m\u00eddias sociais, publicidade ou at\u00e9 mesmo em produ\u00e7\u00f5es art\u00edsticas. Tais<br \/>\npr\u00e1ticas, muitas vezes travestidas de manifesta\u00e7\u00f5es culturais ou de entretenimento,<br \/>\nacabam por violar a dignidade da pessoa em desenvolvimento e afrontam o direito de<br \/>\nusufruir de uma inf\u00e2ncia plena, saud\u00e1vel e protegida.<\/p>\n<p>A adultiza\u00e7\u00e3o precoce \u2014 entendida como a indu\u00e7\u00e3o de<br \/>\nmenores a se comportarem, se vestirem ou se apresentarem como adultos em<br \/>\nconota\u00e7\u00e3o sexual ou erotizada \u2014 compromete o desenvolvimento f\u00edsico, emocional e<br \/>\npsicol\u00f3gico da crian\u00e7a. Al\u00e9m disso, a sexualiza\u00e7\u00e3o indevida representa risco concreto<br \/>\nde exposi\u00e7\u00e3o a abusos, explora\u00e7\u00e3o comercial e danos irrepar\u00e1veis \u00e0 autoestima e \u00e0<br \/>\nforma\u00e7\u00e3o moral do indiv\u00edduo.<\/p>\n<p>O Estatuto da Crian\u00e7a e do Adolescente j\u00e1 disp\u00f5e, em seu<br \/>\nart. 17, que \u00e9 dever do Estado assegurar \u00e0 crian\u00e7a e ao adolescente o direito ao<br \/>\nrespeito, abrangendo a inviolabilidade da integridade f\u00edsica, ps\u00edquica e moral,<br \/>\ncompreendendo a preserva\u00e7\u00e3o da imagem, da identidade, da autonomia, dos valores,<br \/>\nideias e cren\u00e7as, dos espa\u00e7os e objetos pessoais. Entretanto, a legisla\u00e7\u00e3o federal n\u00e3o<br \/>\ndetalha, de forma espec\u00edfica e sistem\u00e1tica, mecanismos de preven\u00e7\u00e3o, repress\u00e3o e<br \/>\npenalidade contra pr\u00e1ticas de erotiza\u00e7\u00e3o e adultiza\u00e7\u00e3o em contextos culturais,<br \/>\npublicit\u00e1rios e midi\u00e1ticos, especialmente no \u00e2mbito estadual.<\/p>\n<p>Assim, esta proposta busca:<\/p>\n<p>Prevenir e reprimir atos que promovam a sexualiza\u00e7\u00e3o<br \/>\ninfantil;<\/p>\n<p>Combater a explora\u00e7\u00e3o comercial da imagem e inoc\u00eancia<br \/>\nde crian\u00e7as e adolescentes;<\/p>\n<p>Coordenar esfor\u00e7os entre \u00f3rg\u00e3os p\u00fablicos e a sociedade<br \/>\ncivil para fiscalizar e aplicar penalidades;<\/p>\n<p>Promover a\u00e7\u00f5es educativas para resgatar e preservar a<br \/>\npureza e inoc\u00eancia da inf\u00e2ncia.<\/p>\n<p>A cria\u00e7\u00e3o da FELCA permitir\u00e1 a articula\u00e7\u00e3o de diversos<br \/>\n\u00f3rg\u00e3os \u2014 incluindo Minist\u00e9rio P\u00fablico, pol\u00edcias, secretarias e a pr\u00f3pria Assembleia<br \/>\nLegislativa \u2014 para atua\u00e7\u00e3o conjunta e eficaz, tanto na preven\u00e7\u00e3o quanto na puni\u00e7\u00e3o de<br \/>\npr\u00e1ticas lesivas aos menores.<\/p>\n<p>Importante destacar que a proposta n\u00e3o pretende censurar<br \/>\nmanifesta\u00e7\u00f5es art\u00edsticas leg\u00edtimas, mas sim coibir abusos que desvirtuem a finalidade<br \/>\neducativa, cultural e recreativa, impondo limites claros para proteger o bem-estar das<br \/>\ncrian\u00e7as e adolescentes.<br \/>\n Por todo o exposto, a aprova\u00e7\u00e3o deste projeto se faz<br \/>\nnecess\u00e1ria para garantir que Santa Catarina seja refer\u00eancia nacional na defesa da<br \/>\ninf\u00e2ncia, reafirmando o compromisso do Poder P\u00fablico com a prote\u00e7\u00e3o integral das<br \/>\nfuturas gera\u00e7\u00f5es.<\/p>\n<p>Parabenizo, por fim, o Sr. Vereador de Curitiba, Eder Borges,<br \/>\npela proposi\u00e7\u00e3o de projeto de lei similar que, em boa parte, incentivou este parlamentar<br \/>\n\u00e0 presente proposi\u00e7\u00e3o, ainda que com diferente abordagem.<\/p>\n<p>Sala das Sess\u00f5es, data da assinatura digital.<\/p>\n<p>Deputado JESS\u00c9 LOPES<br \/>\nPL\/SC<br \/>\nELEGIS<br \/>\nDocumento assinado eletronicamente por Jess\u00e9 de Faria Lopes,<br \/>\nSistema de Processo<br \/>\nem 11\/08\/2025, \u00e0s 11:43.<br \/>\nLegislativo Eletr\u00f4nico<\/article>\n<div style=\"text-align: center\">\n<div style=\"margin-bottom: 20px;\" class=\"et_pb_button_module_wrapper et_pb_button_5_tb_body_wrapper et_pb_button_alignment_center et_pb_module \">\n         <a class=\"et_pb_button et_pb_button_5_tb_body et_hover_enabled et_pb_bg_layout_dark\" style=\"width: 50%;background-color: black;\" href=\"https:\/\/app.legislapp.com.br\" target=\"_blank\" rel=\"noopener\">Visualizar completo na nossa plataforma (30 dias gr\u00e1tis)<\/a><\/p><\/div>\n<p>      <a href=\"https:\/\/play.google.com\/store\/apps\/details?id=br.com.legislapp\"><img decoding=\"async\" style=\"width: 15%; min-width: 130px;\" src=\"https:\/\/www.legislapp.com.br\/wp-content\/uploads\/google-play.png\"><\/a><br \/>\n      <a href=\"https:\/\/apps.apple.com\/us\/app\/legislapp\/id1568929859\"><img decoding=\"async\" style=\"width: 15%; min-width: 130px\" src=\"https:\/\/www.legislapp.com.br\/wp-content\/uploads\/apple-store.png\"><\/a>\n   <\/div>\n","protected":false},"excerpt":{"rendered":"<p>C\u00e2m. Legislativa de SC &#8211; Autoria de Jess\u00e9 Lopes Institui, no \u00e2mbito do Estado de Santa Catarina, a Pol\u00edtica Estadual de preven\u00e7\u00e3o e combate \u00e0 explora\u00e7\u00e3o comercial e \u00e0 adultiza\u00e7\u00e3o de crian\u00e7as, e cria a &#8220;Frente de Enfrentamento Local Contra a Adultiza\u00e7\u00e3o&#8221; &#8211; FELCA. ASSEMBLEIA LEGISLATIVA GABINETE DEPUTADO ESTADO DE SANTA CATARINA JESS\u00c9 LOPES PROJETO [&hellip;]<\/p>\n","protected":false},"author":1,"featured_media":0,"parent":0,"menu_order":0,"comment_status":"closed","ping_status":"closed","template":"page-template-blank.php","meta":{"_et_pb_use_builder":"","_et_pb_old_content":"","_et_gb_content_width":"1080","ngg_post_thumbnail":0,"footnotes":""},"class_list":["post-7074","page","type-page","status-publish","hentry"],"yoast_head":"<!-- This site is optimized with the Yoast SEO plugin v24.4 - https:\/\/yoast.com\/wordpress\/plugins\/seo\/ -->\n<title>PL.\/0561\/2025 - Jess\u00e9 Lopes - Legislapp<\/title>\n<meta name=\"robots\" content=\"index, follow, max-snippet:-1, max-image-preview:large, max-video-preview:-1\" \/>\n<link rel=\"canonical\" href=\"https:\/\/www.legislapp.com.br\/index.php\/cam-legislativa-de-sc-pl-0561-2025\/\" \/>\n<meta property=\"og:locale\" content=\"pt_BR\" \/>\n<meta property=\"og:type\" content=\"article\" \/>\n<meta property=\"og:title\" content=\"PL.\/0561\/2025 - Jess\u00e9 Lopes - Legislapp\" \/>\n<meta property=\"og:description\" content=\"C\u00e2m. Legislativa de SC &#8211; Autoria de Jess\u00e9 Lopes Institui, no \u00e2mbito do Estado de Santa Catarina, a Pol\u00edtica Estadual de preven\u00e7\u00e3o e combate \u00e0 explora\u00e7\u00e3o comercial e \u00e0 adultiza\u00e7\u00e3o de crian\u00e7as, e cria a &#8220;Frente de Enfrentamento Local Contra a Adultiza\u00e7\u00e3o&#8221; &#8211; FELCA. ASSEMBLEIA LEGISLATIVA GABINETE DEPUTADO ESTADO DE SANTA CATARINA JESS\u00c9 LOPES PROJETO [&hellip;]\" \/>\n<meta property=\"og:url\" content=\"https:\/\/www.legislapp.com.br\/index.php\/cam-legislativa-de-sc-pl-0561-2025\/\" \/>\n<meta property=\"og:site_name\" content=\"Legislapp\" \/>\n<meta property=\"article:publisher\" content=\"https:\/\/www.instagram.com\/legislapp\/\" \/>\n<meta property=\"og:image\" content=\"https:\/\/www.legislapp.com.br\/wp-content\/uploads\/google-play.png\" \/>\n<meta name=\"twitter:card\" content=\"summary_large_image\" \/>\n<meta name=\"twitter:label1\" content=\"Est. tempo de leitura\" \/>\n\t<meta name=\"twitter:data1\" content=\"9 minutos\" \/>\n<script type=\"application\/ld+json\" class=\"yoast-schema-graph\">{\"@context\":\"https:\/\/schema.org\",\"@graph\":[{\"@type\":\"WebPage\",\"@id\":\"https:\/\/www.legislapp.com.br\/index.php\/cam-legislativa-de-sc-pl-0561-2025\/\",\"url\":\"https:\/\/www.legislapp.com.br\/index.php\/cam-legislativa-de-sc-pl-0561-2025\/\",\"name\":\"PL.\/0561\/2025 - Jess\u00e9 Lopes - Legislapp\",\"isPartOf\":{\"@id\":\"https:\/\/www.legislapp.com.br\/#website\"},\"primaryImageOfPage\":{\"@id\":\"https:\/\/www.legislapp.com.br\/index.php\/cam-legislativa-de-sc-pl-0561-2025\/#primaryimage\"},\"image\":{\"@id\":\"https:\/\/www.legislapp.com.br\/index.php\/cam-legislativa-de-sc-pl-0561-2025\/#primaryimage\"},\"thumbnailUrl\":\"https:\/\/www.legislapp.com.br\/wp-content\/uploads\/google-play.png\",\"datePublished\":\"2025-09-17T16:10:57+00:00\",\"breadcrumb\":{\"@id\":\"https:\/\/www.legislapp.com.br\/index.php\/cam-legislativa-de-sc-pl-0561-2025\/#breadcrumb\"},\"inLanguage\":\"pt-BR\",\"potentialAction\":[{\"@type\":\"ReadAction\",\"target\":[\"https:\/\/www.legislapp.com.br\/index.php\/cam-legislativa-de-sc-pl-0561-2025\/\"]}]},{\"@type\":\"ImageObject\",\"inLanguage\":\"pt-BR\",\"@id\":\"https:\/\/www.legislapp.com.br\/index.php\/cam-legislativa-de-sc-pl-0561-2025\/#primaryimage\",\"url\":\"https:\/\/www.legislapp.com.br\/wp-content\/uploads\/google-play.png\",\"contentUrl\":\"https:\/\/www.legislapp.com.br\/wp-content\/uploads\/google-play.png\",\"width\":564,\"height\":168},{\"@type\":\"BreadcrumbList\",\"@id\":\"https:\/\/www.legislapp.com.br\/index.php\/cam-legislativa-de-sc-pl-0561-2025\/#breadcrumb\",\"itemListElement\":[{\"@type\":\"ListItem\",\"position\":1,\"name\":\"In\u00edcio\",\"item\":\"https:\/\/www.legislapp.com.br\/\"},{\"@type\":\"ListItem\",\"position\":2,\"name\":\"PL.\/0561\/2025 &#8211; Jess\u00e9 Lopes\"}]},{\"@type\":\"WebSite\",\"@id\":\"https:\/\/www.legislapp.com.br\/#website\",\"url\":\"https:\/\/www.legislapp.com.br\/\",\"name\":\"Legislapp\",\"description\":\"Intelig\u00eancia governamental em tempo real\",\"publisher\":{\"@id\":\"https:\/\/www.legislapp.com.br\/#organization\"},\"potentialAction\":[{\"@type\":\"SearchAction\",\"target\":{\"@type\":\"EntryPoint\",\"urlTemplate\":\"https:\/\/www.legislapp.com.br\/?s={search_term_string}\"},\"query-input\":{\"@type\":\"PropertyValueSpecification\",\"valueRequired\":true,\"valueName\":\"search_term_string\"}}],\"inLanguage\":\"pt-BR\"},{\"@type\":\"Organization\",\"@id\":\"https:\/\/www.legislapp.com.br\/#organization\",\"name\":\"Legislapp Monitoramento e Intelig\u00eancia Governamental\",\"url\":\"https:\/\/www.legislapp.com.br\/\",\"logo\":{\"@type\":\"ImageObject\",\"inLanguage\":\"pt-BR\",\"@id\":\"https:\/\/www.legislapp.com.br\/#\/schema\/logo\/image\/\",\"url\":\"https:\/\/www.legislapp.com.br\/wp-content\/uploads\/icon.png\",\"contentUrl\":\"https:\/\/www.legislapp.com.br\/wp-content\/uploads\/icon.png\",\"width\":1024,\"height\":1024,\"caption\":\"Legislapp Monitoramento e Intelig\u00eancia Governamental\"},\"image\":{\"@id\":\"https:\/\/www.legislapp.com.br\/#\/schema\/logo\/image\/\"},\"sameAs\":[\"https:\/\/www.instagram.com\/legislapp\/\"]}]}<\/script>\n<!-- \/ Yoast SEO plugin. -->","yoast_head_json":{"title":"PL.\/0561\/2025 - Jess\u00e9 Lopes - Legislapp","robots":{"index":"index","follow":"follow","max-snippet":"max-snippet:-1","max-image-preview":"max-image-preview:large","max-video-preview":"max-video-preview:-1"},"canonical":"https:\/\/www.legislapp.com.br\/index.php\/cam-legislativa-de-sc-pl-0561-2025\/","og_locale":"pt_BR","og_type":"article","og_title":"PL.\/0561\/2025 - Jess\u00e9 Lopes - Legislapp","og_description":"C\u00e2m. Legislativa de SC &#8211; Autoria de Jess\u00e9 Lopes Institui, no \u00e2mbito do Estado de Santa Catarina, a Pol\u00edtica Estadual de preven\u00e7\u00e3o e combate \u00e0 explora\u00e7\u00e3o comercial e \u00e0 adultiza\u00e7\u00e3o de crian\u00e7as, e cria a &#8220;Frente de Enfrentamento Local Contra a Adultiza\u00e7\u00e3o&#8221; &#8211; FELCA. ASSEMBLEIA LEGISLATIVA GABINETE DEPUTADO ESTADO DE SANTA CATARINA JESS\u00c9 LOPES PROJETO [&hellip;]","og_url":"https:\/\/www.legislapp.com.br\/index.php\/cam-legislativa-de-sc-pl-0561-2025\/","og_site_name":"Legislapp","article_publisher":"https:\/\/www.instagram.com\/legislapp\/","og_image":[{"url":"https:\/\/www.legislapp.com.br\/wp-content\/uploads\/google-play.png","type":"","width":"","height":""}],"twitter_card":"summary_large_image","twitter_misc":{"Est. tempo de leitura":"9 minutos"},"schema":{"@context":"https:\/\/schema.org","@graph":[{"@type":"WebPage","@id":"https:\/\/www.legislapp.com.br\/index.php\/cam-legislativa-de-sc-pl-0561-2025\/","url":"https:\/\/www.legislapp.com.br\/index.php\/cam-legislativa-de-sc-pl-0561-2025\/","name":"PL.\/0561\/2025 - Jess\u00e9 Lopes - Legislapp","isPartOf":{"@id":"https:\/\/www.legislapp.com.br\/#website"},"primaryImageOfPage":{"@id":"https:\/\/www.legislapp.com.br\/index.php\/cam-legislativa-de-sc-pl-0561-2025\/#primaryimage"},"image":{"@id":"https:\/\/www.legislapp.com.br\/index.php\/cam-legislativa-de-sc-pl-0561-2025\/#primaryimage"},"thumbnailUrl":"https:\/\/www.legislapp.com.br\/wp-content\/uploads\/google-play.png","datePublished":"2025-09-17T16:10:57+00:00","breadcrumb":{"@id":"https:\/\/www.legislapp.com.br\/index.php\/cam-legislativa-de-sc-pl-0561-2025\/#breadcrumb"},"inLanguage":"pt-BR","potentialAction":[{"@type":"ReadAction","target":["https:\/\/www.legislapp.com.br\/index.php\/cam-legislativa-de-sc-pl-0561-2025\/"]}]},{"@type":"ImageObject","inLanguage":"pt-BR","@id":"https:\/\/www.legislapp.com.br\/index.php\/cam-legislativa-de-sc-pl-0561-2025\/#primaryimage","url":"https:\/\/www.legislapp.com.br\/wp-content\/uploads\/google-play.png","contentUrl":"https:\/\/www.legislapp.com.br\/wp-content\/uploads\/google-play.png","width":564,"height":168},{"@type":"BreadcrumbList","@id":"https:\/\/www.legislapp.com.br\/index.php\/cam-legislativa-de-sc-pl-0561-2025\/#breadcrumb","itemListElement":[{"@type":"ListItem","position":1,"name":"In\u00edcio","item":"https:\/\/www.legislapp.com.br\/"},{"@type":"ListItem","position":2,"name":"PL.\/0561\/2025 &#8211; Jess\u00e9 Lopes"}]},{"@type":"WebSite","@id":"https:\/\/www.legislapp.com.br\/#website","url":"https:\/\/www.legislapp.com.br\/","name":"Legislapp","description":"Intelig\u00eancia governamental em tempo real","publisher":{"@id":"https:\/\/www.legislapp.com.br\/#organization"},"potentialAction":[{"@type":"SearchAction","target":{"@type":"EntryPoint","urlTemplate":"https:\/\/www.legislapp.com.br\/?s={search_term_string}"},"query-input":{"@type":"PropertyValueSpecification","valueRequired":true,"valueName":"search_term_string"}}],"inLanguage":"pt-BR"},{"@type":"Organization","@id":"https:\/\/www.legislapp.com.br\/#organization","name":"Legislapp Monitoramento e Intelig\u00eancia Governamental","url":"https:\/\/www.legislapp.com.br\/","logo":{"@type":"ImageObject","inLanguage":"pt-BR","@id":"https:\/\/www.legislapp.com.br\/#\/schema\/logo\/image\/","url":"https:\/\/www.legislapp.com.br\/wp-content\/uploads\/icon.png","contentUrl":"https:\/\/www.legislapp.com.br\/wp-content\/uploads\/icon.png","width":1024,"height":1024,"caption":"Legislapp Monitoramento e Intelig\u00eancia Governamental"},"image":{"@id":"https:\/\/www.legislapp.com.br\/#\/schema\/logo\/image\/"},"sameAs":["https:\/\/www.instagram.com\/legislapp\/"]}]}},"_links":{"self":[{"href":"https:\/\/www.legislapp.com.br\/index.php\/wp-json\/wp\/v2\/pages\/7074","targetHints":{"allow":["GET"]}}],"collection":[{"href":"https:\/\/www.legislapp.com.br\/index.php\/wp-json\/wp\/v2\/pages"}],"about":[{"href":"https:\/\/www.legislapp.com.br\/index.php\/wp-json\/wp\/v2\/types\/page"}],"author":[{"embeddable":true,"href":"https:\/\/www.legislapp.com.br\/index.php\/wp-json\/wp\/v2\/users\/1"}],"replies":[{"embeddable":true,"href":"https:\/\/www.legislapp.com.br\/index.php\/wp-json\/wp\/v2\/comments?post=7074"}],"version-history":[{"count":0,"href":"https:\/\/www.legislapp.com.br\/index.php\/wp-json\/wp\/v2\/pages\/7074\/revisions"}],"wp:attachment":[{"href":"https:\/\/www.legislapp.com.br\/index.php\/wp-json\/wp\/v2\/media?parent=7074"}],"curies":[{"name":"wp","href":"https:\/\/api.w.org\/{rel}","templated":true}]}}