{"id":7123,"date":"2025-09-17T13:13:38","date_gmt":"2025-09-17T16:13:38","guid":{"rendered":"https:\/\/www.legislapp.com.br\/index.php\/cam-legislativa-de-sc-pl-0549-2025\/"},"modified":"2025-09-17T13:13:38","modified_gmt":"2025-09-17T16:13:38","slug":"cam-legislativa-de-sc-pl-0549-2025","status":"publish","type":"page","link":"https:\/\/www.legislapp.com.br\/index.php\/cam-legislativa-de-sc-pl-0549-2025\/","title":{"rendered":"PL.\/0549\/2025 &#8211; Marquito"},"content":{"rendered":"<h1 style='text-align: center;'>C\u00e2m. Legislativa de SC &#8211; Autoria de Marquito<\/h3>\n<p><\/p>\n<article style='text-align: center'>Reconhece a relev\u00e2ncia social, cultural e econ\u00f4mica das atividades exercidas por profissionais de cozinha, no \u00e2mbito do Estado de Santa Catarina.<\/article>\n<p><\/p>\n<p style='text-align: center'><a href='https:\/\/app.legislapp.com.br\/#\/busca?termo='><\/a><\/p>\n<p><\/p>\n<article>ASSEMBLEIA LEGISLATIVA GABINETE DEPUTADO<br \/>\nESTADO DE SANTA CATARINA MARQUITO<\/p>\n<p>PROJETO DE LEI<\/p>\n<p>Reconhece a relev\u00e2ncia social, cultural e econ\u00f4mica das<br \/>\natividades exercidas por profissionais de cozinha, no \u00e2mbito<br \/>\ndo Estado de Santa Catarina.<\/p>\n<p>Art. 1\u00ba Fica reconhecida, no \u00e2mbito do Estado de Santa<br \/>\nCatarina, a relev\u00e2ncia social, cultural e econ\u00f4mica das atividades exercidas por<br \/>\ncozinheiras, cozinheiros, gastr\u00f4nomas, gastr\u00f4nomos, chefs, assistentes e auxiliares e<br \/>\ndemais profissionais de cozinha, nos termos desta Lei.<\/p>\n<p>Par\u00e1grafo \u00danico. Para os fins desta Lei, compreende-se<br \/>\ncomo profissionais de cozinha os trabalhadores e trabalhadoras que, de forma<br \/>\nindividual ou coletiva, atuam na elabora\u00e7\u00e3o, organiza\u00e7\u00e3o, preparo, conserva\u00e7\u00e3o e<br \/>\nfinaliza\u00e7\u00e3o de alimentos, respeitando os princ\u00edpios da seguran\u00e7a alimentar, da<br \/>\nsustentabilidade e da valoriza\u00e7\u00e3o da cultura alimentar local.<\/p>\n<p>Art. 2\u00ba O reconhecimento disposto nesta Lei tem por objetivo:<\/p>\n<p>I \u2013 valorizar a cultura alimentar catarinense e os saberes<br \/>\ntradicionais associados \u00e0 gastronomia;<\/p>\n<p>II \u2013 promover a dignidade do trabalho dos profissionais de<br \/>\ncozinha e a melhoria de suas condi\u00e7\u00f5es de exerc\u00edcio profissional;<\/p>\n<p>III \u2013 incentivar pol\u00edticas p\u00fablicas estaduais voltadas \u00e0<br \/>\nforma\u00e7\u00e3o, qualifica\u00e7\u00e3o e valoriza\u00e7\u00e3o desses profissionais;<\/p>\n<p>IV \u2013 reconhecer a import\u00e2ncia da gastronomia como<br \/>\npatrim\u00f4nio imaterial e vetor de desenvolvimento econ\u00f4mico, social, tur\u00edstico e<br \/>\nambiental;<\/p>\n<p>V \u2013 valorizar a\u00e7\u00f5es de profissionais no desenvolvimento e<br \/>\nconsolida\u00e7\u00e3o de iniciativas sociais, como mutir\u00f5es e sozinhas comunit\u00e1rias e solid\u00e1rias<br \/>\npara a promo\u00e7\u00e3o da soberania e seguran\u00e7a alimentar e nutricional; <\/p>\n<p>VI \u2013 apoiar iniciativas que promovam sistemas alimentares<br \/>\nsustent\u00e1veis e saud\u00e1veis, baseados nos seguintes princ\u00edpios:<\/p>\n<p>a) alimentos bons: frescos, saborosos, sazonais e que<br \/>\nrespeitem as tradi\u00e7\u00f5es alimentares e culturais;<\/p>\n<p>b) alimentos limpos: produzidos com m\u00e9todos que respeitem<br \/>\no meio ambiente, a biodiversidade, o bem-estar animal e a sa\u00fade das pessoas;<\/p>\n<p>c) alimentos justos: com condi\u00e7\u00f5es de trabalho dignas,<br \/>\nremunera\u00e7\u00e3o adequada e valoriza\u00e7\u00e3o de saberes e pr\u00e1ticas de todas as pessoas<br \/>\nenvolvidas na cadeia alimentar.<\/p>\n<p>Art. 3\u00ba As disposi\u00e7\u00f5es desta Lei n\u00e3o implicam em<br \/>\nregulamenta\u00e7\u00e3o profissional ou restri\u00e7\u00e3o ao livre exerc\u00edcio da profiss\u00e3o, nos termos do<br \/>\nart. 5\u00ba, XIII, da Constitui\u00e7\u00e3o Federal.<br \/>\n Art. 4\u00ba O Poder P\u00fablico poder\u00e1, observada a legisla\u00e7\u00e3o<br \/>\nvigente:<\/p>\n<p>I \u2013 incluir os profissionais de cozinha em programas e a\u00e7\u00f5es<br \/>\nde fomento \u00e0 economia criativa, soberania e seguran\u00e7a alimentar e nutricional,<br \/>\nagricultura familiar, turismo, educa\u00e7\u00e3o alimentar e sa\u00fade p\u00fablica;<\/p>\n<p>II \u2013 apoiar a\u00e7\u00f5es formativas voltadas \u00e0 capacita\u00e7\u00e3o t\u00e9cnica e<br \/>\nvaloriza\u00e7\u00e3o cultural desses profissionais;<\/p>\n<p>III \u2013 promover o reconhecimento dos saberes tradicionais e<br \/>\nda diversidade cultural alimentar presentes no territ\u00f3rio catarinense.<\/p>\n<p>Art. 5\u00ba Esta lei entre em vigor a partir da data de sua<br \/>\npublica\u00e7\u00e3o.<\/p>\n<p>Sala da Sess\u00f5es,     <\/p>\n<p>Deputado Marcos Jos\u00e9 de Abreu &#8211; Marquito<br \/>\n J US T I F I CA\u00c7\u00c3O<\/p>\n<p>A presente proposi\u00e7\u00e3o reconhece a import\u00e2ncia social,<br \/>\necon\u00f4mica e cultural das atividades exercidas por profissionais da cozinha, como<br \/>\ncozinheiras, cozinheiros, chefs, gastr\u00f4nomas e gastr\u00f4nomos no Estado de Santa<br \/>\nCatarina. Esses profissionais s\u00e3o essenciais \u00e0 garantia da seguran\u00e7a alimentar, \u00e0<br \/>\nvaloriza\u00e7\u00e3o dos saberes tradicionais e \u00e0 preserva\u00e7\u00e3o da diversidade cultural e<br \/>\ngastron\u00f4mica catarinense.<\/p>\n<p>Sua valoriza\u00e7\u00e3o n\u00e3o \u00e9 apenas simb\u00f3lica. Trata-se tamb\u00e9m de<br \/>\nreconhecer o papel fundamental que desempenham para a economia catarinense,<br \/>\nespecialmente nos setores da turismo, agricultura familiar, pesca artesanal e economia<br \/>\ncriativa. A gastronomia regional \u00e9, cada vez mais, um dos principais atrativos tur\u00edsticos<br \/>\ndo Estado, associada a eventos culturais, rotas tem\u00e1ticas e festivais gastron\u00f4micos que<br \/>\nmovimentam economias locais e refor\u00e7am a identidade dos territ\u00f3rios.<\/p>\n<p>Produtos como o pinh\u00e3o da arauc\u00e1ria, os frutos do mar da<br \/>\nregi\u00e3o costeira, os queijos artesanais da serra, os vinhos e cervejas artesanais, os<br \/>\npratos \u00e0 base de carne su\u00edna no Oeste, entre muitos outros, comp\u00f5em um patrim\u00f4nio<br \/>\nalimentar diverso, enraizado nas culturas ind\u00edgenas, afro-brasileiras, caboclas e de<br \/>\nimigra\u00e7\u00e3o europeia. Tal diversidade constitui capital cultural e econ\u00f4mico que deve ser<br \/>\nprotegido e estimulado.<\/p>\n<p>O reconhecimento formal das profiss\u00f5es de cozinha, nos<br \/>\ntermos desta lei, abre caminhos para pol\u00edticas p\u00fablicas de qualifica\u00e7\u00e3o, valoriza\u00e7\u00e3o<br \/>\nprofissional e inclus\u00e3o desses trabalhadores e trabalhadoras em programas de<br \/>\ndesenvolvimento sustent\u00e1vel, seguran\u00e7a alimentar, sa\u00fade p\u00fablica e turismo regional.<br \/>\nAl\u00e9m disso, o texto prop\u00f5e incorporar princ\u00edpios internacionalmente reconhecidos por<br \/>\nmovimentos como o Slow Food, que defende um sistema alimentar bom, limpo e justo<br \/>\n\u2014 centrado no cuidado com o alimento, as pessoas e o planeta.<\/p>\n<p>Importa ressaltar que a presente iniciativa respeita os limites<br \/>\nda compet\u00eancia estadual e parlamentar, conforme os arts. 23, 24 e 30 da Constitui\u00e7\u00e3o<br \/>\nFederal e os arts. 4\u00ba, 7\u00ba e 71 da Constitui\u00e7\u00e3o do Estado de Santa Catarina. A proposta<br \/>\nn\u00e3o regulamenta profiss\u00f5es nem imp\u00f5e restri\u00e7\u00f5es ao seu exerc\u00edcio, conforme garantido<br \/>\npelo art. 5\u00ba, inciso XIII, da Constitui\u00e7\u00e3o da Rep\u00fablica, mas apenas reconhece e valoriza<br \/>\numa atividade de indiscut\u00edvel interesse p\u00fablico e social.<\/p>\n<p>Por todos esses motivos, solicito o apoio dos nobres pares<br \/>\npara aprova\u00e7\u00e3o deste projeto.<br \/>\nELEGIS<br \/>\nDocumento assinado eletronicamente por Marcos Jos\u00e9 de<br \/>\nSistema de Processo<br \/>\nAbreu, em 05\/08\/2025, \u00e0s 16:48.<br \/>\nLegislativo Eletr\u00f4nico<\/article>\n<div style=\"text-align: center\">\n<div style=\"margin-bottom: 20px;\" class=\"et_pb_button_module_wrapper et_pb_button_5_tb_body_wrapper et_pb_button_alignment_center et_pb_module \">\n         <a class=\"et_pb_button et_pb_button_5_tb_body et_hover_enabled et_pb_bg_layout_dark\" style=\"width: 50%;background-color: black;\" href=\"https:\/\/app.legislapp.com.br\" target=\"_blank\" rel=\"noopener\">Visualizar completo na nossa plataforma (30 dias gr\u00e1tis)<\/a><\/p><\/div>\n<p>      <a href=\"https:\/\/play.google.com\/store\/apps\/details?id=br.com.legislapp\"><img decoding=\"async\" style=\"width: 15%; min-width: 130px;\" src=\"https:\/\/www.legislapp.com.br\/wp-content\/uploads\/google-play.png\"><\/a><br \/>\n      <a href=\"https:\/\/apps.apple.com\/us\/app\/legislapp\/id1568929859\"><img decoding=\"async\" style=\"width: 15%; min-width: 130px\" src=\"https:\/\/www.legislapp.com.br\/wp-content\/uploads\/apple-store.png\"><\/a>\n   <\/div>\n","protected":false},"excerpt":{"rendered":"<p>C\u00e2m. Legislativa de SC &#8211; Autoria de Marquito Reconhece a relev\u00e2ncia social, cultural e econ\u00f4mica das atividades exercidas por profissionais de cozinha, no \u00e2mbito do Estado de Santa Catarina. ASSEMBLEIA LEGISLATIVA GABINETE DEPUTADO ESTADO DE SANTA CATARINA MARQUITO PROJETO DE LEI Reconhece a relev\u00e2ncia social, cultural e econ\u00f4mica das atividades exercidas por profissionais de cozinha, [&hellip;]<\/p>\n","protected":false},"author":1,"featured_media":0,"parent":0,"menu_order":0,"comment_status":"closed","ping_status":"closed","template":"page-template-blank.php","meta":{"_et_pb_use_builder":"","_et_pb_old_content":"","_et_gb_content_width":"1080","ngg_post_thumbnail":0,"footnotes":""},"class_list":["post-7123","page","type-page","status-publish","hentry"],"yoast_head":"<!-- This site is optimized with the Yoast SEO plugin v24.4 - https:\/\/yoast.com\/wordpress\/plugins\/seo\/ -->\n<title>PL.\/0549\/2025 - Marquito - Legislapp<\/title>\n<meta name=\"robots\" content=\"index, follow, max-snippet:-1, max-image-preview:large, max-video-preview:-1\" \/>\n<link rel=\"canonical\" href=\"https:\/\/www.legislapp.com.br\/index.php\/cam-legislativa-de-sc-pl-0549-2025\/\" \/>\n<meta property=\"og:locale\" content=\"pt_BR\" \/>\n<meta property=\"og:type\" content=\"article\" \/>\n<meta property=\"og:title\" content=\"PL.\/0549\/2025 - Marquito - Legislapp\" \/>\n<meta property=\"og:description\" content=\"C\u00e2m. Legislativa de SC &#8211; Autoria de Marquito Reconhece a relev\u00e2ncia social, cultural e econ\u00f4mica das atividades exercidas por profissionais de cozinha, no \u00e2mbito do Estado de Santa Catarina. ASSEMBLEIA LEGISLATIVA GABINETE DEPUTADO ESTADO DE SANTA CATARINA MARQUITO PROJETO DE LEI Reconhece a relev\u00e2ncia social, cultural e econ\u00f4mica das atividades exercidas por profissionais de cozinha, [&hellip;]\" \/>\n<meta property=\"og:url\" content=\"https:\/\/www.legislapp.com.br\/index.php\/cam-legislativa-de-sc-pl-0549-2025\/\" \/>\n<meta property=\"og:site_name\" content=\"Legislapp\" \/>\n<meta property=\"article:publisher\" content=\"https:\/\/www.instagram.com\/legislapp\/\" \/>\n<meta property=\"og:image\" content=\"https:\/\/www.legislapp.com.br\/wp-content\/uploads\/google-play.png\" \/>\n<meta name=\"twitter:card\" content=\"summary_large_image\" \/>\n<meta name=\"twitter:label1\" content=\"Est. tempo de leitura\" \/>\n\t<meta name=\"twitter:data1\" content=\"5 minutos\" \/>\n<script type=\"application\/ld+json\" class=\"yoast-schema-graph\">{\"@context\":\"https:\/\/schema.org\",\"@graph\":[{\"@type\":\"WebPage\",\"@id\":\"https:\/\/www.legislapp.com.br\/index.php\/cam-legislativa-de-sc-pl-0549-2025\/\",\"url\":\"https:\/\/www.legislapp.com.br\/index.php\/cam-legislativa-de-sc-pl-0549-2025\/\",\"name\":\"PL.\/0549\/2025 - Marquito - Legislapp\",\"isPartOf\":{\"@id\":\"https:\/\/www.legislapp.com.br\/#website\"},\"primaryImageOfPage\":{\"@id\":\"https:\/\/www.legislapp.com.br\/index.php\/cam-legislativa-de-sc-pl-0549-2025\/#primaryimage\"},\"image\":{\"@id\":\"https:\/\/www.legislapp.com.br\/index.php\/cam-legislativa-de-sc-pl-0549-2025\/#primaryimage\"},\"thumbnailUrl\":\"https:\/\/www.legislapp.com.br\/wp-content\/uploads\/google-play.png\",\"datePublished\":\"2025-09-17T16:13:38+00:00\",\"breadcrumb\":{\"@id\":\"https:\/\/www.legislapp.com.br\/index.php\/cam-legislativa-de-sc-pl-0549-2025\/#breadcrumb\"},\"inLanguage\":\"pt-BR\",\"potentialAction\":[{\"@type\":\"ReadAction\",\"target\":[\"https:\/\/www.legislapp.com.br\/index.php\/cam-legislativa-de-sc-pl-0549-2025\/\"]}]},{\"@type\":\"ImageObject\",\"inLanguage\":\"pt-BR\",\"@id\":\"https:\/\/www.legislapp.com.br\/index.php\/cam-legislativa-de-sc-pl-0549-2025\/#primaryimage\",\"url\":\"https:\/\/www.legislapp.com.br\/wp-content\/uploads\/google-play.png\",\"contentUrl\":\"https:\/\/www.legislapp.com.br\/wp-content\/uploads\/google-play.png\",\"width\":564,\"height\":168},{\"@type\":\"BreadcrumbList\",\"@id\":\"https:\/\/www.legislapp.com.br\/index.php\/cam-legislativa-de-sc-pl-0549-2025\/#breadcrumb\",\"itemListElement\":[{\"@type\":\"ListItem\",\"position\":1,\"name\":\"In\u00edcio\",\"item\":\"https:\/\/www.legislapp.com.br\/\"},{\"@type\":\"ListItem\",\"position\":2,\"name\":\"PL.\/0549\/2025 &#8211; Marquito\"}]},{\"@type\":\"WebSite\",\"@id\":\"https:\/\/www.legislapp.com.br\/#website\",\"url\":\"https:\/\/www.legislapp.com.br\/\",\"name\":\"Legislapp\",\"description\":\"Intelig\u00eancia governamental em tempo real\",\"publisher\":{\"@id\":\"https:\/\/www.legislapp.com.br\/#organization\"},\"potentialAction\":[{\"@type\":\"SearchAction\",\"target\":{\"@type\":\"EntryPoint\",\"urlTemplate\":\"https:\/\/www.legislapp.com.br\/?s={search_term_string}\"},\"query-input\":{\"@type\":\"PropertyValueSpecification\",\"valueRequired\":true,\"valueName\":\"search_term_string\"}}],\"inLanguage\":\"pt-BR\"},{\"@type\":\"Organization\",\"@id\":\"https:\/\/www.legislapp.com.br\/#organization\",\"name\":\"Legislapp Monitoramento e Intelig\u00eancia Governamental\",\"url\":\"https:\/\/www.legislapp.com.br\/\",\"logo\":{\"@type\":\"ImageObject\",\"inLanguage\":\"pt-BR\",\"@id\":\"https:\/\/www.legislapp.com.br\/#\/schema\/logo\/image\/\",\"url\":\"https:\/\/www.legislapp.com.br\/wp-content\/uploads\/icon.png\",\"contentUrl\":\"https:\/\/www.legislapp.com.br\/wp-content\/uploads\/icon.png\",\"width\":1024,\"height\":1024,\"caption\":\"Legislapp Monitoramento e Intelig\u00eancia Governamental\"},\"image\":{\"@id\":\"https:\/\/www.legislapp.com.br\/#\/schema\/logo\/image\/\"},\"sameAs\":[\"https:\/\/www.instagram.com\/legislapp\/\"]}]}<\/script>\n<!-- \/ Yoast SEO plugin. -->","yoast_head_json":{"title":"PL.\/0549\/2025 - Marquito - Legislapp","robots":{"index":"index","follow":"follow","max-snippet":"max-snippet:-1","max-image-preview":"max-image-preview:large","max-video-preview":"max-video-preview:-1"},"canonical":"https:\/\/www.legislapp.com.br\/index.php\/cam-legislativa-de-sc-pl-0549-2025\/","og_locale":"pt_BR","og_type":"article","og_title":"PL.\/0549\/2025 - Marquito - Legislapp","og_description":"C\u00e2m. Legislativa de SC &#8211; Autoria de Marquito Reconhece a relev\u00e2ncia social, cultural e econ\u00f4mica das atividades exercidas por profissionais de cozinha, no \u00e2mbito do Estado de Santa Catarina. ASSEMBLEIA LEGISLATIVA GABINETE DEPUTADO ESTADO DE SANTA CATARINA MARQUITO PROJETO DE LEI Reconhece a relev\u00e2ncia social, cultural e econ\u00f4mica das atividades exercidas por profissionais de cozinha, [&hellip;]","og_url":"https:\/\/www.legislapp.com.br\/index.php\/cam-legislativa-de-sc-pl-0549-2025\/","og_site_name":"Legislapp","article_publisher":"https:\/\/www.instagram.com\/legislapp\/","og_image":[{"url":"https:\/\/www.legislapp.com.br\/wp-content\/uploads\/google-play.png","type":"","width":"","height":""}],"twitter_card":"summary_large_image","twitter_misc":{"Est. tempo de leitura":"5 minutos"},"schema":{"@context":"https:\/\/schema.org","@graph":[{"@type":"WebPage","@id":"https:\/\/www.legislapp.com.br\/index.php\/cam-legislativa-de-sc-pl-0549-2025\/","url":"https:\/\/www.legislapp.com.br\/index.php\/cam-legislativa-de-sc-pl-0549-2025\/","name":"PL.\/0549\/2025 - Marquito - Legislapp","isPartOf":{"@id":"https:\/\/www.legislapp.com.br\/#website"},"primaryImageOfPage":{"@id":"https:\/\/www.legislapp.com.br\/index.php\/cam-legislativa-de-sc-pl-0549-2025\/#primaryimage"},"image":{"@id":"https:\/\/www.legislapp.com.br\/index.php\/cam-legislativa-de-sc-pl-0549-2025\/#primaryimage"},"thumbnailUrl":"https:\/\/www.legislapp.com.br\/wp-content\/uploads\/google-play.png","datePublished":"2025-09-17T16:13:38+00:00","breadcrumb":{"@id":"https:\/\/www.legislapp.com.br\/index.php\/cam-legislativa-de-sc-pl-0549-2025\/#breadcrumb"},"inLanguage":"pt-BR","potentialAction":[{"@type":"ReadAction","target":["https:\/\/www.legislapp.com.br\/index.php\/cam-legislativa-de-sc-pl-0549-2025\/"]}]},{"@type":"ImageObject","inLanguage":"pt-BR","@id":"https:\/\/www.legislapp.com.br\/index.php\/cam-legislativa-de-sc-pl-0549-2025\/#primaryimage","url":"https:\/\/www.legislapp.com.br\/wp-content\/uploads\/google-play.png","contentUrl":"https:\/\/www.legislapp.com.br\/wp-content\/uploads\/google-play.png","width":564,"height":168},{"@type":"BreadcrumbList","@id":"https:\/\/www.legislapp.com.br\/index.php\/cam-legislativa-de-sc-pl-0549-2025\/#breadcrumb","itemListElement":[{"@type":"ListItem","position":1,"name":"In\u00edcio","item":"https:\/\/www.legislapp.com.br\/"},{"@type":"ListItem","position":2,"name":"PL.\/0549\/2025 &#8211; Marquito"}]},{"@type":"WebSite","@id":"https:\/\/www.legislapp.com.br\/#website","url":"https:\/\/www.legislapp.com.br\/","name":"Legislapp","description":"Intelig\u00eancia governamental em tempo real","publisher":{"@id":"https:\/\/www.legislapp.com.br\/#organization"},"potentialAction":[{"@type":"SearchAction","target":{"@type":"EntryPoint","urlTemplate":"https:\/\/www.legislapp.com.br\/?s={search_term_string}"},"query-input":{"@type":"PropertyValueSpecification","valueRequired":true,"valueName":"search_term_string"}}],"inLanguage":"pt-BR"},{"@type":"Organization","@id":"https:\/\/www.legislapp.com.br\/#organization","name":"Legislapp Monitoramento e Intelig\u00eancia Governamental","url":"https:\/\/www.legislapp.com.br\/","logo":{"@type":"ImageObject","inLanguage":"pt-BR","@id":"https:\/\/www.legislapp.com.br\/#\/schema\/logo\/image\/","url":"https:\/\/www.legislapp.com.br\/wp-content\/uploads\/icon.png","contentUrl":"https:\/\/www.legislapp.com.br\/wp-content\/uploads\/icon.png","width":1024,"height":1024,"caption":"Legislapp Monitoramento e Intelig\u00eancia Governamental"},"image":{"@id":"https:\/\/www.legislapp.com.br\/#\/schema\/logo\/image\/"},"sameAs":["https:\/\/www.instagram.com\/legislapp\/"]}]}},"_links":{"self":[{"href":"https:\/\/www.legislapp.com.br\/index.php\/wp-json\/wp\/v2\/pages\/7123","targetHints":{"allow":["GET"]}}],"collection":[{"href":"https:\/\/www.legislapp.com.br\/index.php\/wp-json\/wp\/v2\/pages"}],"about":[{"href":"https:\/\/www.legislapp.com.br\/index.php\/wp-json\/wp\/v2\/types\/page"}],"author":[{"embeddable":true,"href":"https:\/\/www.legislapp.com.br\/index.php\/wp-json\/wp\/v2\/users\/1"}],"replies":[{"embeddable":true,"href":"https:\/\/www.legislapp.com.br\/index.php\/wp-json\/wp\/v2\/comments?post=7123"}],"version-history":[{"count":0,"href":"https:\/\/www.legislapp.com.br\/index.php\/wp-json\/wp\/v2\/pages\/7123\/revisions"}],"wp:attachment":[{"href":"https:\/\/www.legislapp.com.br\/index.php\/wp-json\/wp\/v2\/media?parent=7123"}],"curies":[{"name":"wp","href":"https:\/\/api.w.org\/{rel}","templated":true}]}}