{"id":7189,"date":"2025-09-17T13:17:17","date_gmt":"2025-09-17T16:17:17","guid":{"rendered":"https:\/\/www.legislapp.com.br\/index.php\/cam-legislativa-de-sc-pl-0542-2025\/"},"modified":"2025-09-17T13:17:17","modified_gmt":"2025-09-17T16:17:17","slug":"cam-legislativa-de-sc-pl-0542-2025","status":"publish","type":"page","link":"https:\/\/www.legislapp.com.br\/index.php\/cam-legislativa-de-sc-pl-0542-2025\/","title":{"rendered":"PL.\/0542\/2025 &#8211; Governador do Estado"},"content":{"rendered":"<h1 style='text-align: center;'>C\u00e2m. Legislativa de SC &#8211; Autoria de Governador do Estado<\/h3>\n<p><\/p>\n<article style='text-align: center'>Autoriza a permuta de im\u00f3veis nos Munic\u00edpios de Florian\u00f3polis e Itapema.<\/article>\n<p><\/p>\n<p style='text-align: center'><a href='https:\/\/app.legislapp.com.br\/#\/busca?termo='><\/a><\/p>\n<p><\/p>\n<article>ESTADO DE SANTA CATARINA<br \/>\nGABINETE DO GOVERNADOR  <\/p>\n<p>MENSAGEM N\u00ba 1116 <\/p>\n<p>EXCELENT\u00cdSSIMO SENHOR PRESIDENTE, SENHORAS<br \/>\nDEPUTADAS E SENHORES DEPUTADOS DA ASSEMBLEIA<br \/>\nLEGISLATIVA DO ESTADO <\/p>\n<p>Nos termos do art. 50 da Constitui\u00e7\u00e3o do Estado, submeto \u00e0<br \/>\nelevada delibera\u00e7\u00e3o dessa augusta Casa Legislativa, acompanhado de exposi\u00e7\u00e3o de<br \/>\nmotivos da Secretaria de Estado da Administra\u00e7\u00e3o, o projeto de lei que \u201cAutoriza a permuta<br \/>\nde im\u00f3veis nos Munic\u00edpios de Florian\u00f3polis e Itapema\u201d. <\/p>\n<p>Florian\u00f3polis, 9 de julho de 2025. <\/p>\n<p>JORGINHO MELLO<br \/>\nGovernador do Estado<br \/>\nmsl_PJ_274<br \/>\n674<br \/>\nP\u00e1g. 01 de 01 &#8211; Documento assinado digitalmente. Para confer\u00eancia, acesse o site https:\/\/portal.sgpe.sea.sc.gov.br\/portal-externo e informe o processo SEA 00008487\/2025 e o c\u00f3digo B5N156AB.Assinaturas do documento<\/p>\n<p>C\u00f3digo para verifica\u00e7\u00e3o: B5N156AB<\/p>\n<p>Este documento foi assinado digitalmente pelos seguintes signat\u00e1rios nas datas indicadas:<\/p>\n<p>JORGINHO DOS SANTOS MELLO (CPF: 250.XXX.199-XX) em 09\/07\/2025 \u00e0s 15:47:07<br \/>\nEmitido por: &#8220;SGP-e&#8221;, emitido em 14\/04\/2023 &#8211; 11:54:30 e v\u00e1lido at\u00e9 14\/04\/2123 &#8211; 11:54:30.<br \/>\n(Assinatura do sistema)<\/p>\n<p>Para verificar a autenticidade desta c\u00f3pia, acesse o link https:\/\/portal.sgpe.sea.sc.gov.br\/portal-externo\/conferencia-<br \/>\ndocumento\/U0VBXzcwMDBfMDAwMDg0ODdfODczMl8yMDI1X0I1TjE1NkFC ou o site<br \/>\nhttps:\/\/portal.sgpe.sea.sc.gov.br\/portal-externo e informe o processo SEA 00008487\/2025 e o c\u00f3digo B5N156AB<br \/>\nou aponte a c\u00e2mera para o QR Code presente nesta p\u00e1gina para realizar a confer\u00eancia.<br \/>\nESTADO DE SANTA CATARINA<br \/>\nSECRETARIA DE ESTADO DA ADMINISTRA\u00c7\u00c3O<br \/>\nDIRETORIA DE GEST\u00c3O PATRIMONIAL<br \/>\nEM N\u00ba 74\/2025 SEA DGPA Florian\u00f3polis, data da assinatura digital.<br \/>\nSenhor Governador,<br \/>\nSubmeto \u00e0 aprecia\u00e7\u00e3o de Vossa Excel\u00eancia a Minuta de Anteprojeto de Lei<br \/>\nque autoriza o Poder Executivo desafetar e permutar, nos Munic\u00edpios de Florian\u00f3polis<br \/>\ne Itapema, os seguintes im\u00f3veis:<br \/>\nI \u2013 uma \u00e1rea de 60.500,00 m\u00b2 (sessenta mil e quinhentos<br \/>\nmetros quadrados), com benfeitorias n\u00e3o averbadas, avaliada em R$ 34.500.000,00 (trinta e<br \/>\nquatro milh\u00f5es e quinhentos mil reais), parte integrante do im\u00f3vel matriculado sob o<br \/>\nn\u00ba 110.250 no 2\u00ba Of\u00edcio de Registro de Im\u00f3veis da Comarca da Capital e cadastrado sob o n\u00ba<br \/>\n01386 no Sistema de Gest\u00e3o Patrimonial (SIGEP) da Secretaria de Estado da Administra\u00e7\u00e3o<br \/>\n(SEA)<br \/>\nII \u2013 11 (onze) terrenos urbanos cont\u00edguos situados na Rua<br \/>\n306, designados pelos lotes n\u00bas 42, 44, 46, 48, 50, 52, 54, 56, 58, 60 e 61 do Loteamento<br \/>\nLagoinha, bairro Meia Praia, com \u00e1reas, respectivamente, de 300,01 m\u00b2 (trezentos<br \/>\nmetros e um dec\u00edmetro quadrado), 300,01 m\u00b2 (trezentos metros e um dec\u00edmetro<br \/>\nquadrado), 300,01 m\u00b2 (trezentos metros e um dec\u00edmetro quadrado), 300,01 m\u00b2 (trezentos<br \/>\nmetros e um dec\u00edmetro quadrado), 300,01 m\u00b2 (trezentos metros e um dec\u00edmetro<br \/>\nquadrado), 261,02 m\u00b2 (duzentos e sessenta e um metros e dois dec\u00edmetros quadrados),<br \/>\n261,02 m\u00b2 (duzentos e sessenta e um metros e dois dec\u00edmetros quadrados), 300,00 m\u00b2<br \/>\n(trezentos metros quadrados), 300,09 m\u00b2 (trezentos metros e nove dec\u00edmetros<br \/>\nquadrados), 305,50 m\u00b2 (trezentos e cinco metros e cinquenta dec\u00edmetros quadrados) e<br \/>\n521,64 m\u00b2 (quinhentos e vinte e um metros e sessenta e quatro dec\u00edmetros quadrados),<br \/>\nsem benfeitorias,matriculados, respectivamente, sob os n\u00bas 20192, 20193, 20194, 20195,<br \/>\n20196, 20197, 20198, 20199, 20200, 20201 e 20202 no Of\u00edcio de Registro de Im\u00f3veis da<br \/>\nComarca de Itapema, cadastrados sob o n\u00ba 3876 no SIGEP da SEA e avaliados em<br \/>\nR$ 47.300.000,00 (quarenta e sete milh\u00f5es e trezentos mil reais).<br \/>\nOs im\u00f3veis de que tratam os incisos I e II ser\u00e3o permutados pelo im\u00f3vel de propriedade<br \/>\nde Ellite Administradora de Bens LTDA EPP, constitu\u00eddo de 1 (um) edif\u00edcio comercial, benfeitoria<br \/>\nesta n\u00e3o averbada, com 12 (doze) pavimentos, contemplando 8 (oito) lojas comerciais, 20 (vinte)<br \/>\nsalas de escrit\u00f3rio e 125 (cento e vinte e cinco) vagas de garagem\/estacionamento, com \u00e1rea<br \/>\ntotal constru\u00edda de 11.574,90 m\u00b2 (onze mil, quinhentos e setenta e quatro metros e noventa<br \/>\ndec\u00edmetros quadrados), constru\u00eddo sobre um terreno urbano com \u00e1rea de 2.107,47 m\u00b2 (dois mil,<br \/>\ncento e sete metros e quarenta e sete dec\u00edmetros quadrados), matriculado sob o<br \/>\nn\u00ba 153.890 no 2\u00ba Of\u00edcio de Registro de Im\u00f3veis da Comarca da Capital e avaliado em<br \/>\nR$ 106.650.000,00 (cento e seis milh\u00f5es, seiscentos e cinquenta mil reais).<br \/>\nA permuta de que trata a proposi\u00e7\u00e3o tem por finalidade a redu\u00e7\u00e3o de custos<br \/>\ncom alugu\u00e9is. Segundo dados do Sistema de Gest\u00e3o Patrimonial \u2013 SIGEP,<br \/>\natualmente, o Estado de Santa Catarina possui, no munic\u00edpio de Florian\u00f3polis, 55<br \/>\nim\u00f3veis locados, conforme levantamento em anexo, totalizando um valor  despendido<br \/>\nem loca\u00e7\u00f5es da ordem de R$ 1.990.962,43 (Um milh\u00e3o, novecentos e noventa mil<br \/>\nnovecentos e sessenta e dois reais e quarenta e tr\u00eas centavos) mensais. Em S\u00e3o<br \/>\nJos\u00e9, munic\u00edpio lim\u00edtrofe, h\u00e1 10 contratos de alugu\u00e9is vigentes, com valor mensal de<br \/>\nR$ 209.195,33 (Duzentos e nove mil, cento e noventa e cinco reais e trinta e tr\u00eas<br \/>\ncentavos). Conforme simula\u00e7\u00e3o de alugu\u00e9is que podem ser extintos, bem como custos<br \/>\nindiretos estimados, conclui-se ser poss\u00edvel economizar aproximadamente<br \/>\nR$742.147,03 mensais na utiliza\u00e7\u00e3o do im\u00f3vel a ser permutado. Considerando o<br \/>\ndesembolso em pec\u00fania, o investimento pode ser amortizado em aproximadamente<br \/>\ndois anos e onze meses.<br \/>\n666<br \/>\nP\u00e1g. 01 de 02 &#8211; Documento assinado digitalmente. Para confer\u00eancia, acesse o site https:\/\/portal.sgpe.sea.sc.gov.br\/portal-externo e informe o processo SEA 00008487\/2025 e o c\u00f3digo UIS7240N.Contudo \u00e0 considera\u00e7\u00e3o de Vossa Excel\u00eancia.<br \/>\nRespeitosamente,<br \/>\nV\u00e2nio Boing<br \/>\nSecret\u00e1rio de Estado da Administra\u00e7\u00e3o<br \/>\n(Assinado digitalmente)<br \/>\n667<br \/>\nP\u00e1g. 02 de 02 &#8211; Documento assinado digitalmente. Para confer\u00eancia, acesse o site https:\/\/portal.sgpe.sea.sc.gov.br\/portal-externo e informe o processo SEA 00008487\/2025 e o c\u00f3digo UIS7240N.Assinaturas do documento<\/p>\n<p>C\u00f3digo para verifica\u00e7\u00e3o: UIS7240N<\/p>\n<p>Este documento foi assinado digitalmente pelos seguintes signat\u00e1rios nas datas indicadas:<\/p>\n<p>VANIO BOING (CPF: 433.XXX.709-XX) em 04\/07\/2025 \u00e0s 15:42:57<br \/>\nEmitido por: &#8220;SGP-e&#8221;, emitido em 23\/01\/2023 &#8211; 15:09:49 e v\u00e1lido at\u00e9 23\/01\/2123 &#8211; 15:09:49.<br \/>\n(Assinatura do sistema)<\/p>\n<p>Para verificar a autenticidade desta c\u00f3pia, acesse o link https:\/\/portal.sgpe.sea.sc.gov.br\/portal-externo\/conferencia-<br \/>\ndocumento\/U0VBXzcwMDBfMDAwMDg0ODdfODczMl8yMDI1X1VJUzcyNDBO ou o site<br \/>\nhttps:\/\/portal.sgpe.sea.sc.gov.br\/portal-externo e informe o processo SEA 00008487\/2025 e o c\u00f3digo UIS7240N<br \/>\nou aponte a c\u00e2mera para o QR Code presente nesta p\u00e1gina para realizar a confer\u00eancia.<br \/>\nESTADO DE SANTA CATARINA <\/p>\n<p>PROJETO DE LEI N\u00ba <\/p>\n<p>Autoriza a permuta de im\u00f3veis nos Munic\u00edpios de Florian\u00f3polis e<br \/>\nItapema. <\/p>\n<p>O GOVERNADOR DO ESTADO DE SANTA CATARINA<br \/>\nFa\u00e7o saber a todos os habitantes deste Estado que a<br \/>\nAssembleia Legislativa decreta e eu sanciono a seguinte Lei: <\/p>\n<p>Art. 1\u00ba Fica o Poder Executivo autorizado a desafetar e permutar<br \/>\nos seguintes im\u00f3veis: <\/p>\n<p>I \u2013 uma \u00e1rea de 60.500,00 m\u00b2 (sessenta mil e quinhentos metros<br \/>\nquadrados), com benfeitorias n\u00e3o averbadas, avaliada em R$ 34.500.000,00 (trinta e<br \/>\nquatro milh\u00f5es e quinhentos mil reais), parte integrante do im\u00f3vel matriculado sob o<br \/>\nn\u00ba 110.250 no 2\u00ba Of\u00edcio de Registro de Im\u00f3veis da Comarca da Capital e cadastrado sob o<br \/>\nn\u00ba 01386 no Sistema de Gest\u00e3o Patrimonial (SIGEP) da Secretaria de Estado da<br \/>\nAdministra\u00e7\u00e3o (SEA); e <\/p>\n<p>II \u2013 11 (onze) terrenos urbanos cont\u00edguos situados na Rua 306,<br \/>\ndesignados pelos lotes n\u00bas 42, 44, 46, 48, 50, 52, 54, 56, 58, 60 e 61 do Loteamento<br \/>\nLagoinha, bairro Meia Praia, com \u00e1reas, respectivamente, de 300,01 m\u00b2 (trezentos metros<br \/>\ne um dec\u00edmetro quadrado), 300,01 m\u00b2 (trezentos metros e um dec\u00edmetro quadrado),<br \/>\n300,01 m\u00b2 (trezentos metros e um dec\u00edmetro quadrado), 300,01 m\u00b2 (trezentos metros e um<br \/>\ndec\u00edmetro quadrado), 300,01 m\u00b2 (trezentos metros e um dec\u00edmetro quadrado), 261,02 m\u00b2<br \/>\n(duzentos e sessenta e um metros e dois dec\u00edmetros quadrados), 261,02 m\u00b2 (duzentos e<br \/>\nsessenta e um metros e dois dec\u00edmetros quadrados), 300,00 m\u00b2 (trezentos metros<br \/>\nquadrados), 300,09 m\u00b2 (trezentos metros e nove dec\u00edmetros quadrados), 305,50 m\u00b2<br \/>\n(trezentos e cinco metros e cinquenta dec\u00edmetros quadrados) e 521,64 m\u00b2 (quinhentos e<br \/>\nvinte e um metros e sessenta e quatro dec\u00edmetros quadrados), sem benfeitorias,<br \/>\nmatriculados, respectivamente, sob os n\u00bas 20192, 20193, 20194, 20195, 20196, 20197,<br \/>\n20198, 20199, 20200, 20201 e 20202 no Of\u00edcio de Registro de Im\u00f3veis da Comarca de<br \/>\nItapema, cadastrados sob o n\u00ba 3876 no SIGEP da SEA e avaliados em<br \/>\nR$ 47.300.000,00 (quarenta e sete milh\u00f5es e trezentos mil reais). <\/p>\n<p>Par\u00e1grafo \u00fanico. Os im\u00f3veis de que tratam os incisos I e II do<br \/>\ncaput deste artigo ser\u00e3o permutados pelo im\u00f3vel de propriedade de Ellite Administradora<br \/>\nde Bens LTDA EPP, constitu\u00eddo de 1 (um) edif\u00edcio comercial, benfeitoria esta n\u00e3o averbada,<br \/>\ncom 12 (doze) pavimentos, contemplando 8 (oito) lojas comerciais, 20 (vinte) salas de<br \/>\nescrit\u00f3rio e 125 (cento e vinte e cinco) vagas de garagem\/estacionamento, com \u00e1rea total<br \/>\nconstru\u00edda de 11.574,90 m\u00b2 (onze mil, quinhentos e setenta e quatro metros e noventa<br \/>\ndec\u00edmetros quadrados), constru\u00eddo sobre um terreno urbano com \u00e1rea de 2.107,47 m\u00b2 (dois<br \/>\nmil, cento e sete metros e quarenta e sete dec\u00edmetros quadrados), matriculado sob o<br \/>\nn\u00ba 153.890 no 2\u00ba Of\u00edcio de Registro de Im\u00f3veis da Comarca da Capital e avaliado em<br \/>\nR$ 106.650.000,00 (cento e seis milh\u00f5es, seiscentos e cinquenta mil reais). <\/p>\n<p>PJ_274 1 SEA 8487\/2025<br \/>\n672<br \/>\nP\u00e1g. 01 de 02 &#8211; Documento assinado digitalmente. Para confer\u00eancia, acesse o site https:\/\/portal.sgpe.sea.sc.gov.br\/portal-externo e informe o processo SEA 00008487\/2025 e o c\u00f3digo 27CMS3T6.ESTADO DE SANTA CATARINA <\/p>\n<p>Art. 2\u00ba A permuta de que trata esta Lei ser\u00e1 efetivada ap\u00f3s o<br \/>\nregistro da transfer\u00eancia da propriedade do im\u00f3vel de que trata o par\u00e1grafo \u00fanico do art. 1\u00ba<br \/>\ndesta Lei ao Estado. <\/p>\n<p>Par\u00e1grafo \u00fanico. Caber\u00e1 ao Estado promover e executar: <\/p>\n<p>I \u2013 as a\u00e7\u00f5es necess\u00e1rias \u00e0 titulariza\u00e7\u00e3o da propriedade; <\/p>\n<p>II \u2013 o levantamento topogr\u00e1fico atualizado dos im\u00f3veis objeto da<br \/>\npermuta; e <\/p>\n<p>III \u2013 o registro de eventuais desmembramentos ou unifica\u00e7\u00f5es<br \/>\nde \u00e1reas, bem como o de eventuais averba\u00e7\u00f5es. <\/p>\n<p>Art. 3\u00ba Fica dispensada a licita\u00e7\u00e3o para realiza\u00e7\u00e3o da permuta<br \/>\nde que trata esta Lei, nos termos do disposto na al\u00ednea \u201cc\u201d do inciso I do caput do<br \/>\nart. 76 da Lei federal n\u00ba 14.133, de 1\u00ba de abril de 2021. <\/p>\n<p>Art. 4\u00ba As autoriza\u00e7\u00f5es previstas nesta Lei n\u00e3o afastam a<br \/>\nobrigatoriedade dos procedimentos exigidos pela Lei federal n\u00ba 14.133, de 2021. <\/p>\n<p>Art. 5\u00ba A permuta de que trata esta Lei tem por finalidade a<br \/>\naloca\u00e7\u00e3o de estruturas do Poder Executivo, para redu\u00e7\u00e3o de custos com alugu\u00e9is. <\/p>\n<p>Art. 6\u00ba As despesas decorrentes da execu\u00e7\u00e3o desta Lei correr\u00e3o<br \/>\n\u00e0 conta das dota\u00e7\u00f5es or\u00e7ament\u00e1rias pr\u00f3prias do Or\u00e7amento Geral do Estado. <\/p>\n<p>Art. 7\u00ba Fica o Poder Executivo autorizado a realizar o pagamento<br \/>\nem pec\u00fania da diferen\u00e7a da avalia\u00e7\u00e3o entre os im\u00f3veis, no valor de R$ 24.850.000,00 (vinte<br \/>\ne quatro milh\u00f5es, oitocentos e cinquenta mil reais), em 4 (quatro) parcelas iguais, nos<br \/>\nmeses de setembro, outubro, novembro e dezembro de 2025. <\/p>\n<p>Art. 8\u00ba O Estado ser\u00e1 representado no ato da permuta pelo<br \/>\nSecret\u00e1rio de Estado da Administra\u00e7\u00e3o ou por quem for legalmente constitu\u00eddo.  <\/p>\n<p>Art. 9\u00ba Esta Lei entra em vigor na data de sua publica\u00e7\u00e3o. <\/p>\n<p>Florian\u00f3polis, <\/p>\n<p>JORGINHO MELLO<br \/>\nGovernador do Estado<br \/>\nPJ_274 2 SEA 8487\/2025<br \/>\n673<br \/>\nP\u00e1g. 02 de 02 &#8211; Documento assinado digitalmente. Para confer\u00eancia, acesse o site https:\/\/portal.sgpe.sea.sc.gov.br\/portal-externo e informe o processo SEA 00008487\/2025 e o c\u00f3digo 27CMS3T6.Assinaturas do documento<\/p>\n<p>C\u00f3digo para verifica\u00e7\u00e3o: 27CMS3T6<\/p>\n<p>Este documento foi assinado digitalmente pelos seguintes signat\u00e1rios nas datas indicadas:<\/p>\n<p>JORGINHO DOS SANTOS MELLO (CPF: 250.XXX.199-XX) em 09\/07\/2025 \u00e0s 15:47:07<br \/>\nEmitido por: &#8220;SGP-e&#8221;, emitido em 14\/04\/2023 &#8211; 11:54:30 e v\u00e1lido at\u00e9 14\/04\/2123 &#8211; 11:54:30.<br \/>\n(Assinatura do sistema)<\/p>\n<p>Para verificar a autenticidade desta c\u00f3pia, acesse o link https:\/\/portal.sgpe.sea.sc.gov.br\/portal-externo\/conferencia-<br \/>\ndocumento\/U0VBXzcwMDBfMDAwMDg0ODdfODczMl8yMDI1XzI3Q01TM1Q2 ou o site<br \/>\nhttps:\/\/portal.sgpe.sea.sc.gov.br\/portal-externo e informe o processo SEA 00008487\/2025 e o c\u00f3digo 27CMS3T6<br \/>\nou aponte a c\u00e2mera para o QR Code presente nesta p\u00e1gina para realizar a confer\u00eancia.<br \/>\n<\/article>\n<div style=\"text-align: center\">\n<div style=\"margin-bottom: 20px;\" class=\"et_pb_button_module_wrapper et_pb_button_5_tb_body_wrapper et_pb_button_alignment_center et_pb_module \">\n         <a class=\"et_pb_button et_pb_button_5_tb_body et_hover_enabled et_pb_bg_layout_dark\" style=\"width: 50%;background-color: black;\" href=\"https:\/\/app.legislapp.com.br\" target=\"_blank\" rel=\"noopener\">Visualizar completo na nossa plataforma (30 dias gr\u00e1tis)<\/a><\/p><\/div>\n<p>      <a href=\"https:\/\/play.google.com\/store\/apps\/details?id=br.com.legislapp\"><img decoding=\"async\" style=\"width: 15%; min-width: 130px;\" src=\"https:\/\/www.legislapp.com.br\/wp-content\/uploads\/google-play.png\"><\/a><br \/>\n      <a href=\"https:\/\/apps.apple.com\/us\/app\/legislapp\/id1568929859\"><img decoding=\"async\" style=\"width: 15%; min-width: 130px\" src=\"https:\/\/www.legislapp.com.br\/wp-content\/uploads\/apple-store.png\"><\/a>\n   <\/div>\n","protected":false},"excerpt":{"rendered":"<p>C\u00e2m. Legislativa de SC &#8211; Autoria de Governador do Estado Autoriza a permuta de im\u00f3veis nos Munic\u00edpios de Florian\u00f3polis e Itapema. ESTADO DE SANTA CATARINA GABINETE DO GOVERNADOR MENSAGEM N\u00ba 1116 EXCELENT\u00cdSSIMO SENHOR PRESIDENTE, SENHORAS DEPUTADAS E SENHORES DEPUTADOS DA ASSEMBLEIA LEGISLATIVA DO ESTADO Nos termos do art. 50 da Constitui\u00e7\u00e3o do Estado, submeto \u00e0 [&hellip;]<\/p>\n","protected":false},"author":1,"featured_media":0,"parent":0,"menu_order":0,"comment_status":"closed","ping_status":"closed","template":"page-template-blank.php","meta":{"_et_pb_use_builder":"","_et_pb_old_content":"","_et_gb_content_width":"1080","ngg_post_thumbnail":0,"footnotes":""},"class_list":["post-7189","page","type-page","status-publish","hentry"],"yoast_head":"<!-- This site is optimized with the Yoast SEO plugin v24.4 - https:\/\/yoast.com\/wordpress\/plugins\/seo\/ -->\n<title>PL.\/0542\/2025 - Governador do Estado - Legislapp<\/title>\n<meta name=\"robots\" content=\"index, follow, max-snippet:-1, max-image-preview:large, max-video-preview:-1\" \/>\n<link rel=\"canonical\" href=\"https:\/\/www.legislapp.com.br\/index.php\/cam-legislativa-de-sc-pl-0542-2025\/\" \/>\n<meta property=\"og:locale\" content=\"pt_BR\" \/>\n<meta property=\"og:type\" content=\"article\" \/>\n<meta property=\"og:title\" content=\"PL.\/0542\/2025 - Governador do Estado - Legislapp\" \/>\n<meta property=\"og:description\" content=\"C\u00e2m. Legislativa de SC &#8211; Autoria de Governador do Estado Autoriza a permuta de im\u00f3veis nos Munic\u00edpios de Florian\u00f3polis e Itapema. ESTADO DE SANTA CATARINA GABINETE DO GOVERNADOR MENSAGEM N\u00ba 1116 EXCELENT\u00cdSSIMO SENHOR PRESIDENTE, SENHORAS DEPUTADAS E SENHORES DEPUTADOS DA ASSEMBLEIA LEGISLATIVA DO ESTADO Nos termos do art. 50 da Constitui\u00e7\u00e3o do Estado, submeto \u00e0 [&hellip;]\" \/>\n<meta property=\"og:url\" content=\"https:\/\/www.legislapp.com.br\/index.php\/cam-legislativa-de-sc-pl-0542-2025\/\" \/>\n<meta property=\"og:site_name\" content=\"Legislapp\" \/>\n<meta property=\"article:publisher\" content=\"https:\/\/www.instagram.com\/legislapp\/\" \/>\n<meta property=\"og:image\" content=\"https:\/\/www.legislapp.com.br\/wp-content\/uploads\/google-play.png\" \/>\n<meta name=\"twitter:card\" content=\"summary_large_image\" \/>\n<meta name=\"twitter:label1\" content=\"Est. tempo de leitura\" \/>\n\t<meta name=\"twitter:data1\" content=\"10 minutos\" \/>\n<script type=\"application\/ld+json\" class=\"yoast-schema-graph\">{\"@context\":\"https:\/\/schema.org\",\"@graph\":[{\"@type\":\"WebPage\",\"@id\":\"https:\/\/www.legislapp.com.br\/index.php\/cam-legislativa-de-sc-pl-0542-2025\/\",\"url\":\"https:\/\/www.legislapp.com.br\/index.php\/cam-legislativa-de-sc-pl-0542-2025\/\",\"name\":\"PL.\/0542\/2025 - Governador do Estado - Legislapp\",\"isPartOf\":{\"@id\":\"https:\/\/www.legislapp.com.br\/#website\"},\"primaryImageOfPage\":{\"@id\":\"https:\/\/www.legislapp.com.br\/index.php\/cam-legislativa-de-sc-pl-0542-2025\/#primaryimage\"},\"image\":{\"@id\":\"https:\/\/www.legislapp.com.br\/index.php\/cam-legislativa-de-sc-pl-0542-2025\/#primaryimage\"},\"thumbnailUrl\":\"https:\/\/www.legislapp.com.br\/wp-content\/uploads\/google-play.png\",\"datePublished\":\"2025-09-17T16:17:17+00:00\",\"breadcrumb\":{\"@id\":\"https:\/\/www.legislapp.com.br\/index.php\/cam-legislativa-de-sc-pl-0542-2025\/#breadcrumb\"},\"inLanguage\":\"pt-BR\",\"potentialAction\":[{\"@type\":\"ReadAction\",\"target\":[\"https:\/\/www.legislapp.com.br\/index.php\/cam-legislativa-de-sc-pl-0542-2025\/\"]}]},{\"@type\":\"ImageObject\",\"inLanguage\":\"pt-BR\",\"@id\":\"https:\/\/www.legislapp.com.br\/index.php\/cam-legislativa-de-sc-pl-0542-2025\/#primaryimage\",\"url\":\"https:\/\/www.legislapp.com.br\/wp-content\/uploads\/google-play.png\",\"contentUrl\":\"https:\/\/www.legislapp.com.br\/wp-content\/uploads\/google-play.png\",\"width\":564,\"height\":168},{\"@type\":\"BreadcrumbList\",\"@id\":\"https:\/\/www.legislapp.com.br\/index.php\/cam-legislativa-de-sc-pl-0542-2025\/#breadcrumb\",\"itemListElement\":[{\"@type\":\"ListItem\",\"position\":1,\"name\":\"In\u00edcio\",\"item\":\"https:\/\/www.legislapp.com.br\/\"},{\"@type\":\"ListItem\",\"position\":2,\"name\":\"PL.\/0542\/2025 &#8211; Governador do Estado\"}]},{\"@type\":\"WebSite\",\"@id\":\"https:\/\/www.legislapp.com.br\/#website\",\"url\":\"https:\/\/www.legislapp.com.br\/\",\"name\":\"Legislapp\",\"description\":\"Intelig\u00eancia governamental em tempo real\",\"publisher\":{\"@id\":\"https:\/\/www.legislapp.com.br\/#organization\"},\"potentialAction\":[{\"@type\":\"SearchAction\",\"target\":{\"@type\":\"EntryPoint\",\"urlTemplate\":\"https:\/\/www.legislapp.com.br\/?s={search_term_string}\"},\"query-input\":{\"@type\":\"PropertyValueSpecification\",\"valueRequired\":true,\"valueName\":\"search_term_string\"}}],\"inLanguage\":\"pt-BR\"},{\"@type\":\"Organization\",\"@id\":\"https:\/\/www.legislapp.com.br\/#organization\",\"name\":\"Legislapp Monitoramento e Intelig\u00eancia Governamental\",\"url\":\"https:\/\/www.legislapp.com.br\/\",\"logo\":{\"@type\":\"ImageObject\",\"inLanguage\":\"pt-BR\",\"@id\":\"https:\/\/www.legislapp.com.br\/#\/schema\/logo\/image\/\",\"url\":\"https:\/\/www.legislapp.com.br\/wp-content\/uploads\/icon.png\",\"contentUrl\":\"https:\/\/www.legislapp.com.br\/wp-content\/uploads\/icon.png\",\"width\":1024,\"height\":1024,\"caption\":\"Legislapp Monitoramento e Intelig\u00eancia Governamental\"},\"image\":{\"@id\":\"https:\/\/www.legislapp.com.br\/#\/schema\/logo\/image\/\"},\"sameAs\":[\"https:\/\/www.instagram.com\/legislapp\/\"]}]}<\/script>\n<!-- \/ Yoast SEO plugin. -->","yoast_head_json":{"title":"PL.\/0542\/2025 - Governador do Estado - Legislapp","robots":{"index":"index","follow":"follow","max-snippet":"max-snippet:-1","max-image-preview":"max-image-preview:large","max-video-preview":"max-video-preview:-1"},"canonical":"https:\/\/www.legislapp.com.br\/index.php\/cam-legislativa-de-sc-pl-0542-2025\/","og_locale":"pt_BR","og_type":"article","og_title":"PL.\/0542\/2025 - Governador do Estado - Legislapp","og_description":"C\u00e2m. Legislativa de SC &#8211; Autoria de Governador do Estado Autoriza a permuta de im\u00f3veis nos Munic\u00edpios de Florian\u00f3polis e Itapema. ESTADO DE SANTA CATARINA GABINETE DO GOVERNADOR MENSAGEM N\u00ba 1116 EXCELENT\u00cdSSIMO SENHOR PRESIDENTE, SENHORAS DEPUTADAS E SENHORES DEPUTADOS DA ASSEMBLEIA LEGISLATIVA DO ESTADO Nos termos do art. 50 da Constitui\u00e7\u00e3o do Estado, submeto \u00e0 [&hellip;]","og_url":"https:\/\/www.legislapp.com.br\/index.php\/cam-legislativa-de-sc-pl-0542-2025\/","og_site_name":"Legislapp","article_publisher":"https:\/\/www.instagram.com\/legislapp\/","og_image":[{"url":"https:\/\/www.legislapp.com.br\/wp-content\/uploads\/google-play.png","type":"","width":"","height":""}],"twitter_card":"summary_large_image","twitter_misc":{"Est. tempo de leitura":"10 minutos"},"schema":{"@context":"https:\/\/schema.org","@graph":[{"@type":"WebPage","@id":"https:\/\/www.legislapp.com.br\/index.php\/cam-legislativa-de-sc-pl-0542-2025\/","url":"https:\/\/www.legislapp.com.br\/index.php\/cam-legislativa-de-sc-pl-0542-2025\/","name":"PL.\/0542\/2025 - Governador do Estado - Legislapp","isPartOf":{"@id":"https:\/\/www.legislapp.com.br\/#website"},"primaryImageOfPage":{"@id":"https:\/\/www.legislapp.com.br\/index.php\/cam-legislativa-de-sc-pl-0542-2025\/#primaryimage"},"image":{"@id":"https:\/\/www.legislapp.com.br\/index.php\/cam-legislativa-de-sc-pl-0542-2025\/#primaryimage"},"thumbnailUrl":"https:\/\/www.legislapp.com.br\/wp-content\/uploads\/google-play.png","datePublished":"2025-09-17T16:17:17+00:00","breadcrumb":{"@id":"https:\/\/www.legislapp.com.br\/index.php\/cam-legislativa-de-sc-pl-0542-2025\/#breadcrumb"},"inLanguage":"pt-BR","potentialAction":[{"@type":"ReadAction","target":["https:\/\/www.legislapp.com.br\/index.php\/cam-legislativa-de-sc-pl-0542-2025\/"]}]},{"@type":"ImageObject","inLanguage":"pt-BR","@id":"https:\/\/www.legislapp.com.br\/index.php\/cam-legislativa-de-sc-pl-0542-2025\/#primaryimage","url":"https:\/\/www.legislapp.com.br\/wp-content\/uploads\/google-play.png","contentUrl":"https:\/\/www.legislapp.com.br\/wp-content\/uploads\/google-play.png","width":564,"height":168},{"@type":"BreadcrumbList","@id":"https:\/\/www.legislapp.com.br\/index.php\/cam-legislativa-de-sc-pl-0542-2025\/#breadcrumb","itemListElement":[{"@type":"ListItem","position":1,"name":"In\u00edcio","item":"https:\/\/www.legislapp.com.br\/"},{"@type":"ListItem","position":2,"name":"PL.\/0542\/2025 &#8211; Governador do Estado"}]},{"@type":"WebSite","@id":"https:\/\/www.legislapp.com.br\/#website","url":"https:\/\/www.legislapp.com.br\/","name":"Legislapp","description":"Intelig\u00eancia governamental em tempo real","publisher":{"@id":"https:\/\/www.legislapp.com.br\/#organization"},"potentialAction":[{"@type":"SearchAction","target":{"@type":"EntryPoint","urlTemplate":"https:\/\/www.legislapp.com.br\/?s={search_term_string}"},"query-input":{"@type":"PropertyValueSpecification","valueRequired":true,"valueName":"search_term_string"}}],"inLanguage":"pt-BR"},{"@type":"Organization","@id":"https:\/\/www.legislapp.com.br\/#organization","name":"Legislapp Monitoramento e Intelig\u00eancia Governamental","url":"https:\/\/www.legislapp.com.br\/","logo":{"@type":"ImageObject","inLanguage":"pt-BR","@id":"https:\/\/www.legislapp.com.br\/#\/schema\/logo\/image\/","url":"https:\/\/www.legislapp.com.br\/wp-content\/uploads\/icon.png","contentUrl":"https:\/\/www.legislapp.com.br\/wp-content\/uploads\/icon.png","width":1024,"height":1024,"caption":"Legislapp Monitoramento e Intelig\u00eancia Governamental"},"image":{"@id":"https:\/\/www.legislapp.com.br\/#\/schema\/logo\/image\/"},"sameAs":["https:\/\/www.instagram.com\/legislapp\/"]}]}},"_links":{"self":[{"href":"https:\/\/www.legislapp.com.br\/index.php\/wp-json\/wp\/v2\/pages\/7189","targetHints":{"allow":["GET"]}}],"collection":[{"href":"https:\/\/www.legislapp.com.br\/index.php\/wp-json\/wp\/v2\/pages"}],"about":[{"href":"https:\/\/www.legislapp.com.br\/index.php\/wp-json\/wp\/v2\/types\/page"}],"author":[{"embeddable":true,"href":"https:\/\/www.legislapp.com.br\/index.php\/wp-json\/wp\/v2\/users\/1"}],"replies":[{"embeddable":true,"href":"https:\/\/www.legislapp.com.br\/index.php\/wp-json\/wp\/v2\/comments?post=7189"}],"version-history":[{"count":0,"href":"https:\/\/www.legislapp.com.br\/index.php\/wp-json\/wp\/v2\/pages\/7189\/revisions"}],"wp:attachment":[{"href":"https:\/\/www.legislapp.com.br\/index.php\/wp-json\/wp\/v2\/media?parent=7189"}],"curies":[{"name":"wp","href":"https:\/\/api.w.org\/{rel}","templated":true}]}}