{"id":7220,"date":"2025-09-17T13:19:02","date_gmt":"2025-09-17T16:19:02","guid":{"rendered":"https:\/\/www.legislapp.com.br\/index.php\/cam-legislativa-de-mg-pl-3969-2025\/"},"modified":"2025-09-17T13:19:02","modified_gmt":"2025-09-17T16:19:02","slug":"cam-legislativa-de-mg-pl-3969-2025","status":"publish","type":"page","link":"https:\/\/www.legislapp.com.br\/index.php\/cam-legislativa-de-mg-pl-3969-2025\/","title":{"rendered":"PL 3969\/2025 &#8211; Deputados"},"content":{"rendered":"<h1 style='text-align: center;'>C\u00e2m. Legislativa de MG &#8211; Autoria de Deputados<\/h3>\n<p><\/p>\n<article style='text-align: center'>Institui a reserva de vagas para trabalhadoras do sexo feminino nas<br \/>\nempresas prestadoras de servi\u00e7os contratadas por \u00f3rg\u00e3os e entidades<br \/>\nintegrantes da administra\u00e7\u00e3o p\u00fablica, nas condi\u00e7\u00f5es que especifica.<\/article>\n<p><\/p>\n<p style='text-align: center'><a href='https:\/\/app.legislapp.com.br\/#\/busca?termo='><\/a><\/p>\n<p><\/p>\n<article>Institui a reserva de vagas, em percentual de no m\u00ednimo 30%, nas empresas prestadoras de servi\u00e7os, contratadas por \u00f3rg\u00e3os e entidades integrantes da Administra\u00e7\u00e3o P\u00fablica, nas condi\u00e7\u00f5es que especifica e d\u00e1 outras provid\u00eancias.<br \/>\nA Assembleia Legislativa do Estado de Minas Gerais decreta:<br \/>\nArt. 1\u00ba \u2013 Fica estabelecido que os \u00f3rg\u00e3os e entidades integrantes da Administra\u00e7\u00e3o P\u00fablica Direta e Indireta dos Poderes do Estado de Minas Gerais dever\u00e3o exigir um percentual m\u00ednimo de 30% (trinta por cento) de trabalhadoras do sexo feminino, quando da contrata\u00e7\u00e3o de servi\u00e7os de seguran\u00e7a privada, vigil\u00e2ncia patrimonial e transporte de valores.<br \/>\nPar\u00e1grafo \u00fanico \u2013 N\u00e3o havendo candidatas interessadas no preenchimento das posi\u00e7\u00f5es que tenham sido ampla e comprovadamente divulgadas, a empresa poder\u00e1 manter propor\u00e7\u00e3o inferior \u00e0 prevista no caput, sendo obrigada a renovar a tentativa de preenchimento da reserva a cada cento e oitenta dias.<br \/>\nArt. 2\u00ba \u2013 A exig\u00eancia a que se refere o artigo anterior incidir\u00e1 sobre as novas contrata\u00e7\u00f5es e as renova\u00e7\u00f5es de contratos, devendo constar expressamente nos editais de licita\u00e7\u00e3o destinados \u00e0 contrata\u00e7\u00e3o de empresas prestadoras de servi\u00e7os de seguran\u00e7a privada, vigil\u00e2ncia patrimonial e transporte de valores, independentemente da modalidade adotada.<br \/>\nArt. 3\u00ba \u2013 Caber\u00e1 aos gestores dos contratos a fiscaliza\u00e7\u00e3o do cumprimento do disposto nesta lei, devendo comunicar qualquer irregularidade ao \u00f3rg\u00e3o de controle interno e, se for o caso, ao Minist\u00e9rio P\u00fablico do Estado de Minas Gerais.<br \/>\nArt. 4\u00ba \u2013 O descumprimento do percentual m\u00ednimo estabelecido por esta Lei poder\u00e1 ensejar san\u00e7\u00f5es administrativas \u00e0s empresas contratadas, conforme disposi\u00e7\u00f5es legais e cl\u00e1usulas contratuais aplic\u00e1veis.<br \/>\nArt. 5\u00ba \u2013 O Poder Executivo poder\u00e1 regulamentar esta Lei no que couber, no prazo de 90 (noventa) dias a contar da data de sua publica\u00e7\u00e3o.<br \/>\nArt. 6\u00ba \u2013 Esta lei entra em vigor na data de sua publica\u00e7\u00e3o.<br \/>\nSala das Reuni\u00f5es, 18 de junho de 2025.<br \/>\nCarol Caram (Avante), vice-l\u00edder da Bancada Feminina.<br \/>\nJustifica\u00e7\u00e3o: O presente projeto de lei visa estabelecer uma pol\u00edtica p\u00fablica afirmativa de promo\u00e7\u00e3o da equidade de g\u00eanero no \u00e2mbito da contrata\u00e7\u00e3o de servi\u00e7os terceirizados pela Administra\u00e7\u00e3o P\u00fablica Estadual.<br \/>\nEmbora mulheres estejam cada vez mais presentes no mercado de trabalho, sua participa\u00e7\u00e3o ainda \u00e9 consideravelmente limitada em \u00e1reas como a seguran\u00e7a privada, a vigil\u00e2ncia patrimonial e o transporte de valores. Mesmo plenamente capacitadas, com forma\u00e7\u00e3o t\u00e9cnica e certifica\u00e7\u00e3o reconhecida, as mulheres enfrentam grandes barreiras para acessar oportunidades profissionais nestes setores.<br \/>\nA reserva de 30% de postos para trabalhadoras do sexo feminino nesses servi\u00e7os tem como objetivo estimular a inclus\u00e3o, combater a desigualdade de g\u00eanero e ampliar a diversidade no ambiente laboral. Trata-se de medida compat\u00edvel com os princ\u00edpios constitucionais da dignidade da pessoa humana (art. 1\u00ba, III), da igualdade (art. 5\u00ba, I), e da promo\u00e7\u00e3o do bem de todos, sem preconceitos de sexo (art. 3\u00ba, IV).<br \/>\nO par\u00e1grafo \u00fanico do artigo 1\u00ba da presente proposta ainda prev\u00ea uma salvaguarda jur\u00eddica e operacional para os casos em que n\u00e3o haja, comprovadamente, mulheres interessadas ou dispon\u00edveis no mercado de trabalho local, exigindo, no entanto, a renova\u00e7\u00e3o peri\u00f3dica do esfor\u00e7o de preenchimento dessas vagas.<br \/>\nA medida encontra precedentes em iniciativas semelhantes j\u00e1 discutidas ou aprovadas em outros estados, como Rio Grande do Sul, Mato Grosso do Sul e no Distrito Federal, demonstrando a pertin\u00eancia e atualidade da pauta.<br \/>\nPor todas essas raz\u00f5es, como instrumento de justi\u00e7a social e promo\u00e7\u00e3o da igualdade de oportunidades em Minas Gerais,\u00a0conto com o apoio dos nobres pares para a aprova\u00e7\u00e3o deste projeto de lei.<br \/>\n\u2013 Publicado, vai o projeto \u00e0s Comiss\u00f5es de Justi\u00e7a, dos Direitos da Mulher e de Administra\u00e7\u00e3o P\u00fablica para parecer, nos termos do art. 188, c\/c o art. 102, do Regimento Interno.<\/article>\n<div style=\"text-align: center\">\n<div style=\"margin-bottom: 20px;\" class=\"et_pb_button_module_wrapper et_pb_button_5_tb_body_wrapper et_pb_button_alignment_center et_pb_module \">\n         <a class=\"et_pb_button et_pb_button_5_tb_body et_hover_enabled et_pb_bg_layout_dark\" style=\"width: 50%;background-color: black;\" href=\"https:\/\/app.legislapp.com.br\" target=\"_blank\" rel=\"noopener\">Visualizar completo na nossa plataforma (30 dias gr\u00e1tis)<\/a><\/p><\/div>\n<p>      <a href=\"https:\/\/play.google.com\/store\/apps\/details?id=br.com.legislapp\"><img decoding=\"async\" style=\"width: 15%; min-width: 130px;\" src=\"https:\/\/www.legislapp.com.br\/wp-content\/uploads\/google-play.png\"><\/a><br \/>\n      <a href=\"https:\/\/apps.apple.com\/us\/app\/legislapp\/id1568929859\"><img decoding=\"async\" style=\"width: 15%; min-width: 130px\" src=\"https:\/\/www.legislapp.com.br\/wp-content\/uploads\/apple-store.png\"><\/a>\n   <\/div>\n","protected":false},"excerpt":{"rendered":"<p>C\u00e2m. Legislativa de MG &#8211; Autoria de Deputados Institui a reserva de vagas para trabalhadoras do sexo feminino nas empresas prestadoras de servi\u00e7os contratadas por \u00f3rg\u00e3os e entidades integrantes da administra\u00e7\u00e3o p\u00fablica, nas condi\u00e7\u00f5es que especifica. Institui a reserva de vagas, em percentual de no m\u00ednimo 30%, nas empresas prestadoras de servi\u00e7os, contratadas por \u00f3rg\u00e3os [&hellip;]<\/p>\n","protected":false},"author":1,"featured_media":0,"parent":0,"menu_order":0,"comment_status":"closed","ping_status":"closed","template":"page-template-blank.php","meta":{"_et_pb_use_builder":"","_et_pb_old_content":"","_et_gb_content_width":"1080","ngg_post_thumbnail":0,"footnotes":""},"class_list":["post-7220","page","type-page","status-publish","hentry"],"yoast_head":"<!-- This site is optimized with the Yoast SEO plugin v24.4 - https:\/\/yoast.com\/wordpress\/plugins\/seo\/ -->\n<title>PL 3969\/2025 - Deputados - Legislapp<\/title>\n<meta name=\"robots\" content=\"index, follow, max-snippet:-1, max-image-preview:large, max-video-preview:-1\" \/>\n<link rel=\"canonical\" href=\"https:\/\/www.legislapp.com.br\/index.php\/cam-legislativa-de-mg-pl-3969-2025\/\" \/>\n<meta property=\"og:locale\" content=\"pt_BR\" \/>\n<meta property=\"og:type\" content=\"article\" \/>\n<meta property=\"og:title\" content=\"PL 3969\/2025 - Deputados - Legislapp\" \/>\n<meta property=\"og:description\" content=\"C\u00e2m. Legislativa de MG &#8211; Autoria de Deputados Institui a reserva de vagas para trabalhadoras do sexo feminino nas empresas prestadoras de servi\u00e7os contratadas por \u00f3rg\u00e3os e entidades integrantes da administra\u00e7\u00e3o p\u00fablica, nas condi\u00e7\u00f5es que especifica. Institui a reserva de vagas, em percentual de no m\u00ednimo 30%, nas empresas prestadoras de servi\u00e7os, contratadas por \u00f3rg\u00e3os [&hellip;]\" \/>\n<meta property=\"og:url\" content=\"https:\/\/www.legislapp.com.br\/index.php\/cam-legislativa-de-mg-pl-3969-2025\/\" \/>\n<meta property=\"og:site_name\" content=\"Legislapp\" \/>\n<meta property=\"article:publisher\" content=\"https:\/\/www.instagram.com\/legislapp\/\" \/>\n<meta property=\"og:image\" content=\"https:\/\/www.legislapp.com.br\/wp-content\/uploads\/google-play.png\" \/>\n<meta name=\"twitter:card\" content=\"summary_large_image\" \/>\n<meta name=\"twitter:label1\" content=\"Est. tempo de leitura\" \/>\n\t<meta name=\"twitter:data1\" content=\"3 minutos\" \/>\n<script type=\"application\/ld+json\" class=\"yoast-schema-graph\">{\"@context\":\"https:\/\/schema.org\",\"@graph\":[{\"@type\":\"WebPage\",\"@id\":\"https:\/\/www.legislapp.com.br\/index.php\/cam-legislativa-de-mg-pl-3969-2025\/\",\"url\":\"https:\/\/www.legislapp.com.br\/index.php\/cam-legislativa-de-mg-pl-3969-2025\/\",\"name\":\"PL 3969\/2025 - Deputados - Legislapp\",\"isPartOf\":{\"@id\":\"https:\/\/www.legislapp.com.br\/#website\"},\"primaryImageOfPage\":{\"@id\":\"https:\/\/www.legislapp.com.br\/index.php\/cam-legislativa-de-mg-pl-3969-2025\/#primaryimage\"},\"image\":{\"@id\":\"https:\/\/www.legislapp.com.br\/index.php\/cam-legislativa-de-mg-pl-3969-2025\/#primaryimage\"},\"thumbnailUrl\":\"https:\/\/www.legislapp.com.br\/wp-content\/uploads\/google-play.png\",\"datePublished\":\"2025-09-17T16:19:02+00:00\",\"breadcrumb\":{\"@id\":\"https:\/\/www.legislapp.com.br\/index.php\/cam-legislativa-de-mg-pl-3969-2025\/#breadcrumb\"},\"inLanguage\":\"pt-BR\",\"potentialAction\":[{\"@type\":\"ReadAction\",\"target\":[\"https:\/\/www.legislapp.com.br\/index.php\/cam-legislativa-de-mg-pl-3969-2025\/\"]}]},{\"@type\":\"ImageObject\",\"inLanguage\":\"pt-BR\",\"@id\":\"https:\/\/www.legislapp.com.br\/index.php\/cam-legislativa-de-mg-pl-3969-2025\/#primaryimage\",\"url\":\"https:\/\/www.legislapp.com.br\/wp-content\/uploads\/google-play.png\",\"contentUrl\":\"https:\/\/www.legislapp.com.br\/wp-content\/uploads\/google-play.png\",\"width\":564,\"height\":168},{\"@type\":\"BreadcrumbList\",\"@id\":\"https:\/\/www.legislapp.com.br\/index.php\/cam-legislativa-de-mg-pl-3969-2025\/#breadcrumb\",\"itemListElement\":[{\"@type\":\"ListItem\",\"position\":1,\"name\":\"In\u00edcio\",\"item\":\"https:\/\/www.legislapp.com.br\/\"},{\"@type\":\"ListItem\",\"position\":2,\"name\":\"PL 3969\/2025 &#8211; Deputados\"}]},{\"@type\":\"WebSite\",\"@id\":\"https:\/\/www.legislapp.com.br\/#website\",\"url\":\"https:\/\/www.legislapp.com.br\/\",\"name\":\"Legislapp\",\"description\":\"Intelig\u00eancia governamental em tempo real\",\"publisher\":{\"@id\":\"https:\/\/www.legislapp.com.br\/#organization\"},\"potentialAction\":[{\"@type\":\"SearchAction\",\"target\":{\"@type\":\"EntryPoint\",\"urlTemplate\":\"https:\/\/www.legislapp.com.br\/?s={search_term_string}\"},\"query-input\":{\"@type\":\"PropertyValueSpecification\",\"valueRequired\":true,\"valueName\":\"search_term_string\"}}],\"inLanguage\":\"pt-BR\"},{\"@type\":\"Organization\",\"@id\":\"https:\/\/www.legislapp.com.br\/#organization\",\"name\":\"Legislapp Monitoramento e Intelig\u00eancia Governamental\",\"url\":\"https:\/\/www.legislapp.com.br\/\",\"logo\":{\"@type\":\"ImageObject\",\"inLanguage\":\"pt-BR\",\"@id\":\"https:\/\/www.legislapp.com.br\/#\/schema\/logo\/image\/\",\"url\":\"https:\/\/www.legislapp.com.br\/wp-content\/uploads\/icon.png\",\"contentUrl\":\"https:\/\/www.legislapp.com.br\/wp-content\/uploads\/icon.png\",\"width\":1024,\"height\":1024,\"caption\":\"Legislapp Monitoramento e Intelig\u00eancia Governamental\"},\"image\":{\"@id\":\"https:\/\/www.legislapp.com.br\/#\/schema\/logo\/image\/\"},\"sameAs\":[\"https:\/\/www.instagram.com\/legislapp\/\"]}]}<\/script>\n<!-- \/ Yoast SEO plugin. -->","yoast_head_json":{"title":"PL 3969\/2025 - Deputados - Legislapp","robots":{"index":"index","follow":"follow","max-snippet":"max-snippet:-1","max-image-preview":"max-image-preview:large","max-video-preview":"max-video-preview:-1"},"canonical":"https:\/\/www.legislapp.com.br\/index.php\/cam-legislativa-de-mg-pl-3969-2025\/","og_locale":"pt_BR","og_type":"article","og_title":"PL 3969\/2025 - Deputados - Legislapp","og_description":"C\u00e2m. Legislativa de MG &#8211; Autoria de Deputados Institui a reserva de vagas para trabalhadoras do sexo feminino nas empresas prestadoras de servi\u00e7os contratadas por \u00f3rg\u00e3os e entidades integrantes da administra\u00e7\u00e3o p\u00fablica, nas condi\u00e7\u00f5es que especifica. Institui a reserva de vagas, em percentual de no m\u00ednimo 30%, nas empresas prestadoras de servi\u00e7os, contratadas por \u00f3rg\u00e3os [&hellip;]","og_url":"https:\/\/www.legislapp.com.br\/index.php\/cam-legislativa-de-mg-pl-3969-2025\/","og_site_name":"Legislapp","article_publisher":"https:\/\/www.instagram.com\/legislapp\/","og_image":[{"url":"https:\/\/www.legislapp.com.br\/wp-content\/uploads\/google-play.png","type":"","width":"","height":""}],"twitter_card":"summary_large_image","twitter_misc":{"Est. tempo de leitura":"3 minutos"},"schema":{"@context":"https:\/\/schema.org","@graph":[{"@type":"WebPage","@id":"https:\/\/www.legislapp.com.br\/index.php\/cam-legislativa-de-mg-pl-3969-2025\/","url":"https:\/\/www.legislapp.com.br\/index.php\/cam-legislativa-de-mg-pl-3969-2025\/","name":"PL 3969\/2025 - Deputados - Legislapp","isPartOf":{"@id":"https:\/\/www.legislapp.com.br\/#website"},"primaryImageOfPage":{"@id":"https:\/\/www.legislapp.com.br\/index.php\/cam-legislativa-de-mg-pl-3969-2025\/#primaryimage"},"image":{"@id":"https:\/\/www.legislapp.com.br\/index.php\/cam-legislativa-de-mg-pl-3969-2025\/#primaryimage"},"thumbnailUrl":"https:\/\/www.legislapp.com.br\/wp-content\/uploads\/google-play.png","datePublished":"2025-09-17T16:19:02+00:00","breadcrumb":{"@id":"https:\/\/www.legislapp.com.br\/index.php\/cam-legislativa-de-mg-pl-3969-2025\/#breadcrumb"},"inLanguage":"pt-BR","potentialAction":[{"@type":"ReadAction","target":["https:\/\/www.legislapp.com.br\/index.php\/cam-legislativa-de-mg-pl-3969-2025\/"]}]},{"@type":"ImageObject","inLanguage":"pt-BR","@id":"https:\/\/www.legislapp.com.br\/index.php\/cam-legislativa-de-mg-pl-3969-2025\/#primaryimage","url":"https:\/\/www.legislapp.com.br\/wp-content\/uploads\/google-play.png","contentUrl":"https:\/\/www.legislapp.com.br\/wp-content\/uploads\/google-play.png","width":564,"height":168},{"@type":"BreadcrumbList","@id":"https:\/\/www.legislapp.com.br\/index.php\/cam-legislativa-de-mg-pl-3969-2025\/#breadcrumb","itemListElement":[{"@type":"ListItem","position":1,"name":"In\u00edcio","item":"https:\/\/www.legislapp.com.br\/"},{"@type":"ListItem","position":2,"name":"PL 3969\/2025 &#8211; Deputados"}]},{"@type":"WebSite","@id":"https:\/\/www.legislapp.com.br\/#website","url":"https:\/\/www.legislapp.com.br\/","name":"Legislapp","description":"Intelig\u00eancia governamental em tempo real","publisher":{"@id":"https:\/\/www.legislapp.com.br\/#organization"},"potentialAction":[{"@type":"SearchAction","target":{"@type":"EntryPoint","urlTemplate":"https:\/\/www.legislapp.com.br\/?s={search_term_string}"},"query-input":{"@type":"PropertyValueSpecification","valueRequired":true,"valueName":"search_term_string"}}],"inLanguage":"pt-BR"},{"@type":"Organization","@id":"https:\/\/www.legislapp.com.br\/#organization","name":"Legislapp Monitoramento e Intelig\u00eancia Governamental","url":"https:\/\/www.legislapp.com.br\/","logo":{"@type":"ImageObject","inLanguage":"pt-BR","@id":"https:\/\/www.legislapp.com.br\/#\/schema\/logo\/image\/","url":"https:\/\/www.legislapp.com.br\/wp-content\/uploads\/icon.png","contentUrl":"https:\/\/www.legislapp.com.br\/wp-content\/uploads\/icon.png","width":1024,"height":1024,"caption":"Legislapp Monitoramento e Intelig\u00eancia Governamental"},"image":{"@id":"https:\/\/www.legislapp.com.br\/#\/schema\/logo\/image\/"},"sameAs":["https:\/\/www.instagram.com\/legislapp\/"]}]}},"_links":{"self":[{"href":"https:\/\/www.legislapp.com.br\/index.php\/wp-json\/wp\/v2\/pages\/7220","targetHints":{"allow":["GET"]}}],"collection":[{"href":"https:\/\/www.legislapp.com.br\/index.php\/wp-json\/wp\/v2\/pages"}],"about":[{"href":"https:\/\/www.legislapp.com.br\/index.php\/wp-json\/wp\/v2\/types\/page"}],"author":[{"embeddable":true,"href":"https:\/\/www.legislapp.com.br\/index.php\/wp-json\/wp\/v2\/users\/1"}],"replies":[{"embeddable":true,"href":"https:\/\/www.legislapp.com.br\/index.php\/wp-json\/wp\/v2\/comments?post=7220"}],"version-history":[{"count":0,"href":"https:\/\/www.legislapp.com.br\/index.php\/wp-json\/wp\/v2\/pages\/7220\/revisions"}],"wp:attachment":[{"href":"https:\/\/www.legislapp.com.br\/index.php\/wp-json\/wp\/v2\/media?parent=7220"}],"curies":[{"name":"wp","href":"https:\/\/api.w.org\/{rel}","templated":true}]}}