{"id":7364,"date":"2025-09-17T13:27:00","date_gmt":"2025-09-17T16:27:00","guid":{"rendered":"https:\/\/www.legislapp.com.br\/index.php\/cam-legislativa-de-mg-pl-3940-2025-2\/"},"modified":"2025-09-17T13:27:00","modified_gmt":"2025-09-17T16:27:00","slug":"cam-legislativa-de-mg-pl-3940-2025-2","status":"publish","type":"page","link":"https:\/\/www.legislapp.com.br\/index.php\/cam-legislativa-de-mg-pl-3940-2025-2\/","title":{"rendered":"PL 3940\/2025 &#8211; Deputados"},"content":{"rendered":"<h1 style='text-align: center;'>C\u00e2m. Legislativa de MG &#8211; Autoria de Deputados<\/h3>\n<p><\/p>\n<article style='text-align: center'>Disp\u00f5e sobre a anistia de multas ambientais e relacionadas \u00e0 atividade<br \/>\npecu\u00e1ria aplicadas a produtores rurais e agricultores familiares<br \/>\nassentados no Estado.<\/article>\n<p><\/p>\n<p style='text-align: center'><a href='https:\/\/app.legislapp.com.br\/#\/busca?termo='><\/a><\/p>\n<p><\/p>\n<article>Disp\u00f5e sobre a anistia de multas ambientais e relacionadas \u00e0 atividade pecu\u00e1ria aplicadas a produtores rurais e agricultores familiares assentados no Estado de Minas Gerais, nos casos em que for comprovada a indevida aplica\u00e7\u00e3o ou desproporcionalidade frente ao valor da propriedade.<br \/>\nA Assembleia Legislativa do Estado de Minas Gerais decreta:<br \/>\nArt. 1\u00ba \u2013 Fica o Poder Executivo autorizado a anistiar, total ou parcialmente, as multas de natureza ambiental e aquelas relacionadas \u00e0 atividade pecu\u00e1ria aplicadas por \u00f3rg\u00e3os estaduais a produtores rurais, agricultores familiares ou assentados da reforma agr\u00e1ria, localizados no Estado de Minas Gerais, desde que cumpridos os requisitos desta Lei.<br \/>\nArt. 2\u00ba \u2013 A anistia de que trata esta lei aplica-se exclusivamente aos casos em que:<br \/>\nI \u2013 haja comprova\u00e7\u00e3o t\u00e9cnica ou jur\u00eddica de que a multa foi indevidamente aplicada;<br \/>\nII \u2013 a multa revele-se manifestamente desproporcional em rela\u00e7\u00e3o ao valor de mercado da propriedade rural ou \u00e0 capacidade contributiva do autuado.<br \/>\nArt. 3\u00ba \u2013 A comprova\u00e7\u00e3o de que trata o artigo anterior dever\u00e1 ser realizada mediante:<br \/>\nI \u2013 laudo t\u00e9cnico de entidade p\u00fablica, cooperativa ou associa\u00e7\u00e3o representativa reconhecida;<br \/>\nII \u2013 decis\u00e3o administrativa ou judicial favor\u00e1vel ao autuado;<br \/>\nIII \u2013 parecer t\u00e9cnico emitido pelo Centro de Autocomposi\u00e7\u00e3o de Conflitos e Seguran\u00e7a Jur\u00eddica para Assuntos Fundi\u00e1rios e Urban\u00edsticos (Compor) do Minist\u00e9rio P\u00fablico do Estado de Minas Gerais, inclusive nos casos em que tenha resultado em Termo de Ajustamento de Conduta \u2013 TAC.<br \/>\nArt. 4\u00ba \u2013 O procedimento de an\u00e1lise dos pedidos de anistia ser\u00e1 regulamentado por decreto do Poder Executivo, observados os princ\u00edpios da legalidade, razoabilidade, proporcionalidade e fun\u00e7\u00e3o social da propriedade.<br \/>\nArt. 5\u00ba \u2013 A anistia prevista nesta lei n\u00e3o exime o benefici\u00e1rio da obriga\u00e7\u00e3o de recupera\u00e7\u00e3o ambiental, se esta for tecnicamente exigida, respeitados os prazos e meios compat\u00edveis com sua realidade socioecon\u00f4mica.<br \/>\nArt. 6\u00ba \u2013 Esta Lei entra em vigor na data de sua publica\u00e7\u00e3o.<br \/>\nSala das Reuni\u00f5es, 13 de junho de 2025.<br \/>\nRicardo Campos (PT), presidente da Comiss\u00e3o de Participa\u00e7\u00e3o Popular.<br \/>\nJustifica\u00e7\u00e3o: O presente projeto de lei tem como objetivo assegurar justi\u00e7a social e seguran\u00e7a jur\u00eddica aos produtores rurais, agricultores familiares e assentados da reforma agr\u00e1ria do Estado de Minas Gerais, especialmente nas regi\u00f5es do Norte mineiro, que v\u00eam sendo impactadas por multas de natureza ambiental e pecu\u00e1ria desproporcionais e, por vezes, aplicadas indevidamente.<br \/>\nDurante audi\u00eancia p\u00fablica realizada pela Comiss\u00e3o de Participa\u00e7\u00e3o Popular, foram colhidos diversos relatos de produtores multados em valores incompat\u00edveis com a realidade econ\u00f4mica de suas propriedades. Casos como o de um agricultor multado em R$300.000,00 por criar 15 cabe\u00e7as de gado em 46 hectares e de uma agricultora penalizada em quase R$10.000.000,00 por cultivar feij\u00e3o e mandioca demonstram flagrante viola\u00e7\u00e3o aos princ\u00edpios da proporcionalidade, razoabilidade e da fun\u00e7\u00e3o social da propriedade.<br \/>\nA proposta permite ao Estado rever tais autua\u00e7\u00f5es, desde que respaldadas por laudos t\u00e9cnicos, decis\u00f5es judiciais ou pareceres do Compor \u2013 Centro de Autocomposi\u00e7\u00e3o de Conflitos e Seguran\u00e7a Jur\u00eddica para Assuntos Fundi\u00e1rios e Urban\u00edsticos do Minist\u00e9rio P\u00fablico de Minas Gerais, especialmente quando forem firmados Termos de Ajustamento de Conduta \u2013 TACs.<br \/>\nA anistia aqui proposta n\u00e3o \u00e9 uma isen\u00e7\u00e3o generalizada, mas um instrumento de corre\u00e7\u00e3o de distor\u00e7\u00f5es administrativas que penalizam de forma injusta a agricultura de subsist\u00eancia e a produ\u00e7\u00e3o coletiva em \u00e1reas demarcadas pelo Incra. Al\u00e9m disso, a lei preserva a exig\u00eancia de recupera\u00e7\u00e3o ambiental quando tecnicamente necess\u00e1ria, desde que adaptada \u00e0 capacidade do pequeno produtor.<br \/>\nDessa forma, o projeto busca compatibilizar a prote\u00e7\u00e3o ambiental com os direitos fundamentais \u00e0 moradia, \u00e0 alimenta\u00e7\u00e3o e ao trabalho digno no campo, promovendo paz social e seguran\u00e7a jur\u00eddica no meio rural mineiro.<br \/>\n\u2013 Publicado, vai o projeto \u00e0s Comiss\u00f5es de Justi\u00e7a, de Agropecu\u00e1ria, de Meio Ambiente e de Fiscaliza\u00e7\u00e3o Financeira para parecer, nos termos do art. 188, c\/c o art. 102, do Regimento Interno.<\/article>\n<div style=\"text-align: center\">\n<div style=\"margin-bottom: 20px;\" class=\"et_pb_button_module_wrapper et_pb_button_5_tb_body_wrapper et_pb_button_alignment_center et_pb_module \">\n         <a class=\"et_pb_button et_pb_button_5_tb_body et_hover_enabled et_pb_bg_layout_dark\" style=\"width: 50%;background-color: black;\" href=\"https:\/\/app.legislapp.com.br\" target=\"_blank\" rel=\"noopener\">Visualizar completo na nossa plataforma (30 dias gr\u00e1tis)<\/a><\/p><\/div>\n<p>      <a href=\"https:\/\/play.google.com\/store\/apps\/details?id=br.com.legislapp\"><img decoding=\"async\" style=\"width: 15%; min-width: 130px;\" src=\"https:\/\/www.legislapp.com.br\/wp-content\/uploads\/google-play.png\"><\/a><br \/>\n      <a href=\"https:\/\/apps.apple.com\/us\/app\/legislapp\/id1568929859\"><img decoding=\"async\" style=\"width: 15%; min-width: 130px\" src=\"https:\/\/www.legislapp.com.br\/wp-content\/uploads\/apple-store.png\"><\/a>\n   <\/div>\n","protected":false},"excerpt":{"rendered":"<p>C\u00e2m. Legislativa de MG &#8211; Autoria de Deputados Disp\u00f5e sobre a anistia de multas ambientais e relacionadas \u00e0 atividade pecu\u00e1ria aplicadas a produtores rurais e agricultores familiares assentados no Estado. Disp\u00f5e sobre a anistia de multas ambientais e relacionadas \u00e0 atividade pecu\u00e1ria aplicadas a produtores rurais e agricultores familiares assentados no Estado de Minas Gerais, [&hellip;]<\/p>\n","protected":false},"author":1,"featured_media":0,"parent":0,"menu_order":0,"comment_status":"closed","ping_status":"closed","template":"page-template-blank.php","meta":{"_et_pb_use_builder":"","_et_pb_old_content":"","_et_gb_content_width":"1080","ngg_post_thumbnail":0,"footnotes":""},"class_list":["post-7364","page","type-page","status-publish","hentry"],"yoast_head":"<!-- This site is optimized with the Yoast SEO plugin v24.4 - https:\/\/yoast.com\/wordpress\/plugins\/seo\/ -->\n<title>PL 3940\/2025 - Deputados - Legislapp<\/title>\n<meta name=\"robots\" content=\"index, follow, max-snippet:-1, max-image-preview:large, max-video-preview:-1\" \/>\n<link rel=\"canonical\" href=\"https:\/\/www.legislapp.com.br\/index.php\/cam-legislativa-de-mg-pl-3940-2025-2\/\" \/>\n<meta property=\"og:locale\" content=\"pt_BR\" \/>\n<meta property=\"og:type\" content=\"article\" \/>\n<meta property=\"og:title\" content=\"PL 3940\/2025 - Deputados - Legislapp\" \/>\n<meta property=\"og:description\" content=\"C\u00e2m. Legislativa de MG &#8211; Autoria de Deputados Disp\u00f5e sobre a anistia de multas ambientais e relacionadas \u00e0 atividade pecu\u00e1ria aplicadas a produtores rurais e agricultores familiares assentados no Estado. Disp\u00f5e sobre a anistia de multas ambientais e relacionadas \u00e0 atividade pecu\u00e1ria aplicadas a produtores rurais e agricultores familiares assentados no Estado de Minas Gerais, [&hellip;]\" \/>\n<meta property=\"og:url\" content=\"https:\/\/www.legislapp.com.br\/index.php\/cam-legislativa-de-mg-pl-3940-2025-2\/\" \/>\n<meta property=\"og:site_name\" content=\"Legislapp\" \/>\n<meta property=\"article:publisher\" content=\"https:\/\/www.instagram.com\/legislapp\/\" \/>\n<meta property=\"og:image\" content=\"https:\/\/www.legislapp.com.br\/wp-content\/uploads\/google-play.png\" \/>\n<meta name=\"twitter:card\" content=\"summary_large_image\" \/>\n<meta name=\"twitter:label1\" content=\"Est. tempo de leitura\" \/>\n\t<meta name=\"twitter:data1\" content=\"4 minutos\" \/>\n<script type=\"application\/ld+json\" class=\"yoast-schema-graph\">{\"@context\":\"https:\/\/schema.org\",\"@graph\":[{\"@type\":\"WebPage\",\"@id\":\"https:\/\/www.legislapp.com.br\/index.php\/cam-legislativa-de-mg-pl-3940-2025-2\/\",\"url\":\"https:\/\/www.legislapp.com.br\/index.php\/cam-legislativa-de-mg-pl-3940-2025-2\/\",\"name\":\"PL 3940\/2025 - Deputados - Legislapp\",\"isPartOf\":{\"@id\":\"https:\/\/www.legislapp.com.br\/#website\"},\"primaryImageOfPage\":{\"@id\":\"https:\/\/www.legislapp.com.br\/index.php\/cam-legislativa-de-mg-pl-3940-2025-2\/#primaryimage\"},\"image\":{\"@id\":\"https:\/\/www.legislapp.com.br\/index.php\/cam-legislativa-de-mg-pl-3940-2025-2\/#primaryimage\"},\"thumbnailUrl\":\"https:\/\/www.legislapp.com.br\/wp-content\/uploads\/google-play.png\",\"datePublished\":\"2025-09-17T16:27:00+00:00\",\"breadcrumb\":{\"@id\":\"https:\/\/www.legislapp.com.br\/index.php\/cam-legislativa-de-mg-pl-3940-2025-2\/#breadcrumb\"},\"inLanguage\":\"pt-BR\",\"potentialAction\":[{\"@type\":\"ReadAction\",\"target\":[\"https:\/\/www.legislapp.com.br\/index.php\/cam-legislativa-de-mg-pl-3940-2025-2\/\"]}]},{\"@type\":\"ImageObject\",\"inLanguage\":\"pt-BR\",\"@id\":\"https:\/\/www.legislapp.com.br\/index.php\/cam-legislativa-de-mg-pl-3940-2025-2\/#primaryimage\",\"url\":\"https:\/\/www.legislapp.com.br\/wp-content\/uploads\/google-play.png\",\"contentUrl\":\"https:\/\/www.legislapp.com.br\/wp-content\/uploads\/google-play.png\",\"width\":564,\"height\":168},{\"@type\":\"BreadcrumbList\",\"@id\":\"https:\/\/www.legislapp.com.br\/index.php\/cam-legislativa-de-mg-pl-3940-2025-2\/#breadcrumb\",\"itemListElement\":[{\"@type\":\"ListItem\",\"position\":1,\"name\":\"In\u00edcio\",\"item\":\"https:\/\/www.legislapp.com.br\/\"},{\"@type\":\"ListItem\",\"position\":2,\"name\":\"PL 3940\/2025 &#8211; Deputados\"}]},{\"@type\":\"WebSite\",\"@id\":\"https:\/\/www.legislapp.com.br\/#website\",\"url\":\"https:\/\/www.legislapp.com.br\/\",\"name\":\"Legislapp\",\"description\":\"Intelig\u00eancia governamental em tempo real\",\"publisher\":{\"@id\":\"https:\/\/www.legislapp.com.br\/#organization\"},\"potentialAction\":[{\"@type\":\"SearchAction\",\"target\":{\"@type\":\"EntryPoint\",\"urlTemplate\":\"https:\/\/www.legislapp.com.br\/?s={search_term_string}\"},\"query-input\":{\"@type\":\"PropertyValueSpecification\",\"valueRequired\":true,\"valueName\":\"search_term_string\"}}],\"inLanguage\":\"pt-BR\"},{\"@type\":\"Organization\",\"@id\":\"https:\/\/www.legislapp.com.br\/#organization\",\"name\":\"Legislapp Monitoramento e Intelig\u00eancia Governamental\",\"url\":\"https:\/\/www.legislapp.com.br\/\",\"logo\":{\"@type\":\"ImageObject\",\"inLanguage\":\"pt-BR\",\"@id\":\"https:\/\/www.legislapp.com.br\/#\/schema\/logo\/image\/\",\"url\":\"https:\/\/www.legislapp.com.br\/wp-content\/uploads\/icon.png\",\"contentUrl\":\"https:\/\/www.legislapp.com.br\/wp-content\/uploads\/icon.png\",\"width\":1024,\"height\":1024,\"caption\":\"Legislapp Monitoramento e Intelig\u00eancia Governamental\"},\"image\":{\"@id\":\"https:\/\/www.legislapp.com.br\/#\/schema\/logo\/image\/\"},\"sameAs\":[\"https:\/\/www.instagram.com\/legislapp\/\"]}]}<\/script>\n<!-- \/ Yoast SEO plugin. -->","yoast_head_json":{"title":"PL 3940\/2025 - Deputados - Legislapp","robots":{"index":"index","follow":"follow","max-snippet":"max-snippet:-1","max-image-preview":"max-image-preview:large","max-video-preview":"max-video-preview:-1"},"canonical":"https:\/\/www.legislapp.com.br\/index.php\/cam-legislativa-de-mg-pl-3940-2025-2\/","og_locale":"pt_BR","og_type":"article","og_title":"PL 3940\/2025 - Deputados - Legislapp","og_description":"C\u00e2m. Legislativa de MG &#8211; Autoria de Deputados Disp\u00f5e sobre a anistia de multas ambientais e relacionadas \u00e0 atividade pecu\u00e1ria aplicadas a produtores rurais e agricultores familiares assentados no Estado. Disp\u00f5e sobre a anistia de multas ambientais e relacionadas \u00e0 atividade pecu\u00e1ria aplicadas a produtores rurais e agricultores familiares assentados no Estado de Minas Gerais, [&hellip;]","og_url":"https:\/\/www.legislapp.com.br\/index.php\/cam-legislativa-de-mg-pl-3940-2025-2\/","og_site_name":"Legislapp","article_publisher":"https:\/\/www.instagram.com\/legislapp\/","og_image":[{"url":"https:\/\/www.legislapp.com.br\/wp-content\/uploads\/google-play.png","type":"","width":"","height":""}],"twitter_card":"summary_large_image","twitter_misc":{"Est. tempo de leitura":"4 minutos"},"schema":{"@context":"https:\/\/schema.org","@graph":[{"@type":"WebPage","@id":"https:\/\/www.legislapp.com.br\/index.php\/cam-legislativa-de-mg-pl-3940-2025-2\/","url":"https:\/\/www.legislapp.com.br\/index.php\/cam-legislativa-de-mg-pl-3940-2025-2\/","name":"PL 3940\/2025 - Deputados - Legislapp","isPartOf":{"@id":"https:\/\/www.legislapp.com.br\/#website"},"primaryImageOfPage":{"@id":"https:\/\/www.legislapp.com.br\/index.php\/cam-legislativa-de-mg-pl-3940-2025-2\/#primaryimage"},"image":{"@id":"https:\/\/www.legislapp.com.br\/index.php\/cam-legislativa-de-mg-pl-3940-2025-2\/#primaryimage"},"thumbnailUrl":"https:\/\/www.legislapp.com.br\/wp-content\/uploads\/google-play.png","datePublished":"2025-09-17T16:27:00+00:00","breadcrumb":{"@id":"https:\/\/www.legislapp.com.br\/index.php\/cam-legislativa-de-mg-pl-3940-2025-2\/#breadcrumb"},"inLanguage":"pt-BR","potentialAction":[{"@type":"ReadAction","target":["https:\/\/www.legislapp.com.br\/index.php\/cam-legislativa-de-mg-pl-3940-2025-2\/"]}]},{"@type":"ImageObject","inLanguage":"pt-BR","@id":"https:\/\/www.legislapp.com.br\/index.php\/cam-legislativa-de-mg-pl-3940-2025-2\/#primaryimage","url":"https:\/\/www.legislapp.com.br\/wp-content\/uploads\/google-play.png","contentUrl":"https:\/\/www.legislapp.com.br\/wp-content\/uploads\/google-play.png","width":564,"height":168},{"@type":"BreadcrumbList","@id":"https:\/\/www.legislapp.com.br\/index.php\/cam-legislativa-de-mg-pl-3940-2025-2\/#breadcrumb","itemListElement":[{"@type":"ListItem","position":1,"name":"In\u00edcio","item":"https:\/\/www.legislapp.com.br\/"},{"@type":"ListItem","position":2,"name":"PL 3940\/2025 &#8211; Deputados"}]},{"@type":"WebSite","@id":"https:\/\/www.legislapp.com.br\/#website","url":"https:\/\/www.legislapp.com.br\/","name":"Legislapp","description":"Intelig\u00eancia governamental em tempo real","publisher":{"@id":"https:\/\/www.legislapp.com.br\/#organization"},"potentialAction":[{"@type":"SearchAction","target":{"@type":"EntryPoint","urlTemplate":"https:\/\/www.legislapp.com.br\/?s={search_term_string}"},"query-input":{"@type":"PropertyValueSpecification","valueRequired":true,"valueName":"search_term_string"}}],"inLanguage":"pt-BR"},{"@type":"Organization","@id":"https:\/\/www.legislapp.com.br\/#organization","name":"Legislapp Monitoramento e Intelig\u00eancia Governamental","url":"https:\/\/www.legislapp.com.br\/","logo":{"@type":"ImageObject","inLanguage":"pt-BR","@id":"https:\/\/www.legislapp.com.br\/#\/schema\/logo\/image\/","url":"https:\/\/www.legislapp.com.br\/wp-content\/uploads\/icon.png","contentUrl":"https:\/\/www.legislapp.com.br\/wp-content\/uploads\/icon.png","width":1024,"height":1024,"caption":"Legislapp Monitoramento e Intelig\u00eancia Governamental"},"image":{"@id":"https:\/\/www.legislapp.com.br\/#\/schema\/logo\/image\/"},"sameAs":["https:\/\/www.instagram.com\/legislapp\/"]}]}},"_links":{"self":[{"href":"https:\/\/www.legislapp.com.br\/index.php\/wp-json\/wp\/v2\/pages\/7364","targetHints":{"allow":["GET"]}}],"collection":[{"href":"https:\/\/www.legislapp.com.br\/index.php\/wp-json\/wp\/v2\/pages"}],"about":[{"href":"https:\/\/www.legislapp.com.br\/index.php\/wp-json\/wp\/v2\/types\/page"}],"author":[{"embeddable":true,"href":"https:\/\/www.legislapp.com.br\/index.php\/wp-json\/wp\/v2\/users\/1"}],"replies":[{"embeddable":true,"href":"https:\/\/www.legislapp.com.br\/index.php\/wp-json\/wp\/v2\/comments?post=7364"}],"version-history":[{"count":0,"href":"https:\/\/www.legislapp.com.br\/index.php\/wp-json\/wp\/v2\/pages\/7364\/revisions"}],"wp:attachment":[{"href":"https:\/\/www.legislapp.com.br\/index.php\/wp-json\/wp\/v2\/media?parent=7364"}],"curies":[{"name":"wp","href":"https:\/\/api.w.org\/{rel}","templated":true}]}}