{"id":7529,"date":"2025-09-17T13:36:07","date_gmt":"2025-09-17T16:36:07","guid":{"rendered":"https:\/\/www.legislapp.com.br\/index.php\/cam-legislativa-de-mg-pl-3816-2025-2\/"},"modified":"2025-09-17T13:36:07","modified_gmt":"2025-09-17T16:36:07","slug":"cam-legislativa-de-mg-pl-3816-2025-2","status":"publish","type":"page","link":"https:\/\/www.legislapp.com.br\/index.php\/cam-legislativa-de-mg-pl-3816-2025-2\/","title":{"rendered":"PL 3816\/2025 &#8211; Deputados"},"content":{"rendered":"<h1 style='text-align: center;'>C\u00e2m. Legislativa de MG &#8211; Autoria de Deputados<\/h3>\n<p><\/p>\n<article style='text-align: center'>Disp\u00f5e sobre a obrigatoriedade de bares, restaurantes e estabelecimentos<br \/>\nsimilares no Estado manterem card\u00e1pios impressos para consulta dos<br \/>\nclientes e concederem acesso gratuito \u00e0 internet no caso de<br \/>\ndisponibiliza\u00e7\u00e3o de card\u00e1pio digital.<\/article>\n<p><\/p>\n<p style='text-align: center'><a href='https:\/\/app.legislapp.com.br\/#\/busca?termo='><\/a><\/p>\n<p><\/p>\n<article>Disp\u00f5e sobre a obrigatoriedade de bares, restaurantes e estabelecimentos similares manterem card\u00e1pios impressos para consulta dos clientes e sobre a oferta de acesso gratuito \u00e0 internet nos casos de disponibiliza\u00e7\u00e3o de card\u00e1pio digital e d\u00e1 outras provid\u00eancias.<br \/>\nA Assembleia Legislativa do Estado de Minas Gerais decreta:<br \/>\nArt. 1\u00ba \u2013 Ficam obrigados os bares, restaurantes, lanchonetes e estabelecimentos similares, localizados no Estado de Minas Gerais, a manterem, permanentemente, card\u00e1pios impressos para consulta de seus clientes.<br \/>\n\u00a7 1\u00ba \u2013 A disponibiliza\u00e7\u00e3o de card\u00e1pio exclusivamente em formato digital \u00e9 vedada.<br \/>\n\u00a7 2\u00ba \u2013 O card\u00e1pio impresso dever\u00e1 ser atualizado sempre que houver altera\u00e7\u00e3o nos pre\u00e7os, itens ou informa\u00e7\u00f5es relevantes, garantindo a equival\u00eancia com o card\u00e1pio digital, quando houver.<br \/>\nArt. 2\u00ba \u2013 Caso o estabelecimento disponibilize card\u00e1pio em formato digital, dever\u00e1 obrigatoriamente oferecer acesso gratuito \u00e0 internet (wi-fi) para seus clientes.<br \/>\n\u00a7 1\u00ba \u2013 O acesso \u00e0 internet dever\u00e1 ser de qualidade suficiente para a adequada utiliza\u00e7\u00e3o do card\u00e1pio digital.<br \/>\n\u00a7 2\u00ba \u2013 O acesso dever\u00e1 ser disponibilizado sem exig\u00eancia de cadastro excessivamente oneroso ou compartilhamento indevido de dados pessoais, respeitando a legisla\u00e7\u00e3o vigente sobre prote\u00e7\u00e3o de dados (Lei Federal n\u00ba 13.709\/2018).<br \/>\nArt. 3\u00ba \u2013 O descumprimento do disposto nesta lei sujeitar\u00e1 o estabelecimento \u00e0s seguintes penalidades:<br \/>\nI \u2013 advert\u00eancia, na primeira autua\u00e7\u00e3o;<br \/>\nII \u2013 multa, dobrada em caso de reincid\u00eancia;<br \/>\nIII \u2013 suspens\u00e3o do alvar\u00e1 de funcionamento, ap\u00f3s terceira reincid\u00eancia, at\u00e9 a regulariza\u00e7\u00e3o.<br \/>\nArt. 4\u00ba \u2013 O Poder Executivo regulamentar\u00e1 esta lei, no que couber.<br \/>\nArt. 5\u00ba \u2013 Os estabelecimentos ter\u00e3o o prazo de 90 (noventa) dias, contados da publica\u00e7\u00e3o desta lei, para se adequarem \u00e0s suas disposi\u00e7\u00f5es.<br \/>\nArt. 6\u00ba \u2013 Esta lei entra em vigor na data de sua publica\u00e7\u00e3o.<br \/>\nSala das Reuni\u00f5es, 7 de maio de 2025.<br \/>\nCharles Santos (Republicanos)<br \/>\nJustifica\u00e7\u00e3o: O presente projeto de lei tem como objetivo assegurar o direito de acesso amplo e democr\u00e1tico \u00e0 informa\u00e7\u00e3o nos estabelecimentos de alimenta\u00e7\u00e3o do Estado de Minas Gerais, garantindo que bares, restaurantes, lanchonetes e similares mantenham card\u00e1pios impressos dispon\u00edveis a seus clientes.<br \/>\nCom o avan\u00e7o da tecnologia, muitos estabelecimentos passaram a disponibilizar seus card\u00e1pios exclusivamente por meio digital, utilizando QR Codes e aplicativos. Embora essa pr\u00e1tica seja moderna e pr\u00e1tica para parte dos consumidores, ela exclui parcela significativa da popula\u00e7\u00e3o que, por diversos motivos, pode enfrentar dificuldades no acesso a dispositivos m\u00f3veis, \u00e0 internet ou na familiariza\u00e7\u00e3o com tecnologias digitais, como idosos, pessoas com defici\u00eancia, ou cidad\u00e3os em situa\u00e7\u00e3o de vulnerabilidade.<br \/>\nAo exigir a manuten\u00e7\u00e3o de card\u00e1pios impressos, esta proposta busca proteger o consumidor, promovendo a inclus\u00e3o social e o respeito ao direito b\u00e1sico \u00e0 informa\u00e7\u00e3o clara e adequada, conforme previsto no C\u00f3digo de Defesa do Consumidor (Lei Federal n\u00ba 8.078\/1990).<br \/>\nAl\u00e9m disso, nos casos em que o card\u00e1pio digital seja disponibilizado, a obriga\u00e7\u00e3o de fornecimento de acesso gratuito \u00e0 internet (wi-fi) assegura que o cliente possa, de fato, consultar o card\u00e1pio digital de maneira eficiente, sem onerar seu pr\u00f3prio pacote de dados, garantindo uma experi\u00eancia mais justa e acess\u00edvel a todos.<br \/>\nRessalta-se que a medida proposta tamb\u00e9m respeita a prote\u00e7\u00e3o de dados pessoais, ao proibir a coleta excessiva ou indevida de informa\u00e7\u00f5es para acesso ao servi\u00e7o de wi-fi, em conson\u00e2ncia com a Lei Federal n\u00ba 13.709\/2018 \u2013 Lei Geral de Prote\u00e7\u00e3o de Dados Pessoais \u2013 LGPD.<br \/>\nPor fim, o projeto n\u00e3o impede a inova\u00e7\u00e3o e o uso da tecnologia, apenas estabelece garantias m\u00ednimas de respeito e acessibilidade ao consumidor, equilibrando modernidade com inclus\u00e3o e transpar\u00eancia.<br \/>\nDiante da relev\u00e2ncia da mat\u00e9ria e do impacto positivo que trar\u00e1 \u00e0 popula\u00e7\u00e3o, conto com o apoio dos nobres pares para a aprova\u00e7\u00e3o deste projeto de lei.<br \/>\n\u2013 Semelhante proposi\u00e7\u00e3o foi apresentada anteriormente pelo deputado Delegado Christiano Xavier. Anexe-se ao Projeto de Lei n\u00ba 385\/2023, nos termos do \u00a7 2\u00ba do art. 173 do Regimento Interno.<\/article>\n<div style=\"text-align: center\">\n<div style=\"margin-bottom: 20px;\" class=\"et_pb_button_module_wrapper et_pb_button_5_tb_body_wrapper et_pb_button_alignment_center et_pb_module \">\n         <a class=\"et_pb_button et_pb_button_5_tb_body et_hover_enabled et_pb_bg_layout_dark\" style=\"width: 50%;background-color: black;\" href=\"https:\/\/app.legislapp.com.br\" target=\"_blank\" rel=\"noopener\">Visualizar completo na nossa plataforma (30 dias gr\u00e1tis)<\/a><\/p><\/div>\n<p>      <a href=\"https:\/\/play.google.com\/store\/apps\/details?id=br.com.legislapp\"><img decoding=\"async\" style=\"width: 15%; min-width: 130px;\" src=\"https:\/\/www.legislapp.com.br\/wp-content\/uploads\/google-play.png\"><\/a><br \/>\n      <a href=\"https:\/\/apps.apple.com\/us\/app\/legislapp\/id1568929859\"><img decoding=\"async\" style=\"width: 15%; min-width: 130px\" src=\"https:\/\/www.legislapp.com.br\/wp-content\/uploads\/apple-store.png\"><\/a>\n   <\/div>\n","protected":false},"excerpt":{"rendered":"<p>C\u00e2m. Legislativa de MG &#8211; Autoria de Deputados Disp\u00f5e sobre a obrigatoriedade de bares, restaurantes e estabelecimentos similares no Estado manterem card\u00e1pios impressos para consulta dos clientes e concederem acesso gratuito \u00e0 internet no caso de disponibiliza\u00e7\u00e3o de card\u00e1pio digital. Disp\u00f5e sobre a obrigatoriedade de bares, restaurantes e estabelecimentos similares manterem card\u00e1pios impressos para consulta [&hellip;]<\/p>\n","protected":false},"author":1,"featured_media":0,"parent":0,"menu_order":0,"comment_status":"closed","ping_status":"closed","template":"page-template-blank.php","meta":{"_et_pb_use_builder":"","_et_pb_old_content":"","_et_gb_content_width":"1080","ngg_post_thumbnail":0,"footnotes":""},"class_list":["post-7529","page","type-page","status-publish","hentry"],"yoast_head":"<!-- This site is optimized with the Yoast SEO plugin v24.4 - https:\/\/yoast.com\/wordpress\/plugins\/seo\/ -->\n<title>PL 3816\/2025 - Deputados - Legislapp<\/title>\n<meta name=\"robots\" content=\"index, follow, max-snippet:-1, max-image-preview:large, max-video-preview:-1\" \/>\n<link rel=\"canonical\" href=\"https:\/\/www.legislapp.com.br\/index.php\/cam-legislativa-de-mg-pl-3816-2025-2\/\" \/>\n<meta property=\"og:locale\" content=\"pt_BR\" \/>\n<meta property=\"og:type\" content=\"article\" \/>\n<meta property=\"og:title\" content=\"PL 3816\/2025 - Deputados - Legislapp\" \/>\n<meta property=\"og:description\" content=\"C\u00e2m. Legislativa de MG &#8211; Autoria de Deputados Disp\u00f5e sobre a obrigatoriedade de bares, restaurantes e estabelecimentos similares no Estado manterem card\u00e1pios impressos para consulta dos clientes e concederem acesso gratuito \u00e0 internet no caso de disponibiliza\u00e7\u00e3o de card\u00e1pio digital. Disp\u00f5e sobre a obrigatoriedade de bares, restaurantes e estabelecimentos similares manterem card\u00e1pios impressos para consulta [&hellip;]\" \/>\n<meta property=\"og:url\" content=\"https:\/\/www.legislapp.com.br\/index.php\/cam-legislativa-de-mg-pl-3816-2025-2\/\" \/>\n<meta property=\"og:site_name\" content=\"Legislapp\" \/>\n<meta property=\"article:publisher\" content=\"https:\/\/www.instagram.com\/legislapp\/\" \/>\n<meta property=\"og:image\" content=\"https:\/\/www.legislapp.com.br\/wp-content\/uploads\/google-play.png\" \/>\n<meta name=\"twitter:card\" content=\"summary_large_image\" \/>\n<meta name=\"twitter:label1\" content=\"Est. tempo de leitura\" \/>\n\t<meta name=\"twitter:data1\" content=\"4 minutos\" \/>\n<script type=\"application\/ld+json\" class=\"yoast-schema-graph\">{\"@context\":\"https:\/\/schema.org\",\"@graph\":[{\"@type\":\"WebPage\",\"@id\":\"https:\/\/www.legislapp.com.br\/index.php\/cam-legislativa-de-mg-pl-3816-2025-2\/\",\"url\":\"https:\/\/www.legislapp.com.br\/index.php\/cam-legislativa-de-mg-pl-3816-2025-2\/\",\"name\":\"PL 3816\/2025 - Deputados - Legislapp\",\"isPartOf\":{\"@id\":\"https:\/\/www.legislapp.com.br\/#website\"},\"primaryImageOfPage\":{\"@id\":\"https:\/\/www.legislapp.com.br\/index.php\/cam-legislativa-de-mg-pl-3816-2025-2\/#primaryimage\"},\"image\":{\"@id\":\"https:\/\/www.legislapp.com.br\/index.php\/cam-legislativa-de-mg-pl-3816-2025-2\/#primaryimage\"},\"thumbnailUrl\":\"https:\/\/www.legislapp.com.br\/wp-content\/uploads\/google-play.png\",\"datePublished\":\"2025-09-17T16:36:07+00:00\",\"breadcrumb\":{\"@id\":\"https:\/\/www.legislapp.com.br\/index.php\/cam-legislativa-de-mg-pl-3816-2025-2\/#breadcrumb\"},\"inLanguage\":\"pt-BR\",\"potentialAction\":[{\"@type\":\"ReadAction\",\"target\":[\"https:\/\/www.legislapp.com.br\/index.php\/cam-legislativa-de-mg-pl-3816-2025-2\/\"]}]},{\"@type\":\"ImageObject\",\"inLanguage\":\"pt-BR\",\"@id\":\"https:\/\/www.legislapp.com.br\/index.php\/cam-legislativa-de-mg-pl-3816-2025-2\/#primaryimage\",\"url\":\"https:\/\/www.legislapp.com.br\/wp-content\/uploads\/google-play.png\",\"contentUrl\":\"https:\/\/www.legislapp.com.br\/wp-content\/uploads\/google-play.png\",\"width\":564,\"height\":168},{\"@type\":\"BreadcrumbList\",\"@id\":\"https:\/\/www.legislapp.com.br\/index.php\/cam-legislativa-de-mg-pl-3816-2025-2\/#breadcrumb\",\"itemListElement\":[{\"@type\":\"ListItem\",\"position\":1,\"name\":\"In\u00edcio\",\"item\":\"https:\/\/www.legislapp.com.br\/\"},{\"@type\":\"ListItem\",\"position\":2,\"name\":\"PL 3816\/2025 &#8211; Deputados\"}]},{\"@type\":\"WebSite\",\"@id\":\"https:\/\/www.legislapp.com.br\/#website\",\"url\":\"https:\/\/www.legislapp.com.br\/\",\"name\":\"Legislapp\",\"description\":\"Intelig\u00eancia governamental em tempo real\",\"publisher\":{\"@id\":\"https:\/\/www.legislapp.com.br\/#organization\"},\"potentialAction\":[{\"@type\":\"SearchAction\",\"target\":{\"@type\":\"EntryPoint\",\"urlTemplate\":\"https:\/\/www.legislapp.com.br\/?s={search_term_string}\"},\"query-input\":{\"@type\":\"PropertyValueSpecification\",\"valueRequired\":true,\"valueName\":\"search_term_string\"}}],\"inLanguage\":\"pt-BR\"},{\"@type\":\"Organization\",\"@id\":\"https:\/\/www.legislapp.com.br\/#organization\",\"name\":\"Legislapp Monitoramento e Intelig\u00eancia Governamental\",\"url\":\"https:\/\/www.legislapp.com.br\/\",\"logo\":{\"@type\":\"ImageObject\",\"inLanguage\":\"pt-BR\",\"@id\":\"https:\/\/www.legislapp.com.br\/#\/schema\/logo\/image\/\",\"url\":\"https:\/\/www.legislapp.com.br\/wp-content\/uploads\/icon.png\",\"contentUrl\":\"https:\/\/www.legislapp.com.br\/wp-content\/uploads\/icon.png\",\"width\":1024,\"height\":1024,\"caption\":\"Legislapp Monitoramento e Intelig\u00eancia Governamental\"},\"image\":{\"@id\":\"https:\/\/www.legislapp.com.br\/#\/schema\/logo\/image\/\"},\"sameAs\":[\"https:\/\/www.instagram.com\/legislapp\/\"]}]}<\/script>\n<!-- \/ Yoast SEO plugin. -->","yoast_head_json":{"title":"PL 3816\/2025 - Deputados - Legislapp","robots":{"index":"index","follow":"follow","max-snippet":"max-snippet:-1","max-image-preview":"max-image-preview:large","max-video-preview":"max-video-preview:-1"},"canonical":"https:\/\/www.legislapp.com.br\/index.php\/cam-legislativa-de-mg-pl-3816-2025-2\/","og_locale":"pt_BR","og_type":"article","og_title":"PL 3816\/2025 - Deputados - Legislapp","og_description":"C\u00e2m. Legislativa de MG &#8211; Autoria de Deputados Disp\u00f5e sobre a obrigatoriedade de bares, restaurantes e estabelecimentos similares no Estado manterem card\u00e1pios impressos para consulta dos clientes e concederem acesso gratuito \u00e0 internet no caso de disponibiliza\u00e7\u00e3o de card\u00e1pio digital. Disp\u00f5e sobre a obrigatoriedade de bares, restaurantes e estabelecimentos similares manterem card\u00e1pios impressos para consulta [&hellip;]","og_url":"https:\/\/www.legislapp.com.br\/index.php\/cam-legislativa-de-mg-pl-3816-2025-2\/","og_site_name":"Legislapp","article_publisher":"https:\/\/www.instagram.com\/legislapp\/","og_image":[{"url":"https:\/\/www.legislapp.com.br\/wp-content\/uploads\/google-play.png","type":"","width":"","height":""}],"twitter_card":"summary_large_image","twitter_misc":{"Est. tempo de leitura":"4 minutos"},"schema":{"@context":"https:\/\/schema.org","@graph":[{"@type":"WebPage","@id":"https:\/\/www.legislapp.com.br\/index.php\/cam-legislativa-de-mg-pl-3816-2025-2\/","url":"https:\/\/www.legislapp.com.br\/index.php\/cam-legislativa-de-mg-pl-3816-2025-2\/","name":"PL 3816\/2025 - Deputados - Legislapp","isPartOf":{"@id":"https:\/\/www.legislapp.com.br\/#website"},"primaryImageOfPage":{"@id":"https:\/\/www.legislapp.com.br\/index.php\/cam-legislativa-de-mg-pl-3816-2025-2\/#primaryimage"},"image":{"@id":"https:\/\/www.legislapp.com.br\/index.php\/cam-legislativa-de-mg-pl-3816-2025-2\/#primaryimage"},"thumbnailUrl":"https:\/\/www.legislapp.com.br\/wp-content\/uploads\/google-play.png","datePublished":"2025-09-17T16:36:07+00:00","breadcrumb":{"@id":"https:\/\/www.legislapp.com.br\/index.php\/cam-legislativa-de-mg-pl-3816-2025-2\/#breadcrumb"},"inLanguage":"pt-BR","potentialAction":[{"@type":"ReadAction","target":["https:\/\/www.legislapp.com.br\/index.php\/cam-legislativa-de-mg-pl-3816-2025-2\/"]}]},{"@type":"ImageObject","inLanguage":"pt-BR","@id":"https:\/\/www.legislapp.com.br\/index.php\/cam-legislativa-de-mg-pl-3816-2025-2\/#primaryimage","url":"https:\/\/www.legislapp.com.br\/wp-content\/uploads\/google-play.png","contentUrl":"https:\/\/www.legislapp.com.br\/wp-content\/uploads\/google-play.png","width":564,"height":168},{"@type":"BreadcrumbList","@id":"https:\/\/www.legislapp.com.br\/index.php\/cam-legislativa-de-mg-pl-3816-2025-2\/#breadcrumb","itemListElement":[{"@type":"ListItem","position":1,"name":"In\u00edcio","item":"https:\/\/www.legislapp.com.br\/"},{"@type":"ListItem","position":2,"name":"PL 3816\/2025 &#8211; Deputados"}]},{"@type":"WebSite","@id":"https:\/\/www.legislapp.com.br\/#website","url":"https:\/\/www.legislapp.com.br\/","name":"Legislapp","description":"Intelig\u00eancia governamental em tempo real","publisher":{"@id":"https:\/\/www.legislapp.com.br\/#organization"},"potentialAction":[{"@type":"SearchAction","target":{"@type":"EntryPoint","urlTemplate":"https:\/\/www.legislapp.com.br\/?s={search_term_string}"},"query-input":{"@type":"PropertyValueSpecification","valueRequired":true,"valueName":"search_term_string"}}],"inLanguage":"pt-BR"},{"@type":"Organization","@id":"https:\/\/www.legislapp.com.br\/#organization","name":"Legislapp Monitoramento e Intelig\u00eancia Governamental","url":"https:\/\/www.legislapp.com.br\/","logo":{"@type":"ImageObject","inLanguage":"pt-BR","@id":"https:\/\/www.legislapp.com.br\/#\/schema\/logo\/image\/","url":"https:\/\/www.legislapp.com.br\/wp-content\/uploads\/icon.png","contentUrl":"https:\/\/www.legislapp.com.br\/wp-content\/uploads\/icon.png","width":1024,"height":1024,"caption":"Legislapp Monitoramento e Intelig\u00eancia Governamental"},"image":{"@id":"https:\/\/www.legislapp.com.br\/#\/schema\/logo\/image\/"},"sameAs":["https:\/\/www.instagram.com\/legislapp\/"]}]}},"_links":{"self":[{"href":"https:\/\/www.legislapp.com.br\/index.php\/wp-json\/wp\/v2\/pages\/7529","targetHints":{"allow":["GET"]}}],"collection":[{"href":"https:\/\/www.legislapp.com.br\/index.php\/wp-json\/wp\/v2\/pages"}],"about":[{"href":"https:\/\/www.legislapp.com.br\/index.php\/wp-json\/wp\/v2\/types\/page"}],"author":[{"embeddable":true,"href":"https:\/\/www.legislapp.com.br\/index.php\/wp-json\/wp\/v2\/users\/1"}],"replies":[{"embeddable":true,"href":"https:\/\/www.legislapp.com.br\/index.php\/wp-json\/wp\/v2\/comments?post=7529"}],"version-history":[{"count":0,"href":"https:\/\/www.legislapp.com.br\/index.php\/wp-json\/wp\/v2\/pages\/7529\/revisions"}],"wp:attachment":[{"href":"https:\/\/www.legislapp.com.br\/index.php\/wp-json\/wp\/v2\/media?parent=7529"}],"curies":[{"name":"wp","href":"https:\/\/api.w.org\/{rel}","templated":true}]}}