{"id":7615,"date":"2025-09-17T13:40:52","date_gmt":"2025-09-17T16:40:52","guid":{"rendered":"https:\/\/www.legislapp.com.br\/index.php\/cam-legislativa-de-mg-pl-3799-2025-2\/"},"modified":"2025-09-17T13:40:52","modified_gmt":"2025-09-17T16:40:52","slug":"cam-legislativa-de-mg-pl-3799-2025-2","status":"publish","type":"page","link":"https:\/\/www.legislapp.com.br\/index.php\/cam-legislativa-de-mg-pl-3799-2025-2\/","title":{"rendered":"PL 3799\/2025 &#8211; Deputados"},"content":{"rendered":"<h1 style='text-align: center;'>C\u00e2m. Legislativa de MG &#8211; Autoria de Deputados<\/h3>\n<p><\/p>\n<article style='text-align: center'>Institui a pol\u00edtica de promo\u00e7\u00e3o da arte urbana do grafite no espa\u00e7o<br \/>\np\u00fablico urbano.<\/article>\n<p><\/p>\n<p style='text-align: center'><a href='https:\/\/app.legislapp.com.br\/#\/busca?termo='><\/a><\/p>\n<p><\/p>\n<article>Institui a Pol\u00edtica de Promo\u00e7\u00e3o da Arte Urbana do Grafite no espa\u00e7o p\u00fablico urbano.<br \/>\nA Assembleia Legislativa do Estado de Minas Gerais decreta:<br \/>\nArt. 1\u00ba \u2013 Fica institu\u00edda a Pol\u00edtica de Promo\u00e7\u00e3o da Arte Urbana do Grafite no espa\u00e7o p\u00fablico urbano, com o objetivo de valorizar express\u00f5es art\u00edsticas urbanas e combater a degrada\u00e7\u00e3o dos espa\u00e7os p\u00fablicos e privados.<br \/>\nArt. 2\u00ba \u2013 Para efeitos dessa lei, considera-se:<br \/>\nI \u2013 Arte urbana: toda manifesta\u00e7\u00e3o art\u00edstica e cultural desenvolvida no espa\u00e7o p\u00fablico urbano, incluindo m\u00fasica, teatro, circo, dan\u00e7a, performance e grafite; e<br \/>\nII \u2013 Grafite: express\u00e3o art\u00edstica vis\u00edvel no espa\u00e7o p\u00fablico, constitu\u00edda por pintura, desenho, s\u00edmbolo ou palavra, realizada com o consentimento do respectivo propriet\u00e1rio em edifica\u00e7\u00e3o, mobili\u00e1rio ou equipamentos p\u00fablicos ou privados;<br \/>\nArt. 3\u00ba \u2013 S\u00e3o diretrizes da Pol\u00edtica de Promo\u00e7\u00e3o da Arte Urbana do no espa\u00e7o p\u00fablico urbano:<br \/>\nI \u2013 Valoriza\u00e7\u00e3o da identidade art\u00edstica e cultural da popula\u00e7\u00e3o mineira;<br \/>\nII \u2013 Incentivo ao grafite por meio de campanhas, concursos p\u00fablicos e parcerias com \u00f3rg\u00e3os p\u00fablicos e a iniciativa privada;<br \/>\nIII \u2013 Est\u00edmulo ao crescimento art\u00edstico nas escolas estaduais e nos espa\u00e7os urbanos;<br \/>\nIV \u2013 Promo\u00e7\u00e3o de a\u00e7\u00f5es integradas entre artistas urbanos, escolas, comunidades e \u00f3rg\u00e3os p\u00fablicos para a revitaliza\u00e7\u00e3o de espa\u00e7os p\u00fablicos;<br \/>\nV \u2013 Apoio a projetos e iniciativas que utilizem a arte urbana como ferramenta de inclus\u00e3o social e desenvolvimento cultural;<br \/>\nVI \u2013 Incentivo \u00e0 participa\u00e7\u00e3o de artistas urbanos em projetos institucionais, exposi\u00e7\u00f5es e interven\u00e7\u00f5es urbanas;<br \/>\nVII \u2013 Cria\u00e7\u00e3o de mecanismos de fomento \u00e0 profissionaliza\u00e7\u00e3o de artistas urbanos, garantindo sua inser\u00e7\u00e3o no mercado de trabalho e reconhecimento institucional.<br \/>\nArt. 4\u00ba \u2013 S\u00e3o objetivos da Pol\u00edtica de Promo\u00e7\u00e3o da Arte Urbana do Grafite no espa\u00e7o p\u00fablico urbano:<br \/>\nI \u2013 Promover a melhoria est\u00e9tica e ambiental dos espa\u00e7os urbanos;<br \/>\nII \u2013 Incentivar a valoriza\u00e7\u00e3o, preserva\u00e7\u00e3o e recupera\u00e7\u00e3o do espa\u00e7o p\u00fablico urbano;<br \/>\nIII \u2013 Fomentar o uso social e inclusivo dos espa\u00e7os urbanos;<br \/>\nIV \u2013 Reconhecer o grafite como manifesta\u00e7\u00e3o art\u00edstica e cultural;<br \/>\nV \u2013 Estabelecer espa\u00e7os regulamentados para a pr\u00e1tica do grafite, garantindo sua valoriza\u00e7\u00e3o enquanto arte urbana leg\u00edtima;<br \/>\nVI \u2013 Estimular a inclus\u00e3o de projetos de arte urbana em pol\u00edticas p\u00fablicas de cultura e educa\u00e7\u00e3o;<br \/>\nVII \u2013 Proporcionar oportunidades para artistas urbanos por meio de incentivos, exposi\u00e7\u00f5es e integra\u00e7\u00e3o com centros culturais;<br \/>\nVIII \u2013 Criar mecanismos de incentivo \u00e0 participa\u00e7\u00e3o comunit\u00e1ria por meio do grafite na revitaliza\u00e7\u00e3o de espa\u00e7os urbanos degradados.<br \/>\nArt. 5\u00ba \u2013 O Poder Executivo poder\u00e1 mapear e designar os espa\u00e7os adequados para a realiza\u00e7\u00e3o das atividades previstas nesta lei, promovendo a execu\u00e7\u00e3o de projetos e a integra\u00e7\u00e3o de artistas urbanos.<br \/>\nArt. 6\u00ba \u2013 Esta lei entra em vigor na data de sua publica\u00e7\u00e3o.<br \/>\nSala das Reuni\u00f5es, 14 de maio de 2025.<br \/>\nAndr\u00e9ia de Jesus (PT)<br \/>\nJustifica\u00e7\u00e3o: O grafite \u00e9 uma forma de arte urbana que surgiu na d\u00e9cada de 1970 nos Estados Unidos e chegou ao Brasil no mesmo per\u00edodo, trazida pelo artista Alex Valluari. Atualmente, \u00e9 amplamente reconhecida como uma manifesta\u00e7\u00e3o legitima de arte e express\u00e3o de mensagens sociais, pol\u00edticas e pessoais.\u00a0<br \/>\nO Brasil \u00e9 ber\u00e7o de grandes nomes do grafite, que ganharam destaque no cen\u00e1rio internacional, como Eduardo Kobra e Os G\u00eameos. Ambos oriundos das periferias paulistas, enchem o pa\u00eds de orgulho e inspiram milhares de jovens.\u00a0<br \/>\nAo longo de sua trajet\u00f3ria, o grafite brasileiro enfrentou desafios, especialmente durante a ditadura militar, per\u00edodo em que foi considerado uma pr\u00e1tica ilegal. Entretanto, consolida-se como um s\u00edmbolo de resist\u00eancia, garantindo que as vozes dos oprimidos n\u00e3o sejam silenciadas e trazendo \u00e0 tona quest\u00f5es sociais. Dia 27 de mar\u00e7o, data do falecimento de Alex Vallauri, foi institu\u00eddo como o Dia do Grafite no Brasil, uma homenagem significativa \u00e0 arte urbana.<br \/>\nNesse sentido, a cria\u00e7\u00e3o de pol\u00edticas p\u00fablicas que promovam o grafite nos espa\u00e7os p\u00fablicos refor\u00e7a a import\u00e2ncia e o valor da arte. Diante disso, \u00e9 fundamental que o Poder P\u00fablico apoie iniciativas que incentivem a liberdade de express\u00e3o. Por isso, pe\u00e7o apoio dos nobres pares na aprova\u00e7\u00e3o desse projeto.<br \/>\n\u2013 Publicado, vai o projeto \u00e0s Comiss\u00f5es de Justi\u00e7a e de Cultura para parecer, nos termos do art. 188, c\/c o art. 102, do Regimento Interno.<\/article>\n<div style=\"text-align: center\">\n<div style=\"margin-bottom: 20px;\" class=\"et_pb_button_module_wrapper et_pb_button_5_tb_body_wrapper et_pb_button_alignment_center et_pb_module \">\n         <a class=\"et_pb_button et_pb_button_5_tb_body et_hover_enabled et_pb_bg_layout_dark\" style=\"width: 50%;background-color: black;\" href=\"https:\/\/app.legislapp.com.br\" target=\"_blank\" rel=\"noopener\">Visualizar completo na nossa plataforma (30 dias gr\u00e1tis)<\/a><\/p><\/div>\n<p>      <a href=\"https:\/\/play.google.com\/store\/apps\/details?id=br.com.legislapp\"><img decoding=\"async\" style=\"width: 15%; min-width: 130px;\" src=\"https:\/\/www.legislapp.com.br\/wp-content\/uploads\/google-play.png\"><\/a><br \/>\n      <a href=\"https:\/\/apps.apple.com\/us\/app\/legislapp\/id1568929859\"><img decoding=\"async\" style=\"width: 15%; min-width: 130px\" src=\"https:\/\/www.legislapp.com.br\/wp-content\/uploads\/apple-store.png\"><\/a>\n   <\/div>\n","protected":false},"excerpt":{"rendered":"<p>C\u00e2m. Legislativa de MG &#8211; Autoria de Deputados Institui a pol\u00edtica de promo\u00e7\u00e3o da arte urbana do grafite no espa\u00e7o p\u00fablico urbano. Institui a Pol\u00edtica de Promo\u00e7\u00e3o da Arte Urbana do Grafite no espa\u00e7o p\u00fablico urbano. A Assembleia Legislativa do Estado de Minas Gerais decreta: Art. 1\u00ba \u2013 Fica institu\u00edda a Pol\u00edtica de Promo\u00e7\u00e3o da [&hellip;]<\/p>\n","protected":false},"author":1,"featured_media":0,"parent":0,"menu_order":0,"comment_status":"closed","ping_status":"closed","template":"page-template-blank.php","meta":{"_et_pb_use_builder":"","_et_pb_old_content":"","_et_gb_content_width":"1080","ngg_post_thumbnail":0,"footnotes":""},"class_list":["post-7615","page","type-page","status-publish","hentry"],"yoast_head":"<!-- This site is optimized with the Yoast SEO plugin v24.4 - https:\/\/yoast.com\/wordpress\/plugins\/seo\/ -->\n<title>PL 3799\/2025 - Deputados - Legislapp<\/title>\n<meta name=\"robots\" content=\"index, follow, max-snippet:-1, max-image-preview:large, max-video-preview:-1\" \/>\n<link rel=\"canonical\" href=\"https:\/\/www.legislapp.com.br\/index.php\/cam-legislativa-de-mg-pl-3799-2025-2\/\" \/>\n<meta property=\"og:locale\" content=\"pt_BR\" \/>\n<meta property=\"og:type\" content=\"article\" \/>\n<meta property=\"og:title\" content=\"PL 3799\/2025 - Deputados - Legislapp\" \/>\n<meta property=\"og:description\" content=\"C\u00e2m. Legislativa de MG &#8211; Autoria de Deputados Institui a pol\u00edtica de promo\u00e7\u00e3o da arte urbana do grafite no espa\u00e7o p\u00fablico urbano. Institui a Pol\u00edtica de Promo\u00e7\u00e3o da Arte Urbana do Grafite no espa\u00e7o p\u00fablico urbano. A Assembleia Legislativa do Estado de Minas Gerais decreta: Art. 1\u00ba \u2013 Fica institu\u00edda a Pol\u00edtica de Promo\u00e7\u00e3o da [&hellip;]\" \/>\n<meta property=\"og:url\" content=\"https:\/\/www.legislapp.com.br\/index.php\/cam-legislativa-de-mg-pl-3799-2025-2\/\" \/>\n<meta property=\"og:site_name\" content=\"Legislapp\" \/>\n<meta property=\"article:publisher\" content=\"https:\/\/www.instagram.com\/legislapp\/\" \/>\n<meta property=\"og:image\" content=\"https:\/\/www.legislapp.com.br\/wp-content\/uploads\/google-play.png\" \/>\n<meta name=\"twitter:card\" content=\"summary_large_image\" \/>\n<meta name=\"twitter:label1\" content=\"Est. tempo de leitura\" \/>\n\t<meta name=\"twitter:data1\" content=\"4 minutos\" \/>\n<script type=\"application\/ld+json\" class=\"yoast-schema-graph\">{\"@context\":\"https:\/\/schema.org\",\"@graph\":[{\"@type\":\"WebPage\",\"@id\":\"https:\/\/www.legislapp.com.br\/index.php\/cam-legislativa-de-mg-pl-3799-2025-2\/\",\"url\":\"https:\/\/www.legislapp.com.br\/index.php\/cam-legislativa-de-mg-pl-3799-2025-2\/\",\"name\":\"PL 3799\/2025 - Deputados - Legislapp\",\"isPartOf\":{\"@id\":\"https:\/\/www.legislapp.com.br\/#website\"},\"primaryImageOfPage\":{\"@id\":\"https:\/\/www.legislapp.com.br\/index.php\/cam-legislativa-de-mg-pl-3799-2025-2\/#primaryimage\"},\"image\":{\"@id\":\"https:\/\/www.legislapp.com.br\/index.php\/cam-legislativa-de-mg-pl-3799-2025-2\/#primaryimage\"},\"thumbnailUrl\":\"https:\/\/www.legislapp.com.br\/wp-content\/uploads\/google-play.png\",\"datePublished\":\"2025-09-17T16:40:52+00:00\",\"breadcrumb\":{\"@id\":\"https:\/\/www.legislapp.com.br\/index.php\/cam-legislativa-de-mg-pl-3799-2025-2\/#breadcrumb\"},\"inLanguage\":\"pt-BR\",\"potentialAction\":[{\"@type\":\"ReadAction\",\"target\":[\"https:\/\/www.legislapp.com.br\/index.php\/cam-legislativa-de-mg-pl-3799-2025-2\/\"]}]},{\"@type\":\"ImageObject\",\"inLanguage\":\"pt-BR\",\"@id\":\"https:\/\/www.legislapp.com.br\/index.php\/cam-legislativa-de-mg-pl-3799-2025-2\/#primaryimage\",\"url\":\"https:\/\/www.legislapp.com.br\/wp-content\/uploads\/google-play.png\",\"contentUrl\":\"https:\/\/www.legislapp.com.br\/wp-content\/uploads\/google-play.png\",\"width\":564,\"height\":168},{\"@type\":\"BreadcrumbList\",\"@id\":\"https:\/\/www.legislapp.com.br\/index.php\/cam-legislativa-de-mg-pl-3799-2025-2\/#breadcrumb\",\"itemListElement\":[{\"@type\":\"ListItem\",\"position\":1,\"name\":\"In\u00edcio\",\"item\":\"https:\/\/www.legislapp.com.br\/\"},{\"@type\":\"ListItem\",\"position\":2,\"name\":\"PL 3799\/2025 &#8211; Deputados\"}]},{\"@type\":\"WebSite\",\"@id\":\"https:\/\/www.legislapp.com.br\/#website\",\"url\":\"https:\/\/www.legislapp.com.br\/\",\"name\":\"Legislapp\",\"description\":\"Intelig\u00eancia governamental em tempo real\",\"publisher\":{\"@id\":\"https:\/\/www.legislapp.com.br\/#organization\"},\"potentialAction\":[{\"@type\":\"SearchAction\",\"target\":{\"@type\":\"EntryPoint\",\"urlTemplate\":\"https:\/\/www.legislapp.com.br\/?s={search_term_string}\"},\"query-input\":{\"@type\":\"PropertyValueSpecification\",\"valueRequired\":true,\"valueName\":\"search_term_string\"}}],\"inLanguage\":\"pt-BR\"},{\"@type\":\"Organization\",\"@id\":\"https:\/\/www.legislapp.com.br\/#organization\",\"name\":\"Legislapp Monitoramento e Intelig\u00eancia Governamental\",\"url\":\"https:\/\/www.legislapp.com.br\/\",\"logo\":{\"@type\":\"ImageObject\",\"inLanguage\":\"pt-BR\",\"@id\":\"https:\/\/www.legislapp.com.br\/#\/schema\/logo\/image\/\",\"url\":\"https:\/\/www.legislapp.com.br\/wp-content\/uploads\/icon.png\",\"contentUrl\":\"https:\/\/www.legislapp.com.br\/wp-content\/uploads\/icon.png\",\"width\":1024,\"height\":1024,\"caption\":\"Legislapp Monitoramento e Intelig\u00eancia Governamental\"},\"image\":{\"@id\":\"https:\/\/www.legislapp.com.br\/#\/schema\/logo\/image\/\"},\"sameAs\":[\"https:\/\/www.instagram.com\/legislapp\/\"]}]}<\/script>\n<!-- \/ Yoast SEO plugin. -->","yoast_head_json":{"title":"PL 3799\/2025 - Deputados - Legislapp","robots":{"index":"index","follow":"follow","max-snippet":"max-snippet:-1","max-image-preview":"max-image-preview:large","max-video-preview":"max-video-preview:-1"},"canonical":"https:\/\/www.legislapp.com.br\/index.php\/cam-legislativa-de-mg-pl-3799-2025-2\/","og_locale":"pt_BR","og_type":"article","og_title":"PL 3799\/2025 - Deputados - Legislapp","og_description":"C\u00e2m. Legislativa de MG &#8211; Autoria de Deputados Institui a pol\u00edtica de promo\u00e7\u00e3o da arte urbana do grafite no espa\u00e7o p\u00fablico urbano. Institui a Pol\u00edtica de Promo\u00e7\u00e3o da Arte Urbana do Grafite no espa\u00e7o p\u00fablico urbano. A Assembleia Legislativa do Estado de Minas Gerais decreta: Art. 1\u00ba \u2013 Fica institu\u00edda a Pol\u00edtica de Promo\u00e7\u00e3o da [&hellip;]","og_url":"https:\/\/www.legislapp.com.br\/index.php\/cam-legislativa-de-mg-pl-3799-2025-2\/","og_site_name":"Legislapp","article_publisher":"https:\/\/www.instagram.com\/legislapp\/","og_image":[{"url":"https:\/\/www.legislapp.com.br\/wp-content\/uploads\/google-play.png","type":"","width":"","height":""}],"twitter_card":"summary_large_image","twitter_misc":{"Est. tempo de leitura":"4 minutos"},"schema":{"@context":"https:\/\/schema.org","@graph":[{"@type":"WebPage","@id":"https:\/\/www.legislapp.com.br\/index.php\/cam-legislativa-de-mg-pl-3799-2025-2\/","url":"https:\/\/www.legislapp.com.br\/index.php\/cam-legislativa-de-mg-pl-3799-2025-2\/","name":"PL 3799\/2025 - Deputados - Legislapp","isPartOf":{"@id":"https:\/\/www.legislapp.com.br\/#website"},"primaryImageOfPage":{"@id":"https:\/\/www.legislapp.com.br\/index.php\/cam-legislativa-de-mg-pl-3799-2025-2\/#primaryimage"},"image":{"@id":"https:\/\/www.legislapp.com.br\/index.php\/cam-legislativa-de-mg-pl-3799-2025-2\/#primaryimage"},"thumbnailUrl":"https:\/\/www.legislapp.com.br\/wp-content\/uploads\/google-play.png","datePublished":"2025-09-17T16:40:52+00:00","breadcrumb":{"@id":"https:\/\/www.legislapp.com.br\/index.php\/cam-legislativa-de-mg-pl-3799-2025-2\/#breadcrumb"},"inLanguage":"pt-BR","potentialAction":[{"@type":"ReadAction","target":["https:\/\/www.legislapp.com.br\/index.php\/cam-legislativa-de-mg-pl-3799-2025-2\/"]}]},{"@type":"ImageObject","inLanguage":"pt-BR","@id":"https:\/\/www.legislapp.com.br\/index.php\/cam-legislativa-de-mg-pl-3799-2025-2\/#primaryimage","url":"https:\/\/www.legislapp.com.br\/wp-content\/uploads\/google-play.png","contentUrl":"https:\/\/www.legislapp.com.br\/wp-content\/uploads\/google-play.png","width":564,"height":168},{"@type":"BreadcrumbList","@id":"https:\/\/www.legislapp.com.br\/index.php\/cam-legislativa-de-mg-pl-3799-2025-2\/#breadcrumb","itemListElement":[{"@type":"ListItem","position":1,"name":"In\u00edcio","item":"https:\/\/www.legislapp.com.br\/"},{"@type":"ListItem","position":2,"name":"PL 3799\/2025 &#8211; Deputados"}]},{"@type":"WebSite","@id":"https:\/\/www.legislapp.com.br\/#website","url":"https:\/\/www.legislapp.com.br\/","name":"Legislapp","description":"Intelig\u00eancia governamental em tempo real","publisher":{"@id":"https:\/\/www.legislapp.com.br\/#organization"},"potentialAction":[{"@type":"SearchAction","target":{"@type":"EntryPoint","urlTemplate":"https:\/\/www.legislapp.com.br\/?s={search_term_string}"},"query-input":{"@type":"PropertyValueSpecification","valueRequired":true,"valueName":"search_term_string"}}],"inLanguage":"pt-BR"},{"@type":"Organization","@id":"https:\/\/www.legislapp.com.br\/#organization","name":"Legislapp Monitoramento e Intelig\u00eancia Governamental","url":"https:\/\/www.legislapp.com.br\/","logo":{"@type":"ImageObject","inLanguage":"pt-BR","@id":"https:\/\/www.legislapp.com.br\/#\/schema\/logo\/image\/","url":"https:\/\/www.legislapp.com.br\/wp-content\/uploads\/icon.png","contentUrl":"https:\/\/www.legislapp.com.br\/wp-content\/uploads\/icon.png","width":1024,"height":1024,"caption":"Legislapp Monitoramento e Intelig\u00eancia Governamental"},"image":{"@id":"https:\/\/www.legislapp.com.br\/#\/schema\/logo\/image\/"},"sameAs":["https:\/\/www.instagram.com\/legislapp\/"]}]}},"_links":{"self":[{"href":"https:\/\/www.legislapp.com.br\/index.php\/wp-json\/wp\/v2\/pages\/7615","targetHints":{"allow":["GET"]}}],"collection":[{"href":"https:\/\/www.legislapp.com.br\/index.php\/wp-json\/wp\/v2\/pages"}],"about":[{"href":"https:\/\/www.legislapp.com.br\/index.php\/wp-json\/wp\/v2\/types\/page"}],"author":[{"embeddable":true,"href":"https:\/\/www.legislapp.com.br\/index.php\/wp-json\/wp\/v2\/users\/1"}],"replies":[{"embeddable":true,"href":"https:\/\/www.legislapp.com.br\/index.php\/wp-json\/wp\/v2\/comments?post=7615"}],"version-history":[{"count":0,"href":"https:\/\/www.legislapp.com.br\/index.php\/wp-json\/wp\/v2\/pages\/7615\/revisions"}],"wp:attachment":[{"href":"https:\/\/www.legislapp.com.br\/index.php\/wp-json\/wp\/v2\/media?parent=7615"}],"curies":[{"name":"wp","href":"https:\/\/api.w.org\/{rel}","templated":true}]}}