{"id":7740,"date":"2025-09-17T13:47:50","date_gmt":"2025-09-17T16:47:50","guid":{"rendered":"https:\/\/www.legislapp.com.br\/index.php\/cam-legislativa-de-mg-pl-3728-2025\/"},"modified":"2025-09-17T13:47:50","modified_gmt":"2025-09-17T16:47:50","slug":"cam-legislativa-de-mg-pl-3728-2025","status":"publish","type":"page","link":"https:\/\/www.legislapp.com.br\/index.php\/cam-legislativa-de-mg-pl-3728-2025\/","title":{"rendered":"PL 3728\/2025 &#8211; Deputados"},"content":{"rendered":"<h1 style='text-align: center;'>C\u00e2m. Legislativa de MG &#8211; Autoria de Deputados<\/h3>\n<p><\/p>\n<article style='text-align: center'>Autoriza o Poder Executivo a criar o Conselho Estadual do Esporte.<\/article>\n<p><\/p>\n<p style='text-align: center'><a href='https:\/\/app.legislapp.com.br\/#\/busca?termo='><\/a><\/p>\n<p><\/p>\n<article>Autoriza o Poder Executivo a criar o Conselho Estadual do Esporte de Minas Gerais e d\u00e1 outras provid\u00eancias.<br \/>\nA Assembleia Legislativa do Estado de Minas Gerais decreta:<br \/>\nArt. 1\u00ba \u2013 Fica o Poder Executivo autorizado a criar o Conselho Estadual do Esporte de Minas Gerais \u2013 \u00f3rg\u00e3o colegiado de car\u00e1ter consultivo, deliberativo, propositivo, normativo e fiscalizador,\u00a0que tem por finalidade propor a\u00e7\u00f5es e oferecer subs\u00eddios para a formula\u00e7\u00e3o da Pol\u00edtica Estadual de Esportes e apoiar sua execu\u00e7\u00e3o, com vistas a sua consolida\u00e7\u00e3o e continuidade, bem como contribuir para a melhoria do padr\u00e3o de organiza\u00e7\u00e3o, gest\u00e3o, qualidade e transpar\u00eancia do esporte estadual.<br \/>\nArt. 2\u00ba \u2013 Compete ao Conselho Estadual do Esporte de Minas Gerais:<br \/>\nI \u2013 zelar pela aplica\u00e7\u00e3o dos princ\u00edpios e preceitos constantes da Lei Federal n\u00ba 9.615, de 24 de mar\u00e7o de 1998, da Lei Federal n\u00ba 14.597, de 14 de junho de 2023 e da Lei Estadual n\u00ba 15.457, de 12 de janeiro de 2005;<br \/>\nII \u2013 cooperar com os \u00f3rg\u00e3os federais e estaduais incumbidos da execu\u00e7\u00e3o da Pol\u00edtica Nacional de Esporte;<br \/>\nIII \u2013 adotar medidas e apoiar iniciativas em favor do incremento da pr\u00e1tica do esporte e de atividades f\u00edsicas e de lazer, objetivando a sa\u00fade e o bem-estar do cidad\u00e3o, observando o cumprimento dos princ\u00edpios e normas legais;<br \/>\nIV \u2013 fornecer subs\u00eddios aos Poderes do Estado e \u00e0 comunidade, em projetos que visem \u00e0 melhoria da pr\u00e1tica de atividades f\u00edsicas e do esporte no Estado;<br \/>\nV \u2013 opinar, quando consultado, sobre a concess\u00e3o de aux\u00edlios e recursos financeiros \u00e0s entidades e associa\u00e7\u00f5es esportivas sediadas no Estado;<br \/>\nVI \u2013 oferecer subs\u00eddios t\u00e9cnicos \u00e0 elabora\u00e7\u00e3o do Plano Estadual do Esporte, inclusive identificando experi\u00eancias de sucesso, projetos, e estudos que possam contribuir para o aprimoramento desse planejamento e cooperar para a implementa\u00e7\u00e3o de suas diretrizes e estrat\u00e9gias;<br \/>\nVII \u2013 zelar pela mem\u00f3ria do esporte mineiro;<br \/>\nVIII \u2013 contribuir para a formula\u00e7\u00e3o da pol\u00edtica de integra\u00e7\u00e3o entre o esporte, a sa\u00fade, a educa\u00e7\u00e3o, a defesa social, a assist\u00eancia social, as pol\u00edticas dos direitos das mulheres, a pol\u00edtica de infraestrutura e o turismo, visando a potencializar benef\u00edcios sociais gerados pela pr\u00e1tica de atividade f\u00edsica e esportiva;<br \/>\nIX \u2013 articular-se com \u00f3rg\u00e3os e entidades federais, estaduais, municipais, universidades e escolas de ensino t\u00e9cnico e superior, para consecu\u00e7\u00e3o de suas finalidades e na busca de subs\u00eddios \u00e0 caracteriza\u00e7\u00e3o das necessidades sociais relativas \u00e0 pr\u00e1tica de atividades f\u00edsicas e ao esporte, devendo acompanhar o processo de desenvolvimento e de incorpora\u00e7\u00e3o cient\u00edfica e tecnol\u00f3gica nessa \u00e1rea;<br \/>\nX \u2013 elaborar e aprovar, em reuni\u00e3o plen\u00e1ria, o Regimento Interno do Conselho;<br \/>\nXI \u2013 orientar a cria\u00e7\u00e3o de Conselhos Municipais de Esporte e Planos Municipais de Esportes dos munic\u00edpios mineiros;<br \/>\nXII \u2013 receber de associa\u00e7\u00f5es, clubes, federa\u00e7\u00f5es, atletas e torcedores reclama\u00e7\u00f5es relacionadas com o descumprimento da legisla\u00e7\u00e3o referente ao esporte, examin\u00e1-las e tomar as provid\u00eancias cab\u00edveis;<br \/>\nXIII \u2013 cooperar com os \u00f3rg\u00e3os que comp\u00f5em o Sistema Nacional do Esporte (Sinesp), com aqueles incumbidos da execu\u00e7\u00e3o da Pol\u00edtica Nacional de Esporte e com o Sistema Nacional de Informa\u00e7\u00f5es e Indicadores Esportivos (SNIIE);<br \/>\nArt. 3\u00ba \u2013 O Regimento Interno do Conselho Estadual do Esporte dispor\u00e1 sobre a compet\u00eancia da Presid\u00eancia, do Plen\u00e1rio e da Mesa Diretora.<br \/>\nArt. 4\u00ba \u2013 O Conselho Estadual do Esporte de Minas Gerais \u00e9 composto de forma parit\u00e1ria entre o poder p\u00fablico e a sociedade civil organizada relacionada ao esporte, e a forma de escolha de seus membros ser\u00e1 definida em decreto, observado o disposto no art. 5\u00ba desta lei.<br \/>\nArt. 5\u00ba \u2013 Os membros do Conselho Estadual do Esporte indicar\u00e3o representantes efetivos e suplentes que ser\u00e3o designados pelo Governador do Estado, na forma do regulamento, para mandato de dois anos, permitida uma recondu\u00e7\u00e3o, obedecidos os seguintes crit\u00e9rios:<br \/>\nI \u2013 o Subsecret\u00e1rio de Esportes;<br \/>\nII \u2013 um representante do Departamento de Educa\u00e7\u00e3o F\u00edsica de uma Universidade P\u00fablica do Estado de Minas Gerais, a ser escolhido por meio de elei\u00e7\u00e3o realizada pelas Institui\u00e7\u00f5es de Ensino Superior;<br \/>\nIII \u2013 nove representantes de \u00f3rg\u00e3os p\u00fablicos estaduais, observado o disposto no \u00a7 2\u00ba;<br \/>\nIV \u2013 onze representantes de entidades n\u00e3o governamentais da sociedade civil atuantes no esporte estadual, a ser regulamentado por Decreto estadual.<br \/>\n\u00a7 1\u00ba \u2013 Cada membro do Conselho Estadual do Esporte de Minas Gerais ter\u00e1 um suplente que o substituir\u00e1 em sua aus\u00eancia.<br \/>\n\u00a7 2\u00ba \u2013 A Assembleia Legislativa indicar\u00e1 um dos representantes do setor p\u00fablico a que se refere o inciso III do caput.<br \/>\n\u00a7 3\u00ba \u2013 As entidades n\u00e3o governamentais atuantes no Esporte reunir-se-\u00e3o em f\u00f3rum pr\u00f3prio, convocado pelo \u00f3rg\u00e3o Estadual respons\u00e1vel pela Pol\u00edtica do Esporte, especialmente para este fim, fiscalizado por um membro do Minist\u00e9rio P\u00fablico, para escolherem os onze representantes da sociedade civil e respectivos suplentes que dever\u00e3o compor o Conselho Estadual do Esporte, garantidas a ampla participa\u00e7\u00e3o, a regionalidade, a intersetorialidade e a publicidade do processo.<br \/>\nArt. 6\u00ba \u2013 O presidente e o vice-presidente do Conselho Estadual do Esporte de Minas Gerais ser\u00e3o escolhidos, mediante vota\u00e7\u00e3o, dentre os seus membros, por maioria absoluta, devendo haver, no que tange \u00e0 Presid\u00eancia e \u00e0 Vice-Presid\u00eancia, uma altern\u00e2ncia entre as entidades governamentais e n\u00e3o governamentais a cada novo mandato.<br \/>\nPar\u00e1grafo \u00fanico \u2013 O presidente do Conselho Estadual do Esporte de Minas Gerais poder\u00e1 convidar para participar das reuni\u00f5es ordin\u00e1rias e extraordin\u00e1rias membros dos Poderes Executivo, Legislativo e Judici\u00e1rio, e do Minist\u00e9rio P\u00fablico, al\u00e9m de pessoas de not\u00f3ria especializa\u00e7\u00e3o em assuntos de interesse esportivo.<br \/>\nArt. 7\u00ba \u2013 Cada membro do Conselho Estadual do Esporte de Minas Gerais ter\u00e1 direito a um \u00fanico voto na sess\u00e3o plen\u00e1ria, excetuando o presidente que tamb\u00e9m exercer\u00e1 o voto de qualidade.<br \/>\nArt. 8\u00ba \u2013 A fun\u00e7\u00e3o de membro do Conselho Estadual do Esporte de Minas Gerais n\u00e3o ser\u00e1 remunerada e seu exerc\u00edcio ser\u00e1 considerado de relevante interesse p\u00fablico.<br \/>\nArt. 9\u00ba \u2013 As entidades n\u00e3o governamentais representadas no Conselho Estadual do Esporte de Minas Gerais perder\u00e3o essa condi\u00e7\u00e3o quando ocorrer uma das seguintes situa\u00e7\u00f5es:<br \/>\nI \u2013 extin\u00e7\u00e3o de sua base territorial de atua\u00e7\u00e3o no estado de Minas Gerais;<br \/>\nII \u2013 irregularidades no seu funcionamento, devidamente comprovadas, que tornem incompat\u00edvel a sua representa\u00e7\u00e3o no Conselho;<br \/>\nIII \u2013 apresentar procedimento que represente conflito de interesses com os prop\u00f3sitos desse Conselho; e<br \/>\nIV \u2013 aplica\u00e7\u00e3o de penalidade administrativa de natureza grave, devidamente comprovada.<br \/>\nArt. 10 \u2013 O Conselho Estadual do Esporte poder\u00e1 se organizar em c\u00e2maras tem\u00e1ticas e comiss\u00f5es especiais, de acordo com decis\u00f5es do Plen\u00e1rio e com o Regimento Interno a ser por ele elaborado e aprovado, cada qual incumbida de executar as compet\u00eancias a ela atribu\u00eddas.<br \/>\nPar\u00e1grafo \u00fanico \u2013 Cabe \u00e0 Presid\u00eancia do Conselho estabelecer a composi\u00e7\u00e3o das comiss\u00f5es, bem como convidar profissionais ou \u00f3rg\u00e3os e entidades a indicarem seus representantes.<br \/>\nArt. 11 \u2013 O Conselho Estadual do Esporte de Minas Gerais elaborar\u00e1 o seu Regimento Interno, no prazo m\u00e1ximo de 120 dias a contar da data de sua instala\u00e7\u00e3o.<br \/>\nArt. 12 \u2013 Esta lei entra em vigor na data de sua publica\u00e7\u00e3o.<br \/>\nSala das Reuni\u00f5es, 7 de maio de 2025.<br \/>\nCoronel Henrique (PL), presidente da Comiss\u00e3o de Esporte, Lazer e Juventude.<br \/>\nJustifica\u00e7\u00e3o: Os conselhos gestores de pol\u00edticas p\u00fablicas constituem uma das principais experi\u00eancias de democracia participativa no Brasil contempor\u00e2neo. Esses conselhos contribuem para o aprofundamento da rela\u00e7\u00e3o Estado e Sociedade, permitindo que os cidad\u00e3os se integrem \u00e0 gest\u00e3o administrativa e participem da formula\u00e7\u00e3o, planejamento e controle das pol\u00edticas p\u00fablicas. A partir das diretrizes constitucionais de participa\u00e7\u00e3o da sociedade nas decis\u00f5es governamentais, especialmente nas pol\u00edticas sociais, a legisla\u00e7\u00e3o brasileira passou a prever a exist\u00eancia de in\u00fameros conselhos de pol\u00edticas p\u00fablicas, alguns com abrang\u00eancia nacional e outros cuja atua\u00e7\u00e3o \u00e9 restrita a estados e munic\u00edpios.<br \/>\nAssim, apresentamos a presente proposi\u00e7\u00e3o para cria\u00e7\u00e3o do Conselho Estadual do Esporte de Minas Gerais, reconhecido como um \u00f3rg\u00e3o consultivo fundamental para as pol\u00edticas p\u00fablicas esportivas do Estado, com uma forma\u00e7\u00e3o parit\u00e1ria de representantes de diversas esferas da administra\u00e7\u00e3o p\u00fablica e da sociedade civil, que se unem num esfor\u00e7o conjunto pelo avan\u00e7o do esporte no Estado e pela melhoria do padr\u00e3o de organiza\u00e7\u00e3o, gest\u00e3o, qualidade e transpar\u00eancia das pol\u00edticas p\u00fablicas do setor em Minas Gerais.<br \/>\nEssa iniciativa n\u00e3o visa apenas impulsionar o desempenho de pr\u00e1ticas esportivas no Estado objetivando a sa\u00fade e o bem-estar do cidad\u00e3o, mas tamb\u00e9m consolidar Minas Gerais como um protagonista no cen\u00e1rio esportivo nacional.<br \/>\n\u2013 Publicado, vai o projeto \u00e0s Comiss\u00f5es de Justi\u00e7a, de Esporte e de Administra\u00e7\u00e3o P\u00fablica para parecer, nos termos do art. 188, c\/c o art. 102, do Regimento Interno.<\/article>\n<div style=\"text-align: center\">\n<div style=\"margin-bottom: 20px;\" class=\"et_pb_button_module_wrapper et_pb_button_5_tb_body_wrapper et_pb_button_alignment_center et_pb_module \">\n         <a class=\"et_pb_button et_pb_button_5_tb_body et_hover_enabled et_pb_bg_layout_dark\" style=\"width: 50%;background-color: black;\" href=\"https:\/\/app.legislapp.com.br\" target=\"_blank\" rel=\"noopener\">Visualizar completo na nossa plataforma (30 dias gr\u00e1tis)<\/a><\/p><\/div>\n<p>      <a href=\"https:\/\/play.google.com\/store\/apps\/details?id=br.com.legislapp\"><img decoding=\"async\" style=\"width: 15%; min-width: 130px;\" src=\"https:\/\/www.legislapp.com.br\/wp-content\/uploads\/google-play.png\"><\/a><br \/>\n      <a href=\"https:\/\/apps.apple.com\/us\/app\/legislapp\/id1568929859\"><img decoding=\"async\" style=\"width: 15%; min-width: 130px\" src=\"https:\/\/www.legislapp.com.br\/wp-content\/uploads\/apple-store.png\"><\/a>\n   <\/div>\n","protected":false},"excerpt":{"rendered":"<p>C\u00e2m. Legislativa de MG &#8211; Autoria de Deputados Autoriza o Poder Executivo a criar o Conselho Estadual do Esporte. Autoriza o Poder Executivo a criar o Conselho Estadual do Esporte de Minas Gerais e d\u00e1 outras provid\u00eancias. A Assembleia Legislativa do Estado de Minas Gerais decreta: Art. 1\u00ba \u2013 Fica o Poder Executivo autorizado a [&hellip;]<\/p>\n","protected":false},"author":1,"featured_media":0,"parent":0,"menu_order":0,"comment_status":"closed","ping_status":"closed","template":"page-template-blank.php","meta":{"_et_pb_use_builder":"","_et_pb_old_content":"","_et_gb_content_width":"1080","ngg_post_thumbnail":0,"footnotes":""},"class_list":["post-7740","page","type-page","status-publish","hentry"],"yoast_head":"<!-- This site is optimized with the Yoast SEO plugin v24.4 - https:\/\/yoast.com\/wordpress\/plugins\/seo\/ -->\n<title>PL 3728\/2025 - Deputados - Legislapp<\/title>\n<meta name=\"robots\" content=\"index, follow, max-snippet:-1, max-image-preview:large, max-video-preview:-1\" \/>\n<link rel=\"canonical\" href=\"https:\/\/www.legislapp.com.br\/index.php\/cam-legislativa-de-mg-pl-3728-2025\/\" \/>\n<meta property=\"og:locale\" content=\"pt_BR\" \/>\n<meta property=\"og:type\" content=\"article\" \/>\n<meta property=\"og:title\" content=\"PL 3728\/2025 - Deputados - Legislapp\" \/>\n<meta property=\"og:description\" content=\"C\u00e2m. Legislativa de MG &#8211; Autoria de Deputados Autoriza o Poder Executivo a criar o Conselho Estadual do Esporte. Autoriza o Poder Executivo a criar o Conselho Estadual do Esporte de Minas Gerais e d\u00e1 outras provid\u00eancias. A Assembleia Legislativa do Estado de Minas Gerais decreta: Art. 1\u00ba \u2013 Fica o Poder Executivo autorizado a [&hellip;]\" \/>\n<meta property=\"og:url\" content=\"https:\/\/www.legislapp.com.br\/index.php\/cam-legislativa-de-mg-pl-3728-2025\/\" \/>\n<meta property=\"og:site_name\" content=\"Legislapp\" \/>\n<meta property=\"article:publisher\" content=\"https:\/\/www.instagram.com\/legislapp\/\" \/>\n<meta property=\"og:image\" content=\"https:\/\/www.legislapp.com.br\/wp-content\/uploads\/google-play.png\" \/>\n<meta name=\"twitter:card\" content=\"summary_large_image\" \/>\n<meta name=\"twitter:label1\" content=\"Est. tempo de leitura\" \/>\n\t<meta name=\"twitter:data1\" content=\"8 minutos\" \/>\n<script type=\"application\/ld+json\" class=\"yoast-schema-graph\">{\"@context\":\"https:\/\/schema.org\",\"@graph\":[{\"@type\":\"WebPage\",\"@id\":\"https:\/\/www.legislapp.com.br\/index.php\/cam-legislativa-de-mg-pl-3728-2025\/\",\"url\":\"https:\/\/www.legislapp.com.br\/index.php\/cam-legislativa-de-mg-pl-3728-2025\/\",\"name\":\"PL 3728\/2025 - Deputados - Legislapp\",\"isPartOf\":{\"@id\":\"https:\/\/www.legislapp.com.br\/#website\"},\"primaryImageOfPage\":{\"@id\":\"https:\/\/www.legislapp.com.br\/index.php\/cam-legislativa-de-mg-pl-3728-2025\/#primaryimage\"},\"image\":{\"@id\":\"https:\/\/www.legislapp.com.br\/index.php\/cam-legislativa-de-mg-pl-3728-2025\/#primaryimage\"},\"thumbnailUrl\":\"https:\/\/www.legislapp.com.br\/wp-content\/uploads\/google-play.png\",\"datePublished\":\"2025-09-17T16:47:50+00:00\",\"breadcrumb\":{\"@id\":\"https:\/\/www.legislapp.com.br\/index.php\/cam-legislativa-de-mg-pl-3728-2025\/#breadcrumb\"},\"inLanguage\":\"pt-BR\",\"potentialAction\":[{\"@type\":\"ReadAction\",\"target\":[\"https:\/\/www.legislapp.com.br\/index.php\/cam-legislativa-de-mg-pl-3728-2025\/\"]}]},{\"@type\":\"ImageObject\",\"inLanguage\":\"pt-BR\",\"@id\":\"https:\/\/www.legislapp.com.br\/index.php\/cam-legislativa-de-mg-pl-3728-2025\/#primaryimage\",\"url\":\"https:\/\/www.legislapp.com.br\/wp-content\/uploads\/google-play.png\",\"contentUrl\":\"https:\/\/www.legislapp.com.br\/wp-content\/uploads\/google-play.png\",\"width\":564,\"height\":168},{\"@type\":\"BreadcrumbList\",\"@id\":\"https:\/\/www.legislapp.com.br\/index.php\/cam-legislativa-de-mg-pl-3728-2025\/#breadcrumb\",\"itemListElement\":[{\"@type\":\"ListItem\",\"position\":1,\"name\":\"In\u00edcio\",\"item\":\"https:\/\/www.legislapp.com.br\/\"},{\"@type\":\"ListItem\",\"position\":2,\"name\":\"PL 3728\/2025 &#8211; Deputados\"}]},{\"@type\":\"WebSite\",\"@id\":\"https:\/\/www.legislapp.com.br\/#website\",\"url\":\"https:\/\/www.legislapp.com.br\/\",\"name\":\"Legislapp\",\"description\":\"Intelig\u00eancia governamental em tempo real\",\"publisher\":{\"@id\":\"https:\/\/www.legislapp.com.br\/#organization\"},\"potentialAction\":[{\"@type\":\"SearchAction\",\"target\":{\"@type\":\"EntryPoint\",\"urlTemplate\":\"https:\/\/www.legislapp.com.br\/?s={search_term_string}\"},\"query-input\":{\"@type\":\"PropertyValueSpecification\",\"valueRequired\":true,\"valueName\":\"search_term_string\"}}],\"inLanguage\":\"pt-BR\"},{\"@type\":\"Organization\",\"@id\":\"https:\/\/www.legislapp.com.br\/#organization\",\"name\":\"Legislapp Monitoramento e Intelig\u00eancia Governamental\",\"url\":\"https:\/\/www.legislapp.com.br\/\",\"logo\":{\"@type\":\"ImageObject\",\"inLanguage\":\"pt-BR\",\"@id\":\"https:\/\/www.legislapp.com.br\/#\/schema\/logo\/image\/\",\"url\":\"https:\/\/www.legislapp.com.br\/wp-content\/uploads\/icon.png\",\"contentUrl\":\"https:\/\/www.legislapp.com.br\/wp-content\/uploads\/icon.png\",\"width\":1024,\"height\":1024,\"caption\":\"Legislapp Monitoramento e Intelig\u00eancia Governamental\"},\"image\":{\"@id\":\"https:\/\/www.legislapp.com.br\/#\/schema\/logo\/image\/\"},\"sameAs\":[\"https:\/\/www.instagram.com\/legislapp\/\"]}]}<\/script>\n<!-- \/ Yoast SEO plugin. -->","yoast_head_json":{"title":"PL 3728\/2025 - Deputados - Legislapp","robots":{"index":"index","follow":"follow","max-snippet":"max-snippet:-1","max-image-preview":"max-image-preview:large","max-video-preview":"max-video-preview:-1"},"canonical":"https:\/\/www.legislapp.com.br\/index.php\/cam-legislativa-de-mg-pl-3728-2025\/","og_locale":"pt_BR","og_type":"article","og_title":"PL 3728\/2025 - Deputados - Legislapp","og_description":"C\u00e2m. Legislativa de MG &#8211; Autoria de Deputados Autoriza o Poder Executivo a criar o Conselho Estadual do Esporte. Autoriza o Poder Executivo a criar o Conselho Estadual do Esporte de Minas Gerais e d\u00e1 outras provid\u00eancias. A Assembleia Legislativa do Estado de Minas Gerais decreta: Art. 1\u00ba \u2013 Fica o Poder Executivo autorizado a [&hellip;]","og_url":"https:\/\/www.legislapp.com.br\/index.php\/cam-legislativa-de-mg-pl-3728-2025\/","og_site_name":"Legislapp","article_publisher":"https:\/\/www.instagram.com\/legislapp\/","og_image":[{"url":"https:\/\/www.legislapp.com.br\/wp-content\/uploads\/google-play.png","type":"","width":"","height":""}],"twitter_card":"summary_large_image","twitter_misc":{"Est. tempo de leitura":"8 minutos"},"schema":{"@context":"https:\/\/schema.org","@graph":[{"@type":"WebPage","@id":"https:\/\/www.legislapp.com.br\/index.php\/cam-legislativa-de-mg-pl-3728-2025\/","url":"https:\/\/www.legislapp.com.br\/index.php\/cam-legislativa-de-mg-pl-3728-2025\/","name":"PL 3728\/2025 - Deputados - Legislapp","isPartOf":{"@id":"https:\/\/www.legislapp.com.br\/#website"},"primaryImageOfPage":{"@id":"https:\/\/www.legislapp.com.br\/index.php\/cam-legislativa-de-mg-pl-3728-2025\/#primaryimage"},"image":{"@id":"https:\/\/www.legislapp.com.br\/index.php\/cam-legislativa-de-mg-pl-3728-2025\/#primaryimage"},"thumbnailUrl":"https:\/\/www.legislapp.com.br\/wp-content\/uploads\/google-play.png","datePublished":"2025-09-17T16:47:50+00:00","breadcrumb":{"@id":"https:\/\/www.legislapp.com.br\/index.php\/cam-legislativa-de-mg-pl-3728-2025\/#breadcrumb"},"inLanguage":"pt-BR","potentialAction":[{"@type":"ReadAction","target":["https:\/\/www.legislapp.com.br\/index.php\/cam-legislativa-de-mg-pl-3728-2025\/"]}]},{"@type":"ImageObject","inLanguage":"pt-BR","@id":"https:\/\/www.legislapp.com.br\/index.php\/cam-legislativa-de-mg-pl-3728-2025\/#primaryimage","url":"https:\/\/www.legislapp.com.br\/wp-content\/uploads\/google-play.png","contentUrl":"https:\/\/www.legislapp.com.br\/wp-content\/uploads\/google-play.png","width":564,"height":168},{"@type":"BreadcrumbList","@id":"https:\/\/www.legislapp.com.br\/index.php\/cam-legislativa-de-mg-pl-3728-2025\/#breadcrumb","itemListElement":[{"@type":"ListItem","position":1,"name":"In\u00edcio","item":"https:\/\/www.legislapp.com.br\/"},{"@type":"ListItem","position":2,"name":"PL 3728\/2025 &#8211; Deputados"}]},{"@type":"WebSite","@id":"https:\/\/www.legislapp.com.br\/#website","url":"https:\/\/www.legislapp.com.br\/","name":"Legislapp","description":"Intelig\u00eancia governamental em tempo real","publisher":{"@id":"https:\/\/www.legislapp.com.br\/#organization"},"potentialAction":[{"@type":"SearchAction","target":{"@type":"EntryPoint","urlTemplate":"https:\/\/www.legislapp.com.br\/?s={search_term_string}"},"query-input":{"@type":"PropertyValueSpecification","valueRequired":true,"valueName":"search_term_string"}}],"inLanguage":"pt-BR"},{"@type":"Organization","@id":"https:\/\/www.legislapp.com.br\/#organization","name":"Legislapp Monitoramento e Intelig\u00eancia Governamental","url":"https:\/\/www.legislapp.com.br\/","logo":{"@type":"ImageObject","inLanguage":"pt-BR","@id":"https:\/\/www.legislapp.com.br\/#\/schema\/logo\/image\/","url":"https:\/\/www.legislapp.com.br\/wp-content\/uploads\/icon.png","contentUrl":"https:\/\/www.legislapp.com.br\/wp-content\/uploads\/icon.png","width":1024,"height":1024,"caption":"Legislapp Monitoramento e Intelig\u00eancia Governamental"},"image":{"@id":"https:\/\/www.legislapp.com.br\/#\/schema\/logo\/image\/"},"sameAs":["https:\/\/www.instagram.com\/legislapp\/"]}]}},"_links":{"self":[{"href":"https:\/\/www.legislapp.com.br\/index.php\/wp-json\/wp\/v2\/pages\/7740","targetHints":{"allow":["GET"]}}],"collection":[{"href":"https:\/\/www.legislapp.com.br\/index.php\/wp-json\/wp\/v2\/pages"}],"about":[{"href":"https:\/\/www.legislapp.com.br\/index.php\/wp-json\/wp\/v2\/types\/page"}],"author":[{"embeddable":true,"href":"https:\/\/www.legislapp.com.br\/index.php\/wp-json\/wp\/v2\/users\/1"}],"replies":[{"embeddable":true,"href":"https:\/\/www.legislapp.com.br\/index.php\/wp-json\/wp\/v2\/comments?post=7740"}],"version-history":[{"count":0,"href":"https:\/\/www.legislapp.com.br\/index.php\/wp-json\/wp\/v2\/pages\/7740\/revisions"}],"wp:attachment":[{"href":"https:\/\/www.legislapp.com.br\/index.php\/wp-json\/wp\/v2\/media?parent=7740"}],"curies":[{"name":"wp","href":"https:\/\/api.w.org\/{rel}","templated":true}]}}