{"id":7854,"date":"2025-09-17T13:54:05","date_gmt":"2025-09-17T16:54:05","guid":{"rendered":"https:\/\/www.legislapp.com.br\/index.php\/cam-legislativa-de-sc-pl-0247-2025\/"},"modified":"2025-09-17T13:54:05","modified_gmt":"2025-09-17T16:54:05","slug":"cam-legislativa-de-sc-pl-0247-2025","status":"publish","type":"page","link":"https:\/\/www.legislapp.com.br\/index.php\/cam-legislativa-de-sc-pl-0247-2025\/","title":{"rendered":"PL.\/0247\/2025 &#8211; Nilso Berlanda"},"content":{"rendered":"<h1 style='text-align: center;'>C\u00e2m. Legislativa de SC &#8211; Autoria de Nilso Berlanda<\/h3>\n<p><\/p>\n<article style='text-align: center'>Altera a Lei n\u00ba 7.543, de 1988, que &#8220;Institui o imposto sobre a propriedade de ve\u00edculos automotores e d\u00e1 outras provid\u00eancias&#8221;, para isentar do imposto os ve\u00edculos automotores h\u00edbridos que especifica.<\/article>\n<p><\/p>\n<p style='text-align: center'><a href='https:\/\/app.legislapp.com.br\/#\/busca?termo='><\/a><\/p>\n<p><\/p>\n<article>ASSEMBLEIA LEGISLATIVA GABINETE DEPUTADO<br \/>\nESTADO DE SANTA CATARINA NILSO BERLANDA<\/p>\n<p>PROJETO DE LEI<\/p>\n<p>Altera a Lei n\u00ba 7.543, de 1988, que \u201cInstitui o imposto sobre a<br \/>\npropriedade de ve\u00edculos automotores e d\u00e1 outras<br \/>\nprovid\u00eancias\u201d, para isentar do imposto os ve\u00edculos<br \/>\nautomotores h\u00edbridos que especifica.<\/p>\n<p>Art. 1\u00ba Fica acrescentado o art. 18-C \u00e0 Lei n\u00ba 7.543, de 30 de<br \/>\ndezembro de 1988, com a seguinte reda\u00e7\u00e3o:<\/p>\n<p>\u201cArt. 18-C. Ficam isentos do imposto os ve\u00edculos movidos exclusivamente a hidrog\u00eanio,<br \/>\nos h\u00edbridos com motor el\u00e9trico e os com motor a combust\u00e3o que utilize, alternativa ou<br \/>\nexclusivamente, etanol, de valor n\u00e3o superior a R$ 250.000,00 (duzentos e cinquenta<br \/>\nmil reais).<\/p>\n<p>\u00a7 1\u00ba O valor a que se refere o ca p u t ser\u00e1 atualizado, anualmente, pelo \u00cdndice Nacional<br \/>\nde Pre\u00e7os ao Consumidor Amplo (IPCA).<\/p>\n<p>\u00a7 2\u00ba A al\u00edquota relativa aos ve\u00edculos automotores ser\u00e1 recomposta, anualmente, ap\u00f3s<br \/>\ndois anos de isen\u00e7\u00e3o total, em 1% (um por cento) at\u00e9 atingir a integralidade do tributo.<\/p>\n<p>Art. 2\u00ba Esta Lei entra em vigor na data de sua publica\u00e7\u00e3o produzindo efeitos a partir do<br \/>\nprimeiro dia do exerc\u00edcio financeiro subsequente ao de sua publica\u00e7\u00e3o.<\/p>\n<p>Sala das Sess\u00f5es,<\/p>\n<p>Deputado Nilso Berlanda<\/p>\n<p>JUSTIFICA\u00c7\u00c3O<\/p>\n<p>O presente Projeto de Lei prop\u00f5e a isen\u00e7\u00e3o do Imposto sobre a Propriedade de<br \/>\nVe\u00edculos Automotores (IPVA) para autom\u00f3veis com motoriza\u00e7\u00e3o h\u00edbrida, com a<br \/>\nrecomposi\u00e7\u00e3o gradual do imposto ap\u00f3s 2 (dois) anos de concess\u00e3o do benef\u00edcio at\u00e9 a<br \/>\natingir a integralidade do tributo. <\/p>\n<p>A medida busca incentivar o uso de tecnologias que contribuam para a redu\u00e7\u00e3o de<br \/>\nemiss\u00f5es de poluentes e a preserva\u00e7\u00e3o ambiental, alinhando-se \u00e0s metas globais de<br \/>\nsustentabilidade e \u00e0 agenda ambiental do pa\u00eds.<\/p>\n<p>Os autom\u00f3veis h\u00edbridos combinam motores de combust\u00e3o interna com motores<br \/>\nel\u00e9tricos, apresentando significativa efici\u00eancia energ\u00e9tica e menor impacto ambiental.<br \/>\nAo promover sua ado\u00e7\u00e3o, reduzimos a depend\u00eancia de combust\u00edveis f\u00f3sseis e<br \/>\nmitigamos os efeitos negativos da emiss\u00e3o de gases de efeito estufa, uma das<br \/>\nprincipais causas das mudan\u00e7as clim\u00e1ticas.<\/p>\n<p>N\u00e3o obstante, \u00e9 oportuno destacar que al\u00e9m de o etanol ser uma fonte de energia<br \/>\nrenov\u00e1vel e menos poluente em compara\u00e7\u00e3o \u00e0 gasolina, o incentivo do seu uso<br \/>\nfortalece a produ\u00e7\u00e3o nacional, gera empregos no setor sucroenerg\u00e9tico e reduz a<br \/>\ndepend\u00eancia de combust\u00edveis f\u00f3sseis.<\/p>\n<p>Por fim, destaca-se que a isen\u00e7\u00e3o do IPVA \u00e9 uma estrat\u00e9gia dos governos estaduais<br \/>\npara incentivar a utiliza\u00e7\u00e3o de ve\u00edculos menos poluentes e contribuir para metas<br \/>\nambientais. <\/p>\n<p>Sob essa perspectiva, diversos estados brasileiros adotaram medidas para incentivar o<br \/>\nuso de ve\u00edculos h\u00edbridos, oferecendo isen\u00e7\u00f5es ou redu\u00e7\u00f5es no IPVA, vejamos:<\/p>\n<p>1. Alagoas: isen\u00e7\u00e3o total no primeiro ano; 0,5% no segundo ano para el\u00e9tricos e<br \/>\n0,75% para h\u00edbridos;<\/p>\n<p>1. Distrito Federal: isen\u00e7\u00e3o total autom\u00e1tica ap\u00f3s registro;<\/p>\n<p>1. Minas Gerais: isen\u00e7\u00e3o para ve\u00edculos fabricados no estado;<\/p>\n<p>1. Rio de Janeiro: al\u00edquota de 0,5% para el\u00e9tricos e 1,5% para h\u00edbridos;<\/p>\n<p>1. Rio Grande do Sul: isen\u00e7\u00e3o desde 1996 para carros el\u00e9tricos; os h\u00edbridos pagam<br \/>\nal\u00edquota padr\u00e3o; e<\/p>\n<p>1. S\u00e3o Paulo: oferecer\u00e1 desconto para ve\u00edculos el\u00e9tricos e movidos a hidrog\u00eanio,<br \/>\ncom a devida recomposi\u00e7\u00e3o do tributo ap\u00f3s dois anos de isen\u00e7\u00e3o total.[1]<\/p>\n<p> Nesse sentido, o Projeto se alinha a medida adotada em S\u00e3o Paulo, prevendo a<br \/>\nrecomposi\u00e7\u00e3o da al\u00edquota relativa aos ve\u00edculos automotores, anualmente, ap\u00f3s dois<br \/>\nanos de isen\u00e7\u00e3o total, em 1% (um por cento) at\u00e9 atingir a integralidade do tributo.<\/p>\n<p>Diante do exposto, pe\u00e7o aos meus Pares a aprova\u00e7\u00e3o deste Projeto, que constitui uma<br \/>\nimportante medida para a promo\u00e7\u00e3o da sustentabilidade ambiental do Estado.<\/p>\n<p>[1] SEIXAS, Raphaela. Carro el\u00e9trico paga IPVA? Veja como vai funcionar em<br \/>\n2025. Exame, 2024. Dispon\u00edvel em: https:\/\/exame.com\/invest\/minhas-financas\/carro-<br \/>\neletrico-paga-ipva-veja-como-vai-funcionar-em-2025\/?utm_source=chatgpt.com Acesso<br \/>\nem: 14 jan. 2025.<\/p>\n<p>ELEGIS<br \/>\nDocumento assinado eletronicamente por Nilso Jos\u00e9 Berlanda,<br \/>\nSistema de Processo<br \/>\nem 12\/05\/2025, \u00e0s 14:27.<br \/>\nLegislativo Eletr\u00f4nico<\/article>\n<div style=\"text-align: center\">\n<div style=\"margin-bottom: 20px;\" class=\"et_pb_button_module_wrapper et_pb_button_5_tb_body_wrapper et_pb_button_alignment_center et_pb_module \">\n         <a class=\"et_pb_button et_pb_button_5_tb_body et_hover_enabled et_pb_bg_layout_dark\" style=\"width: 50%;background-color: black;\" href=\"https:\/\/app.legislapp.com.br\" target=\"_blank\" rel=\"noopener\">Visualizar completo na nossa plataforma (30 dias gr\u00e1tis)<\/a><\/p><\/div>\n<p>      <a href=\"https:\/\/play.google.com\/store\/apps\/details?id=br.com.legislapp\"><img decoding=\"async\" style=\"width: 15%; min-width: 130px;\" src=\"https:\/\/www.legislapp.com.br\/wp-content\/uploads\/google-play.png\"><\/a><br \/>\n      <a href=\"https:\/\/apps.apple.com\/us\/app\/legislapp\/id1568929859\"><img decoding=\"async\" style=\"width: 15%; min-width: 130px\" src=\"https:\/\/www.legislapp.com.br\/wp-content\/uploads\/apple-store.png\"><\/a>\n   <\/div>\n","protected":false},"excerpt":{"rendered":"<p>C\u00e2m. Legislativa de SC &#8211; Autoria de Nilso Berlanda Altera a Lei n\u00ba 7.543, de 1988, que &#8220;Institui o imposto sobre a propriedade de ve\u00edculos automotores e d\u00e1 outras provid\u00eancias&#8221;, para isentar do imposto os ve\u00edculos automotores h\u00edbridos que especifica. ASSEMBLEIA LEGISLATIVA GABINETE DEPUTADO ESTADO DE SANTA CATARINA NILSO BERLANDA PROJETO DE LEI Altera a [&hellip;]<\/p>\n","protected":false},"author":1,"featured_media":0,"parent":0,"menu_order":0,"comment_status":"closed","ping_status":"closed","template":"page-template-blank.php","meta":{"_et_pb_use_builder":"","_et_pb_old_content":"","_et_gb_content_width":"1080","ngg_post_thumbnail":0,"footnotes":""},"class_list":["post-7854","page","type-page","status-publish","hentry"],"yoast_head":"<!-- This site is optimized with the Yoast SEO plugin v24.4 - https:\/\/yoast.com\/wordpress\/plugins\/seo\/ -->\n<title>PL.\/0247\/2025 - Nilso Berlanda - Legislapp<\/title>\n<meta name=\"robots\" content=\"index, follow, max-snippet:-1, max-image-preview:large, max-video-preview:-1\" \/>\n<link rel=\"canonical\" href=\"https:\/\/www.legislapp.com.br\/index.php\/cam-legislativa-de-sc-pl-0247-2025\/\" \/>\n<meta property=\"og:locale\" content=\"pt_BR\" \/>\n<meta property=\"og:type\" content=\"article\" \/>\n<meta property=\"og:title\" content=\"PL.\/0247\/2025 - Nilso Berlanda - Legislapp\" \/>\n<meta property=\"og:description\" content=\"C\u00e2m. Legislativa de SC &#8211; Autoria de Nilso Berlanda Altera a Lei n\u00ba 7.543, de 1988, que &#8220;Institui o imposto sobre a propriedade de ve\u00edculos automotores e d\u00e1 outras provid\u00eancias&#8221;, para isentar do imposto os ve\u00edculos automotores h\u00edbridos que especifica. ASSEMBLEIA LEGISLATIVA GABINETE DEPUTADO ESTADO DE SANTA CATARINA NILSO BERLANDA PROJETO DE LEI Altera a [&hellip;]\" \/>\n<meta property=\"og:url\" content=\"https:\/\/www.legislapp.com.br\/index.php\/cam-legislativa-de-sc-pl-0247-2025\/\" \/>\n<meta property=\"og:site_name\" content=\"Legislapp\" \/>\n<meta property=\"article:publisher\" content=\"https:\/\/www.instagram.com\/legislapp\/\" \/>\n<meta property=\"og:image\" content=\"https:\/\/www.legislapp.com.br\/wp-content\/uploads\/google-play.png\" \/>\n<meta name=\"twitter:card\" content=\"summary_large_image\" \/>\n<meta name=\"twitter:label1\" content=\"Est. tempo de leitura\" \/>\n\t<meta name=\"twitter:data1\" content=\"4 minutos\" \/>\n<script type=\"application\/ld+json\" class=\"yoast-schema-graph\">{\"@context\":\"https:\/\/schema.org\",\"@graph\":[{\"@type\":\"WebPage\",\"@id\":\"https:\/\/www.legislapp.com.br\/index.php\/cam-legislativa-de-sc-pl-0247-2025\/\",\"url\":\"https:\/\/www.legislapp.com.br\/index.php\/cam-legislativa-de-sc-pl-0247-2025\/\",\"name\":\"PL.\/0247\/2025 - Nilso Berlanda - Legislapp\",\"isPartOf\":{\"@id\":\"https:\/\/www.legislapp.com.br\/#website\"},\"primaryImageOfPage\":{\"@id\":\"https:\/\/www.legislapp.com.br\/index.php\/cam-legislativa-de-sc-pl-0247-2025\/#primaryimage\"},\"image\":{\"@id\":\"https:\/\/www.legislapp.com.br\/index.php\/cam-legislativa-de-sc-pl-0247-2025\/#primaryimage\"},\"thumbnailUrl\":\"https:\/\/www.legislapp.com.br\/wp-content\/uploads\/google-play.png\",\"datePublished\":\"2025-09-17T16:54:05+00:00\",\"breadcrumb\":{\"@id\":\"https:\/\/www.legislapp.com.br\/index.php\/cam-legislativa-de-sc-pl-0247-2025\/#breadcrumb\"},\"inLanguage\":\"pt-BR\",\"potentialAction\":[{\"@type\":\"ReadAction\",\"target\":[\"https:\/\/www.legislapp.com.br\/index.php\/cam-legislativa-de-sc-pl-0247-2025\/\"]}]},{\"@type\":\"ImageObject\",\"inLanguage\":\"pt-BR\",\"@id\":\"https:\/\/www.legislapp.com.br\/index.php\/cam-legislativa-de-sc-pl-0247-2025\/#primaryimage\",\"url\":\"https:\/\/www.legislapp.com.br\/wp-content\/uploads\/google-play.png\",\"contentUrl\":\"https:\/\/www.legislapp.com.br\/wp-content\/uploads\/google-play.png\",\"width\":564,\"height\":168},{\"@type\":\"BreadcrumbList\",\"@id\":\"https:\/\/www.legislapp.com.br\/index.php\/cam-legislativa-de-sc-pl-0247-2025\/#breadcrumb\",\"itemListElement\":[{\"@type\":\"ListItem\",\"position\":1,\"name\":\"In\u00edcio\",\"item\":\"https:\/\/www.legislapp.com.br\/\"},{\"@type\":\"ListItem\",\"position\":2,\"name\":\"PL.\/0247\/2025 &#8211; Nilso Berlanda\"}]},{\"@type\":\"WebSite\",\"@id\":\"https:\/\/www.legislapp.com.br\/#website\",\"url\":\"https:\/\/www.legislapp.com.br\/\",\"name\":\"Legislapp\",\"description\":\"Intelig\u00eancia governamental em tempo real\",\"publisher\":{\"@id\":\"https:\/\/www.legislapp.com.br\/#organization\"},\"potentialAction\":[{\"@type\":\"SearchAction\",\"target\":{\"@type\":\"EntryPoint\",\"urlTemplate\":\"https:\/\/www.legislapp.com.br\/?s={search_term_string}\"},\"query-input\":{\"@type\":\"PropertyValueSpecification\",\"valueRequired\":true,\"valueName\":\"search_term_string\"}}],\"inLanguage\":\"pt-BR\"},{\"@type\":\"Organization\",\"@id\":\"https:\/\/www.legislapp.com.br\/#organization\",\"name\":\"Legislapp Monitoramento e Intelig\u00eancia Governamental\",\"url\":\"https:\/\/www.legislapp.com.br\/\",\"logo\":{\"@type\":\"ImageObject\",\"inLanguage\":\"pt-BR\",\"@id\":\"https:\/\/www.legislapp.com.br\/#\/schema\/logo\/image\/\",\"url\":\"https:\/\/www.legislapp.com.br\/wp-content\/uploads\/icon.png\",\"contentUrl\":\"https:\/\/www.legislapp.com.br\/wp-content\/uploads\/icon.png\",\"width\":1024,\"height\":1024,\"caption\":\"Legislapp Monitoramento e Intelig\u00eancia Governamental\"},\"image\":{\"@id\":\"https:\/\/www.legislapp.com.br\/#\/schema\/logo\/image\/\"},\"sameAs\":[\"https:\/\/www.instagram.com\/legislapp\/\"]}]}<\/script>\n<!-- \/ Yoast SEO plugin. -->","yoast_head_json":{"title":"PL.\/0247\/2025 - Nilso Berlanda - Legislapp","robots":{"index":"index","follow":"follow","max-snippet":"max-snippet:-1","max-image-preview":"max-image-preview:large","max-video-preview":"max-video-preview:-1"},"canonical":"https:\/\/www.legislapp.com.br\/index.php\/cam-legislativa-de-sc-pl-0247-2025\/","og_locale":"pt_BR","og_type":"article","og_title":"PL.\/0247\/2025 - Nilso Berlanda - Legislapp","og_description":"C\u00e2m. Legislativa de SC &#8211; Autoria de Nilso Berlanda Altera a Lei n\u00ba 7.543, de 1988, que &#8220;Institui o imposto sobre a propriedade de ve\u00edculos automotores e d\u00e1 outras provid\u00eancias&#8221;, para isentar do imposto os ve\u00edculos automotores h\u00edbridos que especifica. ASSEMBLEIA LEGISLATIVA GABINETE DEPUTADO ESTADO DE SANTA CATARINA NILSO BERLANDA PROJETO DE LEI Altera a [&hellip;]","og_url":"https:\/\/www.legislapp.com.br\/index.php\/cam-legislativa-de-sc-pl-0247-2025\/","og_site_name":"Legislapp","article_publisher":"https:\/\/www.instagram.com\/legislapp\/","og_image":[{"url":"https:\/\/www.legislapp.com.br\/wp-content\/uploads\/google-play.png","type":"","width":"","height":""}],"twitter_card":"summary_large_image","twitter_misc":{"Est. tempo de leitura":"4 minutos"},"schema":{"@context":"https:\/\/schema.org","@graph":[{"@type":"WebPage","@id":"https:\/\/www.legislapp.com.br\/index.php\/cam-legislativa-de-sc-pl-0247-2025\/","url":"https:\/\/www.legislapp.com.br\/index.php\/cam-legislativa-de-sc-pl-0247-2025\/","name":"PL.\/0247\/2025 - Nilso Berlanda - Legislapp","isPartOf":{"@id":"https:\/\/www.legislapp.com.br\/#website"},"primaryImageOfPage":{"@id":"https:\/\/www.legislapp.com.br\/index.php\/cam-legislativa-de-sc-pl-0247-2025\/#primaryimage"},"image":{"@id":"https:\/\/www.legislapp.com.br\/index.php\/cam-legislativa-de-sc-pl-0247-2025\/#primaryimage"},"thumbnailUrl":"https:\/\/www.legislapp.com.br\/wp-content\/uploads\/google-play.png","datePublished":"2025-09-17T16:54:05+00:00","breadcrumb":{"@id":"https:\/\/www.legislapp.com.br\/index.php\/cam-legislativa-de-sc-pl-0247-2025\/#breadcrumb"},"inLanguage":"pt-BR","potentialAction":[{"@type":"ReadAction","target":["https:\/\/www.legislapp.com.br\/index.php\/cam-legislativa-de-sc-pl-0247-2025\/"]}]},{"@type":"ImageObject","inLanguage":"pt-BR","@id":"https:\/\/www.legislapp.com.br\/index.php\/cam-legislativa-de-sc-pl-0247-2025\/#primaryimage","url":"https:\/\/www.legislapp.com.br\/wp-content\/uploads\/google-play.png","contentUrl":"https:\/\/www.legislapp.com.br\/wp-content\/uploads\/google-play.png","width":564,"height":168},{"@type":"BreadcrumbList","@id":"https:\/\/www.legislapp.com.br\/index.php\/cam-legislativa-de-sc-pl-0247-2025\/#breadcrumb","itemListElement":[{"@type":"ListItem","position":1,"name":"In\u00edcio","item":"https:\/\/www.legislapp.com.br\/"},{"@type":"ListItem","position":2,"name":"PL.\/0247\/2025 &#8211; Nilso Berlanda"}]},{"@type":"WebSite","@id":"https:\/\/www.legislapp.com.br\/#website","url":"https:\/\/www.legislapp.com.br\/","name":"Legislapp","description":"Intelig\u00eancia governamental em tempo real","publisher":{"@id":"https:\/\/www.legislapp.com.br\/#organization"},"potentialAction":[{"@type":"SearchAction","target":{"@type":"EntryPoint","urlTemplate":"https:\/\/www.legislapp.com.br\/?s={search_term_string}"},"query-input":{"@type":"PropertyValueSpecification","valueRequired":true,"valueName":"search_term_string"}}],"inLanguage":"pt-BR"},{"@type":"Organization","@id":"https:\/\/www.legislapp.com.br\/#organization","name":"Legislapp Monitoramento e Intelig\u00eancia Governamental","url":"https:\/\/www.legislapp.com.br\/","logo":{"@type":"ImageObject","inLanguage":"pt-BR","@id":"https:\/\/www.legislapp.com.br\/#\/schema\/logo\/image\/","url":"https:\/\/www.legislapp.com.br\/wp-content\/uploads\/icon.png","contentUrl":"https:\/\/www.legislapp.com.br\/wp-content\/uploads\/icon.png","width":1024,"height":1024,"caption":"Legislapp Monitoramento e Intelig\u00eancia Governamental"},"image":{"@id":"https:\/\/www.legislapp.com.br\/#\/schema\/logo\/image\/"},"sameAs":["https:\/\/www.instagram.com\/legislapp\/"]}]}},"_links":{"self":[{"href":"https:\/\/www.legislapp.com.br\/index.php\/wp-json\/wp\/v2\/pages\/7854","targetHints":{"allow":["GET"]}}],"collection":[{"href":"https:\/\/www.legislapp.com.br\/index.php\/wp-json\/wp\/v2\/pages"}],"about":[{"href":"https:\/\/www.legislapp.com.br\/index.php\/wp-json\/wp\/v2\/types\/page"}],"author":[{"embeddable":true,"href":"https:\/\/www.legislapp.com.br\/index.php\/wp-json\/wp\/v2\/users\/1"}],"replies":[{"embeddable":true,"href":"https:\/\/www.legislapp.com.br\/index.php\/wp-json\/wp\/v2\/comments?post=7854"}],"version-history":[{"count":0,"href":"https:\/\/www.legislapp.com.br\/index.php\/wp-json\/wp\/v2\/pages\/7854\/revisions"}],"wp:attachment":[{"href":"https:\/\/www.legislapp.com.br\/index.php\/wp-json\/wp\/v2\/media?parent=7854"}],"curies":[{"name":"wp","href":"https:\/\/api.w.org\/{rel}","templated":true}]}}