{"id":7930,"date":"2025-09-17T13:58:26","date_gmt":"2025-09-17T16:58:26","guid":{"rendered":"https:\/\/www.legislapp.com.br\/index.php\/cam-legislativa-de-pe-pl-2882-2025\/"},"modified":"2025-09-17T13:58:26","modified_gmt":"2025-09-17T16:58:26","slug":"cam-legislativa-de-pe-pl-2882-2025","status":"publish","type":"page","link":"https:\/\/www.legislapp.com.br\/index.php\/cam-legislativa-de-pe-pl-2882-2025\/","title":{"rendered":"PL 2882\/2025 &#8211; Wanderson Flor\u00eancio"},"content":{"rendered":"<h1 style='text-align: center;'>C\u00e2m. Legislativa de PE &#8211; Autoria de Wanderson Flor\u00eancio<br \/><img src='https:\/\/www.alepe.pe.gov.br\/\/wp-content\/uploads\/2019\/02\/wandersonFlorencio.jpg' alt='Wanderson Flor\u00eancio' \/><\/h3>\n<p><\/p>\n<article style='text-align: center'>O cavalo de sela \u00e9 parte essencial da tradi\u00e7\u00e3o e da cultura pernambucana, especialmente nas regi\u00f5es Agreste, Zona da Mata e Metropolitana. As cavalgadas fortalecem o v\u00ednculo entre o campo e a cidade, fomentam o turismo, movimentam a economia e preservam valores hist\u00f3ricos da vida rural.<\/p>\n<p>\u00a0\u00a0\u00a0\u00a0\u00a0A cria\u00e7\u00e3o da Rota da Cavalgada e do Cavalo de Sela visa reconhecer e potencializar o papel dos munic\u00edpios que promovem essa cultura, como Gravat\u00e1, Carpina, Caruaru, Cumaru, Surubim e tantos outros. Essa iniciativa proporcionar\u00e1 mais estrutura, visibilidade e investimentos para um dos setores mais tradicionais e promissores do Estado.<\/article>\n<p><\/p>\n<p style='text-align: center'><a href='https:\/\/app.legislapp.com.br\/#\/busca?termo='><\/a><\/p>\n<p><\/p>\n<article>\u00a0\u00a0\u00a0\u00a0\u00a0Art. 1\u00ba Fica institu\u00edda, no \u00e2mbito do Estado de Pernambuco, a Rota da Cavalgada e do Cavalo de Sela, com o objetivo de valorizar, fomentar e estruturar a cadeia produtiva do cavalo de sela e a tradi\u00e7\u00e3o das cavalgadas como manifesta\u00e7\u00e3o cultural, social, tur\u00edstica e econ\u00f4mica.<\/p>\n<p>\u00a0\u00a0\u00a0\u00a0\u00a0Art. 2\u00ba A Rota da Cavalgada e do Cavalo de Sela ser\u00e1 composta pelos seguintes munic\u00edpios, listados em ordem alfab\u00e9tica:<\/p>\n<p>\u00a0 \u00a0 \u00a0I &#8211; Bezerros;<\/p>\n<p>\u00a0 \u00a0 \u00a0II &#8211; Bonito;<\/p>\n<p>\u00a0 \u00a0 \u00a0III &#8211;\u00a0Camaragibe (Aldeia);<\/p>\n<p>\u00a0 \u00a0 \u00a0IV &#8211;\u00a0Caruaru;<\/p>\n<p>\u00a0 \u00a0 \u00a0V &#8211; Carpina;<\/p>\n<p>\u00a0 \u00a0 \u00a0VI &#8211; Ch\u00e3 de Alegria;<\/p>\n<p>\u00a0 \u00a0 \u00a0VII &#8211; Ch\u00e3 Grande;<\/p>\n<p>\u00a0 \u00a0 \u00a0VIII &#8211; Cumaru;<\/p>\n<p>\u00a0 \u00a0 \u00a0IX &#8211; Feira Nova;<\/p>\n<p>\u00a0 \u00a0 \u00a0X &#8211; Gl\u00f3ria do Goit\u00e1;<\/p>\n<p>\u00a0 \u00a0 \u00a0XI &#8211; Gravat\u00e1;<\/p>\n<p>\u00a0 \u00a0 \u00a0XII &#8211; Lagoa de Itaenga;<\/p>\n<p>\u00a0 \u00a0 \u00a0XIII &#8211; Lagoa do Carro;<\/p>\n<p>\u00a0 \u00a0 \u00a0XIV &#8211; Limoeiro;<\/p>\n<p>\u00a0 \u00a0 \u00a0XV\u00a0&#8211; Paudalho;<\/p>\n<p>\u00a0 \u00a0 \u00a0XVI &#8211; Passira;<\/p>\n<p>\u00a0 \u00a0 \u00a0XVII &#8211;\u00a0Pombos;<\/p>\n<p>\u00a0 \u00a0 \u00a0XVIII &#8211; Sair\u00e9; e<\/p>\n<p>\u00a0 \u00a0 \u00a0XIX &#8211;\u00a0Surubim.<\/p>\n<p>\u00a0\u00a0\u00a0\u00a0\u00a0Art. 3\u00ba Caber\u00e1 ao Poder Executivo, em regulamenta\u00e7\u00e3o espec\u00edfica desta Lei:<\/p>\n<p>\u00a0\u00a0\u00a0\u00a0\u00a0I &#8211;\u00a0promover a\u00e7\u00f5es e programas voltados \u00e0 divulga\u00e7\u00e3o, preserva\u00e7\u00e3o e fortalecimento da rota e da cultura das cavalgadas;<\/p>\n<p>\u00a0\u00a0\u00a0\u00a0\u00a0II &#8211;\u00a0estabelecer e sinalizar as rotas tur\u00edsticas com placas indicativas nos munic\u00edpios integrantes;<\/p>\n<p>\u00a0\u00a0\u00a0\u00a0\u00a0III &#8211;\u00a0fomentar um calend\u00e1rio oficial de cavalgadas e eventos equestres nos munic\u00edpios da Rota;<\/p>\n<p>\u00a0\u00a0\u00a0\u00a0\u00a0IV &#8211;\u00a0incentivar a realiza\u00e7\u00e3o de feiras, exposi\u00e7\u00f5es, cavalgadas e demais atividades relacionadas ao cavalo de sela;<\/p>\n<p>\u00a0\u00a0\u00a0\u00a0\u00a0V &#8211;\u00a0promover parcerias com entidades p\u00fablicas e privadas, associa\u00e7\u00f5es e criadores de cavalos para desenvolvimento da Rota; e<\/p>\n<p>\u00a0\u00a0\u00a0\u00a0\u00a0VI &#8211;\u00a0estimular o turismo rural e equestre, gerando emprego, renda e valoriza\u00e7\u00e3o do homem e da mulher do campo.<\/p>\n<p>\u00a0\u00a0\u00a0\u00a0\u00a0Art. 4\u00ba A presente Lei servir\u00e1 como refer\u00eancia para a formula\u00e7\u00e3o de pol\u00edticas p\u00fablicas e destina\u00e7\u00e3o de investimentos estaduais voltados \u00e0 cadeia produtiva do cavalo de sela, reconhecendo-a como vetor estrat\u00e9gico de desenvolvimento regional, tur\u00edstico e cultural.<\/p>\n<p>\u00a0\u00a0\u00a0\u00a0\u00a0Art. 5\u00ba Esta Lei entra em vigor na data de sua publica\u00e7\u00e3o.<\/article>\n<div style=\"text-align: center\">\n<div style=\"margin-bottom: 20px;\" class=\"et_pb_button_module_wrapper et_pb_button_5_tb_body_wrapper et_pb_button_alignment_center et_pb_module \">\n         <a class=\"et_pb_button et_pb_button_5_tb_body et_hover_enabled et_pb_bg_layout_dark\" style=\"width: 50%;background-color: black;\" href=\"https:\/\/app.legislapp.com.br\" target=\"_blank\" rel=\"noopener\">Visualizar completo na nossa plataforma (30 dias gr\u00e1tis)<\/a><\/p><\/div>\n<p>      <a href=\"https:\/\/play.google.com\/store\/apps\/details?id=br.com.legislapp\"><img decoding=\"async\" style=\"width: 15%; min-width: 130px;\" src=\"https:\/\/www.legislapp.com.br\/wp-content\/uploads\/google-play.png\"><\/a><br \/>\n      <a href=\"https:\/\/apps.apple.com\/us\/app\/legislapp\/id1568929859\"><img decoding=\"async\" style=\"width: 15%; min-width: 130px\" src=\"https:\/\/www.legislapp.com.br\/wp-content\/uploads\/apple-store.png\"><\/a>\n   <\/div>\n","protected":false},"excerpt":{"rendered":"<p>C\u00e2m. Legislativa de PE &#8211; Autoria de Wanderson Flor\u00eancio O cavalo de sela \u00e9 parte essencial da tradi\u00e7\u00e3o e da cultura pernambucana, especialmente nas regi\u00f5es Agreste, Zona da Mata e Metropolitana. As cavalgadas fortalecem o v\u00ednculo entre o campo e a cidade, fomentam o turismo, movimentam a economia e preservam valores hist\u00f3ricos da vida rural. [&hellip;]<\/p>\n","protected":false},"author":1,"featured_media":0,"parent":0,"menu_order":0,"comment_status":"closed","ping_status":"closed","template":"page-template-blank.php","meta":{"_et_pb_use_builder":"","_et_pb_old_content":"","_et_gb_content_width":"1080","ngg_post_thumbnail":0,"footnotes":""},"class_list":["post-7930","page","type-page","status-publish","hentry"],"yoast_head":"<!-- This site is optimized with the Yoast SEO plugin v24.4 - https:\/\/yoast.com\/wordpress\/plugins\/seo\/ -->\n<title>PL 2882\/2025 - Wanderson Flor\u00eancio - Legislapp<\/title>\n<meta name=\"robots\" content=\"index, follow, max-snippet:-1, max-image-preview:large, max-video-preview:-1\" \/>\n<link rel=\"canonical\" href=\"https:\/\/www.legislapp.com.br\/index.php\/cam-legislativa-de-pe-pl-2882-2025\/\" \/>\n<meta property=\"og:locale\" content=\"pt_BR\" \/>\n<meta property=\"og:type\" content=\"article\" \/>\n<meta property=\"og:title\" content=\"PL 2882\/2025 - Wanderson Flor\u00eancio - Legislapp\" \/>\n<meta property=\"og:description\" content=\"C\u00e2m. Legislativa de PE &#8211; Autoria de Wanderson Flor\u00eancio O cavalo de sela \u00e9 parte essencial da tradi\u00e7\u00e3o e da cultura pernambucana, especialmente nas regi\u00f5es Agreste, Zona da Mata e Metropolitana. As cavalgadas fortalecem o v\u00ednculo entre o campo e a cidade, fomentam o turismo, movimentam a economia e preservam valores hist\u00f3ricos da vida rural. [&hellip;]\" \/>\n<meta property=\"og:url\" content=\"https:\/\/www.legislapp.com.br\/index.php\/cam-legislativa-de-pe-pl-2882-2025\/\" \/>\n<meta property=\"og:site_name\" content=\"Legislapp\" \/>\n<meta property=\"article:publisher\" content=\"https:\/\/www.instagram.com\/legislapp\/\" \/>\n<meta property=\"og:image\" content=\"https:\/\/www.alepe.pe.gov.br\/\/wp-content\/uploads\/2019\/02\/wandersonFlorencio.jpg\" \/>\n<meta name=\"twitter:card\" content=\"summary_large_image\" \/>\n<meta name=\"twitter:label1\" content=\"Est. tempo de leitura\" \/>\n\t<meta name=\"twitter:data1\" content=\"2 minutos\" \/>\n<script type=\"application\/ld+json\" class=\"yoast-schema-graph\">{\"@context\":\"https:\/\/schema.org\",\"@graph\":[{\"@type\":\"WebPage\",\"@id\":\"https:\/\/www.legislapp.com.br\/index.php\/cam-legislativa-de-pe-pl-2882-2025\/\",\"url\":\"https:\/\/www.legislapp.com.br\/index.php\/cam-legislativa-de-pe-pl-2882-2025\/\",\"name\":\"PL 2882\/2025 - Wanderson Flor\u00eancio - Legislapp\",\"isPartOf\":{\"@id\":\"https:\/\/www.legislapp.com.br\/#website\"},\"primaryImageOfPage\":{\"@id\":\"https:\/\/www.legislapp.com.br\/index.php\/cam-legislativa-de-pe-pl-2882-2025\/#primaryimage\"},\"image\":{\"@id\":\"https:\/\/www.legislapp.com.br\/index.php\/cam-legislativa-de-pe-pl-2882-2025\/#primaryimage\"},\"thumbnailUrl\":\"https:\/\/www.alepe.pe.gov.br\/\/wp-content\/uploads\/2019\/02\/wandersonFlorencio.jpg\",\"datePublished\":\"2025-09-17T16:58:26+00:00\",\"breadcrumb\":{\"@id\":\"https:\/\/www.legislapp.com.br\/index.php\/cam-legislativa-de-pe-pl-2882-2025\/#breadcrumb\"},\"inLanguage\":\"pt-BR\",\"potentialAction\":[{\"@type\":\"ReadAction\",\"target\":[\"https:\/\/www.legislapp.com.br\/index.php\/cam-legislativa-de-pe-pl-2882-2025\/\"]}]},{\"@type\":\"ImageObject\",\"inLanguage\":\"pt-BR\",\"@id\":\"https:\/\/www.legislapp.com.br\/index.php\/cam-legislativa-de-pe-pl-2882-2025\/#primaryimage\",\"url\":\"https:\/\/www.alepe.pe.gov.br\/\/wp-content\/uploads\/2019\/02\/wandersonFlorencio.jpg\",\"contentUrl\":\"https:\/\/www.alepe.pe.gov.br\/\/wp-content\/uploads\/2019\/02\/wandersonFlorencio.jpg\"},{\"@type\":\"BreadcrumbList\",\"@id\":\"https:\/\/www.legislapp.com.br\/index.php\/cam-legislativa-de-pe-pl-2882-2025\/#breadcrumb\",\"itemListElement\":[{\"@type\":\"ListItem\",\"position\":1,\"name\":\"In\u00edcio\",\"item\":\"https:\/\/www.legislapp.com.br\/\"},{\"@type\":\"ListItem\",\"position\":2,\"name\":\"PL 2882\/2025 &#8211; Wanderson Flor\u00eancio\"}]},{\"@type\":\"WebSite\",\"@id\":\"https:\/\/www.legislapp.com.br\/#website\",\"url\":\"https:\/\/www.legislapp.com.br\/\",\"name\":\"Legislapp\",\"description\":\"Intelig\u00eancia governamental em tempo real\",\"publisher\":{\"@id\":\"https:\/\/www.legislapp.com.br\/#organization\"},\"potentialAction\":[{\"@type\":\"SearchAction\",\"target\":{\"@type\":\"EntryPoint\",\"urlTemplate\":\"https:\/\/www.legislapp.com.br\/?s={search_term_string}\"},\"query-input\":{\"@type\":\"PropertyValueSpecification\",\"valueRequired\":true,\"valueName\":\"search_term_string\"}}],\"inLanguage\":\"pt-BR\"},{\"@type\":\"Organization\",\"@id\":\"https:\/\/www.legislapp.com.br\/#organization\",\"name\":\"Legislapp Monitoramento e Intelig\u00eancia Governamental\",\"url\":\"https:\/\/www.legislapp.com.br\/\",\"logo\":{\"@type\":\"ImageObject\",\"inLanguage\":\"pt-BR\",\"@id\":\"https:\/\/www.legislapp.com.br\/#\/schema\/logo\/image\/\",\"url\":\"https:\/\/www.legislapp.com.br\/wp-content\/uploads\/icon.png\",\"contentUrl\":\"https:\/\/www.legislapp.com.br\/wp-content\/uploads\/icon.png\",\"width\":1024,\"height\":1024,\"caption\":\"Legislapp Monitoramento e Intelig\u00eancia Governamental\"},\"image\":{\"@id\":\"https:\/\/www.legislapp.com.br\/#\/schema\/logo\/image\/\"},\"sameAs\":[\"https:\/\/www.instagram.com\/legislapp\/\"]}]}<\/script>\n<!-- \/ Yoast SEO plugin. -->","yoast_head_json":{"title":"PL 2882\/2025 - Wanderson Flor\u00eancio - Legislapp","robots":{"index":"index","follow":"follow","max-snippet":"max-snippet:-1","max-image-preview":"max-image-preview:large","max-video-preview":"max-video-preview:-1"},"canonical":"https:\/\/www.legislapp.com.br\/index.php\/cam-legislativa-de-pe-pl-2882-2025\/","og_locale":"pt_BR","og_type":"article","og_title":"PL 2882\/2025 - Wanderson Flor\u00eancio - Legislapp","og_description":"C\u00e2m. Legislativa de PE &#8211; Autoria de Wanderson Flor\u00eancio O cavalo de sela \u00e9 parte essencial da tradi\u00e7\u00e3o e da cultura pernambucana, especialmente nas regi\u00f5es Agreste, Zona da Mata e Metropolitana. As cavalgadas fortalecem o v\u00ednculo entre o campo e a cidade, fomentam o turismo, movimentam a economia e preservam valores hist\u00f3ricos da vida rural. [&hellip;]","og_url":"https:\/\/www.legislapp.com.br\/index.php\/cam-legislativa-de-pe-pl-2882-2025\/","og_site_name":"Legislapp","article_publisher":"https:\/\/www.instagram.com\/legislapp\/","og_image":[{"url":"https:\/\/www.alepe.pe.gov.br\/\/wp-content\/uploads\/2019\/02\/wandersonFlorencio.jpg","type":"","width":"","height":""}],"twitter_card":"summary_large_image","twitter_misc":{"Est. tempo de leitura":"2 minutos"},"schema":{"@context":"https:\/\/schema.org","@graph":[{"@type":"WebPage","@id":"https:\/\/www.legislapp.com.br\/index.php\/cam-legislativa-de-pe-pl-2882-2025\/","url":"https:\/\/www.legislapp.com.br\/index.php\/cam-legislativa-de-pe-pl-2882-2025\/","name":"PL 2882\/2025 - Wanderson Flor\u00eancio - Legislapp","isPartOf":{"@id":"https:\/\/www.legislapp.com.br\/#website"},"primaryImageOfPage":{"@id":"https:\/\/www.legislapp.com.br\/index.php\/cam-legislativa-de-pe-pl-2882-2025\/#primaryimage"},"image":{"@id":"https:\/\/www.legislapp.com.br\/index.php\/cam-legislativa-de-pe-pl-2882-2025\/#primaryimage"},"thumbnailUrl":"https:\/\/www.alepe.pe.gov.br\/\/wp-content\/uploads\/2019\/02\/wandersonFlorencio.jpg","datePublished":"2025-09-17T16:58:26+00:00","breadcrumb":{"@id":"https:\/\/www.legislapp.com.br\/index.php\/cam-legislativa-de-pe-pl-2882-2025\/#breadcrumb"},"inLanguage":"pt-BR","potentialAction":[{"@type":"ReadAction","target":["https:\/\/www.legislapp.com.br\/index.php\/cam-legislativa-de-pe-pl-2882-2025\/"]}]},{"@type":"ImageObject","inLanguage":"pt-BR","@id":"https:\/\/www.legislapp.com.br\/index.php\/cam-legislativa-de-pe-pl-2882-2025\/#primaryimage","url":"https:\/\/www.alepe.pe.gov.br\/\/wp-content\/uploads\/2019\/02\/wandersonFlorencio.jpg","contentUrl":"https:\/\/www.alepe.pe.gov.br\/\/wp-content\/uploads\/2019\/02\/wandersonFlorencio.jpg"},{"@type":"BreadcrumbList","@id":"https:\/\/www.legislapp.com.br\/index.php\/cam-legislativa-de-pe-pl-2882-2025\/#breadcrumb","itemListElement":[{"@type":"ListItem","position":1,"name":"In\u00edcio","item":"https:\/\/www.legislapp.com.br\/"},{"@type":"ListItem","position":2,"name":"PL 2882\/2025 &#8211; Wanderson Flor\u00eancio"}]},{"@type":"WebSite","@id":"https:\/\/www.legislapp.com.br\/#website","url":"https:\/\/www.legislapp.com.br\/","name":"Legislapp","description":"Intelig\u00eancia governamental em tempo real","publisher":{"@id":"https:\/\/www.legislapp.com.br\/#organization"},"potentialAction":[{"@type":"SearchAction","target":{"@type":"EntryPoint","urlTemplate":"https:\/\/www.legislapp.com.br\/?s={search_term_string}"},"query-input":{"@type":"PropertyValueSpecification","valueRequired":true,"valueName":"search_term_string"}}],"inLanguage":"pt-BR"},{"@type":"Organization","@id":"https:\/\/www.legislapp.com.br\/#organization","name":"Legislapp Monitoramento e Intelig\u00eancia Governamental","url":"https:\/\/www.legislapp.com.br\/","logo":{"@type":"ImageObject","inLanguage":"pt-BR","@id":"https:\/\/www.legislapp.com.br\/#\/schema\/logo\/image\/","url":"https:\/\/www.legislapp.com.br\/wp-content\/uploads\/icon.png","contentUrl":"https:\/\/www.legislapp.com.br\/wp-content\/uploads\/icon.png","width":1024,"height":1024,"caption":"Legislapp Monitoramento e Intelig\u00eancia Governamental"},"image":{"@id":"https:\/\/www.legislapp.com.br\/#\/schema\/logo\/image\/"},"sameAs":["https:\/\/www.instagram.com\/legislapp\/"]}]}},"_links":{"self":[{"href":"https:\/\/www.legislapp.com.br\/index.php\/wp-json\/wp\/v2\/pages\/7930","targetHints":{"allow":["GET"]}}],"collection":[{"href":"https:\/\/www.legislapp.com.br\/index.php\/wp-json\/wp\/v2\/pages"}],"about":[{"href":"https:\/\/www.legislapp.com.br\/index.php\/wp-json\/wp\/v2\/types\/page"}],"author":[{"embeddable":true,"href":"https:\/\/www.legislapp.com.br\/index.php\/wp-json\/wp\/v2\/users\/1"}],"replies":[{"embeddable":true,"href":"https:\/\/www.legislapp.com.br\/index.php\/wp-json\/wp\/v2\/comments?post=7930"}],"version-history":[{"count":0,"href":"https:\/\/www.legislapp.com.br\/index.php\/wp-json\/wp\/v2\/pages\/7930\/revisions"}],"wp:attachment":[{"href":"https:\/\/www.legislapp.com.br\/index.php\/wp-json\/wp\/v2\/media?parent=7930"}],"curies":[{"name":"wp","href":"https:\/\/api.w.org\/{rel}","templated":true}]}}