{"id":7939,"date":"2025-09-17T13:58:54","date_gmt":"2025-09-17T16:58:54","guid":{"rendered":"https:\/\/www.legislapp.com.br\/index.php\/cam-legislativa-de-pe-pl-2877-2025\/"},"modified":"2025-09-17T13:58:54","modified_gmt":"2025-09-17T16:58:54","slug":"cam-legislativa-de-pe-pl-2877-2025","status":"publish","type":"page","link":"https:\/\/www.legislapp.com.br\/index.php\/cam-legislativa-de-pe-pl-2877-2025\/","title":{"rendered":"PL 2877\/2025 &#8211; Gilmar Junior"},"content":{"rendered":"<h1 style='text-align: center;'>C\u00e2m. Legislativa de PE &#8211; Autoria de Gilmar Junior<br \/><img src='https:\/\/www.alepe.pe.gov.br\/\/wp-content\/uploads\/2023\/02\/GILMAR-JUNIOR-scaled-e1675859139299.jpg' alt='Gilmar Junior' \/><\/h3>\n<p><\/p>\n<article style='text-align: center'>O Projeto em tela visa instituir a obrigatoriedade da disponibiliza\u00e7\u00e3o, no s\u00edtio eletr\u00f4nico da Secretaria de Sa\u00fade do Estado de Pernambuco, de Guia de incentivo aos alimentos funcionais, afim de promover a alimenta\u00e7\u00e3o saud\u00e1vel e a qualidade de vida. A ingest\u00e3o adequada de alimentos com propriedades funcionais pode ajudar a prevenir uma s\u00e9rie de doen\u00e7as, reduzir os custos com tratamentos de sa\u00fade e melhorar o bem-estar da popula\u00e7\u00e3o paulista.<\/p>\n<p>\u00a0\u00a0\u00a0\u00a0\u00a0Os alimentos funcionais s\u00e3o extremamente ben\u00e9ficos a sa\u00fade, pois reduzem o risco de doen\u00e7as cardiovasculares, melhora do funcionamento do sistema imunol\u00f3gico e preven\u00e7\u00e3o de doen\u00e7as cr\u00f4nicas, como diabetes e hipertens\u00e3o, assim como aux\u00edlio no equil\u00edbrio da microbiota intestinal e contribui\u00e7\u00e3o para o controle do peso corporal.<\/p>\n<p>\u00a0\u00a0\u00a0\u00a0\u00a0Os alimentos funcionais caracterizam-se por oferecer v\u00e1rios benef\u00edcios \u00e0 sa\u00fade, al\u00e9m do valor nutritivo inerente \u00e0 sua composi\u00e7\u00e3o qu\u00edmica, podendo desempenhar um papel potencialmente ben\u00e9fico na redu\u00e7\u00e3o do risco de doen\u00e7as cr\u00f4nicas degenerativas, como c\u00e2ncer e diabetes, dentre outros. A Ag\u00eancia Nacional de Vigil\u00e2ncia Sanit\u00e1ria (ANVISA) define como um alimento com propriedade funcional: \u201caquela relativa ao papel metab\u00f3lico ou fisiol\u00f3gico que o nutriente e\/ou n\u00e3o nutriente tem no crescimento, desenvolvimento, manuten\u00e7\u00e3o e\/outras fun\u00e7\u00f5es normais do organismo humano\u201d (BRASIL, 1999).<\/p>\n<p>\u00a0\u00a0\u00a0\u00a0\u00a0Neste sentido, nas recomenda\u00e7\u00f5es da sua estrat\u00e9gia global, a Organiza\u00e7\u00e3o Mundial da Sa\u00fade insere a promo\u00e7\u00e3o do consumo de frutas e hortali\u00e7as, com um consumo m\u00ednimo de 400 gramas ou cinco por\u00e7\u00f5es ao dia, como um dos fatores essenciais na preven\u00e7\u00e3o de doen\u00e7as cr\u00f4nicas n\u00e3o transmiss\u00edveis. \u00c9 nesse sentido que o presente PL tem finalidade promover a alimenta\u00e7\u00e3o saud\u00e1vel e a conscientiza\u00e7\u00e3o sobre os benef\u00edcios dos alimentos funcionais \u00e0 sa\u00fade da popula\u00e7\u00e3o, focada na ado\u00e7\u00e3o de pr\u00e1ticas alimentares apropriadas do ponto de vista biol\u00f3gico, com foco na preven\u00e7\u00e3o e na mitiga\u00e7\u00e3o de doen\u00e7as.<\/p>\n<p>\u00a0\u00a0\u00a0\u00a0\u00a0Diante o exposto e pela relev\u00e2ncia do tema, solicito o apoio dos Nobres Pares para a aprova\u00e7\u00e3o do presente projeto de lei por se tratar de grande interesse p\u00fablico.<\/article>\n<p><\/p>\n<p style='text-align: center'><a href='https:\/\/app.legislapp.com.br\/#\/busca?termo='><\/a><\/p>\n<p><\/p>\n<article>\u00a0\u00a0\u00a0\u00a0\u00a0Art. 1\u00b0 Fica institu\u00edda a obrigatoriedade da disponibiliza\u00e7\u00e3o, no s\u00edtio eletr\u00f4nico da Secretaria de Sa\u00fade do Estado de Pernambuco, de Guia de incentivo aos alimentos funcionais.<\/p>\n<p>\u00a0\u00a0\u00a0\u00a0\u00a0Par\u00e1grafo \u00fanico.\u00a0 O Guia de incentivo aos alimentos funcionais tem por finalidade promover a alimenta\u00e7\u00e3o saud\u00e1vel e a conscientiza\u00e7\u00e3o sobre os benef\u00edcios dos alimentos funcionais \u00e0 sa\u00fade da popula\u00e7\u00e3o, focada na ado\u00e7\u00e3o de pr\u00e1ticas alimentares apropriadas do ponto de vista biol\u00f3gico, com foco na preven\u00e7\u00e3o e na mitiga\u00e7\u00e3o de doen\u00e7as.<\/p>\n<p>\u00a0\u00a0\u00a0\u00a0\u00a0Art. 2\u00b0 Para os efeitos desta Lei, considera-se alimentos funcionais aqueles que, al\u00e9m de sua fun\u00e7\u00e3o nutricional b\u00e1sica, apresentem compostos bioativos que possam trazer benef\u00edcios \u00e0s fun\u00e7\u00f5es fisiol\u00f3gicas e metab\u00f3licas do organismo, proporcionando sa\u00fade f\u00edsica e mental e redu\u00e7\u00e3o do risco e surgimento de desenvolvimento de doen\u00e7as cr\u00f4nico-degenerativas, a exemplo da Diabetes, Hipertens\u00e3o e outras enfermidades.<\/p>\n<p>\u00a0\u00a0\u00a0\u00a0\u00a0Art. 3\u00b0 O Guia de incentivo aos alimentos funcionais tem os objetivos de:<\/p>\n<p>\u00a0\u00a0\u00a0\u00a0\u00a0I &#8211; informar\u00a0e conscientizar\u00a0aa popula\u00e7\u00e3o sobre os benef\u00edcios dos alimentos funcionais para a preven\u00e7\u00e3o de doen\u00e7as cr\u00f4nicas, como diabetes, hipertens\u00e3o, obesidade e doen\u00e7as cardiovasculares;<\/p>\n<p>\u00a0\u00a0\u00a0\u00a0\u00a0II &#8211; incentivar\u00a0a ado\u00e7\u00e3o de h\u00e1bitos alimentares saud\u00e1veis atrav\u00e9s da incorpora\u00e7\u00e3o de alimentos funcionais na dieta di\u00e1ria<\/p>\n<p>\u00a0\u00a0\u00a0\u00a0\u00a0III &#8211; fortalecer pr\u00e1ticas agr\u00edcolas sustent\u00e1veis e apoio \u00e0 produ\u00e7\u00e3o local de alimentos funcionais, em especial, da agricultura familiar;<\/p>\n<p>\u00a0\u00a0\u00a0\u00a0\u00a0Art. 4\u00b0 O Guia de Incentivo aos Alimentos Funcionais estimular\u00e1 a amplia\u00e7\u00e3o desses alimentos nos card\u00e1pios j\u00e1 existentes em escolas, hospitais, restaurantes e unidades de alimenta\u00e7\u00e3o p\u00fablica, com a inclus\u00e3o de variadas op\u00e7\u00f5es que promovam benef\u00edcios ao p\u00fablico desses estabelecimentos.<\/p>\n<p>\u00a0\u00a0\u00a0\u00a0\u00a0Art. 5\u00b0 O Guia de Incentivo aos Alimentos Funcionais deve incluir as especificidades locais e regionais, buscando atender \u00e0s necessidades nutricionais e culturais de cada regi\u00e3o do Estado, al\u00e9m de garantir que a implementa\u00e7\u00e3o seja acess\u00edvel e eficaz para toda a popula\u00e7\u00e3o.<\/p>\n<p>\u00a0\u00a0\u00a0\u00a0\u00a0Art. 6\u00b0 AS organiza\u00e7\u00f5es da sociedade civil poder\u00e3o, atrav\u00e9s de parcerias, sugest\u00f5es ou colabora\u00e7\u00e3o para aperfei\u00e7oamento e a inclus\u00e3o de alimentos funcionais produzidos em Pernambuco constantes no guia mencionado nesta Lei.<\/p>\n<p>\u00a0\u00a0\u00a0\u00a0\u00a0Art. 7\u00b0 Esta Lei entra em vigor na data de sua publica\u00e7\u00e3o.<\/article>\n<div style=\"text-align: center\">\n<div style=\"margin-bottom: 20px;\" class=\"et_pb_button_module_wrapper et_pb_button_5_tb_body_wrapper et_pb_button_alignment_center et_pb_module \">\n         <a class=\"et_pb_button et_pb_button_5_tb_body et_hover_enabled et_pb_bg_layout_dark\" style=\"width: 50%;background-color: black;\" href=\"https:\/\/app.legislapp.com.br\" target=\"_blank\" rel=\"noopener\">Visualizar completo na nossa plataforma (30 dias gr\u00e1tis)<\/a><\/p><\/div>\n<p>      <a href=\"https:\/\/play.google.com\/store\/apps\/details?id=br.com.legislapp\"><img decoding=\"async\" style=\"width: 15%; min-width: 130px;\" src=\"https:\/\/www.legislapp.com.br\/wp-content\/uploads\/google-play.png\"><\/a><br \/>\n      <a href=\"https:\/\/apps.apple.com\/us\/app\/legislapp\/id1568929859\"><img decoding=\"async\" style=\"width: 15%; min-width: 130px\" src=\"https:\/\/www.legislapp.com.br\/wp-content\/uploads\/apple-store.png\"><\/a>\n   <\/div>\n","protected":false},"excerpt":{"rendered":"<p>C\u00e2m. Legislativa de PE &#8211; Autoria de Gilmar Junior O Projeto em tela visa instituir a obrigatoriedade da disponibiliza\u00e7\u00e3o, no s\u00edtio eletr\u00f4nico da Secretaria de Sa\u00fade do Estado de Pernambuco, de Guia de incentivo aos alimentos funcionais, afim de promover a alimenta\u00e7\u00e3o saud\u00e1vel e a qualidade de vida. A ingest\u00e3o adequada de alimentos com propriedades [&hellip;]<\/p>\n","protected":false},"author":1,"featured_media":0,"parent":0,"menu_order":0,"comment_status":"closed","ping_status":"closed","template":"page-template-blank.php","meta":{"_et_pb_use_builder":"","_et_pb_old_content":"","_et_gb_content_width":"1080","ngg_post_thumbnail":0,"footnotes":""},"class_list":["post-7939","page","type-page","status-publish","hentry"],"yoast_head":"<!-- This site is optimized with the Yoast SEO plugin v24.4 - https:\/\/yoast.com\/wordpress\/plugins\/seo\/ -->\n<title>PL 2877\/2025 - Gilmar Junior - Legislapp<\/title>\n<meta name=\"robots\" content=\"index, follow, max-snippet:-1, max-image-preview:large, max-video-preview:-1\" \/>\n<link rel=\"canonical\" href=\"https:\/\/www.legislapp.com.br\/index.php\/cam-legislativa-de-pe-pl-2877-2025\/\" \/>\n<meta property=\"og:locale\" content=\"pt_BR\" \/>\n<meta property=\"og:type\" content=\"article\" \/>\n<meta property=\"og:title\" content=\"PL 2877\/2025 - Gilmar Junior - Legislapp\" \/>\n<meta property=\"og:description\" content=\"C\u00e2m. Legislativa de PE &#8211; Autoria de Gilmar Junior O Projeto em tela visa instituir a obrigatoriedade da disponibiliza\u00e7\u00e3o, no s\u00edtio eletr\u00f4nico da Secretaria de Sa\u00fade do Estado de Pernambuco, de Guia de incentivo aos alimentos funcionais, afim de promover a alimenta\u00e7\u00e3o saud\u00e1vel e a qualidade de vida. A ingest\u00e3o adequada de alimentos com propriedades [&hellip;]\" \/>\n<meta property=\"og:url\" content=\"https:\/\/www.legislapp.com.br\/index.php\/cam-legislativa-de-pe-pl-2877-2025\/\" \/>\n<meta property=\"og:site_name\" content=\"Legislapp\" \/>\n<meta property=\"article:publisher\" content=\"https:\/\/www.instagram.com\/legislapp\/\" \/>\n<meta property=\"og:image\" content=\"https:\/\/www.alepe.pe.gov.br\/\/wp-content\/uploads\/2023\/02\/GILMAR-JUNIOR-scaled-e1675859139299.jpg\" \/>\n<meta name=\"twitter:card\" content=\"summary_large_image\" \/>\n<meta name=\"twitter:label1\" content=\"Est. tempo de leitura\" \/>\n\t<meta name=\"twitter:data1\" content=\"4 minutos\" \/>\n<script type=\"application\/ld+json\" class=\"yoast-schema-graph\">{\"@context\":\"https:\/\/schema.org\",\"@graph\":[{\"@type\":\"WebPage\",\"@id\":\"https:\/\/www.legislapp.com.br\/index.php\/cam-legislativa-de-pe-pl-2877-2025\/\",\"url\":\"https:\/\/www.legislapp.com.br\/index.php\/cam-legislativa-de-pe-pl-2877-2025\/\",\"name\":\"PL 2877\/2025 - Gilmar Junior - Legislapp\",\"isPartOf\":{\"@id\":\"https:\/\/www.legislapp.com.br\/#website\"},\"primaryImageOfPage\":{\"@id\":\"https:\/\/www.legislapp.com.br\/index.php\/cam-legislativa-de-pe-pl-2877-2025\/#primaryimage\"},\"image\":{\"@id\":\"https:\/\/www.legislapp.com.br\/index.php\/cam-legislativa-de-pe-pl-2877-2025\/#primaryimage\"},\"thumbnailUrl\":\"https:\/\/www.alepe.pe.gov.br\/\/wp-content\/uploads\/2023\/02\/GILMAR-JUNIOR-scaled-e1675859139299.jpg\",\"datePublished\":\"2025-09-17T16:58:54+00:00\",\"breadcrumb\":{\"@id\":\"https:\/\/www.legislapp.com.br\/index.php\/cam-legislativa-de-pe-pl-2877-2025\/#breadcrumb\"},\"inLanguage\":\"pt-BR\",\"potentialAction\":[{\"@type\":\"ReadAction\",\"target\":[\"https:\/\/www.legislapp.com.br\/index.php\/cam-legislativa-de-pe-pl-2877-2025\/\"]}]},{\"@type\":\"ImageObject\",\"inLanguage\":\"pt-BR\",\"@id\":\"https:\/\/www.legislapp.com.br\/index.php\/cam-legislativa-de-pe-pl-2877-2025\/#primaryimage\",\"url\":\"https:\/\/www.alepe.pe.gov.br\/\/wp-content\/uploads\/2023\/02\/GILMAR-JUNIOR-scaled-e1675859139299.jpg\",\"contentUrl\":\"https:\/\/www.alepe.pe.gov.br\/\/wp-content\/uploads\/2023\/02\/GILMAR-JUNIOR-scaled-e1675859139299.jpg\"},{\"@type\":\"BreadcrumbList\",\"@id\":\"https:\/\/www.legislapp.com.br\/index.php\/cam-legislativa-de-pe-pl-2877-2025\/#breadcrumb\",\"itemListElement\":[{\"@type\":\"ListItem\",\"position\":1,\"name\":\"In\u00edcio\",\"item\":\"https:\/\/www.legislapp.com.br\/\"},{\"@type\":\"ListItem\",\"position\":2,\"name\":\"PL 2877\/2025 &#8211; Gilmar Junior\"}]},{\"@type\":\"WebSite\",\"@id\":\"https:\/\/www.legislapp.com.br\/#website\",\"url\":\"https:\/\/www.legislapp.com.br\/\",\"name\":\"Legislapp\",\"description\":\"Intelig\u00eancia governamental em tempo real\",\"publisher\":{\"@id\":\"https:\/\/www.legislapp.com.br\/#organization\"},\"potentialAction\":[{\"@type\":\"SearchAction\",\"target\":{\"@type\":\"EntryPoint\",\"urlTemplate\":\"https:\/\/www.legislapp.com.br\/?s={search_term_string}\"},\"query-input\":{\"@type\":\"PropertyValueSpecification\",\"valueRequired\":true,\"valueName\":\"search_term_string\"}}],\"inLanguage\":\"pt-BR\"},{\"@type\":\"Organization\",\"@id\":\"https:\/\/www.legislapp.com.br\/#organization\",\"name\":\"Legislapp Monitoramento e Intelig\u00eancia Governamental\",\"url\":\"https:\/\/www.legislapp.com.br\/\",\"logo\":{\"@type\":\"ImageObject\",\"inLanguage\":\"pt-BR\",\"@id\":\"https:\/\/www.legislapp.com.br\/#\/schema\/logo\/image\/\",\"url\":\"https:\/\/www.legislapp.com.br\/wp-content\/uploads\/icon.png\",\"contentUrl\":\"https:\/\/www.legislapp.com.br\/wp-content\/uploads\/icon.png\",\"width\":1024,\"height\":1024,\"caption\":\"Legislapp Monitoramento e Intelig\u00eancia Governamental\"},\"image\":{\"@id\":\"https:\/\/www.legislapp.com.br\/#\/schema\/logo\/image\/\"},\"sameAs\":[\"https:\/\/www.instagram.com\/legislapp\/\"]}]}<\/script>\n<!-- \/ Yoast SEO plugin. -->","yoast_head_json":{"title":"PL 2877\/2025 - Gilmar Junior - Legislapp","robots":{"index":"index","follow":"follow","max-snippet":"max-snippet:-1","max-image-preview":"max-image-preview:large","max-video-preview":"max-video-preview:-1"},"canonical":"https:\/\/www.legislapp.com.br\/index.php\/cam-legislativa-de-pe-pl-2877-2025\/","og_locale":"pt_BR","og_type":"article","og_title":"PL 2877\/2025 - Gilmar Junior - Legislapp","og_description":"C\u00e2m. Legislativa de PE &#8211; Autoria de Gilmar Junior O Projeto em tela visa instituir a obrigatoriedade da disponibiliza\u00e7\u00e3o, no s\u00edtio eletr\u00f4nico da Secretaria de Sa\u00fade do Estado de Pernambuco, de Guia de incentivo aos alimentos funcionais, afim de promover a alimenta\u00e7\u00e3o saud\u00e1vel e a qualidade de vida. A ingest\u00e3o adequada de alimentos com propriedades [&hellip;]","og_url":"https:\/\/www.legislapp.com.br\/index.php\/cam-legislativa-de-pe-pl-2877-2025\/","og_site_name":"Legislapp","article_publisher":"https:\/\/www.instagram.com\/legislapp\/","og_image":[{"url":"https:\/\/www.alepe.pe.gov.br\/\/wp-content\/uploads\/2023\/02\/GILMAR-JUNIOR-scaled-e1675859139299.jpg","type":"","width":"","height":""}],"twitter_card":"summary_large_image","twitter_misc":{"Est. tempo de leitura":"4 minutos"},"schema":{"@context":"https:\/\/schema.org","@graph":[{"@type":"WebPage","@id":"https:\/\/www.legislapp.com.br\/index.php\/cam-legislativa-de-pe-pl-2877-2025\/","url":"https:\/\/www.legislapp.com.br\/index.php\/cam-legislativa-de-pe-pl-2877-2025\/","name":"PL 2877\/2025 - Gilmar Junior - Legislapp","isPartOf":{"@id":"https:\/\/www.legislapp.com.br\/#website"},"primaryImageOfPage":{"@id":"https:\/\/www.legislapp.com.br\/index.php\/cam-legislativa-de-pe-pl-2877-2025\/#primaryimage"},"image":{"@id":"https:\/\/www.legislapp.com.br\/index.php\/cam-legislativa-de-pe-pl-2877-2025\/#primaryimage"},"thumbnailUrl":"https:\/\/www.alepe.pe.gov.br\/\/wp-content\/uploads\/2023\/02\/GILMAR-JUNIOR-scaled-e1675859139299.jpg","datePublished":"2025-09-17T16:58:54+00:00","breadcrumb":{"@id":"https:\/\/www.legislapp.com.br\/index.php\/cam-legislativa-de-pe-pl-2877-2025\/#breadcrumb"},"inLanguage":"pt-BR","potentialAction":[{"@type":"ReadAction","target":["https:\/\/www.legislapp.com.br\/index.php\/cam-legislativa-de-pe-pl-2877-2025\/"]}]},{"@type":"ImageObject","inLanguage":"pt-BR","@id":"https:\/\/www.legislapp.com.br\/index.php\/cam-legislativa-de-pe-pl-2877-2025\/#primaryimage","url":"https:\/\/www.alepe.pe.gov.br\/\/wp-content\/uploads\/2023\/02\/GILMAR-JUNIOR-scaled-e1675859139299.jpg","contentUrl":"https:\/\/www.alepe.pe.gov.br\/\/wp-content\/uploads\/2023\/02\/GILMAR-JUNIOR-scaled-e1675859139299.jpg"},{"@type":"BreadcrumbList","@id":"https:\/\/www.legislapp.com.br\/index.php\/cam-legislativa-de-pe-pl-2877-2025\/#breadcrumb","itemListElement":[{"@type":"ListItem","position":1,"name":"In\u00edcio","item":"https:\/\/www.legislapp.com.br\/"},{"@type":"ListItem","position":2,"name":"PL 2877\/2025 &#8211; Gilmar Junior"}]},{"@type":"WebSite","@id":"https:\/\/www.legislapp.com.br\/#website","url":"https:\/\/www.legislapp.com.br\/","name":"Legislapp","description":"Intelig\u00eancia governamental em tempo real","publisher":{"@id":"https:\/\/www.legislapp.com.br\/#organization"},"potentialAction":[{"@type":"SearchAction","target":{"@type":"EntryPoint","urlTemplate":"https:\/\/www.legislapp.com.br\/?s={search_term_string}"},"query-input":{"@type":"PropertyValueSpecification","valueRequired":true,"valueName":"search_term_string"}}],"inLanguage":"pt-BR"},{"@type":"Organization","@id":"https:\/\/www.legislapp.com.br\/#organization","name":"Legislapp Monitoramento e Intelig\u00eancia Governamental","url":"https:\/\/www.legislapp.com.br\/","logo":{"@type":"ImageObject","inLanguage":"pt-BR","@id":"https:\/\/www.legislapp.com.br\/#\/schema\/logo\/image\/","url":"https:\/\/www.legislapp.com.br\/wp-content\/uploads\/icon.png","contentUrl":"https:\/\/www.legislapp.com.br\/wp-content\/uploads\/icon.png","width":1024,"height":1024,"caption":"Legislapp Monitoramento e Intelig\u00eancia Governamental"},"image":{"@id":"https:\/\/www.legislapp.com.br\/#\/schema\/logo\/image\/"},"sameAs":["https:\/\/www.instagram.com\/legislapp\/"]}]}},"_links":{"self":[{"href":"https:\/\/www.legislapp.com.br\/index.php\/wp-json\/wp\/v2\/pages\/7939","targetHints":{"allow":["GET"]}}],"collection":[{"href":"https:\/\/www.legislapp.com.br\/index.php\/wp-json\/wp\/v2\/pages"}],"about":[{"href":"https:\/\/www.legislapp.com.br\/index.php\/wp-json\/wp\/v2\/types\/page"}],"author":[{"embeddable":true,"href":"https:\/\/www.legislapp.com.br\/index.php\/wp-json\/wp\/v2\/users\/1"}],"replies":[{"embeddable":true,"href":"https:\/\/www.legislapp.com.br\/index.php\/wp-json\/wp\/v2\/comments?post=7939"}],"version-history":[{"count":0,"href":"https:\/\/www.legislapp.com.br\/index.php\/wp-json\/wp\/v2\/pages\/7939\/revisions"}],"wp:attachment":[{"href":"https:\/\/www.legislapp.com.br\/index.php\/wp-json\/wp\/v2\/media?parent=7939"}],"curies":[{"name":"wp","href":"https:\/\/api.w.org\/{rel}","templated":true}]}}