{"id":7962,"date":"2025-09-17T14:00:10","date_gmt":"2025-09-17T17:00:10","guid":{"rendered":"https:\/\/www.legislapp.com.br\/index.php\/cam-legislativa-de-pe-prc-2866-2025\/"},"modified":"2025-09-17T14:00:10","modified_gmt":"2025-09-17T17:00:10","slug":"cam-legislativa-de-pe-prc-2866-2025","status":"publish","type":"page","link":"https:\/\/www.legislapp.com.br\/index.php\/cam-legislativa-de-pe-prc-2866-2025\/","title":{"rendered":"PRC 2866\/2025 &#8211; Constitui\u00e7\u00e3o, Legisla\u00e7\u00e3o e Justi\u00e7a"},"content":{"rendered":"<h1 style='text-align: center;'>C\u00e2m. Legislativa de PE &#8211; Autoria de Constitui\u00e7\u00e3o, Legisla\u00e7\u00e3o e Justi\u00e7a<\/h3>\n<p><\/p>\n<article style='text-align: center'>PARECER N\u00ba 5908\/2025<\/p>\n<p>Indica\u00e7\u00e3o do Munic\u00edpio de Petrolina ao \u201cPr\u00eamio Prefeitura Amiga da Biblioteca\u201d, referente \u00e0 Regi\u00e3o Sert\u00e3o do Estado de Pernambuco<\/p>\n<p>Autor: Deputado Romero Albuquerque<\/p>\n<p>PROPOSI\u00c7\u00c3O QUE VISA INDICAR O MUNIC\u00cdPIO DE PETROLINA AO PR\u00caMIO PREFEITURA AMIGA DA BIBLIOTECA, REFERENTE \u00c0 REGI\u00c3O SERT\u00c3O, E DAR OUTRAS PROVID\u00caNCIAS. INTELIG\u00caNCIA DOS ARTS. 39 AO 45 DA RESOLU\u00c7\u00c3O N\u00ba 1.892, DE 18 DE JANEIRO DE 2023, QUE DISCIPLINA OS PR\u00caMIOS, MEDALHAS, T\u00cdTULOS HONOR\u00cdFICOS E DEMAIS HONRARIAS CONCEDIDAS PELA ASSEMBLEIA LEGISLATIVA DO ESTADO DE PERNAMBUCO. INEXIST\u00caNCIA, QUANTO AOS ASPECTOS DE COMPET\u00caNCIA DESTA COMISS\u00c3O DE CONSTITUI\u00c7\u00c3O LEGISLA\u00c7\u00c3O E JUSTI\u00c7A, DE V\u00cdCIOS DE INCONSTITUCIONALIDADE OU ILEGALIDADE. PELA APROVA\u00c7\u00c3O DA RESOLU\u00c7\u00c3O SUGERIDA PELO RELATOR.<\/p>\n<p>1. RELAT\u00d3RIO <\/p>\n<p>Vem a Comiss\u00e3o de Constitui\u00e7\u00e3o, Legisla\u00e7\u00e3o e Justi\u00e7a, para an\u00e1lise e emiss\u00e3o de parecer, a Indica\u00e7\u00e3o da Prefeitura da cidade de Petrolina, ao \u201cPr\u00eamio Prefeitura Amiga da Biblioteca\u201d, referente \u00e0 Regi\u00e3o Sert\u00e3o do Estado de Pernambuco.<\/p>\n<p>A proposi\u00e7\u00e3o segue o rito disposto na Resolu\u00e7\u00e3o n\u00ba 1.892, de 18 de janeiro de 2023, que disciplina os pr\u00eamios, medalhas, t\u00edtulos honor\u00edficos e demais honrarias concedidas pela Assembleia Legislativa do Estado de Pernambuco.<\/p>\n<p>2. PARECER DO RELATOR <\/p>\n<p>\u00a0Ap\u00f3s detida an\u00e1lise dos documentos enviados a este Colegiado T\u00e9cnico, observa-se que a indica\u00e7\u00e3o em an\u00e1lise, encaminhado a este Colegiado T\u00e9cnico, atende aos crit\u00e9rios elencados nos arts. 39, 40, 41 e 42, caput, da Resolu\u00e7\u00e3o n\u00ba 1.892, de 18 de janeiro de 2023.<\/p>\n<p>Ademais, a indica\u00e7\u00e3o segue o rito disposto no \u00a7 1\u00ba do art. 42 da Resolu\u00e7\u00e3o n\u00ba 1.892, de 2023, visto que cabe a esta Comiss\u00e3o T\u00e9cnica emitir parecer \u00e0s indica\u00e7\u00f5es, concluindo, em caso de aprova\u00e7\u00e3o, por Projeto de Resolu\u00e7\u00e3o, in verbis:<\/p>\n<p>\u201cArt. 42. As indica\u00e7\u00f5es dever\u00e3o ser apresentadas at\u00e9 o dia 15 de mar\u00e7o de cada ano \u00e0 Comiss\u00e3o de Constitui\u00e7\u00e3o, Legisla\u00e7\u00e3o e Justi\u00e7a, por escrito, com a respectiva justificativa, acompanhadas de documentos probat\u00f3rios aos requisitos previstos no art. 40 desta Resolu\u00e7\u00e3o.<\/p>\n<p>\u00a7 1\u00ba A Comiss\u00e3o de Constitui\u00e7\u00e3o, Legisla\u00e7\u00e3o e Justi\u00e7a emitir\u00e1 parecer a todas as indica\u00e7\u00f5es que observarem os dispostos nos arts. 40 e 41, no prazo de at\u00e9 10 (dez) dias \u00fateis, a partir da data prevista no\u00a0caput\u00a0deste artigo, concluindo, em caso de aprova\u00e7\u00e3o, por Projeto de Resolu\u00e7\u00e3o, contendo o nome da Prefeitura a ser agraciada.\u201d (grifo nosso)<\/p>\n<p>Cumpre destacar, ainda, que o presente Colegiado T\u00e9cnico j\u00e1 emitiu parecer favor\u00e1vel ao \u201cPr\u00eamio Prefeitura Amiga da Biblioteca\u201d ao munic\u00edpio de Exu, localizado na mesma regi\u00e3o do Munic\u00edpio de Petrolina (Sert\u00e3o). Ainda dentro do prazo estipulado para apresenta\u00e7\u00e3o, foi indicado tamb\u00e9m ao \u201cPr\u00eamio Prefeitura Amiga da Biblioteca\u201d &#8211; Regi\u00e3o Sert\u00e3o &#8211; o munic\u00edpio de S\u00e3o Jos\u00e9 do Egito. <\/p>\n<p>Desta forma, caber\u00e1 \u00e0 Comiss\u00e3o de Educa\u00e7\u00e3o e Cultura a escolha da Prefeitura que ser\u00e1 agraciada, por decis\u00e3o da maioria absoluta de seus membros, conforme preleciona o \u00a7 3\u00ba do art. 42 da Resolu\u00e7\u00e3o n\u00ba 1.892, de 2023. Vejamos:<\/p>\n<p>\u201cArt. 42&#8230;&#8230;&#8230;&#8230;&#8230;&#8230;&#8230;&#8230;&#8230;&#8230;&#8230;&#8230;&#8230;&#8230;&#8230;&#8230;&#8230;&#8230;&#8230;&#8230;&#8230;&#8230;&#8230;&#8230;&#8230;&#8230;&#8230;&#8230;&#8230;&#8230;&#8230;&#8230;&#8230;&#8230;&#8230;&#8230;&#8230;&#8230;&#8230;<\/p>\n<p>\u00a0\u201c\u00a7 3\u00ba A Comiss\u00e3o de Educa\u00e7\u00e3o e Cultura da Assembleia Legislativa, ap\u00f3s a publica\u00e7\u00e3o de todos os Projetos de Resolu\u00e7\u00e3o oriundos da Comiss\u00e3o de Constitui\u00e7\u00e3o, Legisla\u00e7\u00e3o e Justi\u00e7a, na forma do \u00a7 1\u00ba deste artigo, far\u00e1 a escolha das 4 (quatro) Prefeituras a serem agraciadas, por decis\u00e3o da maioria absoluta de seus membros, emitindo parecer quanto ao m\u00e9rito somente aos Projetos de Resolu\u00e7\u00e3o que indiquem as Prefeituras escolhidas.\u201d (grifo nosso).<\/p>\n<p>Destarte, por observar todos os requisitos necess\u00e1rios e elencados naquela Resolu\u00e7\u00e3o, tem-se o seguinte Projeto de Resolu\u00e7\u00e3o:<\/p>\n<p>PROJETO DE RESOLU\u00c7\u00c3O N\u00ba\u00a02866 \/ 2025<\/p>\n<p>Aprova indica\u00e7\u00e3o da prefeitura do munic\u00edpio de Petrolina ao \u201cPr\u00eamio Prefeitura Amiga da Biblioteca\u201d, referente \u00e0 Regi\u00e3o Sert\u00e3o do Estado de Pernambuco.<\/p>\n<p>Art. 1\u00ba Fica aprovada a indica\u00e7\u00e3o da prefeitura do munic\u00edpio de Petrolina ao \u201cPr\u00eamio Prefeitura Amiga da Biblioteca\u201d referente \u00e0 Regi\u00e3o Sert\u00e3o do Estado de Pernambuco.<\/p>\n<p>Art. 2\u00ba Esta Resolu\u00e7\u00e3o entra em vigor na data de sua publica\u00e7\u00e3o.<\/p>\n<p>Portanto, verificados os requisitos formais e materiais, conclui-se que inexistem v\u00edcios de inconstitucionalidade ou ilegalidade na indica\u00e7\u00e3o ora em an\u00e1lise, no que cumpre a este Colegiado T\u00e9cnico analisar.<\/p>\n<p>Diante do exposto, opino no sentido de que o parecer desta Comiss\u00e3o de Constitui\u00e7\u00e3o, Legisla\u00e7\u00e3o e Justi\u00e7a seja pela aprova\u00e7\u00e3o da Indica\u00e7\u00e3o do Munic\u00edpio de Petrolina ao Pr\u00eamio Prefeitura Amiga da Biblioteca, de autoria do Deputado Romero Albuquerque, com a Resolu\u00e7\u00e3o acima referida.<\/p>\n<p>3.\u00a0 CONCLUS\u00c3O <\/p>\n<p>Ante o exposto, tendo em vista as considera\u00e7\u00f5es expendidas pelo relator, opinamos pela aprova\u00e7\u00e3o da Indica\u00e7\u00e3o do Munic\u00edpio de Petrolina ao Pr\u00eamio Prefeitura Amiga da Biblioteca, de autoria do Deputado Romero Albuquerque, com a resolu\u00e7\u00e3o sugerida pelo relator.<\/article>\n<p><\/p>\n<p style='text-align: center'><a href='https:\/\/app.legislapp.com.br\/#\/busca?termo='><\/a><\/p>\n<p><\/p>\n<article>\u00a0\u00a0\u00a0\u00a0\u00a0Art. 1\u00ba Fica aprovada a indica\u00e7\u00e3o da prefeitura do munic\u00edpio de Petrolina ao \u201cPr\u00eamio Prefeitura Amiga da Biblioteca\u201d referente \u00e0 Regi\u00e3o Sert\u00e3o do Estado de Pernambuco.<\/p>\n<p>\u00a0\u00a0\u00a0\u00a0\u00a0Art. 2\u00ba Esta Resolu\u00e7\u00e3o entra em vigor na data de sua publica\u00e7\u00e3o.<\/article>\n<div style=\"text-align: center\">\n<div style=\"margin-bottom: 20px;\" class=\"et_pb_button_module_wrapper et_pb_button_5_tb_body_wrapper et_pb_button_alignment_center et_pb_module \">\n         <a class=\"et_pb_button et_pb_button_5_tb_body et_hover_enabled et_pb_bg_layout_dark\" style=\"width: 50%;background-color: black;\" href=\"https:\/\/app.legislapp.com.br\" target=\"_blank\" rel=\"noopener\">Visualizar completo na nossa plataforma (30 dias gr\u00e1tis)<\/a><\/p><\/div>\n<p>      <a href=\"https:\/\/play.google.com\/store\/apps\/details?id=br.com.legislapp\"><img decoding=\"async\" style=\"width: 15%; min-width: 130px;\" src=\"https:\/\/www.legislapp.com.br\/wp-content\/uploads\/google-play.png\"><\/a><br \/>\n      <a href=\"https:\/\/apps.apple.com\/us\/app\/legislapp\/id1568929859\"><img decoding=\"async\" style=\"width: 15%; min-width: 130px\" src=\"https:\/\/www.legislapp.com.br\/wp-content\/uploads\/apple-store.png\"><\/a>\n   <\/div>\n","protected":false},"excerpt":{"rendered":"<p>C\u00e2m. Legislativa de PE &#8211; Autoria de Constitui\u00e7\u00e3o, Legisla\u00e7\u00e3o e Justi\u00e7a PARECER N\u00ba 5908\/2025 Indica\u00e7\u00e3o do Munic\u00edpio de Petrolina ao \u201cPr\u00eamio Prefeitura Amiga da Biblioteca\u201d, referente \u00e0 Regi\u00e3o Sert\u00e3o do Estado de Pernambuco Autor: Deputado Romero Albuquerque PROPOSI\u00c7\u00c3O QUE VISA INDICAR O MUNIC\u00cdPIO DE PETROLINA AO PR\u00caMIO PREFEITURA AMIGA DA BIBLIOTECA, REFERENTE \u00c0 REGI\u00c3O SERT\u00c3O, [&hellip;]<\/p>\n","protected":false},"author":1,"featured_media":0,"parent":0,"menu_order":0,"comment_status":"closed","ping_status":"closed","template":"page-template-blank.php","meta":{"_et_pb_use_builder":"","_et_pb_old_content":"","_et_gb_content_width":"1080","ngg_post_thumbnail":0,"footnotes":""},"class_list":["post-7962","page","type-page","status-publish","hentry"],"yoast_head":"<!-- This site is optimized with the Yoast SEO plugin v24.4 - https:\/\/yoast.com\/wordpress\/plugins\/seo\/ -->\n<title>PRC 2866\/2025 - Constitui\u00e7\u00e3o, Legisla\u00e7\u00e3o e Justi\u00e7a - Legislapp<\/title>\n<meta name=\"robots\" content=\"index, follow, max-snippet:-1, max-image-preview:large, max-video-preview:-1\" \/>\n<link rel=\"canonical\" href=\"https:\/\/www.legislapp.com.br\/index.php\/cam-legislativa-de-pe-prc-2866-2025\/\" \/>\n<meta property=\"og:locale\" content=\"pt_BR\" \/>\n<meta property=\"og:type\" content=\"article\" \/>\n<meta property=\"og:title\" content=\"PRC 2866\/2025 - Constitui\u00e7\u00e3o, Legisla\u00e7\u00e3o e Justi\u00e7a - Legislapp\" \/>\n<meta property=\"og:description\" content=\"C\u00e2m. Legislativa de PE &#8211; Autoria de Constitui\u00e7\u00e3o, Legisla\u00e7\u00e3o e Justi\u00e7a PARECER N\u00ba 5908\/2025 Indica\u00e7\u00e3o do Munic\u00edpio de Petrolina ao \u201cPr\u00eamio Prefeitura Amiga da Biblioteca\u201d, referente \u00e0 Regi\u00e3o Sert\u00e3o do Estado de Pernambuco Autor: Deputado Romero Albuquerque PROPOSI\u00c7\u00c3O QUE VISA INDICAR O MUNIC\u00cdPIO DE PETROLINA AO PR\u00caMIO PREFEITURA AMIGA DA BIBLIOTECA, REFERENTE \u00c0 REGI\u00c3O SERT\u00c3O, [&hellip;]\" \/>\n<meta property=\"og:url\" content=\"https:\/\/www.legislapp.com.br\/index.php\/cam-legislativa-de-pe-prc-2866-2025\/\" \/>\n<meta property=\"og:site_name\" content=\"Legislapp\" \/>\n<meta property=\"article:publisher\" content=\"https:\/\/www.instagram.com\/legislapp\/\" \/>\n<meta property=\"og:image\" content=\"https:\/\/www.legislapp.com.br\/wp-content\/uploads\/google-play.png\" \/>\n<meta name=\"twitter:card\" content=\"summary_large_image\" \/>\n<meta name=\"twitter:label1\" content=\"Est. tempo de leitura\" \/>\n\t<meta name=\"twitter:data1\" content=\"4 minutos\" \/>\n<script type=\"application\/ld+json\" class=\"yoast-schema-graph\">{\"@context\":\"https:\/\/schema.org\",\"@graph\":[{\"@type\":\"WebPage\",\"@id\":\"https:\/\/www.legislapp.com.br\/index.php\/cam-legislativa-de-pe-prc-2866-2025\/\",\"url\":\"https:\/\/www.legislapp.com.br\/index.php\/cam-legislativa-de-pe-prc-2866-2025\/\",\"name\":\"PRC 2866\/2025 - Constitui\u00e7\u00e3o, Legisla\u00e7\u00e3o e Justi\u00e7a - Legislapp\",\"isPartOf\":{\"@id\":\"https:\/\/www.legislapp.com.br\/#website\"},\"primaryImageOfPage\":{\"@id\":\"https:\/\/www.legislapp.com.br\/index.php\/cam-legislativa-de-pe-prc-2866-2025\/#primaryimage\"},\"image\":{\"@id\":\"https:\/\/www.legislapp.com.br\/index.php\/cam-legislativa-de-pe-prc-2866-2025\/#primaryimage\"},\"thumbnailUrl\":\"https:\/\/www.legislapp.com.br\/wp-content\/uploads\/google-play.png\",\"datePublished\":\"2025-09-17T17:00:10+00:00\",\"breadcrumb\":{\"@id\":\"https:\/\/www.legislapp.com.br\/index.php\/cam-legislativa-de-pe-prc-2866-2025\/#breadcrumb\"},\"inLanguage\":\"pt-BR\",\"potentialAction\":[{\"@type\":\"ReadAction\",\"target\":[\"https:\/\/www.legislapp.com.br\/index.php\/cam-legislativa-de-pe-prc-2866-2025\/\"]}]},{\"@type\":\"ImageObject\",\"inLanguage\":\"pt-BR\",\"@id\":\"https:\/\/www.legislapp.com.br\/index.php\/cam-legislativa-de-pe-prc-2866-2025\/#primaryimage\",\"url\":\"https:\/\/www.legislapp.com.br\/wp-content\/uploads\/google-play.png\",\"contentUrl\":\"https:\/\/www.legislapp.com.br\/wp-content\/uploads\/google-play.png\",\"width\":564,\"height\":168},{\"@type\":\"BreadcrumbList\",\"@id\":\"https:\/\/www.legislapp.com.br\/index.php\/cam-legislativa-de-pe-prc-2866-2025\/#breadcrumb\",\"itemListElement\":[{\"@type\":\"ListItem\",\"position\":1,\"name\":\"In\u00edcio\",\"item\":\"https:\/\/www.legislapp.com.br\/\"},{\"@type\":\"ListItem\",\"position\":2,\"name\":\"PRC 2866\/2025 &#8211; Constitui\u00e7\u00e3o, Legisla\u00e7\u00e3o e Justi\u00e7a\"}]},{\"@type\":\"WebSite\",\"@id\":\"https:\/\/www.legislapp.com.br\/#website\",\"url\":\"https:\/\/www.legislapp.com.br\/\",\"name\":\"Legislapp\",\"description\":\"Intelig\u00eancia governamental em tempo real\",\"publisher\":{\"@id\":\"https:\/\/www.legislapp.com.br\/#organization\"},\"potentialAction\":[{\"@type\":\"SearchAction\",\"target\":{\"@type\":\"EntryPoint\",\"urlTemplate\":\"https:\/\/www.legislapp.com.br\/?s={search_term_string}\"},\"query-input\":{\"@type\":\"PropertyValueSpecification\",\"valueRequired\":true,\"valueName\":\"search_term_string\"}}],\"inLanguage\":\"pt-BR\"},{\"@type\":\"Organization\",\"@id\":\"https:\/\/www.legislapp.com.br\/#organization\",\"name\":\"Legislapp Monitoramento e Intelig\u00eancia Governamental\",\"url\":\"https:\/\/www.legislapp.com.br\/\",\"logo\":{\"@type\":\"ImageObject\",\"inLanguage\":\"pt-BR\",\"@id\":\"https:\/\/www.legislapp.com.br\/#\/schema\/logo\/image\/\",\"url\":\"https:\/\/www.legislapp.com.br\/wp-content\/uploads\/icon.png\",\"contentUrl\":\"https:\/\/www.legislapp.com.br\/wp-content\/uploads\/icon.png\",\"width\":1024,\"height\":1024,\"caption\":\"Legislapp Monitoramento e Intelig\u00eancia Governamental\"},\"image\":{\"@id\":\"https:\/\/www.legislapp.com.br\/#\/schema\/logo\/image\/\"},\"sameAs\":[\"https:\/\/www.instagram.com\/legislapp\/\"]}]}<\/script>\n<!-- \/ Yoast SEO plugin. -->","yoast_head_json":{"title":"PRC 2866\/2025 - Constitui\u00e7\u00e3o, Legisla\u00e7\u00e3o e Justi\u00e7a - Legislapp","robots":{"index":"index","follow":"follow","max-snippet":"max-snippet:-1","max-image-preview":"max-image-preview:large","max-video-preview":"max-video-preview:-1"},"canonical":"https:\/\/www.legislapp.com.br\/index.php\/cam-legislativa-de-pe-prc-2866-2025\/","og_locale":"pt_BR","og_type":"article","og_title":"PRC 2866\/2025 - Constitui\u00e7\u00e3o, Legisla\u00e7\u00e3o e Justi\u00e7a - Legislapp","og_description":"C\u00e2m. Legislativa de PE &#8211; Autoria de Constitui\u00e7\u00e3o, Legisla\u00e7\u00e3o e Justi\u00e7a PARECER N\u00ba 5908\/2025 Indica\u00e7\u00e3o do Munic\u00edpio de Petrolina ao \u201cPr\u00eamio Prefeitura Amiga da Biblioteca\u201d, referente \u00e0 Regi\u00e3o Sert\u00e3o do Estado de Pernambuco Autor: Deputado Romero Albuquerque PROPOSI\u00c7\u00c3O QUE VISA INDICAR O MUNIC\u00cdPIO DE PETROLINA AO PR\u00caMIO PREFEITURA AMIGA DA BIBLIOTECA, REFERENTE \u00c0 REGI\u00c3O SERT\u00c3O, [&hellip;]","og_url":"https:\/\/www.legislapp.com.br\/index.php\/cam-legislativa-de-pe-prc-2866-2025\/","og_site_name":"Legislapp","article_publisher":"https:\/\/www.instagram.com\/legislapp\/","og_image":[{"url":"https:\/\/www.legislapp.com.br\/wp-content\/uploads\/google-play.png","type":"","width":"","height":""}],"twitter_card":"summary_large_image","twitter_misc":{"Est. tempo de leitura":"4 minutos"},"schema":{"@context":"https:\/\/schema.org","@graph":[{"@type":"WebPage","@id":"https:\/\/www.legislapp.com.br\/index.php\/cam-legislativa-de-pe-prc-2866-2025\/","url":"https:\/\/www.legislapp.com.br\/index.php\/cam-legislativa-de-pe-prc-2866-2025\/","name":"PRC 2866\/2025 - Constitui\u00e7\u00e3o, Legisla\u00e7\u00e3o e Justi\u00e7a - Legislapp","isPartOf":{"@id":"https:\/\/www.legislapp.com.br\/#website"},"primaryImageOfPage":{"@id":"https:\/\/www.legislapp.com.br\/index.php\/cam-legislativa-de-pe-prc-2866-2025\/#primaryimage"},"image":{"@id":"https:\/\/www.legislapp.com.br\/index.php\/cam-legislativa-de-pe-prc-2866-2025\/#primaryimage"},"thumbnailUrl":"https:\/\/www.legislapp.com.br\/wp-content\/uploads\/google-play.png","datePublished":"2025-09-17T17:00:10+00:00","breadcrumb":{"@id":"https:\/\/www.legislapp.com.br\/index.php\/cam-legislativa-de-pe-prc-2866-2025\/#breadcrumb"},"inLanguage":"pt-BR","potentialAction":[{"@type":"ReadAction","target":["https:\/\/www.legislapp.com.br\/index.php\/cam-legislativa-de-pe-prc-2866-2025\/"]}]},{"@type":"ImageObject","inLanguage":"pt-BR","@id":"https:\/\/www.legislapp.com.br\/index.php\/cam-legislativa-de-pe-prc-2866-2025\/#primaryimage","url":"https:\/\/www.legislapp.com.br\/wp-content\/uploads\/google-play.png","contentUrl":"https:\/\/www.legislapp.com.br\/wp-content\/uploads\/google-play.png","width":564,"height":168},{"@type":"BreadcrumbList","@id":"https:\/\/www.legislapp.com.br\/index.php\/cam-legislativa-de-pe-prc-2866-2025\/#breadcrumb","itemListElement":[{"@type":"ListItem","position":1,"name":"In\u00edcio","item":"https:\/\/www.legislapp.com.br\/"},{"@type":"ListItem","position":2,"name":"PRC 2866\/2025 &#8211; Constitui\u00e7\u00e3o, Legisla\u00e7\u00e3o e Justi\u00e7a"}]},{"@type":"WebSite","@id":"https:\/\/www.legislapp.com.br\/#website","url":"https:\/\/www.legislapp.com.br\/","name":"Legislapp","description":"Intelig\u00eancia governamental em tempo real","publisher":{"@id":"https:\/\/www.legislapp.com.br\/#organization"},"potentialAction":[{"@type":"SearchAction","target":{"@type":"EntryPoint","urlTemplate":"https:\/\/www.legislapp.com.br\/?s={search_term_string}"},"query-input":{"@type":"PropertyValueSpecification","valueRequired":true,"valueName":"search_term_string"}}],"inLanguage":"pt-BR"},{"@type":"Organization","@id":"https:\/\/www.legislapp.com.br\/#organization","name":"Legislapp Monitoramento e Intelig\u00eancia Governamental","url":"https:\/\/www.legislapp.com.br\/","logo":{"@type":"ImageObject","inLanguage":"pt-BR","@id":"https:\/\/www.legislapp.com.br\/#\/schema\/logo\/image\/","url":"https:\/\/www.legislapp.com.br\/wp-content\/uploads\/icon.png","contentUrl":"https:\/\/www.legislapp.com.br\/wp-content\/uploads\/icon.png","width":1024,"height":1024,"caption":"Legislapp Monitoramento e Intelig\u00eancia Governamental"},"image":{"@id":"https:\/\/www.legislapp.com.br\/#\/schema\/logo\/image\/"},"sameAs":["https:\/\/www.instagram.com\/legislapp\/"]}]}},"_links":{"self":[{"href":"https:\/\/www.legislapp.com.br\/index.php\/wp-json\/wp\/v2\/pages\/7962","targetHints":{"allow":["GET"]}}],"collection":[{"href":"https:\/\/www.legislapp.com.br\/index.php\/wp-json\/wp\/v2\/pages"}],"about":[{"href":"https:\/\/www.legislapp.com.br\/index.php\/wp-json\/wp\/v2\/types\/page"}],"author":[{"embeddable":true,"href":"https:\/\/www.legislapp.com.br\/index.php\/wp-json\/wp\/v2\/users\/1"}],"replies":[{"embeddable":true,"href":"https:\/\/www.legislapp.com.br\/index.php\/wp-json\/wp\/v2\/comments?post=7962"}],"version-history":[{"count":0,"href":"https:\/\/www.legislapp.com.br\/index.php\/wp-json\/wp\/v2\/pages\/7962\/revisions"}],"wp:attachment":[{"href":"https:\/\/www.legislapp.com.br\/index.php\/wp-json\/wp\/v2\/media?parent=7962"}],"curies":[{"name":"wp","href":"https:\/\/api.w.org\/{rel}","templated":true}]}}