{"id":8217,"date":"2025-10-08T11:19:20","date_gmt":"2025-10-08T14:19:20","guid":{"rendered":"https:\/\/www.legislapp.com.br\/index.php\/cam-legislativa-de-mg-pl-4435-2025\/"},"modified":"2025-10-08T11:19:20","modified_gmt":"2025-10-08T14:19:20","slug":"cam-legislativa-de-mg-pl-4435-2025","status":"publish","type":"page","link":"https:\/\/www.legislapp.com.br\/index.php\/cam-legislativa-de-mg-pl-4435-2025\/","title":{"rendered":"PL 4435\/2025 &#8211; Deputados"},"content":{"rendered":"<h1 style='text-align: center;'>C\u00e2m. Legislativa de MG &#8211; Autoria de Deputados<\/h3>\n<p><\/p>\n<article style='text-align: center'>Altera a Lei n\u00ba 22.256, de 26 de julho de 2016, que institui a pol\u00edtica<br \/>\nde atendimento \u00e0 mulher vitima de viol\u00eancia no Estado. (Inclui em banco<br \/>\nde dados mantido pelo poder p\u00fablico estadual informa\u00e7\u00e3o sobre pessoas<br \/>\ncontra as quais tenham sido deferidas medidas protetivas de urg\u00eancia<br \/>\nprevistas na Lei Maria da Penha, independentemente da exist\u00eancia de<br \/>\ninvestiga\u00e7\u00e3o policial ou de condena\u00e7\u00e3o criminal definitiva.)<\/article>\n<p><\/p>\n<p style='text-align: center'><a href='https:\/\/app.legislapp.com.br\/#\/busca?termo='><\/a><\/p>\n<p><\/p>\n<article>Altera a Lei n\u00ba 22.256, de 26 de julho de 2016, que institui a pol\u00edtica de atendimento \u00e0 mulher v\u00edtima de viol\u00eancia no Estado.<br \/>\nA Assembleia Legislativa do Estado de Minas Gerais decreta:<br \/>\nArt. 1\u00ba \u2013 O art. 5\u00ba-B com reda\u00e7\u00e3o dada pela Lei n\u00ba 24.650, de 8 de janeiro de 2024, passa a vigorar com a seguinte reda\u00e7\u00e3o:<br \/>\n\u201cArt. 5\u00ba-B \u2013 O poder p\u00fablico estadual manter\u00e1 banco de dados com o registro de:<br \/>\nI \u2013 Pessoas condenadas com senten\u00e7a penal transitada em julgado pela pr\u00e1tica dos seguintes crimes praticados contra a mulher, nos termos do Decreto-Lei Federal n\u00ba 2.848, de 7 de dezembro de 1940:<br \/>\na) feminic\u00eddio:<br \/>\nb) estupro;<br \/>\nc) estupro de vulner\u00e1vel:<br \/>\nd) les\u00e3o corporal;<br \/>\ne) persegui\u00e7\u00e3o;<br \/>\nf) viol\u00eancia psicol\u00f3gica;<br \/>\ng) invas\u00e3o de dispositivo inform\u00e1tico;<br \/>\nArt. 2\u00ba \u2013 Fica acrescentado ao art. 5-B da Lei n\u00ba 22.256, de 26 de julho de 2016, o seguinte inciso II:<br \/>\n\u201cII \u2013 Pessoas em face das quais tenham sido deferidas medidas protetivas de urg\u00eancia, nos termos da Lei Federal n\u00ba 11.340, de 7 de agosto de 2006, independentemente da exist\u00eancia de investiga\u00e7\u00e3o policial ou de condena\u00e7\u00e3o criminal definitiva.\u201d<br \/>\nSala das Reuni\u00f5es, 16 de setembro de 2025.<br \/>\nLincoln Drumond (PL)<br \/>\nJustifica\u00e7\u00e3o: Segunda-feira, 25 de agosto de 2025, ocorreu um Homic\u00eddio que abalou a cidade de Coronel Fabriciano e todo o Estado de Minas Gerais. O criminoso, que j\u00e1 respondida a um processo de medidas protetivas, demonstrou total desprezo pela lei, consumou o crime em plena luz do dia, no centro da cidade, utilizando um peda\u00e7o de vidro para degolar a v\u00edtima.<br \/>\nEm que pese existirem projetos de lei em vigor e em tramita\u00e7\u00e3o que tratam do recrudescimento da legisla\u00e7\u00e3o, a presente proposi\u00e7\u00e3o tem por objetivo incluir, no banco de dados do Estado, agressores que possuam medidas protetivas em seu desfavor, ainda que n\u00e3o haja investiga\u00e7\u00e3o criminal em curso ou condena\u00e7\u00e3o definitiva pelos crimes tipificados na Lei n\u00ba 11.340, de 2006.<br \/>\nCom a nova reda\u00e7\u00e3o dada ao artigo, as pessoas que tiverem medidas protetivas decretadas contra si ser\u00e3o inclu\u00eddas no referido banco de dados, independentemente de condena\u00e7\u00e3o.<br \/>\nA Lei n\u00ba 24.650\/2024, instituiu um banco de dados para o registro de pessoas condenadas por crimes de viol\u00eancia contra a mulher. No entanto, experi\u00eancias apontam necessidade de ampliar esse monitoramento, incluindo tamb\u00e9m, pessoas que, embora n\u00e3o tenham sido condenadas, estejam sujeitas a medidas protetivas.<br \/>\nAo registrar informa\u00e7\u00f5es sobre essas medidas no banco de dados estadual, ainda que n\u00e3o haja condena\u00e7\u00e3o com tr\u00e2nsito em julgado, as autoridades ter\u00e3o acesso facilitado e em tempo real aos dados sobre os agressores, o que permitir\u00e1:<br \/>\nMonitoramento mais eficaz, as equipes policiais e os \u00f3rg\u00e3os de seguran\u00e7a poder\u00e3o acompanhar com maior precis\u00e3o o cumprimento das medidas protetivas, identificando e monitorando o agressor.<br \/>\nAprimoramento da avalia\u00e7\u00e3o de risco, o registro do hist\u00f3rico das medidas protetivas e de suas vig\u00eancias fornece elementos importantes para a an\u00e1lise da probabilidade de reincid\u00eancia, bem como para a elabora\u00e7\u00e3o de planos de seguran\u00e7a adequados \u00e0 prote\u00e7\u00e3o da v\u00edtima.<br \/>\nPreven\u00e7\u00e3o, a disponibilidade de informa\u00e7\u00f5es possibilita antecipar e intervir em situa\u00e7\u00f5es potenciais de viol\u00eancia, fortalecendo a atua\u00e7\u00e3o preventiva do Estado.<br \/>\nAl\u00e9m disso, a inclus\u00e3o das datas de in\u00edcio e t\u00e9rmino da vig\u00eancia das medidas protetivas de urg\u00eancia \u00e9 essencial, a fim de garantir que o acompanhamento seja realizado de forma cont\u00ednua e efetiva durante todo o per\u00edodo em que a medida estiver em vigor.<br \/>\n\u2013 Publicado, vai o projeto \u00e0s Comiss\u00f5es de Justi\u00e7a, de Seguran\u00e7a P\u00fablica e dos Direitos da Mulher para parecer, nos termos do art. 188, c\/c o art. 102, do Regimento Interno.<\/article>\n<div style=\"text-align: center\">\n<div style=\"margin-bottom: 20px;\" class=\"et_pb_button_module_wrapper et_pb_button_5_tb_body_wrapper et_pb_button_alignment_center et_pb_module \">\n         <a class=\"et_pb_button et_pb_button_5_tb_body et_hover_enabled et_pb_bg_layout_dark\" style=\"width: 50%;background-color: black;\" href=\"https:\/\/app.legislapp.com.br\" target=\"_blank\" rel=\"noopener\">Visualizar completo na nossa plataforma (30 dias gr\u00e1tis)<\/a><\/p><\/div>\n<p>      <a href=\"https:\/\/play.google.com\/store\/apps\/details?id=br.com.legislapp\"><img decoding=\"async\" style=\"width: 15%; min-width: 130px;\" src=\"https:\/\/www.legislapp.com.br\/wp-content\/uploads\/google-play.png\"><\/a><br \/>\n      <a href=\"https:\/\/apps.apple.com\/us\/app\/legislapp\/id1568929859\"><img decoding=\"async\" style=\"width: 15%; min-width: 130px\" src=\"https:\/\/www.legislapp.com.br\/wp-content\/uploads\/apple-store.png\"><\/a>\n   <\/div>\n","protected":false},"excerpt":{"rendered":"<p>C\u00e2m. Legislativa de MG &#8211; Autoria de Deputados Altera a Lei n\u00ba 22.256, de 26 de julho de 2016, que institui a pol\u00edtica de atendimento \u00e0 mulher vitima de viol\u00eancia no Estado. (Inclui em banco de dados mantido pelo poder p\u00fablico estadual informa\u00e7\u00e3o sobre pessoas contra as quais tenham sido deferidas medidas protetivas de urg\u00eancia [&hellip;]<\/p>\n","protected":false},"author":1,"featured_media":0,"parent":0,"menu_order":0,"comment_status":"closed","ping_status":"closed","template":"page-template-blank.php","meta":{"_et_pb_use_builder":"","_et_pb_old_content":"","_et_gb_content_width":"1080","ngg_post_thumbnail":0,"footnotes":""},"class_list":["post-8217","page","type-page","status-publish","hentry"],"yoast_head":"<!-- This site is optimized with the Yoast SEO plugin v24.4 - https:\/\/yoast.com\/wordpress\/plugins\/seo\/ -->\n<title>PL 4435\/2025 - Deputados - Legislapp<\/title>\n<meta name=\"robots\" content=\"index, follow, max-snippet:-1, max-image-preview:large, max-video-preview:-1\" \/>\n<link rel=\"canonical\" href=\"https:\/\/www.legislapp.com.br\/index.php\/cam-legislativa-de-mg-pl-4435-2025\/\" \/>\n<meta property=\"og:locale\" content=\"pt_BR\" \/>\n<meta property=\"og:type\" content=\"article\" \/>\n<meta property=\"og:title\" content=\"PL 4435\/2025 - Deputados - Legislapp\" \/>\n<meta property=\"og:description\" content=\"C\u00e2m. Legislativa de MG &#8211; Autoria de Deputados Altera a Lei n\u00ba 22.256, de 26 de julho de 2016, que institui a pol\u00edtica de atendimento \u00e0 mulher vitima de viol\u00eancia no Estado. (Inclui em banco de dados mantido pelo poder p\u00fablico estadual informa\u00e7\u00e3o sobre pessoas contra as quais tenham sido deferidas medidas protetivas de urg\u00eancia [&hellip;]\" \/>\n<meta property=\"og:url\" content=\"https:\/\/www.legislapp.com.br\/index.php\/cam-legislativa-de-mg-pl-4435-2025\/\" \/>\n<meta property=\"og:site_name\" content=\"Legislapp\" \/>\n<meta property=\"article:publisher\" content=\"https:\/\/www.instagram.com\/legislapp\/\" \/>\n<meta property=\"og:image\" content=\"https:\/\/www.legislapp.com.br\/wp-content\/uploads\/google-play.png\" \/>\n<meta name=\"twitter:card\" content=\"summary_large_image\" \/>\n<meta name=\"twitter:label1\" content=\"Est. tempo de leitura\" \/>\n\t<meta name=\"twitter:data1\" content=\"4 minutos\" \/>\n<script type=\"application\/ld+json\" class=\"yoast-schema-graph\">{\"@context\":\"https:\/\/schema.org\",\"@graph\":[{\"@type\":\"WebPage\",\"@id\":\"https:\/\/www.legislapp.com.br\/index.php\/cam-legislativa-de-mg-pl-4435-2025\/\",\"url\":\"https:\/\/www.legislapp.com.br\/index.php\/cam-legislativa-de-mg-pl-4435-2025\/\",\"name\":\"PL 4435\/2025 - Deputados - Legislapp\",\"isPartOf\":{\"@id\":\"https:\/\/www.legislapp.com.br\/#website\"},\"primaryImageOfPage\":{\"@id\":\"https:\/\/www.legislapp.com.br\/index.php\/cam-legislativa-de-mg-pl-4435-2025\/#primaryimage\"},\"image\":{\"@id\":\"https:\/\/www.legislapp.com.br\/index.php\/cam-legislativa-de-mg-pl-4435-2025\/#primaryimage\"},\"thumbnailUrl\":\"https:\/\/www.legislapp.com.br\/wp-content\/uploads\/google-play.png\",\"datePublished\":\"2025-10-08T14:19:20+00:00\",\"breadcrumb\":{\"@id\":\"https:\/\/www.legislapp.com.br\/index.php\/cam-legislativa-de-mg-pl-4435-2025\/#breadcrumb\"},\"inLanguage\":\"pt-BR\",\"potentialAction\":[{\"@type\":\"ReadAction\",\"target\":[\"https:\/\/www.legislapp.com.br\/index.php\/cam-legislativa-de-mg-pl-4435-2025\/\"]}]},{\"@type\":\"ImageObject\",\"inLanguage\":\"pt-BR\",\"@id\":\"https:\/\/www.legislapp.com.br\/index.php\/cam-legislativa-de-mg-pl-4435-2025\/#primaryimage\",\"url\":\"https:\/\/www.legislapp.com.br\/wp-content\/uploads\/google-play.png\",\"contentUrl\":\"https:\/\/www.legislapp.com.br\/wp-content\/uploads\/google-play.png\",\"width\":564,\"height\":168},{\"@type\":\"BreadcrumbList\",\"@id\":\"https:\/\/www.legislapp.com.br\/index.php\/cam-legislativa-de-mg-pl-4435-2025\/#breadcrumb\",\"itemListElement\":[{\"@type\":\"ListItem\",\"position\":1,\"name\":\"In\u00edcio\",\"item\":\"https:\/\/www.legislapp.com.br\/\"},{\"@type\":\"ListItem\",\"position\":2,\"name\":\"PL 4435\/2025 &#8211; Deputados\"}]},{\"@type\":\"WebSite\",\"@id\":\"https:\/\/www.legislapp.com.br\/#website\",\"url\":\"https:\/\/www.legislapp.com.br\/\",\"name\":\"Legislapp\",\"description\":\"Intelig\u00eancia governamental em tempo real\",\"publisher\":{\"@id\":\"https:\/\/www.legislapp.com.br\/#organization\"},\"potentialAction\":[{\"@type\":\"SearchAction\",\"target\":{\"@type\":\"EntryPoint\",\"urlTemplate\":\"https:\/\/www.legislapp.com.br\/?s={search_term_string}\"},\"query-input\":{\"@type\":\"PropertyValueSpecification\",\"valueRequired\":true,\"valueName\":\"search_term_string\"}}],\"inLanguage\":\"pt-BR\"},{\"@type\":\"Organization\",\"@id\":\"https:\/\/www.legislapp.com.br\/#organization\",\"name\":\"Legislapp Monitoramento e Intelig\u00eancia Governamental\",\"url\":\"https:\/\/www.legislapp.com.br\/\",\"logo\":{\"@type\":\"ImageObject\",\"inLanguage\":\"pt-BR\",\"@id\":\"https:\/\/www.legislapp.com.br\/#\/schema\/logo\/image\/\",\"url\":\"https:\/\/www.legislapp.com.br\/wp-content\/uploads\/icon.png\",\"contentUrl\":\"https:\/\/www.legislapp.com.br\/wp-content\/uploads\/icon.png\",\"width\":1024,\"height\":1024,\"caption\":\"Legislapp Monitoramento e Intelig\u00eancia Governamental\"},\"image\":{\"@id\":\"https:\/\/www.legislapp.com.br\/#\/schema\/logo\/image\/\"},\"sameAs\":[\"https:\/\/www.instagram.com\/legislapp\/\"]}]}<\/script>\n<!-- \/ Yoast SEO plugin. -->","yoast_head_json":{"title":"PL 4435\/2025 - Deputados - Legislapp","robots":{"index":"index","follow":"follow","max-snippet":"max-snippet:-1","max-image-preview":"max-image-preview:large","max-video-preview":"max-video-preview:-1"},"canonical":"https:\/\/www.legislapp.com.br\/index.php\/cam-legislativa-de-mg-pl-4435-2025\/","og_locale":"pt_BR","og_type":"article","og_title":"PL 4435\/2025 - Deputados - Legislapp","og_description":"C\u00e2m. Legislativa de MG &#8211; Autoria de Deputados Altera a Lei n\u00ba 22.256, de 26 de julho de 2016, que institui a pol\u00edtica de atendimento \u00e0 mulher vitima de viol\u00eancia no Estado. (Inclui em banco de dados mantido pelo poder p\u00fablico estadual informa\u00e7\u00e3o sobre pessoas contra as quais tenham sido deferidas medidas protetivas de urg\u00eancia [&hellip;]","og_url":"https:\/\/www.legislapp.com.br\/index.php\/cam-legislativa-de-mg-pl-4435-2025\/","og_site_name":"Legislapp","article_publisher":"https:\/\/www.instagram.com\/legislapp\/","og_image":[{"url":"https:\/\/www.legislapp.com.br\/wp-content\/uploads\/google-play.png","type":"","width":"","height":""}],"twitter_card":"summary_large_image","twitter_misc":{"Est. tempo de leitura":"4 minutos"},"schema":{"@context":"https:\/\/schema.org","@graph":[{"@type":"WebPage","@id":"https:\/\/www.legislapp.com.br\/index.php\/cam-legislativa-de-mg-pl-4435-2025\/","url":"https:\/\/www.legislapp.com.br\/index.php\/cam-legislativa-de-mg-pl-4435-2025\/","name":"PL 4435\/2025 - Deputados - Legislapp","isPartOf":{"@id":"https:\/\/www.legislapp.com.br\/#website"},"primaryImageOfPage":{"@id":"https:\/\/www.legislapp.com.br\/index.php\/cam-legislativa-de-mg-pl-4435-2025\/#primaryimage"},"image":{"@id":"https:\/\/www.legislapp.com.br\/index.php\/cam-legislativa-de-mg-pl-4435-2025\/#primaryimage"},"thumbnailUrl":"https:\/\/www.legislapp.com.br\/wp-content\/uploads\/google-play.png","datePublished":"2025-10-08T14:19:20+00:00","breadcrumb":{"@id":"https:\/\/www.legislapp.com.br\/index.php\/cam-legislativa-de-mg-pl-4435-2025\/#breadcrumb"},"inLanguage":"pt-BR","potentialAction":[{"@type":"ReadAction","target":["https:\/\/www.legislapp.com.br\/index.php\/cam-legislativa-de-mg-pl-4435-2025\/"]}]},{"@type":"ImageObject","inLanguage":"pt-BR","@id":"https:\/\/www.legislapp.com.br\/index.php\/cam-legislativa-de-mg-pl-4435-2025\/#primaryimage","url":"https:\/\/www.legislapp.com.br\/wp-content\/uploads\/google-play.png","contentUrl":"https:\/\/www.legislapp.com.br\/wp-content\/uploads\/google-play.png","width":564,"height":168},{"@type":"BreadcrumbList","@id":"https:\/\/www.legislapp.com.br\/index.php\/cam-legislativa-de-mg-pl-4435-2025\/#breadcrumb","itemListElement":[{"@type":"ListItem","position":1,"name":"In\u00edcio","item":"https:\/\/www.legislapp.com.br\/"},{"@type":"ListItem","position":2,"name":"PL 4435\/2025 &#8211; Deputados"}]},{"@type":"WebSite","@id":"https:\/\/www.legislapp.com.br\/#website","url":"https:\/\/www.legislapp.com.br\/","name":"Legislapp","description":"Intelig\u00eancia governamental em tempo real","publisher":{"@id":"https:\/\/www.legislapp.com.br\/#organization"},"potentialAction":[{"@type":"SearchAction","target":{"@type":"EntryPoint","urlTemplate":"https:\/\/www.legislapp.com.br\/?s={search_term_string}"},"query-input":{"@type":"PropertyValueSpecification","valueRequired":true,"valueName":"search_term_string"}}],"inLanguage":"pt-BR"},{"@type":"Organization","@id":"https:\/\/www.legislapp.com.br\/#organization","name":"Legislapp Monitoramento e Intelig\u00eancia Governamental","url":"https:\/\/www.legislapp.com.br\/","logo":{"@type":"ImageObject","inLanguage":"pt-BR","@id":"https:\/\/www.legislapp.com.br\/#\/schema\/logo\/image\/","url":"https:\/\/www.legislapp.com.br\/wp-content\/uploads\/icon.png","contentUrl":"https:\/\/www.legislapp.com.br\/wp-content\/uploads\/icon.png","width":1024,"height":1024,"caption":"Legislapp Monitoramento e Intelig\u00eancia Governamental"},"image":{"@id":"https:\/\/www.legislapp.com.br\/#\/schema\/logo\/image\/"},"sameAs":["https:\/\/www.instagram.com\/legislapp\/"]}]}},"_links":{"self":[{"href":"https:\/\/www.legislapp.com.br\/index.php\/wp-json\/wp\/v2\/pages\/8217","targetHints":{"allow":["GET"]}}],"collection":[{"href":"https:\/\/www.legislapp.com.br\/index.php\/wp-json\/wp\/v2\/pages"}],"about":[{"href":"https:\/\/www.legislapp.com.br\/index.php\/wp-json\/wp\/v2\/types\/page"}],"author":[{"embeddable":true,"href":"https:\/\/www.legislapp.com.br\/index.php\/wp-json\/wp\/v2\/users\/1"}],"replies":[{"embeddable":true,"href":"https:\/\/www.legislapp.com.br\/index.php\/wp-json\/wp\/v2\/comments?post=8217"}],"version-history":[{"count":0,"href":"https:\/\/www.legislapp.com.br\/index.php\/wp-json\/wp\/v2\/pages\/8217\/revisions"}],"wp:attachment":[{"href":"https:\/\/www.legislapp.com.br\/index.php\/wp-json\/wp\/v2\/media?parent=8217"}],"curies":[{"name":"wp","href":"https:\/\/api.w.org\/{rel}","templated":true}]}}