{"id":8241,"date":"2025-10-08T11:21:37","date_gmt":"2025-10-08T14:21:37","guid":{"rendered":"https:\/\/www.legislapp.com.br\/index.php\/cam-legislativa-de-mg-pl-4380-2025\/"},"modified":"2025-10-08T11:21:37","modified_gmt":"2025-10-08T14:21:37","slug":"cam-legislativa-de-mg-pl-4380-2025","status":"publish","type":"page","link":"https:\/\/www.legislapp.com.br\/index.php\/cam-legislativa-de-mg-pl-4380-2025\/","title":{"rendered":"PL 4380\/2025 &#8211;"},"content":{"rendered":"<h1 style='text-align: center;'>C\u00e2m. Legislativa de MG &#8211; Autoria de <\/h3>\n<p><\/p>\n<article style='text-align: center'>Autoriza o Poder Executivo a promover medidas de desestatiza\u00e7\u00e3o da<br \/>\nCompanhia de Saneamento de Minas Gerais.<\/article>\n<p><\/p>\n<p style='text-align: center'><a href='https:\/\/app.legislapp.com.br\/#\/busca?termo='><\/a><\/p>\n<p><\/p>\n<article>Autoriza o Poder Executivo a promover medidas de desestatiza\u00e7\u00e3o da Companhia de Saneamento de Minas Gerais.<br \/>\nArt. 1\u00ba \u2013 Fica o Poder Executivo autorizado a adotar a\u00e7\u00f5es e medidas necess\u00e1rias para a desestatiza\u00e7\u00e3o da Companhia de Saneamento de Minas Gerais \u2013 Copasa-MG, nos termos do inciso IV do \u00a7 4\u00ba do art. 14 da Constitui\u00e7\u00e3o do Estado.<br \/>\nArt. 2\u00ba \u2013 Para os fins do disposto nesta lei, considera-se desestatiza\u00e7\u00e3o:<br \/>\nI \u2013 a aliena\u00e7\u00e3o total ou parcial de participa\u00e7\u00e3o societ\u00e1ria que resulte em perda ou transfer\u00eancia do controle acion\u00e1rio do Estado;<br \/>\nII \u2013 o aumento de capital, mediante a subscri\u00e7\u00e3o de novas a\u00e7\u00f5es, com ren\u00fancia ou cess\u00e3o, total ou parcial, dos direitos de subscri\u00e7\u00e3o, mediante oferta p\u00fablica de distribui\u00e7\u00e3o de valores mobili\u00e1rios, de forma a acarretar a perda do controle acion\u00e1rio do Estado.<br \/>\n\u00a7 1\u00ba \u2013 A transforma\u00e7\u00e3o, a incorpora\u00e7\u00e3o, a fus\u00e3o ou a cis\u00e3o de sociedades e a cria\u00e7\u00e3o de subsidi\u00e1rias integrais poder\u00e3o ser utilizadas a fim de viabilizar a implementa\u00e7\u00e3o da modalidade operacional escolhida.<br \/>\n\u00a7 2\u00ba \u2013 As normas e as pr\u00e1ticas aplicadas ao mercado de valores mobili\u00e1rios dever\u00e3o ser observadas, especialmente, quanto \u00e0 defini\u00e7\u00e3o de pre\u00e7os de emiss\u00e3o e aliena\u00e7\u00e3o de a\u00e7\u00f5es e \u00e0 divulga\u00e7\u00e3o de informa\u00e7\u00f5es ao mercado e ao p\u00fablico.<br \/>\nArt. 3\u00ba \u2013 Os contratos de programa ou de concess\u00e3o em execu\u00e7\u00e3o, celebrados entre a Copasa-MG e os munic\u00edpios, poder\u00e3o ser substitu\u00eddos, nos termos do art. 14 da Lei Federal n\u00ba 14.026, de 15 de julho de 2020, mediante a apresenta\u00e7\u00e3o de proposta que preveja a altera\u00e7\u00e3o de prazo, de objeto ou de demais cl\u00e1usulas contratuais.<br \/>\nPar\u00e1grafo \u00fanico \u2013 A efic\u00e1cia dos novos contratos de concess\u00e3o fica condicionada \u00e0 efetiva conclus\u00e3o do processo de desestatiza\u00e7\u00e3o.<br \/>\nArt. 4\u00ba \u2013 O estatuto social da companhia dever\u00e1 contemplar a previs\u00e3o de a\u00e7\u00e3o preferencial de classe especial, de propriedade exclusiva do Estado, nos termos do \u00a7 7\u00ba do art. 17 da Lei Federal n\u00ba 6.404, de 15 de dezembro de 1976, que conferir\u00e1 o poder de veto nas delibera\u00e7\u00f5es sociais relacionadas \u00e0:<br \/>\nI \u2013 altera\u00e7\u00e3o de denomina\u00e7\u00e3o e sede da companhia;<br \/>\nII \u2013 altera\u00e7\u00e3o nos limites ao exerc\u00edcio do direito de voto atribu\u00eddo a acionistas ou grupo de acionistas, disciplinadas no estatuto social da companhia.<br \/>\n\u00a7 1\u00ba \u2013 O estatuto social da companhia dever\u00e1 ser alterado para definir o limite m\u00e1ximo ao exerc\u00edcio de direito de voto, aplic\u00e1vel a qualquer acionista ou grupo de acionistas independentemente do n\u00famero de a\u00e7\u00f5es ordin\u00e1rias de emiss\u00e3o da Copasa-MG, observado o disposto no \u00a7 2\u00ba.<br \/>\n\u00a7 2\u00ba \u2013 O Poder Executivo definir\u00e1 o percentual do limite previsto no \u00a7 1\u00ba.<br \/>\nArt. 5\u00ba \u2013 Em quaisquer das modalidades operacionais de desestatiza\u00e7\u00e3o, o adquirente obrigar-se-\u00e1 a cumprir as metas de presta\u00e7\u00e3o do servi\u00e7o estabelecidas pelo Poder Executivo, nos termos do \u00a7 16 do art. 14 da Constitui\u00e7\u00e3o do Estado.<br \/>\nArt. 6\u00ba \u2013 Fica a Copasa-MG autorizada a adotar a\u00e7\u00f5es e medidas necess\u00e1rias para realizar a opera\u00e7\u00e3o de incorpora\u00e7\u00e3o da sua subsidi\u00e1ria, Copasa Servi\u00e7os de Saneamento Integrado do Norte e Nordeste de Minas Gerais S.A. \u2013 Copanor, institu\u00edda nos termos da autoriza\u00e7\u00e3o de que trata a Lei n\u00ba 16.698, de 17 de abril de 2007.<br \/>\nArt. 7\u00ba \u2013 Os recursos financeiros obtidos com as opera\u00e7\u00f5es previstas no art. 2\u00ba ser\u00e3o necess\u00e1ria e exclusivamente utilizados para a amortiza\u00e7\u00e3o da d\u00edvida ou para o cumprimento das demais obriga\u00e7\u00f5es do Estado no \u00e2mbito do Programa de Pleno Pagamento de D\u00edvidas dos Estados \u2013 Propag.<br \/>\nArt. 8\u00ba \u2013 Fica revogado o art. 5\u00ba da Lei n\u00ba 16.698, de 17 de abril de 2007.<br \/>\nArt. 9\u00ba \u2013 Esta lei entra em vigor na data de sua publica\u00e7\u00e3o.<br \/>\n\u2013 Publicado, vai o projeto \u00e0s Comiss\u00f5es de Justi\u00e7a, de Administra\u00e7\u00e3o P\u00fablica e de Fiscaliza\u00e7\u00e3o Financeira, para parecer, nos termos do art. 188, \u00a7 5\u00ba, c\/c o art. 102, do Regimento Interno, e do \u00a7 15 do art. 14 da Constitui\u00e7\u00e3o do Estado.<\/article>\n<div style=\"text-align: center\">\n<div style=\"margin-bottom: 20px;\" class=\"et_pb_button_module_wrapper et_pb_button_5_tb_body_wrapper et_pb_button_alignment_center et_pb_module \">\n         <a class=\"et_pb_button et_pb_button_5_tb_body et_hover_enabled et_pb_bg_layout_dark\" style=\"width: 50%;background-color: black;\" href=\"https:\/\/app.legislapp.com.br\" target=\"_blank\" rel=\"noopener\">Visualizar completo na nossa plataforma (30 dias gr\u00e1tis)<\/a><\/p><\/div>\n<p>      <a href=\"https:\/\/play.google.com\/store\/apps\/details?id=br.com.legislapp\"><img decoding=\"async\" style=\"width: 15%; min-width: 130px;\" src=\"https:\/\/www.legislapp.com.br\/wp-content\/uploads\/google-play.png\"><\/a><br \/>\n      <a href=\"https:\/\/apps.apple.com\/us\/app\/legislapp\/id1568929859\"><img decoding=\"async\" style=\"width: 15%; min-width: 130px\" src=\"https:\/\/www.legislapp.com.br\/wp-content\/uploads\/apple-store.png\"><\/a>\n   <\/div>\n","protected":false},"excerpt":{"rendered":"<p>C\u00e2m. Legislativa de MG &#8211; Autoria de Autoriza o Poder Executivo a promover medidas de desestatiza\u00e7\u00e3o da Companhia de Saneamento de Minas Gerais. Autoriza o Poder Executivo a promover medidas de desestatiza\u00e7\u00e3o da Companhia de Saneamento de Minas Gerais. Art. 1\u00ba \u2013 Fica o Poder Executivo autorizado a adotar a\u00e7\u00f5es e medidas necess\u00e1rias para a [&hellip;]<\/p>\n","protected":false},"author":1,"featured_media":0,"parent":0,"menu_order":0,"comment_status":"closed","ping_status":"closed","template":"page-template-blank.php","meta":{"_et_pb_use_builder":"","_et_pb_old_content":"","_et_gb_content_width":"1080","ngg_post_thumbnail":0,"footnotes":""},"class_list":["post-8241","page","type-page","status-publish","hentry"],"yoast_head":"<!-- This site is optimized with the Yoast SEO plugin v24.4 - https:\/\/yoast.com\/wordpress\/plugins\/seo\/ -->\n<title>PL 4380\/2025 - Legislapp<\/title>\n<meta name=\"robots\" content=\"index, follow, max-snippet:-1, max-image-preview:large, max-video-preview:-1\" \/>\n<link rel=\"canonical\" href=\"https:\/\/www.legislapp.com.br\/index.php\/cam-legislativa-de-mg-pl-4380-2025\/\" \/>\n<meta property=\"og:locale\" content=\"pt_BR\" \/>\n<meta property=\"og:type\" content=\"article\" \/>\n<meta property=\"og:title\" content=\"PL 4380\/2025 - Legislapp\" \/>\n<meta property=\"og:description\" content=\"C\u00e2m. Legislativa de MG &#8211; Autoria de Autoriza o Poder Executivo a promover medidas de desestatiza\u00e7\u00e3o da Companhia de Saneamento de Minas Gerais. Autoriza o Poder Executivo a promover medidas de desestatiza\u00e7\u00e3o da Companhia de Saneamento de Minas Gerais. Art. 1\u00ba \u2013 Fica o Poder Executivo autorizado a adotar a\u00e7\u00f5es e medidas necess\u00e1rias para a [&hellip;]\" \/>\n<meta property=\"og:url\" content=\"https:\/\/www.legislapp.com.br\/index.php\/cam-legislativa-de-mg-pl-4380-2025\/\" \/>\n<meta property=\"og:site_name\" content=\"Legislapp\" \/>\n<meta property=\"article:publisher\" content=\"https:\/\/www.instagram.com\/legislapp\/\" \/>\n<meta property=\"og:image\" content=\"https:\/\/www.legislapp.com.br\/wp-content\/uploads\/google-play.png\" \/>\n<meta name=\"twitter:card\" content=\"summary_large_image\" \/>\n<meta name=\"twitter:label1\" content=\"Est. tempo de leitura\" \/>\n\t<meta name=\"twitter:data1\" content=\"3 minutos\" \/>\n<script type=\"application\/ld+json\" class=\"yoast-schema-graph\">{\"@context\":\"https:\/\/schema.org\",\"@graph\":[{\"@type\":\"WebPage\",\"@id\":\"https:\/\/www.legislapp.com.br\/index.php\/cam-legislativa-de-mg-pl-4380-2025\/\",\"url\":\"https:\/\/www.legislapp.com.br\/index.php\/cam-legislativa-de-mg-pl-4380-2025\/\",\"name\":\"PL 4380\/2025 - Legislapp\",\"isPartOf\":{\"@id\":\"https:\/\/www.legislapp.com.br\/#website\"},\"primaryImageOfPage\":{\"@id\":\"https:\/\/www.legislapp.com.br\/index.php\/cam-legislativa-de-mg-pl-4380-2025\/#primaryimage\"},\"image\":{\"@id\":\"https:\/\/www.legislapp.com.br\/index.php\/cam-legislativa-de-mg-pl-4380-2025\/#primaryimage\"},\"thumbnailUrl\":\"https:\/\/www.legislapp.com.br\/wp-content\/uploads\/google-play.png\",\"datePublished\":\"2025-10-08T14:21:37+00:00\",\"breadcrumb\":{\"@id\":\"https:\/\/www.legislapp.com.br\/index.php\/cam-legislativa-de-mg-pl-4380-2025\/#breadcrumb\"},\"inLanguage\":\"pt-BR\",\"potentialAction\":[{\"@type\":\"ReadAction\",\"target\":[\"https:\/\/www.legislapp.com.br\/index.php\/cam-legislativa-de-mg-pl-4380-2025\/\"]}]},{\"@type\":\"ImageObject\",\"inLanguage\":\"pt-BR\",\"@id\":\"https:\/\/www.legislapp.com.br\/index.php\/cam-legislativa-de-mg-pl-4380-2025\/#primaryimage\",\"url\":\"https:\/\/www.legislapp.com.br\/wp-content\/uploads\/google-play.png\",\"contentUrl\":\"https:\/\/www.legislapp.com.br\/wp-content\/uploads\/google-play.png\",\"width\":564,\"height\":168},{\"@type\":\"BreadcrumbList\",\"@id\":\"https:\/\/www.legislapp.com.br\/index.php\/cam-legislativa-de-mg-pl-4380-2025\/#breadcrumb\",\"itemListElement\":[{\"@type\":\"ListItem\",\"position\":1,\"name\":\"In\u00edcio\",\"item\":\"https:\/\/www.legislapp.com.br\/\"},{\"@type\":\"ListItem\",\"position\":2,\"name\":\"PL 4380\/2025 &#8211;\"}]},{\"@type\":\"WebSite\",\"@id\":\"https:\/\/www.legislapp.com.br\/#website\",\"url\":\"https:\/\/www.legislapp.com.br\/\",\"name\":\"Legislapp\",\"description\":\"Intelig\u00eancia governamental em tempo real\",\"publisher\":{\"@id\":\"https:\/\/www.legislapp.com.br\/#organization\"},\"potentialAction\":[{\"@type\":\"SearchAction\",\"target\":{\"@type\":\"EntryPoint\",\"urlTemplate\":\"https:\/\/www.legislapp.com.br\/?s={search_term_string}\"},\"query-input\":{\"@type\":\"PropertyValueSpecification\",\"valueRequired\":true,\"valueName\":\"search_term_string\"}}],\"inLanguage\":\"pt-BR\"},{\"@type\":\"Organization\",\"@id\":\"https:\/\/www.legislapp.com.br\/#organization\",\"name\":\"Legislapp Monitoramento e Intelig\u00eancia Governamental\",\"url\":\"https:\/\/www.legislapp.com.br\/\",\"logo\":{\"@type\":\"ImageObject\",\"inLanguage\":\"pt-BR\",\"@id\":\"https:\/\/www.legislapp.com.br\/#\/schema\/logo\/image\/\",\"url\":\"https:\/\/www.legislapp.com.br\/wp-content\/uploads\/icon.png\",\"contentUrl\":\"https:\/\/www.legislapp.com.br\/wp-content\/uploads\/icon.png\",\"width\":1024,\"height\":1024,\"caption\":\"Legislapp Monitoramento e Intelig\u00eancia Governamental\"},\"image\":{\"@id\":\"https:\/\/www.legislapp.com.br\/#\/schema\/logo\/image\/\"},\"sameAs\":[\"https:\/\/www.instagram.com\/legislapp\/\"]}]}<\/script>\n<!-- \/ Yoast SEO plugin. -->","yoast_head_json":{"title":"PL 4380\/2025 - Legislapp","robots":{"index":"index","follow":"follow","max-snippet":"max-snippet:-1","max-image-preview":"max-image-preview:large","max-video-preview":"max-video-preview:-1"},"canonical":"https:\/\/www.legislapp.com.br\/index.php\/cam-legislativa-de-mg-pl-4380-2025\/","og_locale":"pt_BR","og_type":"article","og_title":"PL 4380\/2025 - Legislapp","og_description":"C\u00e2m. Legislativa de MG &#8211; Autoria de Autoriza o Poder Executivo a promover medidas de desestatiza\u00e7\u00e3o da Companhia de Saneamento de Minas Gerais. Autoriza o Poder Executivo a promover medidas de desestatiza\u00e7\u00e3o da Companhia de Saneamento de Minas Gerais. Art. 1\u00ba \u2013 Fica o Poder Executivo autorizado a adotar a\u00e7\u00f5es e medidas necess\u00e1rias para a [&hellip;]","og_url":"https:\/\/www.legislapp.com.br\/index.php\/cam-legislativa-de-mg-pl-4380-2025\/","og_site_name":"Legislapp","article_publisher":"https:\/\/www.instagram.com\/legislapp\/","og_image":[{"url":"https:\/\/www.legislapp.com.br\/wp-content\/uploads\/google-play.png","type":"","width":"","height":""}],"twitter_card":"summary_large_image","twitter_misc":{"Est. tempo de leitura":"3 minutos"},"schema":{"@context":"https:\/\/schema.org","@graph":[{"@type":"WebPage","@id":"https:\/\/www.legislapp.com.br\/index.php\/cam-legislativa-de-mg-pl-4380-2025\/","url":"https:\/\/www.legislapp.com.br\/index.php\/cam-legislativa-de-mg-pl-4380-2025\/","name":"PL 4380\/2025 - Legislapp","isPartOf":{"@id":"https:\/\/www.legislapp.com.br\/#website"},"primaryImageOfPage":{"@id":"https:\/\/www.legislapp.com.br\/index.php\/cam-legislativa-de-mg-pl-4380-2025\/#primaryimage"},"image":{"@id":"https:\/\/www.legislapp.com.br\/index.php\/cam-legislativa-de-mg-pl-4380-2025\/#primaryimage"},"thumbnailUrl":"https:\/\/www.legislapp.com.br\/wp-content\/uploads\/google-play.png","datePublished":"2025-10-08T14:21:37+00:00","breadcrumb":{"@id":"https:\/\/www.legislapp.com.br\/index.php\/cam-legislativa-de-mg-pl-4380-2025\/#breadcrumb"},"inLanguage":"pt-BR","potentialAction":[{"@type":"ReadAction","target":["https:\/\/www.legislapp.com.br\/index.php\/cam-legislativa-de-mg-pl-4380-2025\/"]}]},{"@type":"ImageObject","inLanguage":"pt-BR","@id":"https:\/\/www.legislapp.com.br\/index.php\/cam-legislativa-de-mg-pl-4380-2025\/#primaryimage","url":"https:\/\/www.legislapp.com.br\/wp-content\/uploads\/google-play.png","contentUrl":"https:\/\/www.legislapp.com.br\/wp-content\/uploads\/google-play.png","width":564,"height":168},{"@type":"BreadcrumbList","@id":"https:\/\/www.legislapp.com.br\/index.php\/cam-legislativa-de-mg-pl-4380-2025\/#breadcrumb","itemListElement":[{"@type":"ListItem","position":1,"name":"In\u00edcio","item":"https:\/\/www.legislapp.com.br\/"},{"@type":"ListItem","position":2,"name":"PL 4380\/2025 &#8211;"}]},{"@type":"WebSite","@id":"https:\/\/www.legislapp.com.br\/#website","url":"https:\/\/www.legislapp.com.br\/","name":"Legislapp","description":"Intelig\u00eancia governamental em tempo real","publisher":{"@id":"https:\/\/www.legislapp.com.br\/#organization"},"potentialAction":[{"@type":"SearchAction","target":{"@type":"EntryPoint","urlTemplate":"https:\/\/www.legislapp.com.br\/?s={search_term_string}"},"query-input":{"@type":"PropertyValueSpecification","valueRequired":true,"valueName":"search_term_string"}}],"inLanguage":"pt-BR"},{"@type":"Organization","@id":"https:\/\/www.legislapp.com.br\/#organization","name":"Legislapp Monitoramento e Intelig\u00eancia Governamental","url":"https:\/\/www.legislapp.com.br\/","logo":{"@type":"ImageObject","inLanguage":"pt-BR","@id":"https:\/\/www.legislapp.com.br\/#\/schema\/logo\/image\/","url":"https:\/\/www.legislapp.com.br\/wp-content\/uploads\/icon.png","contentUrl":"https:\/\/www.legislapp.com.br\/wp-content\/uploads\/icon.png","width":1024,"height":1024,"caption":"Legislapp Monitoramento e Intelig\u00eancia Governamental"},"image":{"@id":"https:\/\/www.legislapp.com.br\/#\/schema\/logo\/image\/"},"sameAs":["https:\/\/www.instagram.com\/legislapp\/"]}]}},"_links":{"self":[{"href":"https:\/\/www.legislapp.com.br\/index.php\/wp-json\/wp\/v2\/pages\/8241","targetHints":{"allow":["GET"]}}],"collection":[{"href":"https:\/\/www.legislapp.com.br\/index.php\/wp-json\/wp\/v2\/pages"}],"about":[{"href":"https:\/\/www.legislapp.com.br\/index.php\/wp-json\/wp\/v2\/types\/page"}],"author":[{"embeddable":true,"href":"https:\/\/www.legislapp.com.br\/index.php\/wp-json\/wp\/v2\/users\/1"}],"replies":[{"embeddable":true,"href":"https:\/\/www.legislapp.com.br\/index.php\/wp-json\/wp\/v2\/comments?post=8241"}],"version-history":[{"count":0,"href":"https:\/\/www.legislapp.com.br\/index.php\/wp-json\/wp\/v2\/pages\/8241\/revisions"}],"wp:attachment":[{"href":"https:\/\/www.legislapp.com.br\/index.php\/wp-json\/wp\/v2\/media?parent=8241"}],"curies":[{"name":"wp","href":"https:\/\/api.w.org\/{rel}","templated":true}]}}