{"id":8418,"date":"2025-10-08T11:32:49","date_gmt":"2025-10-08T14:32:49","guid":{"rendered":"https:\/\/www.legislapp.com.br\/index.php\/cam-legislativa-de-mg-pl-4279-2025\/"},"modified":"2025-10-08T11:32:49","modified_gmt":"2025-10-08T14:32:49","slug":"cam-legislativa-de-mg-pl-4279-2025","status":"publish","type":"page","link":"https:\/\/www.legislapp.com.br\/index.php\/cam-legislativa-de-mg-pl-4279-2025\/","title":{"rendered":"PL 4279\/2025 &#8211; Deputados"},"content":{"rendered":"<h1 style='text-align: center;'>C\u00e2m. Legislativa de MG &#8211; Autoria de Deputados<\/h3>\n<p><\/p>\n<article style='text-align: center'>Confere ao Munic\u00edpio de Curvelo o t\u00edtulo de Capital Mineira da Stock Car.<\/article>\n<p><\/p>\n<p style='text-align: center'><a href='https:\/\/app.legislapp.com.br\/#\/busca?termo='><\/a><\/p>\n<p><\/p>\n<article>Confere ao Munic\u00edpio de Curvelo o t\u00edtulo de Capital Mineira da Stock Car.<br \/>\nA Assembleia Legislativa do Estado de Minas Gerais decreta:<br \/>\nArt. 1\u00ba \u2013 Fica conferido ao Munic\u00edpio de Curvelo o t\u00edtulo de Capital Mineira da Stock Car.<br \/>\nArt. 2\u00ba \u2013 Esta lei entra em vigor na data de sua publica\u00e7\u00e3o.<br \/>\nSala das Reuni\u00f5es, 21 de agosto de 2025.<br \/>\nAntonio Carlos Arantes (PL)<br \/>\nJustifica\u00e7\u00e3o: Curvelo, tradicionalmente conhecido como a Terra do Ouro Branco em raz\u00e3o de sua relev\u00e2ncia hist\u00f3rica na cotonicultura, alcan\u00e7a tamb\u00e9m expressivo destaque no cen\u00e1rio do automobilismo nacional, notadamente na categoria Stock Car Pro Series, uma das principais competi\u00e7\u00f5es de turismo do mundo. Tal protagonismo \u00e9 conferido pelo imponente Circuito dos Cristais, situado no munic\u00edpio.<br \/>\nDe padr\u00e3o internacional e devidamente homologado pelas principais entidades automobil\u00edsticas \u2013 Federa\u00e7\u00e3o Internacional de Motociclismo \u2013 FIM \u2013 e pela Federa\u00e7\u00e3o Internacional de Automobilismo \u2013 FIA \u2013, o aut\u00f3dromo re\u00fane os mais renomados pilotos e se consagra como palco de espet\u00e1culo, emo\u00e7\u00e3o e adrenalina.<br \/>\nCriada pela Associa\u00e7\u00e3o Brasileira de Revendedores Chevrolet, a Stock Car realizou sua primeira corrida em 22 de abril de 1979, no Aut\u00f3dromo de Tarum\u00e3, em Viam\u00e3o (RS). Naquele per\u00edodo, os carros utilizados possu\u00edam a mesma mec\u00e2nica dos ve\u00edculos de passeio, o que significa que conferiam simplicidade \u00e0 competi\u00e7\u00e3o. Um \u00edcone dessa fase pioneira foi o Opala, primeiro autom\u00f3vel fabricado pela General Motors no Brasil, que chegou a ser considerado o carro mais veloz do pa\u00eds, at\u00e9 passar por modifica\u00e7\u00f5es significativas durante a chamada \u201cD\u00e9cada de Ingo\u201d \u2013 momento em que sua carenagem foi alterada e seu uso foi, consequentemente, aposentado.<br \/>\nParalelamente, a Stock Car passou por profundas transforma\u00e7\u00f5es. Os carros tornaram-se mais velozes e seguros com a ado\u00e7\u00e3o do chassi desenvolvido pelo ex-piloto Zeca Giaffone. A categoria tamb\u00e9m passou a receber multimarcas, como Mitsubishi, Peugeot e Volkswagen, al\u00e9m da tradicional Chevrolet, e incorporou a telemetria, o que garantiu maior controle e sofistica\u00e7\u00e3o \u00e0s equipes.<br \/>\nOutros marcos desse per\u00edodo incluem grids historicamente mais competitivos, com at\u00e9 40 carros, a presen\u00e7a de ex-pilotos da F\u00f3rmula 1, jovens talentos e a estreia dos circuitos de rua, inaugurados com a vit\u00f3ria de Cac\u00e1 Bueno em Salvador. Em 2020, os carros de corrida passaram a adotar monoblocos, aproximando seu design da realidade das concession\u00e1rias. J\u00e1 em 2025, a categoria iniciou a chamada \u201cRevolu\u00e7\u00e3o SUV\u201d, marcada por avan\u00e7os tecnol\u00f3gicos e conectividade, reafirmando sua posi\u00e7\u00e3o de vanguarda no automobilismo mundial.<br \/>\nDiante de tantos avan\u00e7os significativos, a Stock Car se estabeleceu como um verdadeiro espet\u00e1culo do automobilismo, atraindo uma m\u00e9dia de 50 mil espectadores por etapa. No presente ano, a categoria comemorou 65 anos de exist\u00eancia, firmando-se como a mais longeva e respeitada competi\u00e7\u00e3o do automobilismo no pa\u00eds.<br \/>\nGrandes nomes do cen\u00e1rio nacional e internacional, como Rubens Barrichello, Ingo Hoffmann, \u00c2ngelo Giombelli, Paulo Gomes e Chico Serra, marcaram o campeonato, atrav\u00e9s de provas memor\u00e1veis, como a Corrida do Milh\u00e3o, a Corrida de Duplas e a Super Final. Em Curvelo, pilotos de longa carreira, como Vicente Orige, Bruno Baptista e Lucas Kohl, deixaram sua marca, enquanto a nova gera\u00e7\u00e3o, representada por Arthur Gama, Arthur Leist, Enzo Elias, Felipe Baptista, Gianluca Petecof, Rafael Reis e Zezinho Muggiati, fez sua estreia, consolidando o munic\u00edpio como celeiro de talentos e palco de grandes emo\u00e7\u00f5es.<br \/>\nO Circuito dos Cristais coloca o estado de Minas Gerais em destaque no automobilismo nacional.\u00a0<br \/>\nConsiderado um dos aut\u00f3dromos mais modernos do pa\u00eds, combina tradi\u00e7\u00e3o e inova\u00e7\u00e3o, transformando cada corrida em um verdadeiro festival de lazer, turismo e integra\u00e7\u00e3o social. Esse dinamismo fortalece a imagem do munic\u00edpio como destino de refer\u00eancia no esporte a motor. Tanto \u00e9 que a pista j\u00e1 est\u00e1 confirmada como etapa da Stock Car em 2026, com a possibilidade de se tornar uma das sedes permanentes da categoria.<br \/>\nAp\u00f3s oito anos sem sediar campeonatos da Stock Car, recebendo apenas eventos de carros superesportivos, competi\u00e7\u00f5es de motociclismo e outras categorias de corrida, o m\u00eas de agosto, nos dias 16 e 17, marcou o retorno da categoria ao tra\u00e7ado curvelano, que j\u00e1 sediou duas rodadas duplas nas temporadas de 2016 e 2017 \u2013 \u00e9poca de sua inaugura\u00e7\u00e3o. De l\u00e1 pra c\u00e1, o aut\u00f3dromo passou por significativas melhorias, transformando-se em uma estrutura moderna e funcional, reconhecido por pilotos, organiza\u00e7\u00e3o e p\u00fablico, n\u00e3o apenas pela qualidade das corridas, mas tamb\u00e9m pela diversidade de seus circuitos.<br \/>\nAl\u00e9m das atividades esportivas, o complexo tamb\u00e9m abriga testes e din\u00e2micas de ve\u00edculos, ampliando sua utilidade e relev\u00e2ncia.<br \/>\nDiante de toda essa trajet\u00f3ria hist\u00f3rica da Stock Car e do protagonismo de Curvelo como polo automobil\u00edstico em Minas Gerais e no Brasil, \u00e9 justo e oportuno que esta Casa Legislativa o declare como Capital Mineira da Stock Car, fortalecendo o v\u00ednculo do esporte com nosso Estado e reconhecendo seu papel no cen\u00e1rio nacional.<br \/>\n\u2013 Publicado, vai o projeto \u00e0s Comiss\u00f5es de Justi\u00e7a e de Esporte para parecer, nos termos do art. 188, c\/c o art. 102, do Regimento Interno.<\/article>\n<div style=\"text-align: center\">\n<div style=\"margin-bottom: 20px;\" class=\"et_pb_button_module_wrapper et_pb_button_5_tb_body_wrapper et_pb_button_alignment_center et_pb_module \">\n         <a class=\"et_pb_button et_pb_button_5_tb_body et_hover_enabled et_pb_bg_layout_dark\" style=\"width: 50%;background-color: black;\" href=\"https:\/\/app.legislapp.com.br\" target=\"_blank\" rel=\"noopener\">Visualizar completo na nossa plataforma (30 dias gr\u00e1tis)<\/a><\/p><\/div>\n<p>      <a href=\"https:\/\/play.google.com\/store\/apps\/details?id=br.com.legislapp\"><img decoding=\"async\" style=\"width: 15%; min-width: 130px;\" src=\"https:\/\/www.legislapp.com.br\/wp-content\/uploads\/google-play.png\"><\/a><br \/>\n      <a href=\"https:\/\/apps.apple.com\/us\/app\/legislapp\/id1568929859\"><img decoding=\"async\" style=\"width: 15%; min-width: 130px\" src=\"https:\/\/www.legislapp.com.br\/wp-content\/uploads\/apple-store.png\"><\/a>\n   <\/div>\n","protected":false},"excerpt":{"rendered":"<p>C\u00e2m. Legislativa de MG &#8211; Autoria de Deputados Confere ao Munic\u00edpio de Curvelo o t\u00edtulo de Capital Mineira da Stock Car. Confere ao Munic\u00edpio de Curvelo o t\u00edtulo de Capital Mineira da Stock Car. A Assembleia Legislativa do Estado de Minas Gerais decreta: Art. 1\u00ba \u2013 Fica conferido ao Munic\u00edpio de Curvelo o t\u00edtulo de [&hellip;]<\/p>\n","protected":false},"author":1,"featured_media":0,"parent":0,"menu_order":0,"comment_status":"closed","ping_status":"closed","template":"page-template-blank.php","meta":{"_et_pb_use_builder":"","_et_pb_old_content":"","_et_gb_content_width":"1080","ngg_post_thumbnail":0,"footnotes":""},"class_list":["post-8418","page","type-page","status-publish","hentry"],"yoast_head":"<!-- This site is optimized with the Yoast SEO plugin v24.4 - https:\/\/yoast.com\/wordpress\/plugins\/seo\/ -->\n<title>PL 4279\/2025 - Deputados - Legislapp<\/title>\n<meta name=\"robots\" content=\"index, follow, max-snippet:-1, max-image-preview:large, max-video-preview:-1\" \/>\n<link rel=\"canonical\" href=\"https:\/\/www.legislapp.com.br\/index.php\/cam-legislativa-de-mg-pl-4279-2025\/\" \/>\n<meta property=\"og:locale\" content=\"pt_BR\" \/>\n<meta property=\"og:type\" content=\"article\" \/>\n<meta property=\"og:title\" content=\"PL 4279\/2025 - Deputados - Legislapp\" \/>\n<meta property=\"og:description\" content=\"C\u00e2m. Legislativa de MG &#8211; Autoria de Deputados Confere ao Munic\u00edpio de Curvelo o t\u00edtulo de Capital Mineira da Stock Car. Confere ao Munic\u00edpio de Curvelo o t\u00edtulo de Capital Mineira da Stock Car. A Assembleia Legislativa do Estado de Minas Gerais decreta: Art. 1\u00ba \u2013 Fica conferido ao Munic\u00edpio de Curvelo o t\u00edtulo de [&hellip;]\" \/>\n<meta property=\"og:url\" content=\"https:\/\/www.legislapp.com.br\/index.php\/cam-legislativa-de-mg-pl-4279-2025\/\" \/>\n<meta property=\"og:site_name\" content=\"Legislapp\" \/>\n<meta property=\"article:publisher\" content=\"https:\/\/www.instagram.com\/legislapp\/\" \/>\n<meta property=\"og:image\" content=\"https:\/\/www.legislapp.com.br\/wp-content\/uploads\/google-play.png\" \/>\n<meta name=\"twitter:card\" content=\"summary_large_image\" \/>\n<meta name=\"twitter:label1\" content=\"Est. tempo de leitura\" \/>\n\t<meta name=\"twitter:data1\" content=\"4 minutos\" \/>\n<script type=\"application\/ld+json\" class=\"yoast-schema-graph\">{\"@context\":\"https:\/\/schema.org\",\"@graph\":[{\"@type\":\"WebPage\",\"@id\":\"https:\/\/www.legislapp.com.br\/index.php\/cam-legislativa-de-mg-pl-4279-2025\/\",\"url\":\"https:\/\/www.legislapp.com.br\/index.php\/cam-legislativa-de-mg-pl-4279-2025\/\",\"name\":\"PL 4279\/2025 - Deputados - Legislapp\",\"isPartOf\":{\"@id\":\"https:\/\/www.legislapp.com.br\/#website\"},\"primaryImageOfPage\":{\"@id\":\"https:\/\/www.legislapp.com.br\/index.php\/cam-legislativa-de-mg-pl-4279-2025\/#primaryimage\"},\"image\":{\"@id\":\"https:\/\/www.legislapp.com.br\/index.php\/cam-legislativa-de-mg-pl-4279-2025\/#primaryimage\"},\"thumbnailUrl\":\"https:\/\/www.legislapp.com.br\/wp-content\/uploads\/google-play.png\",\"datePublished\":\"2025-10-08T14:32:49+00:00\",\"breadcrumb\":{\"@id\":\"https:\/\/www.legislapp.com.br\/index.php\/cam-legislativa-de-mg-pl-4279-2025\/#breadcrumb\"},\"inLanguage\":\"pt-BR\",\"potentialAction\":[{\"@type\":\"ReadAction\",\"target\":[\"https:\/\/www.legislapp.com.br\/index.php\/cam-legislativa-de-mg-pl-4279-2025\/\"]}]},{\"@type\":\"ImageObject\",\"inLanguage\":\"pt-BR\",\"@id\":\"https:\/\/www.legislapp.com.br\/index.php\/cam-legislativa-de-mg-pl-4279-2025\/#primaryimage\",\"url\":\"https:\/\/www.legislapp.com.br\/wp-content\/uploads\/google-play.png\",\"contentUrl\":\"https:\/\/www.legislapp.com.br\/wp-content\/uploads\/google-play.png\",\"width\":564,\"height\":168},{\"@type\":\"BreadcrumbList\",\"@id\":\"https:\/\/www.legislapp.com.br\/index.php\/cam-legislativa-de-mg-pl-4279-2025\/#breadcrumb\",\"itemListElement\":[{\"@type\":\"ListItem\",\"position\":1,\"name\":\"In\u00edcio\",\"item\":\"https:\/\/www.legislapp.com.br\/\"},{\"@type\":\"ListItem\",\"position\":2,\"name\":\"PL 4279\/2025 &#8211; Deputados\"}]},{\"@type\":\"WebSite\",\"@id\":\"https:\/\/www.legislapp.com.br\/#website\",\"url\":\"https:\/\/www.legislapp.com.br\/\",\"name\":\"Legislapp\",\"description\":\"Intelig\u00eancia governamental em tempo real\",\"publisher\":{\"@id\":\"https:\/\/www.legislapp.com.br\/#organization\"},\"potentialAction\":[{\"@type\":\"SearchAction\",\"target\":{\"@type\":\"EntryPoint\",\"urlTemplate\":\"https:\/\/www.legislapp.com.br\/?s={search_term_string}\"},\"query-input\":{\"@type\":\"PropertyValueSpecification\",\"valueRequired\":true,\"valueName\":\"search_term_string\"}}],\"inLanguage\":\"pt-BR\"},{\"@type\":\"Organization\",\"@id\":\"https:\/\/www.legislapp.com.br\/#organization\",\"name\":\"Legislapp Monitoramento e Intelig\u00eancia Governamental\",\"url\":\"https:\/\/www.legislapp.com.br\/\",\"logo\":{\"@type\":\"ImageObject\",\"inLanguage\":\"pt-BR\",\"@id\":\"https:\/\/www.legislapp.com.br\/#\/schema\/logo\/image\/\",\"url\":\"https:\/\/www.legislapp.com.br\/wp-content\/uploads\/icon.png\",\"contentUrl\":\"https:\/\/www.legislapp.com.br\/wp-content\/uploads\/icon.png\",\"width\":1024,\"height\":1024,\"caption\":\"Legislapp Monitoramento e Intelig\u00eancia Governamental\"},\"image\":{\"@id\":\"https:\/\/www.legislapp.com.br\/#\/schema\/logo\/image\/\"},\"sameAs\":[\"https:\/\/www.instagram.com\/legislapp\/\"]}]}<\/script>\n<!-- \/ Yoast SEO plugin. -->","yoast_head_json":{"title":"PL 4279\/2025 - Deputados - Legislapp","robots":{"index":"index","follow":"follow","max-snippet":"max-snippet:-1","max-image-preview":"max-image-preview:large","max-video-preview":"max-video-preview:-1"},"canonical":"https:\/\/www.legislapp.com.br\/index.php\/cam-legislativa-de-mg-pl-4279-2025\/","og_locale":"pt_BR","og_type":"article","og_title":"PL 4279\/2025 - Deputados - Legislapp","og_description":"C\u00e2m. Legislativa de MG &#8211; Autoria de Deputados Confere ao Munic\u00edpio de Curvelo o t\u00edtulo de Capital Mineira da Stock Car. Confere ao Munic\u00edpio de Curvelo o t\u00edtulo de Capital Mineira da Stock Car. A Assembleia Legislativa do Estado de Minas Gerais decreta: Art. 1\u00ba \u2013 Fica conferido ao Munic\u00edpio de Curvelo o t\u00edtulo de [&hellip;]","og_url":"https:\/\/www.legislapp.com.br\/index.php\/cam-legislativa-de-mg-pl-4279-2025\/","og_site_name":"Legislapp","article_publisher":"https:\/\/www.instagram.com\/legislapp\/","og_image":[{"url":"https:\/\/www.legislapp.com.br\/wp-content\/uploads\/google-play.png","type":"","width":"","height":""}],"twitter_card":"summary_large_image","twitter_misc":{"Est. tempo de leitura":"4 minutos"},"schema":{"@context":"https:\/\/schema.org","@graph":[{"@type":"WebPage","@id":"https:\/\/www.legislapp.com.br\/index.php\/cam-legislativa-de-mg-pl-4279-2025\/","url":"https:\/\/www.legislapp.com.br\/index.php\/cam-legislativa-de-mg-pl-4279-2025\/","name":"PL 4279\/2025 - Deputados - Legislapp","isPartOf":{"@id":"https:\/\/www.legislapp.com.br\/#website"},"primaryImageOfPage":{"@id":"https:\/\/www.legislapp.com.br\/index.php\/cam-legislativa-de-mg-pl-4279-2025\/#primaryimage"},"image":{"@id":"https:\/\/www.legislapp.com.br\/index.php\/cam-legislativa-de-mg-pl-4279-2025\/#primaryimage"},"thumbnailUrl":"https:\/\/www.legislapp.com.br\/wp-content\/uploads\/google-play.png","datePublished":"2025-10-08T14:32:49+00:00","breadcrumb":{"@id":"https:\/\/www.legislapp.com.br\/index.php\/cam-legislativa-de-mg-pl-4279-2025\/#breadcrumb"},"inLanguage":"pt-BR","potentialAction":[{"@type":"ReadAction","target":["https:\/\/www.legislapp.com.br\/index.php\/cam-legislativa-de-mg-pl-4279-2025\/"]}]},{"@type":"ImageObject","inLanguage":"pt-BR","@id":"https:\/\/www.legislapp.com.br\/index.php\/cam-legislativa-de-mg-pl-4279-2025\/#primaryimage","url":"https:\/\/www.legislapp.com.br\/wp-content\/uploads\/google-play.png","contentUrl":"https:\/\/www.legislapp.com.br\/wp-content\/uploads\/google-play.png","width":564,"height":168},{"@type":"BreadcrumbList","@id":"https:\/\/www.legislapp.com.br\/index.php\/cam-legislativa-de-mg-pl-4279-2025\/#breadcrumb","itemListElement":[{"@type":"ListItem","position":1,"name":"In\u00edcio","item":"https:\/\/www.legislapp.com.br\/"},{"@type":"ListItem","position":2,"name":"PL 4279\/2025 &#8211; Deputados"}]},{"@type":"WebSite","@id":"https:\/\/www.legislapp.com.br\/#website","url":"https:\/\/www.legislapp.com.br\/","name":"Legislapp","description":"Intelig\u00eancia governamental em tempo real","publisher":{"@id":"https:\/\/www.legislapp.com.br\/#organization"},"potentialAction":[{"@type":"SearchAction","target":{"@type":"EntryPoint","urlTemplate":"https:\/\/www.legislapp.com.br\/?s={search_term_string}"},"query-input":{"@type":"PropertyValueSpecification","valueRequired":true,"valueName":"search_term_string"}}],"inLanguage":"pt-BR"},{"@type":"Organization","@id":"https:\/\/www.legislapp.com.br\/#organization","name":"Legislapp Monitoramento e Intelig\u00eancia Governamental","url":"https:\/\/www.legislapp.com.br\/","logo":{"@type":"ImageObject","inLanguage":"pt-BR","@id":"https:\/\/www.legislapp.com.br\/#\/schema\/logo\/image\/","url":"https:\/\/www.legislapp.com.br\/wp-content\/uploads\/icon.png","contentUrl":"https:\/\/www.legislapp.com.br\/wp-content\/uploads\/icon.png","width":1024,"height":1024,"caption":"Legislapp Monitoramento e Intelig\u00eancia Governamental"},"image":{"@id":"https:\/\/www.legislapp.com.br\/#\/schema\/logo\/image\/"},"sameAs":["https:\/\/www.instagram.com\/legislapp\/"]}]}},"_links":{"self":[{"href":"https:\/\/www.legislapp.com.br\/index.php\/wp-json\/wp\/v2\/pages\/8418","targetHints":{"allow":["GET"]}}],"collection":[{"href":"https:\/\/www.legislapp.com.br\/index.php\/wp-json\/wp\/v2\/pages"}],"about":[{"href":"https:\/\/www.legislapp.com.br\/index.php\/wp-json\/wp\/v2\/types\/page"}],"author":[{"embeddable":true,"href":"https:\/\/www.legislapp.com.br\/index.php\/wp-json\/wp\/v2\/users\/1"}],"replies":[{"embeddable":true,"href":"https:\/\/www.legislapp.com.br\/index.php\/wp-json\/wp\/v2\/comments?post=8418"}],"version-history":[{"count":0,"href":"https:\/\/www.legislapp.com.br\/index.php\/wp-json\/wp\/v2\/pages\/8418\/revisions"}],"wp:attachment":[{"href":"https:\/\/www.legislapp.com.br\/index.php\/wp-json\/wp\/v2\/media?parent=8418"}],"curies":[{"name":"wp","href":"https:\/\/api.w.org\/{rel}","templated":true}]}}