{"id":8430,"date":"2025-10-08T11:33:30","date_gmt":"2025-10-08T14:33:30","guid":{"rendered":"https:\/\/www.legislapp.com.br\/index.php\/cam-legislativa-de-sc-pl-0621-2025\/"},"modified":"2025-10-08T11:33:30","modified_gmt":"2025-10-08T14:33:30","slug":"cam-legislativa-de-sc-pl-0621-2025","status":"publish","type":"page","link":"https:\/\/www.legislapp.com.br\/index.php\/cam-legislativa-de-sc-pl-0621-2025\/","title":{"rendered":"PL.\/0621\/2025 &#8211; Mauro De Nadal"},"content":{"rendered":"<h1 style='text-align: center;'>C\u00e2m. Legislativa de SC &#8211; Autoria de Mauro De Nadal<\/h3>\n<p><\/p>\n<article style='text-align: center'>Altera a Lei n\u00ba 7.541, de 1998, que &#8220;Disp\u00f5e sobre as taxas estaduais e d\u00e1 outras provid\u00eancias&#8221;, para acrescer a taxa de renova\u00e7\u00e3o de credenciamento de pessoa jur\u00eddica e de profissional liberal.<\/article>\n<p><\/p>\n<p style='text-align: center'><a href='https:\/\/app.legislapp.com.br\/#\/busca?termo='><\/a><\/p>\n<p><\/p>\n<article>\nPROJETO DE LEI <\/p>\n<p>Altera a Lei n\u00ba 7.541, de 1998, que \u201cDisp\u00f5e sobre as taxas<br \/>\nestaduais e d\u00e1 outras provid\u00eancias\u201d, para acrescer a taxa de<br \/>\nrenova\u00e7\u00e3o de credenciamento de pessoa jur\u00eddica e de<br \/>\nprofissional liberal. <\/p>\n<p>Art. 1\u00ba A Tabela III da Lei n\u00ba 7.541, de 30 de dezembro de 1998,<br \/>\npassa a vigorar com a altera\u00e7\u00e3o constante do Anexo \u00danico desta Lei. <\/p>\n<p>Art. 2\u00ba Esta Lei entra em vigor noventa dias ap\u00f3s a data de sua<br \/>\npublica\u00e7\u00e3o. <\/p>\n<p>Sala das Sess\u00f5es, <\/p>\n<p>Deputado Mauro De Nadal <\/p>\n<p>Pal\u00e1cio Barriga-Verde<br \/>\nRua Dr. Jorge Luz Fontes, 310 &#8211; Gabinete 103<br \/>\n88020-900 \u2013 Florian\u00f3polis &#8211; SC<br \/>\n(48) 3221.2702<br \/>\nmaurodenadal@alesc.sc.gov.br<br \/>\nANEXO \u00daNICO<br \/>\n(altera a Tabela III da Lei n\u00ba 7.541, de 30 de dezembro de 1988) <\/p>\n<p>\u201cTABELA III<br \/>\nATOS DA SECRETARIA DE ESTADO DA SEGURAN\u00c7A P\u00daBLICA E DEFESA DO<br \/>\nCIDAD\u00c3O <\/p>\n<p>TAXA DE SERVI\u00c7OS GERAIS <\/p>\n<p>C\u00d3DIGO DISCRIMINA\u00c7\u00c3O VALOR R$<br \/>\n&#8230;&#8230;&#8230;&#8230;&#8230;&#8230;&#8230;&#8230;&#8230; &#8230;&#8230;&#8230;&#8230;&#8230;&#8230;&#8230;&#8230;&#8230;&#8230;&#8230;&#8230;&#8230;&#8230;&#8230;&#8230;&#8230;&#8230;&#8230;&#8230;&#8230;&#8230;&#8230;&#8230;&#8230;.. &#8230;&#8230;&#8230;&#8230;&#8230;&#8230;&#8230;&#8230;&#8230;<br \/>\n. .. .<br \/>\n2.4.5.12 Renova\u00e7\u00e3o de credenciamento de pessoa 106,26<br \/>\njur\u00eddica e de profissional liberal<br \/>\n\u201d <\/p>\n<p>Pal\u00e1cio Barriga-Verde<br \/>\nRua Dr. Jorge Luz Fontes, 310 &#8211; Gabinete 103<br \/>\n88020-900 \u2013 Florian\u00f3polis &#8211; SC<br \/>\n(48) 3221.2702<br \/>\nmaurodenadal@alesc.sc.gov.br<br \/>\nJUSTIFICA\u00c7\u00c3O <\/p>\n<p>O Projeto de Lei que apresento pretende alterar a Lei n\u00ba 7.541, de 30 de<br \/>\ndezembro de 1988, que \u201cDisp\u00f5e sobre as taxas estaduais e d\u00e1 outras provid\u00eancias\u201d,<br \/>\nacrescentando, \u00e0 \u201cTabela III \u2013 Atos da Secretaria de Estado da Seguran\u00e7a P\u00fablica e Defesa<br \/>\nDo Cidad\u00e3o\u201d, a taxa de renova\u00e7\u00e3o de credenciamento de pessoa jur\u00eddica e de profissional<br \/>\nliberal. <\/p>\n<p>Conforme se depreende da reda\u00e7\u00e3o vigente da referida norma, n\u00e3o<br \/>\nconsta, atualmente, a previs\u00e3o dessa taxa e, em raz\u00e3o desta lacuna normativa, as pessoas<br \/>\njur\u00eddicas e os profissionais liberais t\u00eam sido onerados pelo valor de um novo<br \/>\ncredenciamento. <\/p>\n<p>Com o fim de garantir seguran\u00e7a jur\u00eddica e promover a justi\u00e7a tribut\u00e1ria,<br \/>\nproponho a inclus\u00e3o de uma taxa de renova\u00e7\u00e3o, considerando, por analogia, o montante<br \/>\nestabelecido para a renova\u00e7\u00e3o do credenciamento de pessoa f\u00edsica pelo Detran\/SC. <\/p>\n<p>Assim, ante a relev\u00e2ncia da medida perseguida pela presente<br \/>\nproposi\u00e7\u00e3o, solicito o apoio dos meus Pares para sua aprova\u00e7\u00e3o. <\/p>\n<p>Deputado Mauro De Nadal <\/p>\n<p>Pal\u00e1cio Barriga-Verde<br \/>\nRua Dr. Jorge Luz Fontes, 310 &#8211; Gabinete 103<br \/>\n88020-900 \u2013 Florian\u00f3polis &#8211; SC<br \/>\n(48) 3221.2702<br \/>\nmaurodenadal@alesc.sc.gov.br <\/article>\n<div style=\"text-align: center\">\n<div style=\"margin-bottom: 20px;\" class=\"et_pb_button_module_wrapper et_pb_button_5_tb_body_wrapper et_pb_button_alignment_center et_pb_module \">\n         <a class=\"et_pb_button et_pb_button_5_tb_body et_hover_enabled et_pb_bg_layout_dark\" style=\"width: 50%;background-color: black;\" href=\"https:\/\/app.legislapp.com.br\" target=\"_blank\" rel=\"noopener\">Visualizar completo na nossa plataforma (30 dias gr\u00e1tis)<\/a><\/p><\/div>\n<p>      <a href=\"https:\/\/play.google.com\/store\/apps\/details?id=br.com.legislapp\"><img decoding=\"async\" style=\"width: 15%; min-width: 130px;\" src=\"https:\/\/www.legislapp.com.br\/wp-content\/uploads\/google-play.png\"><\/a><br \/>\n      <a href=\"https:\/\/apps.apple.com\/us\/app\/legislapp\/id1568929859\"><img decoding=\"async\" style=\"width: 15%; min-width: 130px\" src=\"https:\/\/www.legislapp.com.br\/wp-content\/uploads\/apple-store.png\"><\/a>\n   <\/div>\n","protected":false},"excerpt":{"rendered":"<p>C\u00e2m. Legislativa de SC &#8211; Autoria de Mauro De Nadal Altera a Lei n\u00ba 7.541, de 1998, que &#8220;Disp\u00f5e sobre as taxas estaduais e d\u00e1 outras provid\u00eancias&#8221;, para acrescer a taxa de renova\u00e7\u00e3o de credenciamento de pessoa jur\u00eddica e de profissional liberal. PROJETO DE LEI Altera a Lei n\u00ba 7.541, de 1998, que \u201cDisp\u00f5e sobre [&hellip;]<\/p>\n","protected":false},"author":1,"featured_media":0,"parent":0,"menu_order":0,"comment_status":"closed","ping_status":"closed","template":"page-template-blank.php","meta":{"_et_pb_use_builder":"","_et_pb_old_content":"","_et_gb_content_width":"1080","ngg_post_thumbnail":0,"footnotes":""},"class_list":["post-8430","page","type-page","status-publish","hentry"],"yoast_head":"<!-- This site is optimized with the Yoast SEO plugin v24.4 - https:\/\/yoast.com\/wordpress\/plugins\/seo\/ -->\n<title>PL.\/0621\/2025 - Mauro De Nadal - Legislapp<\/title>\n<meta name=\"robots\" content=\"index, follow, max-snippet:-1, max-image-preview:large, max-video-preview:-1\" \/>\n<link rel=\"canonical\" href=\"https:\/\/www.legislapp.com.br\/index.php\/cam-legislativa-de-sc-pl-0621-2025\/\" \/>\n<meta property=\"og:locale\" content=\"pt_BR\" \/>\n<meta property=\"og:type\" content=\"article\" \/>\n<meta property=\"og:title\" content=\"PL.\/0621\/2025 - Mauro De Nadal - Legislapp\" \/>\n<meta property=\"og:description\" content=\"C\u00e2m. Legislativa de SC &#8211; Autoria de Mauro De Nadal Altera a Lei n\u00ba 7.541, de 1998, que &#8220;Disp\u00f5e sobre as taxas estaduais e d\u00e1 outras provid\u00eancias&#8221;, para acrescer a taxa de renova\u00e7\u00e3o de credenciamento de pessoa jur\u00eddica e de profissional liberal. PROJETO DE LEI Altera a Lei n\u00ba 7.541, de 1998, que \u201cDisp\u00f5e sobre [&hellip;]\" \/>\n<meta property=\"og:url\" content=\"https:\/\/www.legislapp.com.br\/index.php\/cam-legislativa-de-sc-pl-0621-2025\/\" \/>\n<meta property=\"og:site_name\" content=\"Legislapp\" \/>\n<meta property=\"article:publisher\" content=\"https:\/\/www.instagram.com\/legislapp\/\" \/>\n<meta property=\"og:image\" content=\"https:\/\/www.legislapp.com.br\/wp-content\/uploads\/google-play.png\" \/>\n<meta name=\"twitter:card\" content=\"summary_large_image\" \/>\n<meta name=\"twitter:label1\" content=\"Est. tempo de leitura\" \/>\n\t<meta name=\"twitter:data1\" content=\"2 minutos\" \/>\n<script type=\"application\/ld+json\" class=\"yoast-schema-graph\">{\"@context\":\"https:\/\/schema.org\",\"@graph\":[{\"@type\":\"WebPage\",\"@id\":\"https:\/\/www.legislapp.com.br\/index.php\/cam-legislativa-de-sc-pl-0621-2025\/\",\"url\":\"https:\/\/www.legislapp.com.br\/index.php\/cam-legislativa-de-sc-pl-0621-2025\/\",\"name\":\"PL.\/0621\/2025 - Mauro De Nadal - Legislapp\",\"isPartOf\":{\"@id\":\"https:\/\/www.legislapp.com.br\/#website\"},\"primaryImageOfPage\":{\"@id\":\"https:\/\/www.legislapp.com.br\/index.php\/cam-legislativa-de-sc-pl-0621-2025\/#primaryimage\"},\"image\":{\"@id\":\"https:\/\/www.legislapp.com.br\/index.php\/cam-legislativa-de-sc-pl-0621-2025\/#primaryimage\"},\"thumbnailUrl\":\"https:\/\/www.legislapp.com.br\/wp-content\/uploads\/google-play.png\",\"datePublished\":\"2025-10-08T14:33:30+00:00\",\"breadcrumb\":{\"@id\":\"https:\/\/www.legislapp.com.br\/index.php\/cam-legislativa-de-sc-pl-0621-2025\/#breadcrumb\"},\"inLanguage\":\"pt-BR\",\"potentialAction\":[{\"@type\":\"ReadAction\",\"target\":[\"https:\/\/www.legislapp.com.br\/index.php\/cam-legislativa-de-sc-pl-0621-2025\/\"]}]},{\"@type\":\"ImageObject\",\"inLanguage\":\"pt-BR\",\"@id\":\"https:\/\/www.legislapp.com.br\/index.php\/cam-legislativa-de-sc-pl-0621-2025\/#primaryimage\",\"url\":\"https:\/\/www.legislapp.com.br\/wp-content\/uploads\/google-play.png\",\"contentUrl\":\"https:\/\/www.legislapp.com.br\/wp-content\/uploads\/google-play.png\",\"width\":564,\"height\":168},{\"@type\":\"BreadcrumbList\",\"@id\":\"https:\/\/www.legislapp.com.br\/index.php\/cam-legislativa-de-sc-pl-0621-2025\/#breadcrumb\",\"itemListElement\":[{\"@type\":\"ListItem\",\"position\":1,\"name\":\"In\u00edcio\",\"item\":\"https:\/\/www.legislapp.com.br\/\"},{\"@type\":\"ListItem\",\"position\":2,\"name\":\"PL.\/0621\/2025 &#8211; Mauro De Nadal\"}]},{\"@type\":\"WebSite\",\"@id\":\"https:\/\/www.legislapp.com.br\/#website\",\"url\":\"https:\/\/www.legislapp.com.br\/\",\"name\":\"Legislapp\",\"description\":\"Intelig\u00eancia governamental em tempo real\",\"publisher\":{\"@id\":\"https:\/\/www.legislapp.com.br\/#organization\"},\"potentialAction\":[{\"@type\":\"SearchAction\",\"target\":{\"@type\":\"EntryPoint\",\"urlTemplate\":\"https:\/\/www.legislapp.com.br\/?s={search_term_string}\"},\"query-input\":{\"@type\":\"PropertyValueSpecification\",\"valueRequired\":true,\"valueName\":\"search_term_string\"}}],\"inLanguage\":\"pt-BR\"},{\"@type\":\"Organization\",\"@id\":\"https:\/\/www.legislapp.com.br\/#organization\",\"name\":\"Legislapp Monitoramento e Intelig\u00eancia Governamental\",\"url\":\"https:\/\/www.legislapp.com.br\/\",\"logo\":{\"@type\":\"ImageObject\",\"inLanguage\":\"pt-BR\",\"@id\":\"https:\/\/www.legislapp.com.br\/#\/schema\/logo\/image\/\",\"url\":\"https:\/\/www.legislapp.com.br\/wp-content\/uploads\/icon.png\",\"contentUrl\":\"https:\/\/www.legislapp.com.br\/wp-content\/uploads\/icon.png\",\"width\":1024,\"height\":1024,\"caption\":\"Legislapp Monitoramento e Intelig\u00eancia Governamental\"},\"image\":{\"@id\":\"https:\/\/www.legislapp.com.br\/#\/schema\/logo\/image\/\"},\"sameAs\":[\"https:\/\/www.instagram.com\/legislapp\/\"]}]}<\/script>\n<!-- \/ Yoast SEO plugin. -->","yoast_head_json":{"title":"PL.\/0621\/2025 - Mauro De Nadal - Legislapp","robots":{"index":"index","follow":"follow","max-snippet":"max-snippet:-1","max-image-preview":"max-image-preview:large","max-video-preview":"max-video-preview:-1"},"canonical":"https:\/\/www.legislapp.com.br\/index.php\/cam-legislativa-de-sc-pl-0621-2025\/","og_locale":"pt_BR","og_type":"article","og_title":"PL.\/0621\/2025 - Mauro De Nadal - Legislapp","og_description":"C\u00e2m. Legislativa de SC &#8211; Autoria de Mauro De Nadal Altera a Lei n\u00ba 7.541, de 1998, que &#8220;Disp\u00f5e sobre as taxas estaduais e d\u00e1 outras provid\u00eancias&#8221;, para acrescer a taxa de renova\u00e7\u00e3o de credenciamento de pessoa jur\u00eddica e de profissional liberal. PROJETO DE LEI Altera a Lei n\u00ba 7.541, de 1998, que \u201cDisp\u00f5e sobre [&hellip;]","og_url":"https:\/\/www.legislapp.com.br\/index.php\/cam-legislativa-de-sc-pl-0621-2025\/","og_site_name":"Legislapp","article_publisher":"https:\/\/www.instagram.com\/legislapp\/","og_image":[{"url":"https:\/\/www.legislapp.com.br\/wp-content\/uploads\/google-play.png","type":"","width":"","height":""}],"twitter_card":"summary_large_image","twitter_misc":{"Est. tempo de leitura":"2 minutos"},"schema":{"@context":"https:\/\/schema.org","@graph":[{"@type":"WebPage","@id":"https:\/\/www.legislapp.com.br\/index.php\/cam-legislativa-de-sc-pl-0621-2025\/","url":"https:\/\/www.legislapp.com.br\/index.php\/cam-legislativa-de-sc-pl-0621-2025\/","name":"PL.\/0621\/2025 - Mauro De Nadal - Legislapp","isPartOf":{"@id":"https:\/\/www.legislapp.com.br\/#website"},"primaryImageOfPage":{"@id":"https:\/\/www.legislapp.com.br\/index.php\/cam-legislativa-de-sc-pl-0621-2025\/#primaryimage"},"image":{"@id":"https:\/\/www.legislapp.com.br\/index.php\/cam-legislativa-de-sc-pl-0621-2025\/#primaryimage"},"thumbnailUrl":"https:\/\/www.legislapp.com.br\/wp-content\/uploads\/google-play.png","datePublished":"2025-10-08T14:33:30+00:00","breadcrumb":{"@id":"https:\/\/www.legislapp.com.br\/index.php\/cam-legislativa-de-sc-pl-0621-2025\/#breadcrumb"},"inLanguage":"pt-BR","potentialAction":[{"@type":"ReadAction","target":["https:\/\/www.legislapp.com.br\/index.php\/cam-legislativa-de-sc-pl-0621-2025\/"]}]},{"@type":"ImageObject","inLanguage":"pt-BR","@id":"https:\/\/www.legislapp.com.br\/index.php\/cam-legislativa-de-sc-pl-0621-2025\/#primaryimage","url":"https:\/\/www.legislapp.com.br\/wp-content\/uploads\/google-play.png","contentUrl":"https:\/\/www.legislapp.com.br\/wp-content\/uploads\/google-play.png","width":564,"height":168},{"@type":"BreadcrumbList","@id":"https:\/\/www.legislapp.com.br\/index.php\/cam-legislativa-de-sc-pl-0621-2025\/#breadcrumb","itemListElement":[{"@type":"ListItem","position":1,"name":"In\u00edcio","item":"https:\/\/www.legislapp.com.br\/"},{"@type":"ListItem","position":2,"name":"PL.\/0621\/2025 &#8211; Mauro De Nadal"}]},{"@type":"WebSite","@id":"https:\/\/www.legislapp.com.br\/#website","url":"https:\/\/www.legislapp.com.br\/","name":"Legislapp","description":"Intelig\u00eancia governamental em tempo real","publisher":{"@id":"https:\/\/www.legislapp.com.br\/#organization"},"potentialAction":[{"@type":"SearchAction","target":{"@type":"EntryPoint","urlTemplate":"https:\/\/www.legislapp.com.br\/?s={search_term_string}"},"query-input":{"@type":"PropertyValueSpecification","valueRequired":true,"valueName":"search_term_string"}}],"inLanguage":"pt-BR"},{"@type":"Organization","@id":"https:\/\/www.legislapp.com.br\/#organization","name":"Legislapp Monitoramento e Intelig\u00eancia Governamental","url":"https:\/\/www.legislapp.com.br\/","logo":{"@type":"ImageObject","inLanguage":"pt-BR","@id":"https:\/\/www.legislapp.com.br\/#\/schema\/logo\/image\/","url":"https:\/\/www.legislapp.com.br\/wp-content\/uploads\/icon.png","contentUrl":"https:\/\/www.legislapp.com.br\/wp-content\/uploads\/icon.png","width":1024,"height":1024,"caption":"Legislapp Monitoramento e Intelig\u00eancia Governamental"},"image":{"@id":"https:\/\/www.legislapp.com.br\/#\/schema\/logo\/image\/"},"sameAs":["https:\/\/www.instagram.com\/legislapp\/"]}]}},"_links":{"self":[{"href":"https:\/\/www.legislapp.com.br\/index.php\/wp-json\/wp\/v2\/pages\/8430","targetHints":{"allow":["GET"]}}],"collection":[{"href":"https:\/\/www.legislapp.com.br\/index.php\/wp-json\/wp\/v2\/pages"}],"about":[{"href":"https:\/\/www.legislapp.com.br\/index.php\/wp-json\/wp\/v2\/types\/page"}],"author":[{"embeddable":true,"href":"https:\/\/www.legislapp.com.br\/index.php\/wp-json\/wp\/v2\/users\/1"}],"replies":[{"embeddable":true,"href":"https:\/\/www.legislapp.com.br\/index.php\/wp-json\/wp\/v2\/comments?post=8430"}],"version-history":[{"count":0,"href":"https:\/\/www.legislapp.com.br\/index.php\/wp-json\/wp\/v2\/pages\/8430\/revisions"}],"wp:attachment":[{"href":"https:\/\/www.legislapp.com.br\/index.php\/wp-json\/wp\/v2\/media?parent=8430"}],"curies":[{"name":"wp","href":"https:\/\/api.w.org\/{rel}","templated":true}]}}