{"id":8437,"date":"2025-10-08T11:33:56","date_gmt":"2025-10-08T14:33:56","guid":{"rendered":"https:\/\/www.legislapp.com.br\/index.php\/cam-legislativa-de-sc-pl-0609-2025\/"},"modified":"2025-10-08T11:33:56","modified_gmt":"2025-10-08T14:33:56","slug":"cam-legislativa-de-sc-pl-0609-2025","status":"publish","type":"page","link":"https:\/\/www.legislapp.com.br\/index.php\/cam-legislativa-de-sc-pl-0609-2025\/","title":{"rendered":"PL.\/0609\/2025 &#8211; Paulinha"},"content":{"rendered":"<h1 style='text-align: center;'>C\u00e2m. Legislativa de SC &#8211; Autoria de Paulinha<\/h3>\n<p><\/p>\n<article style='text-align: center'>Disp\u00f5e sobre a cria\u00e7\u00e3o da Rede de Apoio e Mentoria para profissionais de sa\u00fade no Estado de Santa Catarina, com o objetivo de orienta\u00e7\u00e3o sobre prescri\u00e7\u00e3o de medicamentos \u00e0 base de cannabis medicinal.<\/article>\n<p><\/p>\n<p style='text-align: center'><a href='https:\/\/app.legislapp.com.br\/#\/busca?termo='><\/a><\/p>\n<p><\/p>\n<article>ASSEMBLEIA LEGISLATIVA GABINETE DEPUTADA<br \/>\nESTADO DE SANTA CATARINA PAULINHA<\/p>\n<p>PROJETO DE LEI<\/p>\n<p>Disp\u00f5e sobre a cria\u00e7\u00e3o da Rede de Apoio e Mentoria para<br \/>\nprofissionais de sa\u00fade no Estado de Santa Catarina, com o<br \/>\nobjetivo de orienta\u00e7\u00e3o sobre prescri\u00e7\u00e3o de medicamentos \u00e0<br \/>\nbase de cannabis medicinal.<\/p>\n<p>Art. 1\u00ba  Fica criada, no \u00e2mbito do Estado de Santa Catarina, a<br \/>\nRede de Apoio e Mentoria em Cannabis Medicinal, destinada a m\u00e9dicos e demais<br \/>\nprofissionais de sa\u00fade p\u00fablica, com a finalidade de orientar, de forma segura e baseada<br \/>\nem evid\u00eancias cient\u00edficas, a prescri\u00e7\u00e3o de medicamentos \u00e0 base de cannabis medicinal.<\/p>\n<p>Art. 2\u00ba  A Rede de Apoio e Mentoria ter\u00e1 como objetivos:   <\/p>\n<p>I \u2013 fornecer informa\u00e7\u00f5es cient\u00edficas atualizadas sobre o uso<br \/>\nde cannabis medicinal em diferentes patologias;   <\/p>\n<p>II \u2013 orientar quanto \u00e0 dosagem, protocolos de prescri\u00e7\u00e3o e<br \/>\nacompanhamento cl\u00ednico dos pacientes;   <\/p>\n<p>III \u2013 promover capacita\u00e7\u00e3o continuada e compartilhamento de<br \/>\nboas pr\u00e1ticas entre profissionais de sa\u00fade;   <\/p>\n<p>IV \u2013 fomentar pesquisa aplicada e avalia\u00e7\u00e3o de resultados<br \/>\ncl\u00ednicos relacionados \u00e0 prescri\u00e7\u00e3o de medicamentos \u00e0 base de cannabis medicinal.<\/p>\n<p>Art. 3\u00ba  O Poder Executivo, por meio da Secretaria de Estado<br \/>\nda Sa\u00fade, em parceria com universidades p\u00fablicas, centros de pesquisa e associa\u00e7\u00f5es<br \/>\nde classe, ser\u00e1 respons\u00e1vel pela coordena\u00e7\u00e3o e implementa\u00e7\u00e3o da Rede de Apoio e<br \/>\nMentoria.<\/p>\n<p>Art. 4\u00ba  A participa\u00e7\u00e3o na Rede de Apoio e Mentoria ser\u00e1<br \/>\nvolunt\u00e1ria e aberta a todos os profissionais de sa\u00fade do Estado de Santa Catarina, com<br \/>\nprioridade para m\u00e9dicos que atuem no Sistema \u00danico de Sa\u00fade (SUS).<\/p>\n<p>Art. 5\u00ba O Poder Executivo regulamentar\u00e1 esta Lei no prazo<br \/>\nde 90 (noventa) dias, estabelecendo diretrizes, protocolos, crit\u00e9rios de ades\u00e3o e<br \/>\nmecanismos de monitoramento e avalia\u00e7\u00e3o da Rede de Apoio e Mentoria.<\/p>\n<p>Art. 6\u00ba  Esta Lei entra em vigor na data de sua publica\u00e7\u00e3o.<\/p>\n<p>Sala da Sess\u00f5es,     <\/p>\n<p>Deputada PAULINHA<br \/>\n JUSTIFICA\u00c7\u00c3O<\/p>\n<p>A presente proposi\u00e7\u00e3o tem como objetivo criar a Rede de Apoio e Mentoria em<br \/>\nCannabis Medicinal, voltada a m\u00e9dicos e profissionais de sa\u00fade p\u00fablica do Estado de<br \/>\nSanta Catarina, garantindo orienta\u00e7\u00e3o segura, qualificada e baseada em evid\u00eancias<br \/>\ncient\u00edficas sobre a prescri\u00e7\u00e3o de medicamentos \u00e0 base de cannabis medicinal.<\/p>\n<p>Nos \u00faltimos anos, estudos nacionais e internacionais t\u00eam demonstrado os benef\u00edcios<br \/>\nda cannabis medicinal em diversas condi\u00e7\u00f5es cl\u00ednicas, como epilepsia refrat\u00e1ria, dor<br \/>\ncr\u00f4nica, esclerose m\u00faltipla, ansiedade, entre outras patologias. No entanto, a<br \/>\ncomplexidade do manejo terap\u00eautico e a aus\u00eancia de capacita\u00e7\u00e3o espec\u00edfica para<br \/>\nmuitos profissionais de sa\u00fade podem gerar inseguran\u00e7a na prescri\u00e7\u00e3o, restringindo o<br \/>\nacesso de pacientes a tratamentos efetivos.<\/p>\n<p>A cria\u00e7\u00e3o desta Rede permitir\u00e1:<\/p>\n<p>Capacita\u00e7\u00e3o e orienta\u00e7\u00e3o cont\u00ednua de profissionais de sa\u00fade, com atualiza\u00e7\u00e3o sobre<br \/>\nprotocolos, dosagens e monitoramento cl\u00ednico;<\/p>\n<p>Padroniza\u00e7\u00e3o das boas pr\u00e1ticas na prescri\u00e7\u00e3o de medicamentos \u00e0 base de cannabis<br \/>\nmedicinal, reduzindo riscos cl\u00ednicos e jur\u00eddicos;<\/p>\n<p>Fomento \u00e0 pesquisa aplicada, com avalia\u00e7\u00e3o dos resultados cl\u00ednicos, contribuindo<br \/>\npara a consolida\u00e7\u00e3o de dados cient\u00edficos catarinenses sobre o tema;<\/p>\n<p>Amplia\u00e7\u00e3o do acesso seguro de pacientes a terapias reconhecidas, respeitando a<br \/>\nlegisla\u00e7\u00e3o vigente e garantindo a seguran\u00e7a do tratamento;<\/p>\n<p>Integra\u00e7\u00e3o entre universidades, centros de pesquisa, associa\u00e7\u00f5es de classe e o<br \/>\nSistema \u00danico de Sa\u00fade, promovendo a inova\u00e7\u00e3o e a troca de conhecimento no<br \/>\n\u00e2mbito da sa\u00fade p\u00fablica estadual.<\/p>\n<p>\u00c9 importante destacar que a Rede respeitar\u00e1 a autonomia profissional, sendo a<br \/>\nades\u00e3o volunt\u00e1ria, e atuar\u00e1 como instrumento de apoio, capacita\u00e7\u00e3o e orienta\u00e7\u00e3o<br \/>\nt\u00e9cnica, fortalecendo o compromisso do Estado de Santa Catarina com a sa\u00fade<br \/>\nintegral, a ci\u00eancia e a inova\u00e7\u00e3o.<\/p>\n<p>Diante do exposto, a aprova\u00e7\u00e3o deste projeto contribuir\u00e1 para consolidar Santa<br \/>\nCatarina como refer\u00eancia em pol\u00edticas p\u00fablicas de sa\u00fade baseadas em evid\u00eancias,<br \/>\nampliando a qualifica\u00e7\u00e3o profissional e o acesso a tratamentos modernos, seguros e<br \/>\neficazes para a popula\u00e7\u00e3o.<br \/>\nELEGIS<br \/>\nDocumento assinado eletronicamente por Ana Paula da Silva,<br \/>\nSistema de Processo<br \/>\nem 29\/08\/2025, \u00e0s 09:37.<br \/>\nLegislativo Eletr\u00f4nico<\/article>\n<div style=\"text-align: center\">\n<div style=\"margin-bottom: 20px;\" class=\"et_pb_button_module_wrapper et_pb_button_5_tb_body_wrapper et_pb_button_alignment_center et_pb_module \">\n         <a class=\"et_pb_button et_pb_button_5_tb_body et_hover_enabled et_pb_bg_layout_dark\" style=\"width: 50%;background-color: black;\" href=\"https:\/\/app.legislapp.com.br\" target=\"_blank\" rel=\"noopener\">Visualizar completo na nossa plataforma (30 dias gr\u00e1tis)<\/a><\/p><\/div>\n<p>      <a href=\"https:\/\/play.google.com\/store\/apps\/details?id=br.com.legislapp\"><img decoding=\"async\" style=\"width: 15%; min-width: 130px;\" src=\"https:\/\/www.legislapp.com.br\/wp-content\/uploads\/google-play.png\"><\/a><br \/>\n      <a href=\"https:\/\/apps.apple.com\/us\/app\/legislapp\/id1568929859\"><img decoding=\"async\" style=\"width: 15%; min-width: 130px\" src=\"https:\/\/www.legislapp.com.br\/wp-content\/uploads\/apple-store.png\"><\/a>\n   <\/div>\n","protected":false},"excerpt":{"rendered":"<p>C\u00e2m. Legislativa de SC &#8211; Autoria de Paulinha Disp\u00f5e sobre a cria\u00e7\u00e3o da Rede de Apoio e Mentoria para profissionais de sa\u00fade no Estado de Santa Catarina, com o objetivo de orienta\u00e7\u00e3o sobre prescri\u00e7\u00e3o de medicamentos \u00e0 base de cannabis medicinal. ASSEMBLEIA LEGISLATIVA GABINETE DEPUTADA ESTADO DE SANTA CATARINA PAULINHA PROJETO DE LEI Disp\u00f5e sobre [&hellip;]<\/p>\n","protected":false},"author":1,"featured_media":0,"parent":0,"menu_order":0,"comment_status":"closed","ping_status":"closed","template":"page-template-blank.php","meta":{"_et_pb_use_builder":"","_et_pb_old_content":"","_et_gb_content_width":"1080","ngg_post_thumbnail":0,"footnotes":""},"class_list":["post-8437","page","type-page","status-publish","hentry"],"yoast_head":"<!-- This site is optimized with the Yoast SEO plugin v24.4 - https:\/\/yoast.com\/wordpress\/plugins\/seo\/ -->\n<title>PL.\/0609\/2025 - Paulinha - Legislapp<\/title>\n<meta name=\"robots\" content=\"index, follow, max-snippet:-1, max-image-preview:large, max-video-preview:-1\" \/>\n<link rel=\"canonical\" href=\"https:\/\/www.legislapp.com.br\/index.php\/cam-legislativa-de-sc-pl-0609-2025\/\" \/>\n<meta property=\"og:locale\" content=\"pt_BR\" \/>\n<meta property=\"og:type\" content=\"article\" \/>\n<meta property=\"og:title\" content=\"PL.\/0609\/2025 - Paulinha - Legislapp\" \/>\n<meta property=\"og:description\" content=\"C\u00e2m. Legislativa de SC &#8211; Autoria de Paulinha Disp\u00f5e sobre a cria\u00e7\u00e3o da Rede de Apoio e Mentoria para profissionais de sa\u00fade no Estado de Santa Catarina, com o objetivo de orienta\u00e7\u00e3o sobre prescri\u00e7\u00e3o de medicamentos \u00e0 base de cannabis medicinal. ASSEMBLEIA LEGISLATIVA GABINETE DEPUTADA ESTADO DE SANTA CATARINA PAULINHA PROJETO DE LEI Disp\u00f5e sobre [&hellip;]\" \/>\n<meta property=\"og:url\" content=\"https:\/\/www.legislapp.com.br\/index.php\/cam-legislativa-de-sc-pl-0609-2025\/\" \/>\n<meta property=\"og:site_name\" content=\"Legislapp\" \/>\n<meta property=\"article:publisher\" content=\"https:\/\/www.instagram.com\/legislapp\/\" \/>\n<meta property=\"og:image\" content=\"https:\/\/www.legislapp.com.br\/wp-content\/uploads\/google-play.png\" \/>\n<meta name=\"twitter:card\" content=\"summary_large_image\" \/>\n<meta name=\"twitter:label1\" content=\"Est. tempo de leitura\" \/>\n\t<meta name=\"twitter:data1\" content=\"4 minutos\" \/>\n<script type=\"application\/ld+json\" class=\"yoast-schema-graph\">{\"@context\":\"https:\/\/schema.org\",\"@graph\":[{\"@type\":\"WebPage\",\"@id\":\"https:\/\/www.legislapp.com.br\/index.php\/cam-legislativa-de-sc-pl-0609-2025\/\",\"url\":\"https:\/\/www.legislapp.com.br\/index.php\/cam-legislativa-de-sc-pl-0609-2025\/\",\"name\":\"PL.\/0609\/2025 - Paulinha - Legislapp\",\"isPartOf\":{\"@id\":\"https:\/\/www.legislapp.com.br\/#website\"},\"primaryImageOfPage\":{\"@id\":\"https:\/\/www.legislapp.com.br\/index.php\/cam-legislativa-de-sc-pl-0609-2025\/#primaryimage\"},\"image\":{\"@id\":\"https:\/\/www.legislapp.com.br\/index.php\/cam-legislativa-de-sc-pl-0609-2025\/#primaryimage\"},\"thumbnailUrl\":\"https:\/\/www.legislapp.com.br\/wp-content\/uploads\/google-play.png\",\"datePublished\":\"2025-10-08T14:33:56+00:00\",\"breadcrumb\":{\"@id\":\"https:\/\/www.legislapp.com.br\/index.php\/cam-legislativa-de-sc-pl-0609-2025\/#breadcrumb\"},\"inLanguage\":\"pt-BR\",\"potentialAction\":[{\"@type\":\"ReadAction\",\"target\":[\"https:\/\/www.legislapp.com.br\/index.php\/cam-legislativa-de-sc-pl-0609-2025\/\"]}]},{\"@type\":\"ImageObject\",\"inLanguage\":\"pt-BR\",\"@id\":\"https:\/\/www.legislapp.com.br\/index.php\/cam-legislativa-de-sc-pl-0609-2025\/#primaryimage\",\"url\":\"https:\/\/www.legislapp.com.br\/wp-content\/uploads\/google-play.png\",\"contentUrl\":\"https:\/\/www.legislapp.com.br\/wp-content\/uploads\/google-play.png\",\"width\":564,\"height\":168},{\"@type\":\"BreadcrumbList\",\"@id\":\"https:\/\/www.legislapp.com.br\/index.php\/cam-legislativa-de-sc-pl-0609-2025\/#breadcrumb\",\"itemListElement\":[{\"@type\":\"ListItem\",\"position\":1,\"name\":\"In\u00edcio\",\"item\":\"https:\/\/www.legislapp.com.br\/\"},{\"@type\":\"ListItem\",\"position\":2,\"name\":\"PL.\/0609\/2025 &#8211; Paulinha\"}]},{\"@type\":\"WebSite\",\"@id\":\"https:\/\/www.legislapp.com.br\/#website\",\"url\":\"https:\/\/www.legislapp.com.br\/\",\"name\":\"Legislapp\",\"description\":\"Intelig\u00eancia governamental em tempo real\",\"publisher\":{\"@id\":\"https:\/\/www.legislapp.com.br\/#organization\"},\"potentialAction\":[{\"@type\":\"SearchAction\",\"target\":{\"@type\":\"EntryPoint\",\"urlTemplate\":\"https:\/\/www.legislapp.com.br\/?s={search_term_string}\"},\"query-input\":{\"@type\":\"PropertyValueSpecification\",\"valueRequired\":true,\"valueName\":\"search_term_string\"}}],\"inLanguage\":\"pt-BR\"},{\"@type\":\"Organization\",\"@id\":\"https:\/\/www.legislapp.com.br\/#organization\",\"name\":\"Legislapp Monitoramento e Intelig\u00eancia Governamental\",\"url\":\"https:\/\/www.legislapp.com.br\/\",\"logo\":{\"@type\":\"ImageObject\",\"inLanguage\":\"pt-BR\",\"@id\":\"https:\/\/www.legislapp.com.br\/#\/schema\/logo\/image\/\",\"url\":\"https:\/\/www.legislapp.com.br\/wp-content\/uploads\/icon.png\",\"contentUrl\":\"https:\/\/www.legislapp.com.br\/wp-content\/uploads\/icon.png\",\"width\":1024,\"height\":1024,\"caption\":\"Legislapp Monitoramento e Intelig\u00eancia Governamental\"},\"image\":{\"@id\":\"https:\/\/www.legislapp.com.br\/#\/schema\/logo\/image\/\"},\"sameAs\":[\"https:\/\/www.instagram.com\/legislapp\/\"]}]}<\/script>\n<!-- \/ Yoast SEO plugin. -->","yoast_head_json":{"title":"PL.\/0609\/2025 - Paulinha - Legislapp","robots":{"index":"index","follow":"follow","max-snippet":"max-snippet:-1","max-image-preview":"max-image-preview:large","max-video-preview":"max-video-preview:-1"},"canonical":"https:\/\/www.legislapp.com.br\/index.php\/cam-legislativa-de-sc-pl-0609-2025\/","og_locale":"pt_BR","og_type":"article","og_title":"PL.\/0609\/2025 - Paulinha - Legislapp","og_description":"C\u00e2m. Legislativa de SC &#8211; Autoria de Paulinha Disp\u00f5e sobre a cria\u00e7\u00e3o da Rede de Apoio e Mentoria para profissionais de sa\u00fade no Estado de Santa Catarina, com o objetivo de orienta\u00e7\u00e3o sobre prescri\u00e7\u00e3o de medicamentos \u00e0 base de cannabis medicinal. ASSEMBLEIA LEGISLATIVA GABINETE DEPUTADA ESTADO DE SANTA CATARINA PAULINHA PROJETO DE LEI Disp\u00f5e sobre [&hellip;]","og_url":"https:\/\/www.legislapp.com.br\/index.php\/cam-legislativa-de-sc-pl-0609-2025\/","og_site_name":"Legislapp","article_publisher":"https:\/\/www.instagram.com\/legislapp\/","og_image":[{"url":"https:\/\/www.legislapp.com.br\/wp-content\/uploads\/google-play.png","type":"","width":"","height":""}],"twitter_card":"summary_large_image","twitter_misc":{"Est. tempo de leitura":"4 minutos"},"schema":{"@context":"https:\/\/schema.org","@graph":[{"@type":"WebPage","@id":"https:\/\/www.legislapp.com.br\/index.php\/cam-legislativa-de-sc-pl-0609-2025\/","url":"https:\/\/www.legislapp.com.br\/index.php\/cam-legislativa-de-sc-pl-0609-2025\/","name":"PL.\/0609\/2025 - Paulinha - Legislapp","isPartOf":{"@id":"https:\/\/www.legislapp.com.br\/#website"},"primaryImageOfPage":{"@id":"https:\/\/www.legislapp.com.br\/index.php\/cam-legislativa-de-sc-pl-0609-2025\/#primaryimage"},"image":{"@id":"https:\/\/www.legislapp.com.br\/index.php\/cam-legislativa-de-sc-pl-0609-2025\/#primaryimage"},"thumbnailUrl":"https:\/\/www.legislapp.com.br\/wp-content\/uploads\/google-play.png","datePublished":"2025-10-08T14:33:56+00:00","breadcrumb":{"@id":"https:\/\/www.legislapp.com.br\/index.php\/cam-legislativa-de-sc-pl-0609-2025\/#breadcrumb"},"inLanguage":"pt-BR","potentialAction":[{"@type":"ReadAction","target":["https:\/\/www.legislapp.com.br\/index.php\/cam-legislativa-de-sc-pl-0609-2025\/"]}]},{"@type":"ImageObject","inLanguage":"pt-BR","@id":"https:\/\/www.legislapp.com.br\/index.php\/cam-legislativa-de-sc-pl-0609-2025\/#primaryimage","url":"https:\/\/www.legislapp.com.br\/wp-content\/uploads\/google-play.png","contentUrl":"https:\/\/www.legislapp.com.br\/wp-content\/uploads\/google-play.png","width":564,"height":168},{"@type":"BreadcrumbList","@id":"https:\/\/www.legislapp.com.br\/index.php\/cam-legislativa-de-sc-pl-0609-2025\/#breadcrumb","itemListElement":[{"@type":"ListItem","position":1,"name":"In\u00edcio","item":"https:\/\/www.legislapp.com.br\/"},{"@type":"ListItem","position":2,"name":"PL.\/0609\/2025 &#8211; Paulinha"}]},{"@type":"WebSite","@id":"https:\/\/www.legislapp.com.br\/#website","url":"https:\/\/www.legislapp.com.br\/","name":"Legislapp","description":"Intelig\u00eancia governamental em tempo real","publisher":{"@id":"https:\/\/www.legislapp.com.br\/#organization"},"potentialAction":[{"@type":"SearchAction","target":{"@type":"EntryPoint","urlTemplate":"https:\/\/www.legislapp.com.br\/?s={search_term_string}"},"query-input":{"@type":"PropertyValueSpecification","valueRequired":true,"valueName":"search_term_string"}}],"inLanguage":"pt-BR"},{"@type":"Organization","@id":"https:\/\/www.legislapp.com.br\/#organization","name":"Legislapp Monitoramento e Intelig\u00eancia Governamental","url":"https:\/\/www.legislapp.com.br\/","logo":{"@type":"ImageObject","inLanguage":"pt-BR","@id":"https:\/\/www.legislapp.com.br\/#\/schema\/logo\/image\/","url":"https:\/\/www.legislapp.com.br\/wp-content\/uploads\/icon.png","contentUrl":"https:\/\/www.legislapp.com.br\/wp-content\/uploads\/icon.png","width":1024,"height":1024,"caption":"Legislapp Monitoramento e Intelig\u00eancia Governamental"},"image":{"@id":"https:\/\/www.legislapp.com.br\/#\/schema\/logo\/image\/"},"sameAs":["https:\/\/www.instagram.com\/legislapp\/"]}]}},"_links":{"self":[{"href":"https:\/\/www.legislapp.com.br\/index.php\/wp-json\/wp\/v2\/pages\/8437","targetHints":{"allow":["GET"]}}],"collection":[{"href":"https:\/\/www.legislapp.com.br\/index.php\/wp-json\/wp\/v2\/pages"}],"about":[{"href":"https:\/\/www.legislapp.com.br\/index.php\/wp-json\/wp\/v2\/types\/page"}],"author":[{"embeddable":true,"href":"https:\/\/www.legislapp.com.br\/index.php\/wp-json\/wp\/v2\/users\/1"}],"replies":[{"embeddable":true,"href":"https:\/\/www.legislapp.com.br\/index.php\/wp-json\/wp\/v2\/comments?post=8437"}],"version-history":[{"count":0,"href":"https:\/\/www.legislapp.com.br\/index.php\/wp-json\/wp\/v2\/pages\/8437\/revisions"}],"wp:attachment":[{"href":"https:\/\/www.legislapp.com.br\/index.php\/wp-json\/wp\/v2\/media?parent=8437"}],"curies":[{"name":"wp","href":"https:\/\/api.w.org\/{rel}","templated":true}]}}