{"id":8482,"date":"2025-10-08T11:36:29","date_gmt":"2025-10-08T14:36:29","guid":{"rendered":"https:\/\/www.legislapp.com.br\/index.php\/cam-legislativa-de-sc-pl-0593-2025-2\/"},"modified":"2025-10-08T11:36:29","modified_gmt":"2025-10-08T14:36:29","slug":"cam-legislativa-de-sc-pl-0593-2025-2","status":"publish","type":"page","link":"https:\/\/www.legislapp.com.br\/index.php\/cam-legislativa-de-sc-pl-0593-2025-2\/","title":{"rendered":"PL.\/0593\/2025 &#8211; Paulinha"},"content":{"rendered":"<h1 style='text-align: center;'>C\u00e2m. Legislativa de SC &#8211; Autoria de Paulinha<\/h3>\n<p><\/p>\n<article style='text-align: center'>Institui o Programa Estadual de Alternativa Produtiva de Cannabis Medicinal, no \u00e2mbito do Estado de Santa Catarina, e d\u00e1 outras provid\u00eancias.<\/article>\n<p><\/p>\n<p style='text-align: center'><a href='https:\/\/app.legislapp.com.br\/#\/busca?termo='><\/a><\/p>\n<p><\/p>\n<article>ASSEMBLEIA LEGISLATIVA GABINETE DEPUTADA<br \/>\nESTADO DE SANTA CATARINA PAULINHA<\/p>\n<p>PROJETO DE LEI<\/p>\n<p>Institui o Programa Estadual de Alternativa Produtiva da<br \/>\nCannabis Medicinal, no \u00e2mbito do Estado de Santa Catarina, e d\u00e1 outras provid\u00eancias.<\/p>\n<p>Art. 1\u00ba Fica institu\u00eddo, no Estado de Santa Catarina, o<br \/>\nPrograma Estadual de Alternativa Produtiva da Cannabis Medicinal, com a<br \/>\nfinalidade de:  <\/p>\n<p>I apoiar agricultores familiares na diversifica\u00e7\u00e3o de suas<br \/>\natividades, oferecendo alternativa agr\u00edcola mais sustent\u00e1vel;  <\/p>\n<p>II incentivar a produ\u00e7\u00e3o regulada de biomassa de cannabis<br \/>\npara fins medicinais, destinada \u00e0 formula\u00e7\u00e3o de medicamentos;  <\/p>\n<p>III estimular a inova\u00e7\u00e3o, a pesquisa cient\u00edfica e o<br \/>\ndesenvolvimento regional;  <\/p>\n<p>IV \u2013 ampliar a oferta de insumos para o Programa Estadual<br \/>\nde Fornecimento de Medicamentos \u00e0 Base de Cannabis.<\/p>\n<p>Art. 2\u00ba O Programa ser\u00e1 executado em coopera\u00e7\u00e3o com a<br \/>\ninstitui\u00e7\u00e3o Santa Cannabis, entidade sediada em Santa Catarina e detentora de<br \/>\nautoriza\u00e7\u00e3o judicial para cultivo de cannabis medicinal, na condi\u00e7\u00e3o de entidade<br \/>\n\u00e2ncora.  <\/p>\n<p>Par\u00e1grafo \u00fanico. Poder\u00e3o ser firmados conv\u00eanios com<br \/>\noutras entidades p\u00fablicas e privadas, desde que respeitada a legisla\u00e7\u00e3o federal e as<br \/>\nnormas de seguran\u00e7a e rastreabilidade.<\/p>\n<p>Art. 3\u00ba Ser\u00e3o benefici\u00e1rios do Programa:  <\/p>\n<p>I  agricultores familiares enquadrados no PRONAF;  <\/p>\n<p>II cooperativas e associa\u00e7\u00f5es de produtores rurais vinculadas<br \/>\n\u00e0 agricultura familiar;  <\/p>\n<p>III comunidades tradicionais que desenvolvam atividades<br \/>\nagr\u00edcolas sustent\u00e1veis.<\/p>\n<p>Art. 4\u00ba O Estado apoiar\u00e1 o Programa por meio de:  <\/p>\n<p>I assist\u00eancia t\u00e9cnica e extens\u00e3o rural oferecida pela Epagri;  <\/p>\n<p>II capacita\u00e7\u00e3o em parceria com IFSC, UFSC, SENAR e<br \/>\ndemais institui\u00e7\u00f5es de ensino e pesquisa;  <\/p>\n<p>III fomento \u00e0 pesquisa cient\u00edfica por meio de editais da<br \/>\nFapesc. <\/p>\n<p>Art 5\u00ba A comercializa\u00e7\u00e3o da biomassa produzida pelos<br \/>\nagricultores familiares ser\u00e1 realizada preferencialmente mediante contratos de<br \/>\nintegra\u00e7\u00e3o com institui\u00e7\u00f5es parceiras devidamente autorizadas a produzir<br \/>\nmedicamentos fitoter\u00e1picos ou f\u00e1rmacos pela Justi\u00e7a Brasileira ou pela Anvisa,<br \/>\nassegurando:  <\/p>\n<p>I fornecimento de insumos e orienta\u00e7\u00e3o t\u00e9cnica;  <\/p>\n<p>II garantia de compra da produ\u00e7\u00e3o, com pre\u00e7o m\u00ednimo<br \/>\nestabelecido em contrato;  <\/p>\n<p>III rastreabilidade da produ\u00e7\u00e3o e conformidade com normas<br \/>\nde Boas Pr\u00e1ticas de Cultivo e Fabrica\u00e7\u00e3o (GACP\/GMP).<\/p>\n<p>Art. 6\u00ba O cultivo ser\u00e1 monitorado pela Secretaria de Estado<br \/>\nda Agricultura e pela Secretaria de Estado da Sa\u00fade, em coopera\u00e7\u00e3o com a Pol\u00edcia<br \/>\nCivil, garantindo controle e rastreabilidade. O transporte, armazenamento e destina\u00e7\u00e3o<br \/>\nda biomassa de cannabis dever\u00e3o obedecer aos protocolos definidos em regulamento.<\/p>\n<p>Art. 7\u00b0 O Programa ser\u00e1 implantado inicialmente em car\u00e1ter<br \/>\npiloto, priorizando regi\u00f5es do Estado, com:  <\/p>\n<p>I at\u00e9 20 hectares de \u00e1rea cultivada na fase inicial;  <\/p>\n<p>II participa\u00e7\u00e3o de, no m\u00ednimo, 20 fam\u00edlias de agricultores<br \/>\nfamiliares;  <\/p>\n<p>III  avalia\u00e7\u00e3o anual dos resultados econ\u00f4micos, sociais,<br \/>\nsanit\u00e1rios e ambientais. <\/p>\n<p>Art. 8\u00b0 O Estado incentivar\u00e1 a cria\u00e7\u00e3o de cooperativas e<br \/>\niniciativas de base tecnol\u00f3gica voltadas ao aproveitamento integral da biomassa de<br \/>\ncannabis para fins medicinais, cosm\u00e9ticos, aliment\u00edcios e de constru\u00e7\u00e3o civil<br \/>\nsustent\u00e1vel.  <\/p>\n<p>Art. 9\u00ba O Poder Executivo regulamentar\u00e1 esta Lei no prazo<br \/>\nde at\u00e9 180 dias, definindo:  <\/p>\n<p>I crit\u00e9rios t\u00e9cnicos de participa\u00e7\u00e3o dos agricultores;  <\/p>\n<p>II protocolos de seguran\u00e7a, rastreabilidade e qualidade;  <\/p>\n<p>III mecanismos de acompanhamento, avalia\u00e7\u00e3o e<br \/>\ntranspar\u00eancia do Programa.  <\/p>\n<p>Art. 10 Esta Lei entra em vigor na data de sua publica\u00e7\u00e3o.<\/p>\n<p>Sala da Sess\u00f5es,     <\/p>\n<p>Deputada PAULINHA<br \/>\n JUSTIFICA\u00c7\u00c3O<\/p>\n<p>A fumicultura tem sido, por d\u00e9cadas, a principal atividade econ\u00f4mica de milhares de<br \/>\nfam\u00edlias catarinenses. Contudo, trata-se de uma cultura de alta exig\u00eancia de m\u00e3o de<br \/>\nobra, baixo valor agregado e impactos \u00e0 sa\u00fade de quem produz e de quem consome.<\/p>\n<p>Diante desse cen\u00e1rio, Santa Catarina tem a oportunidade hist\u00f3rica de oferecer uma<br \/>\nnova alternativa agr\u00edcola e social para a agricultura familiar, n\u00e3o apenas para<br \/>\nfumicultores, mas para qualquer produtor rural que esteja devidamente habilitado a<br \/>\nparticipar do presente Programa, com a introdu\u00e7\u00e3o regulada da cannabis medicinal<br \/>\ncomo cultura de transi\u00e7\u00e3o.<\/p>\n<p>O Estado j\u00e1 deu passos importantes: em 2024 sancionamos a Lei Estadual n\u00ba 19.136,<br \/>\nque garante o fornecimento gratuito de medicamentos \u00e0 base de cannabis no SUS.<br \/>\nAgora, precisamos avan\u00e7ar para produzir aqui mesmo a biomassa necess\u00e1ria,<br \/>\nreduzindo a depend\u00eancia de importa\u00e7\u00f5es e ampliando o acesso dos pacientes<br \/>\ncatarinenses.<\/p>\n<p>A institui\u00e7\u00e3o Santa Cannabis, sediada em nosso Estado, \u00e9 a \u00fanica entidade no Brasil<br \/>\ncom autoriza\u00e7\u00e3o judicial para o cultivo de cannabis medicinal. Essa condi\u00e7\u00e3o nos<br \/>\ncoloca na vanguarda nacional, permitindo a cria\u00e7\u00e3o de um projeto-piloto inovador que<br \/>\nuna sa\u00fade, sustentabilidade e desenvolvimento rural.<\/p>\n<p>O Programa de Alternativa Produtiva da Cannabis Medicinal representa:<\/p>\n<p>Mais renda para o agricultor familiar, com participa\u00e7\u00e3o em um setor em franca<br \/>\nexpans\u00e3o mundial;<\/p>\n<p>Mais sa\u00fade para a popula\u00e7\u00e3o, com medicamentos produzidos em Santa Catarina;<\/p>\n<p>Mais sustentabilidade, substituindo culturas de alto impacto por uma alternativa<br \/>\nambientalmente ben\u00e9fica.<\/p>\n<p>Assim, proponho a aprova\u00e7\u00e3o desta Lei, para que Santa Catarina lidere o Brasil na<br \/>\nconstru\u00e7\u00e3o de um novo futuro para a agricultura familiar e para a sa\u00fade p\u00fablica.<br \/>\nELEGIS<br \/>\nDocumento assinado eletronicamente por Ana Paula da Silva,<br \/>\nSistema de Processo<br \/>\nem 25\/08\/2025, \u00e0s 17:43.<br \/>\nLegislativo Eletr\u00f4nico<\/article>\n<div style=\"text-align: center\">\n<div style=\"margin-bottom: 20px;\" class=\"et_pb_button_module_wrapper et_pb_button_5_tb_body_wrapper et_pb_button_alignment_center et_pb_module \">\n         <a class=\"et_pb_button et_pb_button_5_tb_body et_hover_enabled et_pb_bg_layout_dark\" style=\"width: 50%;background-color: black;\" href=\"https:\/\/app.legislapp.com.br\" target=\"_blank\" rel=\"noopener\">Visualizar completo na nossa plataforma (30 dias gr\u00e1tis)<\/a><\/p><\/div>\n<p>      <a href=\"https:\/\/play.google.com\/store\/apps\/details?id=br.com.legislapp\"><img decoding=\"async\" style=\"width: 15%; min-width: 130px;\" src=\"https:\/\/www.legislapp.com.br\/wp-content\/uploads\/google-play.png\"><\/a><br \/>\n      <a href=\"https:\/\/apps.apple.com\/us\/app\/legislapp\/id1568929859\"><img decoding=\"async\" style=\"width: 15%; min-width: 130px\" src=\"https:\/\/www.legislapp.com.br\/wp-content\/uploads\/apple-store.png\"><\/a>\n   <\/div>\n","protected":false},"excerpt":{"rendered":"<p>C\u00e2m. Legislativa de SC &#8211; Autoria de Paulinha Institui o Programa Estadual de Alternativa Produtiva de Cannabis Medicinal, no \u00e2mbito do Estado de Santa Catarina, e d\u00e1 outras provid\u00eancias. ASSEMBLEIA LEGISLATIVA GABINETE DEPUTADA ESTADO DE SANTA CATARINA PAULINHA PROJETO DE LEI Institui o Programa Estadual de Alternativa Produtiva da Cannabis Medicinal, no \u00e2mbito do Estado [&hellip;]<\/p>\n","protected":false},"author":1,"featured_media":0,"parent":0,"menu_order":0,"comment_status":"closed","ping_status":"closed","template":"page-template-blank.php","meta":{"_et_pb_use_builder":"","_et_pb_old_content":"","_et_gb_content_width":"1080","ngg_post_thumbnail":0,"footnotes":""},"class_list":["post-8482","page","type-page","status-publish","hentry"],"yoast_head":"<!-- This site is optimized with the Yoast SEO plugin v24.4 - https:\/\/yoast.com\/wordpress\/plugins\/seo\/ -->\n<title>PL.\/0593\/2025 - Paulinha - Legislapp<\/title>\n<meta name=\"robots\" content=\"index, follow, max-snippet:-1, max-image-preview:large, max-video-preview:-1\" \/>\n<link rel=\"canonical\" href=\"https:\/\/www.legislapp.com.br\/index.php\/cam-legislativa-de-sc-pl-0593-2025-2\/\" \/>\n<meta property=\"og:locale\" content=\"pt_BR\" \/>\n<meta property=\"og:type\" content=\"article\" \/>\n<meta property=\"og:title\" content=\"PL.\/0593\/2025 - Paulinha - Legislapp\" \/>\n<meta property=\"og:description\" content=\"C\u00e2m. Legislativa de SC &#8211; Autoria de Paulinha Institui o Programa Estadual de Alternativa Produtiva de Cannabis Medicinal, no \u00e2mbito do Estado de Santa Catarina, e d\u00e1 outras provid\u00eancias. ASSEMBLEIA LEGISLATIVA GABINETE DEPUTADA ESTADO DE SANTA CATARINA PAULINHA PROJETO DE LEI Institui o Programa Estadual de Alternativa Produtiva da Cannabis Medicinal, no \u00e2mbito do Estado [&hellip;]\" \/>\n<meta property=\"og:url\" content=\"https:\/\/www.legislapp.com.br\/index.php\/cam-legislativa-de-sc-pl-0593-2025-2\/\" \/>\n<meta property=\"og:site_name\" content=\"Legislapp\" \/>\n<meta property=\"article:publisher\" content=\"https:\/\/www.instagram.com\/legislapp\/\" \/>\n<meta property=\"og:image\" content=\"https:\/\/www.legislapp.com.br\/wp-content\/uploads\/google-play.png\" \/>\n<meta name=\"twitter:card\" content=\"summary_large_image\" \/>\n<meta name=\"twitter:label1\" content=\"Est. tempo de leitura\" \/>\n\t<meta name=\"twitter:data1\" content=\"4 minutos\" \/>\n<script type=\"application\/ld+json\" class=\"yoast-schema-graph\">{\"@context\":\"https:\/\/schema.org\",\"@graph\":[{\"@type\":\"WebPage\",\"@id\":\"https:\/\/www.legislapp.com.br\/index.php\/cam-legislativa-de-sc-pl-0593-2025-2\/\",\"url\":\"https:\/\/www.legislapp.com.br\/index.php\/cam-legislativa-de-sc-pl-0593-2025-2\/\",\"name\":\"PL.\/0593\/2025 - Paulinha - Legislapp\",\"isPartOf\":{\"@id\":\"https:\/\/www.legislapp.com.br\/#website\"},\"primaryImageOfPage\":{\"@id\":\"https:\/\/www.legislapp.com.br\/index.php\/cam-legislativa-de-sc-pl-0593-2025-2\/#primaryimage\"},\"image\":{\"@id\":\"https:\/\/www.legislapp.com.br\/index.php\/cam-legislativa-de-sc-pl-0593-2025-2\/#primaryimage\"},\"thumbnailUrl\":\"https:\/\/www.legislapp.com.br\/wp-content\/uploads\/google-play.png\",\"datePublished\":\"2025-10-08T14:36:29+00:00\",\"breadcrumb\":{\"@id\":\"https:\/\/www.legislapp.com.br\/index.php\/cam-legislativa-de-sc-pl-0593-2025-2\/#breadcrumb\"},\"inLanguage\":\"pt-BR\",\"potentialAction\":[{\"@type\":\"ReadAction\",\"target\":[\"https:\/\/www.legislapp.com.br\/index.php\/cam-legislativa-de-sc-pl-0593-2025-2\/\"]}]},{\"@type\":\"ImageObject\",\"inLanguage\":\"pt-BR\",\"@id\":\"https:\/\/www.legislapp.com.br\/index.php\/cam-legislativa-de-sc-pl-0593-2025-2\/#primaryimage\",\"url\":\"https:\/\/www.legislapp.com.br\/wp-content\/uploads\/google-play.png\",\"contentUrl\":\"https:\/\/www.legislapp.com.br\/wp-content\/uploads\/google-play.png\",\"width\":564,\"height\":168},{\"@type\":\"BreadcrumbList\",\"@id\":\"https:\/\/www.legislapp.com.br\/index.php\/cam-legislativa-de-sc-pl-0593-2025-2\/#breadcrumb\",\"itemListElement\":[{\"@type\":\"ListItem\",\"position\":1,\"name\":\"In\u00edcio\",\"item\":\"https:\/\/www.legislapp.com.br\/\"},{\"@type\":\"ListItem\",\"position\":2,\"name\":\"PL.\/0593\/2025 &#8211; Paulinha\"}]},{\"@type\":\"WebSite\",\"@id\":\"https:\/\/www.legislapp.com.br\/#website\",\"url\":\"https:\/\/www.legislapp.com.br\/\",\"name\":\"Legislapp\",\"description\":\"Intelig\u00eancia governamental em tempo real\",\"publisher\":{\"@id\":\"https:\/\/www.legislapp.com.br\/#organization\"},\"potentialAction\":[{\"@type\":\"SearchAction\",\"target\":{\"@type\":\"EntryPoint\",\"urlTemplate\":\"https:\/\/www.legislapp.com.br\/?s={search_term_string}\"},\"query-input\":{\"@type\":\"PropertyValueSpecification\",\"valueRequired\":true,\"valueName\":\"search_term_string\"}}],\"inLanguage\":\"pt-BR\"},{\"@type\":\"Organization\",\"@id\":\"https:\/\/www.legislapp.com.br\/#organization\",\"name\":\"Legislapp Monitoramento e Intelig\u00eancia Governamental\",\"url\":\"https:\/\/www.legislapp.com.br\/\",\"logo\":{\"@type\":\"ImageObject\",\"inLanguage\":\"pt-BR\",\"@id\":\"https:\/\/www.legislapp.com.br\/#\/schema\/logo\/image\/\",\"url\":\"https:\/\/www.legislapp.com.br\/wp-content\/uploads\/icon.png\",\"contentUrl\":\"https:\/\/www.legislapp.com.br\/wp-content\/uploads\/icon.png\",\"width\":1024,\"height\":1024,\"caption\":\"Legislapp Monitoramento e Intelig\u00eancia Governamental\"},\"image\":{\"@id\":\"https:\/\/www.legislapp.com.br\/#\/schema\/logo\/image\/\"},\"sameAs\":[\"https:\/\/www.instagram.com\/legislapp\/\"]}]}<\/script>\n<!-- \/ Yoast SEO plugin. -->","yoast_head_json":{"title":"PL.\/0593\/2025 - Paulinha - Legislapp","robots":{"index":"index","follow":"follow","max-snippet":"max-snippet:-1","max-image-preview":"max-image-preview:large","max-video-preview":"max-video-preview:-1"},"canonical":"https:\/\/www.legislapp.com.br\/index.php\/cam-legislativa-de-sc-pl-0593-2025-2\/","og_locale":"pt_BR","og_type":"article","og_title":"PL.\/0593\/2025 - Paulinha - Legislapp","og_description":"C\u00e2m. Legislativa de SC &#8211; Autoria de Paulinha Institui o Programa Estadual de Alternativa Produtiva de Cannabis Medicinal, no \u00e2mbito do Estado de Santa Catarina, e d\u00e1 outras provid\u00eancias. ASSEMBLEIA LEGISLATIVA GABINETE DEPUTADA ESTADO DE SANTA CATARINA PAULINHA PROJETO DE LEI Institui o Programa Estadual de Alternativa Produtiva da Cannabis Medicinal, no \u00e2mbito do Estado [&hellip;]","og_url":"https:\/\/www.legislapp.com.br\/index.php\/cam-legislativa-de-sc-pl-0593-2025-2\/","og_site_name":"Legislapp","article_publisher":"https:\/\/www.instagram.com\/legislapp\/","og_image":[{"url":"https:\/\/www.legislapp.com.br\/wp-content\/uploads\/google-play.png","type":"","width":"","height":""}],"twitter_card":"summary_large_image","twitter_misc":{"Est. tempo de leitura":"4 minutos"},"schema":{"@context":"https:\/\/schema.org","@graph":[{"@type":"WebPage","@id":"https:\/\/www.legislapp.com.br\/index.php\/cam-legislativa-de-sc-pl-0593-2025-2\/","url":"https:\/\/www.legislapp.com.br\/index.php\/cam-legislativa-de-sc-pl-0593-2025-2\/","name":"PL.\/0593\/2025 - Paulinha - Legislapp","isPartOf":{"@id":"https:\/\/www.legislapp.com.br\/#website"},"primaryImageOfPage":{"@id":"https:\/\/www.legislapp.com.br\/index.php\/cam-legislativa-de-sc-pl-0593-2025-2\/#primaryimage"},"image":{"@id":"https:\/\/www.legislapp.com.br\/index.php\/cam-legislativa-de-sc-pl-0593-2025-2\/#primaryimage"},"thumbnailUrl":"https:\/\/www.legislapp.com.br\/wp-content\/uploads\/google-play.png","datePublished":"2025-10-08T14:36:29+00:00","breadcrumb":{"@id":"https:\/\/www.legislapp.com.br\/index.php\/cam-legislativa-de-sc-pl-0593-2025-2\/#breadcrumb"},"inLanguage":"pt-BR","potentialAction":[{"@type":"ReadAction","target":["https:\/\/www.legislapp.com.br\/index.php\/cam-legislativa-de-sc-pl-0593-2025-2\/"]}]},{"@type":"ImageObject","inLanguage":"pt-BR","@id":"https:\/\/www.legislapp.com.br\/index.php\/cam-legislativa-de-sc-pl-0593-2025-2\/#primaryimage","url":"https:\/\/www.legislapp.com.br\/wp-content\/uploads\/google-play.png","contentUrl":"https:\/\/www.legislapp.com.br\/wp-content\/uploads\/google-play.png","width":564,"height":168},{"@type":"BreadcrumbList","@id":"https:\/\/www.legislapp.com.br\/index.php\/cam-legislativa-de-sc-pl-0593-2025-2\/#breadcrumb","itemListElement":[{"@type":"ListItem","position":1,"name":"In\u00edcio","item":"https:\/\/www.legislapp.com.br\/"},{"@type":"ListItem","position":2,"name":"PL.\/0593\/2025 &#8211; Paulinha"}]},{"@type":"WebSite","@id":"https:\/\/www.legislapp.com.br\/#website","url":"https:\/\/www.legislapp.com.br\/","name":"Legislapp","description":"Intelig\u00eancia governamental em tempo real","publisher":{"@id":"https:\/\/www.legislapp.com.br\/#organization"},"potentialAction":[{"@type":"SearchAction","target":{"@type":"EntryPoint","urlTemplate":"https:\/\/www.legislapp.com.br\/?s={search_term_string}"},"query-input":{"@type":"PropertyValueSpecification","valueRequired":true,"valueName":"search_term_string"}}],"inLanguage":"pt-BR"},{"@type":"Organization","@id":"https:\/\/www.legislapp.com.br\/#organization","name":"Legislapp Monitoramento e Intelig\u00eancia Governamental","url":"https:\/\/www.legislapp.com.br\/","logo":{"@type":"ImageObject","inLanguage":"pt-BR","@id":"https:\/\/www.legislapp.com.br\/#\/schema\/logo\/image\/","url":"https:\/\/www.legislapp.com.br\/wp-content\/uploads\/icon.png","contentUrl":"https:\/\/www.legislapp.com.br\/wp-content\/uploads\/icon.png","width":1024,"height":1024,"caption":"Legislapp Monitoramento e Intelig\u00eancia Governamental"},"image":{"@id":"https:\/\/www.legislapp.com.br\/#\/schema\/logo\/image\/"},"sameAs":["https:\/\/www.instagram.com\/legislapp\/"]}]}},"_links":{"self":[{"href":"https:\/\/www.legislapp.com.br\/index.php\/wp-json\/wp\/v2\/pages\/8482","targetHints":{"allow":["GET"]}}],"collection":[{"href":"https:\/\/www.legislapp.com.br\/index.php\/wp-json\/wp\/v2\/pages"}],"about":[{"href":"https:\/\/www.legislapp.com.br\/index.php\/wp-json\/wp\/v2\/types\/page"}],"author":[{"embeddable":true,"href":"https:\/\/www.legislapp.com.br\/index.php\/wp-json\/wp\/v2\/users\/1"}],"replies":[{"embeddable":true,"href":"https:\/\/www.legislapp.com.br\/index.php\/wp-json\/wp\/v2\/comments?post=8482"}],"version-history":[{"count":0,"href":"https:\/\/www.legislapp.com.br\/index.php\/wp-json\/wp\/v2\/pages\/8482\/revisions"}],"wp:attachment":[{"href":"https:\/\/www.legislapp.com.br\/index.php\/wp-json\/wp\/v2\/media?parent=8482"}],"curies":[{"name":"wp","href":"https:\/\/api.w.org\/{rel}","templated":true}]}}