{"id":8553,"date":"2025-10-08T11:40:38","date_gmt":"2025-10-08T14:40:38","guid":{"rendered":"https:\/\/www.legislapp.com.br\/index.php\/cam-legislativa-de-mg-pl-4040-2025-2\/"},"modified":"2025-10-08T11:40:38","modified_gmt":"2025-10-08T14:40:38","slug":"cam-legislativa-de-mg-pl-4040-2025-2","status":"publish","type":"page","link":"https:\/\/www.legislapp.com.br\/index.php\/cam-legislativa-de-mg-pl-4040-2025-2\/","title":{"rendered":"PL 4040\/2025 &#8211; Deputados"},"content":{"rendered":"<h1 style='text-align: center;'>C\u00e2m. Legislativa de MG &#8211; Autoria de Deputados<\/h3>\n<p><\/p>\n<article style='text-align: center'>Disp\u00f5e sobre o sistema de bilhetagem eletr\u00f4nica para o pagamento das<br \/>\ntarifas do transporte p\u00fablico coletivo intermunicipal no \u00e2mbito do<br \/>\nEstado.<\/article>\n<p><\/p>\n<p style='text-align: center'><a href='https:\/\/app.legislapp.com.br\/#\/busca?termo='><\/a><\/p>\n<p><\/p>\n<article>Disp\u00f5e sobre o sistema de bilhetagem eletr\u00f4nica para o pagamento das tarifas do transporte p\u00fablico coletivo intermunicipal no \u00e2mbito do Estado de Minas Gerais.<br \/>\nA Assembleia Legislativa do Estado de Minas Gerais decreta:<br \/>\nArt. 1\u00ba \u2013 Fica institu\u00eddo o sistema de bilhetagem eletr\u00f4nica para o pagamento das tarifas do transporte p\u00fablico coletivo intermunicipal, com base em diretrizes, princ\u00edpios, metas de universaliza\u00e7\u00e3o e digitaliza\u00e7\u00e3o, bem como instrumentos de controle social e transpar\u00eancia.<br \/>\nArt. 2\u00ba \u2013 Para os fins desta lei, entende-se por sistema de bilhetagem eletr\u00f4nica o conjunto de equipamentos, programas, aplicativos e procedimentos operacionais projetados e implantados com a finalidade de permitir o pagamento das tarifas do transporte p\u00fablico por meios digitais, garantindo acessibilidade, seguran\u00e7a e efici\u00eancia.<br \/>\nArt. 3\u00ba \u2013 O sistema de bilhetagem eletr\u00f4nica tem como objetivos:<br \/>\nI \u2013 facilitar o acesso dos usu\u00e1rios ao transporte p\u00fablico coletivo intermunicipal;<br \/>\nII \u2013 promover a seguran\u00e7a dos meios de pagamento;<br \/>\nIII \u2013 integrar as modalidades de pagamento aos sistemas de bilhetagem eletr\u00f4nica;<br \/>\nIV \u2013 garantir a universaliza\u00e7\u00e3o do acesso ao transporte p\u00fablico, especialmente em munic\u00edpios do interior; e<br \/>\nV \u2013 fomentar a inclus\u00e3o digital, promovendo a acessibilidade a ferramentas tecnol\u00f3gicas para todos os usu\u00e1rios.<br \/>\nArt. 4\u00ba \u2013 S\u00e3o diretrizes do sistema de bilhetagem eletr\u00f4nica:<br \/>\nI \u2013 garantia da implementa\u00e7\u00e3o do sistema em todo o Estado;<br \/>\nII \u2013 acessibilidade \u00e0 popula\u00e7\u00e3o de todos os meios de pagamento digitais e eletr\u00f4nicos;<br \/>\nIII \u2013 disponibiliza\u00e7\u00e3o de informa\u00e7\u00f5es claras e acess\u00edveis sobre a possibilidade do uso de pagamento por meio digital e eletr\u00f4nico;<br \/>\nIV \u2013 promo\u00e7\u00e3o de solu\u00e7\u00f5es tecnol\u00f3gicas que minimizem impactos ambientais; e<br \/>\nV \u2013 incentivo ao uso de tecnologias modernas para aprimorar a experi\u00eancia do usu\u00e1rio.<br \/>\nArt. 5\u00ba \u2013 O sistema de pagamento eletr\u00f4nico aceitar\u00e1 os seguintes meios de pagamento:<br \/>\nI \u2013 Cart\u00f5es de cr\u00e9dito e d\u00e9bito;<br \/>\nII \u2013 PIX;<br \/>\nIII \u2013 QR Code; e<br \/>\nIV \u2013 Outros meios digitais que venham a ser regulamentados pelo Poder P\u00fablico, desde que garantam acessibilidade e seguran\u00e7a.<br \/>\nArt. 6\u00ba \u2013 As empresas operadoras de transporte p\u00fablico coletivo intermunicipal dever\u00e3o implementar sistemas digitais que permitam:<br \/>\nI \u2013 compra e valida\u00e7\u00e3o de passagens por meio de aplicativos m\u00f3veis ou dispositivos eletr\u00f4nicos;<br \/>\nII \u2013 integra\u00e7\u00e3o com carteiras digitais e plataformas de pagamento amplamente utilizadas;<br \/>\nIII \u2013 a possibilidade de recarga de cr\u00e9ditos de transporte em pontos f\u00edsicos e virtuais, especialmente em \u00e1reas de baixa conectividade.<br \/>\nArt. 7\u00ba \u2013 Fica estabelecida a meta de universaliza\u00e7\u00e3o da bilhetagem eletr\u00f4nica no transporte p\u00fablico coletivo intermunicipal, priorizando a integra\u00e7\u00e3o dos sistemas de bilhetagem nas regi\u00f5es metropolitanas e nos cons\u00f3rcios intermunicipais e a expans\u00e3o para cidades do interior com menor infraestrutura tecnol\u00f3gica.<br \/>\nArt. 8\u00ba \u2013 Esta lei n\u00e3o se aplica \u00e0s concess\u00f5es de transporte p\u00fablico coletivo intermunicipal vigentes, exceto no caso de reequil\u00edbrio financeiro contratual a ser implementado.<br \/>\nArt. 9\u00ba \u2013 Esta lei entra em vigor na data de sua publica\u00e7\u00e3o.<br \/>\nSala das Reuni\u00f5es, 4 de julho de 2025.<br \/>\nAndr\u00e9ia de Jesus (PT), vice-presidenta da Comiss\u00e3o de Direitos Humanos e vice-presidenta da Comiss\u00e3o de Cultura.<br \/>\nJustifica\u00e7\u00e3o: A implementa\u00e7\u00e3o do sistema de bilhetagem eletr\u00f4nica no transporte p\u00fablico coletivo intermunicipal em Minas Gerais representa um passo decisivo na promo\u00e7\u00e3o de um transporte p\u00fablico digno, acess\u00edvel e moderno para toda a popula\u00e7\u00e3o, independentemente de sua localiza\u00e7\u00e3o ou condi\u00e7\u00e3o socioecon\u00f4mica.<br \/>\nEste projeto concretiza um compromisso com a democratiza\u00e7\u00e3o do acesso ao transporte p\u00fablico, garantindo facilidade e agilidade no pagamento das tarifas, redu\u00e7\u00e3o de filas, amplia\u00e7\u00e3o das formas de pagamento e incentivo \u00e0 inclus\u00e3o digital, especialmente em munic\u00edpios do interior e regi\u00f5es com menor infraestrutura tecnol\u00f3gica. Trata-se de uma pol\u00edtica p\u00fablica alinhada \u00e0 realidade de um mundo cada vez mais conectado, garantindo que os cidad\u00e3os mineiros tenham acesso a um transporte de qualidade sem barreiras desnecess\u00e1rias.<br \/>\nAl\u00e9m de facilitar a vida do usu\u00e1rio, a bilhetagem eletr\u00f4nica fortalece a transpar\u00eancia e o controle social sobre o sistema de transporte, contribuindo para um ambiente de maior seguran\u00e7a para os trabalhadores e passageiros ao reduzir a circula\u00e7\u00e3o de dinheiro em esp\u00e9cie nos ve\u00edculos, al\u00e9m de facilitar a integra\u00e7\u00e3o entre diferentes modais e cons\u00f3rcios de transporte, permitindo um deslocamento mais eficiente em todo o territ\u00f3rio mineiro.<br \/>\nA iniciativa tamb\u00e9m se conecta a pr\u00e1ticas sustent\u00e1veis ao reduzir o uso de papel e promover solu\u00e7\u00f5es tecnol\u00f3gicas que minimizam impactos ambientais, atendendo \u00e0 crescente demanda por pol\u00edticas p\u00fablicas ambientalmente respons\u00e1veis.<br \/>\nEnquanto Belo Horizonte e sua regi\u00e3o metropolitana j\u00e1 contam com experi\u00eancias bem-sucedidas, como o cons\u00f3rcio \u00d3timo, os munic\u00edpios do interior de Minas ainda carecem de acesso a essa tecnologia. Este projeto garante que a moderniza\u00e7\u00e3o n\u00e3o fique restrita aos grandes centros, garantindo igualdade de direitos no acesso ao transporte p\u00fablico em todo o Estado.<br \/>\n\u00c9 dever do Parlamento mineiro assegurar que os avan\u00e7os tecnol\u00f3gicos se traduzam em melhoria real da qualidade de vida do povo mineiro. A aprova\u00e7\u00e3o deste projeto representa um compromisso com a mobilidade, a dignidade e a cidadania, modernizando o transporte p\u00fablico intermunicipal de forma a atender aos desafios do presente e do futuro.<br \/>\nDiante do exposto, conto com o apoio das deputadas e dos deputados para aprovar este projeto, que \u00e9 instrumento de promo\u00e7\u00e3o da inclus\u00e3o, da efici\u00eancia e da justi\u00e7a social no transporte p\u00fablico do nosso Estado.<br \/>\n\u2013 Publicado, vai o projeto \u00e0s Comiss\u00f5es de Justi\u00e7a, de Transporte e de Fiscaliza\u00e7\u00e3o Financeira para parecer, nos termos do art. 188, c\/c o art. 102, do Regimento Interno.<\/article>\n<div style=\"text-align: center\">\n<div style=\"margin-bottom: 20px;\" class=\"et_pb_button_module_wrapper et_pb_button_5_tb_body_wrapper et_pb_button_alignment_center et_pb_module \">\n         <a class=\"et_pb_button et_pb_button_5_tb_body et_hover_enabled et_pb_bg_layout_dark\" style=\"width: 50%;background-color: black;\" href=\"https:\/\/app.legislapp.com.br\" target=\"_blank\" rel=\"noopener\">Visualizar completo na nossa plataforma (30 dias gr\u00e1tis)<\/a><\/p><\/div>\n<p>      <a href=\"https:\/\/play.google.com\/store\/apps\/details?id=br.com.legislapp\"><img decoding=\"async\" style=\"width: 15%; min-width: 130px;\" src=\"https:\/\/www.legislapp.com.br\/wp-content\/uploads\/google-play.png\"><\/a><br \/>\n      <a href=\"https:\/\/apps.apple.com\/us\/app\/legislapp\/id1568929859\"><img decoding=\"async\" style=\"width: 15%; min-width: 130px\" src=\"https:\/\/www.legislapp.com.br\/wp-content\/uploads\/apple-store.png\"><\/a>\n   <\/div>\n","protected":false},"excerpt":{"rendered":"<p>C\u00e2m. Legislativa de MG &#8211; Autoria de Deputados Disp\u00f5e sobre o sistema de bilhetagem eletr\u00f4nica para o pagamento das tarifas do transporte p\u00fablico coletivo intermunicipal no \u00e2mbito do Estado. Disp\u00f5e sobre o sistema de bilhetagem eletr\u00f4nica para o pagamento das tarifas do transporte p\u00fablico coletivo intermunicipal no \u00e2mbito do Estado de Minas Gerais. A Assembleia [&hellip;]<\/p>\n","protected":false},"author":1,"featured_media":0,"parent":0,"menu_order":0,"comment_status":"closed","ping_status":"closed","template":"page-template-blank.php","meta":{"_et_pb_use_builder":"","_et_pb_old_content":"","_et_gb_content_width":"1080","ngg_post_thumbnail":0,"footnotes":""},"class_list":["post-8553","page","type-page","status-publish","hentry"],"yoast_head":"<!-- This site is optimized with the Yoast SEO plugin v24.4 - https:\/\/yoast.com\/wordpress\/plugins\/seo\/ -->\n<title>PL 4040\/2025 - Deputados - Legislapp<\/title>\n<meta name=\"robots\" content=\"index, follow, max-snippet:-1, max-image-preview:large, max-video-preview:-1\" \/>\n<link rel=\"canonical\" href=\"https:\/\/www.legislapp.com.br\/index.php\/cam-legislativa-de-mg-pl-4040-2025-2\/\" \/>\n<meta property=\"og:locale\" content=\"pt_BR\" \/>\n<meta property=\"og:type\" content=\"article\" \/>\n<meta property=\"og:title\" content=\"PL 4040\/2025 - Deputados - Legislapp\" \/>\n<meta property=\"og:description\" content=\"C\u00e2m. Legislativa de MG &#8211; Autoria de Deputados Disp\u00f5e sobre o sistema de bilhetagem eletr\u00f4nica para o pagamento das tarifas do transporte p\u00fablico coletivo intermunicipal no \u00e2mbito do Estado. Disp\u00f5e sobre o sistema de bilhetagem eletr\u00f4nica para o pagamento das tarifas do transporte p\u00fablico coletivo intermunicipal no \u00e2mbito do Estado de Minas Gerais. A Assembleia [&hellip;]\" \/>\n<meta property=\"og:url\" content=\"https:\/\/www.legislapp.com.br\/index.php\/cam-legislativa-de-mg-pl-4040-2025-2\/\" \/>\n<meta property=\"og:site_name\" content=\"Legislapp\" \/>\n<meta property=\"article:publisher\" content=\"https:\/\/www.instagram.com\/legislapp\/\" \/>\n<meta property=\"og:image\" content=\"https:\/\/www.legislapp.com.br\/wp-content\/uploads\/google-play.png\" \/>\n<meta name=\"twitter:card\" content=\"summary_large_image\" \/>\n<meta name=\"twitter:label1\" content=\"Est. tempo de leitura\" \/>\n\t<meta name=\"twitter:data1\" content=\"5 minutos\" \/>\n<script type=\"application\/ld+json\" class=\"yoast-schema-graph\">{\"@context\":\"https:\/\/schema.org\",\"@graph\":[{\"@type\":\"WebPage\",\"@id\":\"https:\/\/www.legislapp.com.br\/index.php\/cam-legislativa-de-mg-pl-4040-2025-2\/\",\"url\":\"https:\/\/www.legislapp.com.br\/index.php\/cam-legislativa-de-mg-pl-4040-2025-2\/\",\"name\":\"PL 4040\/2025 - Deputados - Legislapp\",\"isPartOf\":{\"@id\":\"https:\/\/www.legislapp.com.br\/#website\"},\"primaryImageOfPage\":{\"@id\":\"https:\/\/www.legislapp.com.br\/index.php\/cam-legislativa-de-mg-pl-4040-2025-2\/#primaryimage\"},\"image\":{\"@id\":\"https:\/\/www.legislapp.com.br\/index.php\/cam-legislativa-de-mg-pl-4040-2025-2\/#primaryimage\"},\"thumbnailUrl\":\"https:\/\/www.legislapp.com.br\/wp-content\/uploads\/google-play.png\",\"datePublished\":\"2025-10-08T14:40:38+00:00\",\"breadcrumb\":{\"@id\":\"https:\/\/www.legislapp.com.br\/index.php\/cam-legislativa-de-mg-pl-4040-2025-2\/#breadcrumb\"},\"inLanguage\":\"pt-BR\",\"potentialAction\":[{\"@type\":\"ReadAction\",\"target\":[\"https:\/\/www.legislapp.com.br\/index.php\/cam-legislativa-de-mg-pl-4040-2025-2\/\"]}]},{\"@type\":\"ImageObject\",\"inLanguage\":\"pt-BR\",\"@id\":\"https:\/\/www.legislapp.com.br\/index.php\/cam-legislativa-de-mg-pl-4040-2025-2\/#primaryimage\",\"url\":\"https:\/\/www.legislapp.com.br\/wp-content\/uploads\/google-play.png\",\"contentUrl\":\"https:\/\/www.legislapp.com.br\/wp-content\/uploads\/google-play.png\",\"width\":564,\"height\":168},{\"@type\":\"BreadcrumbList\",\"@id\":\"https:\/\/www.legislapp.com.br\/index.php\/cam-legislativa-de-mg-pl-4040-2025-2\/#breadcrumb\",\"itemListElement\":[{\"@type\":\"ListItem\",\"position\":1,\"name\":\"In\u00edcio\",\"item\":\"https:\/\/www.legislapp.com.br\/\"},{\"@type\":\"ListItem\",\"position\":2,\"name\":\"PL 4040\/2025 &#8211; Deputados\"}]},{\"@type\":\"WebSite\",\"@id\":\"https:\/\/www.legislapp.com.br\/#website\",\"url\":\"https:\/\/www.legislapp.com.br\/\",\"name\":\"Legislapp\",\"description\":\"Intelig\u00eancia governamental em tempo real\",\"publisher\":{\"@id\":\"https:\/\/www.legislapp.com.br\/#organization\"},\"potentialAction\":[{\"@type\":\"SearchAction\",\"target\":{\"@type\":\"EntryPoint\",\"urlTemplate\":\"https:\/\/www.legislapp.com.br\/?s={search_term_string}\"},\"query-input\":{\"@type\":\"PropertyValueSpecification\",\"valueRequired\":true,\"valueName\":\"search_term_string\"}}],\"inLanguage\":\"pt-BR\"},{\"@type\":\"Organization\",\"@id\":\"https:\/\/www.legislapp.com.br\/#organization\",\"name\":\"Legislapp Monitoramento e Intelig\u00eancia Governamental\",\"url\":\"https:\/\/www.legislapp.com.br\/\",\"logo\":{\"@type\":\"ImageObject\",\"inLanguage\":\"pt-BR\",\"@id\":\"https:\/\/www.legislapp.com.br\/#\/schema\/logo\/image\/\",\"url\":\"https:\/\/www.legislapp.com.br\/wp-content\/uploads\/icon.png\",\"contentUrl\":\"https:\/\/www.legislapp.com.br\/wp-content\/uploads\/icon.png\",\"width\":1024,\"height\":1024,\"caption\":\"Legislapp Monitoramento e Intelig\u00eancia Governamental\"},\"image\":{\"@id\":\"https:\/\/www.legislapp.com.br\/#\/schema\/logo\/image\/\"},\"sameAs\":[\"https:\/\/www.instagram.com\/legislapp\/\"]}]}<\/script>\n<!-- \/ Yoast SEO plugin. -->","yoast_head_json":{"title":"PL 4040\/2025 - Deputados - Legislapp","robots":{"index":"index","follow":"follow","max-snippet":"max-snippet:-1","max-image-preview":"max-image-preview:large","max-video-preview":"max-video-preview:-1"},"canonical":"https:\/\/www.legislapp.com.br\/index.php\/cam-legislativa-de-mg-pl-4040-2025-2\/","og_locale":"pt_BR","og_type":"article","og_title":"PL 4040\/2025 - Deputados - Legislapp","og_description":"C\u00e2m. Legislativa de MG &#8211; Autoria de Deputados Disp\u00f5e sobre o sistema de bilhetagem eletr\u00f4nica para o pagamento das tarifas do transporte p\u00fablico coletivo intermunicipal no \u00e2mbito do Estado. Disp\u00f5e sobre o sistema de bilhetagem eletr\u00f4nica para o pagamento das tarifas do transporte p\u00fablico coletivo intermunicipal no \u00e2mbito do Estado de Minas Gerais. A Assembleia [&hellip;]","og_url":"https:\/\/www.legislapp.com.br\/index.php\/cam-legislativa-de-mg-pl-4040-2025-2\/","og_site_name":"Legislapp","article_publisher":"https:\/\/www.instagram.com\/legislapp\/","og_image":[{"url":"https:\/\/www.legislapp.com.br\/wp-content\/uploads\/google-play.png","type":"","width":"","height":""}],"twitter_card":"summary_large_image","twitter_misc":{"Est. tempo de leitura":"5 minutos"},"schema":{"@context":"https:\/\/schema.org","@graph":[{"@type":"WebPage","@id":"https:\/\/www.legislapp.com.br\/index.php\/cam-legislativa-de-mg-pl-4040-2025-2\/","url":"https:\/\/www.legislapp.com.br\/index.php\/cam-legislativa-de-mg-pl-4040-2025-2\/","name":"PL 4040\/2025 - Deputados - Legislapp","isPartOf":{"@id":"https:\/\/www.legislapp.com.br\/#website"},"primaryImageOfPage":{"@id":"https:\/\/www.legislapp.com.br\/index.php\/cam-legislativa-de-mg-pl-4040-2025-2\/#primaryimage"},"image":{"@id":"https:\/\/www.legislapp.com.br\/index.php\/cam-legislativa-de-mg-pl-4040-2025-2\/#primaryimage"},"thumbnailUrl":"https:\/\/www.legislapp.com.br\/wp-content\/uploads\/google-play.png","datePublished":"2025-10-08T14:40:38+00:00","breadcrumb":{"@id":"https:\/\/www.legislapp.com.br\/index.php\/cam-legislativa-de-mg-pl-4040-2025-2\/#breadcrumb"},"inLanguage":"pt-BR","potentialAction":[{"@type":"ReadAction","target":["https:\/\/www.legislapp.com.br\/index.php\/cam-legislativa-de-mg-pl-4040-2025-2\/"]}]},{"@type":"ImageObject","inLanguage":"pt-BR","@id":"https:\/\/www.legislapp.com.br\/index.php\/cam-legislativa-de-mg-pl-4040-2025-2\/#primaryimage","url":"https:\/\/www.legislapp.com.br\/wp-content\/uploads\/google-play.png","contentUrl":"https:\/\/www.legislapp.com.br\/wp-content\/uploads\/google-play.png","width":564,"height":168},{"@type":"BreadcrumbList","@id":"https:\/\/www.legislapp.com.br\/index.php\/cam-legislativa-de-mg-pl-4040-2025-2\/#breadcrumb","itemListElement":[{"@type":"ListItem","position":1,"name":"In\u00edcio","item":"https:\/\/www.legislapp.com.br\/"},{"@type":"ListItem","position":2,"name":"PL 4040\/2025 &#8211; Deputados"}]},{"@type":"WebSite","@id":"https:\/\/www.legislapp.com.br\/#website","url":"https:\/\/www.legislapp.com.br\/","name":"Legislapp","description":"Intelig\u00eancia governamental em tempo real","publisher":{"@id":"https:\/\/www.legislapp.com.br\/#organization"},"potentialAction":[{"@type":"SearchAction","target":{"@type":"EntryPoint","urlTemplate":"https:\/\/www.legislapp.com.br\/?s={search_term_string}"},"query-input":{"@type":"PropertyValueSpecification","valueRequired":true,"valueName":"search_term_string"}}],"inLanguage":"pt-BR"},{"@type":"Organization","@id":"https:\/\/www.legislapp.com.br\/#organization","name":"Legislapp Monitoramento e Intelig\u00eancia Governamental","url":"https:\/\/www.legislapp.com.br\/","logo":{"@type":"ImageObject","inLanguage":"pt-BR","@id":"https:\/\/www.legislapp.com.br\/#\/schema\/logo\/image\/","url":"https:\/\/www.legislapp.com.br\/wp-content\/uploads\/icon.png","contentUrl":"https:\/\/www.legislapp.com.br\/wp-content\/uploads\/icon.png","width":1024,"height":1024,"caption":"Legislapp Monitoramento e Intelig\u00eancia Governamental"},"image":{"@id":"https:\/\/www.legislapp.com.br\/#\/schema\/logo\/image\/"},"sameAs":["https:\/\/www.instagram.com\/legislapp\/"]}]}},"_links":{"self":[{"href":"https:\/\/www.legislapp.com.br\/index.php\/wp-json\/wp\/v2\/pages\/8553","targetHints":{"allow":["GET"]}}],"collection":[{"href":"https:\/\/www.legislapp.com.br\/index.php\/wp-json\/wp\/v2\/pages"}],"about":[{"href":"https:\/\/www.legislapp.com.br\/index.php\/wp-json\/wp\/v2\/types\/page"}],"author":[{"embeddable":true,"href":"https:\/\/www.legislapp.com.br\/index.php\/wp-json\/wp\/v2\/users\/1"}],"replies":[{"embeddable":true,"href":"https:\/\/www.legislapp.com.br\/index.php\/wp-json\/wp\/v2\/comments?post=8553"}],"version-history":[{"count":0,"href":"https:\/\/www.legislapp.com.br\/index.php\/wp-json\/wp\/v2\/pages\/8553\/revisions"}],"wp:attachment":[{"href":"https:\/\/www.legislapp.com.br\/index.php\/wp-json\/wp\/v2\/media?parent=8553"}],"curies":[{"name":"wp","href":"https:\/\/api.w.org\/{rel}","templated":true}]}}