{"id":8589,"date":"2025-10-08T11:42:45","date_gmt":"2025-10-08T14:42:45","guid":{"rendered":"https:\/\/www.legislapp.com.br\/index.php\/cam-legislativa-de-pe-pl-3094-2025-2\/"},"modified":"2025-10-08T11:42:45","modified_gmt":"2025-10-08T14:42:45","slug":"cam-legislativa-de-pe-pl-3094-2025-2","status":"publish","type":"page","link":"https:\/\/www.legislapp.com.br\/index.php\/cam-legislativa-de-pe-pl-3094-2025-2\/","title":{"rendered":"PL 3094\/2025 &#8211; Gilmar Junior"},"content":{"rendered":"<h1 style='text-align: center;'>C\u00e2m. Legislativa de PE &#8211; Autoria de Gilmar Junior<br \/><img src='https:\/\/www.alepe.pe.gov.br\/\/wp-content\/uploads\/2023\/02\/GILMAR-JUNIOR-scaled-e1675859139299.jpg' alt='Gilmar Junior' \/><\/h3>\n<p><\/p>\n<article style='text-align: center'>A proposi\u00e7\u00e3o em tela, visa preencher uma lacuna atual na legisla\u00e7\u00e3o condominial para assegurar o exerc\u00edcio do direito do cond\u00f4mino de instalar a infraestrutura de recarga em sua unidade aut\u00f4noma, mas em plena observ\u00e2ncia das normas t\u00e9cnicas e de seguran\u00e7a.<\/p>\n<p>\u00a0\u00a0\u00a0\u00a0\u00a0A crescente demanda por mobilidade sustent\u00e1vel e o avan\u00e7o tecnol\u00f3gico t\u00eam impulsionado a ado\u00e7\u00e3o de ve\u00edculos el\u00e9tricos, inclu\u00eddos os h\u00edbridos \u201cplug-in\u201d, em Pernambuco. Contudo, a infraestrutura necess\u00e1ria para a recarga desses ve\u00edculos, especialmente em condom\u00ednios, ainda enfrenta desafios e incertezas, dificultando uma ado\u00e7\u00e3o mais ampla dessa tecnologia. Atualmente, muitos cond\u00f4minos enfrentam restri\u00e7\u00f5es para instalar esta\u00e7\u00f5es de recarga individual em suas garagens privativas, pela aus\u00eancia de regramento espec\u00edfico ao tema. A proposi\u00e7\u00e3o em tela promove a mobilidade el\u00e9trica, contribui para a redu\u00e7\u00e3o das emiss\u00f5es de gases poluentes e de gases de efeito estufa, e ainda aproveita a matriz el\u00e9trica predominantemente renov\u00e1vel em nosso pa\u00eds. Ao mesmo tempo, a proposta garante que o direito individual do cond\u00f4mino seja exercido de forma respons\u00e1vel, sem impor \u00f4nus ou riscos aos demais moradores, estabelecendo diretrizes claras para a instala\u00e7\u00e3o da infraestrutura de recarga de ve\u00edculos el\u00e9tricos, atribuindo ao cond\u00f4mino a responsabilidade pelos custos e conformidade t\u00e9cnica, al\u00e9m de exigir dispositivos de seguran\u00e7a e a apresenta\u00e7\u00e3o de ART ou RRT por profissional habilitado. Tamb\u00e9m protege o uso das \u00e1reas comuns do condom\u00ednio, minimizando impactos ambientais, visuais e funcionais decorrentes da instala\u00e7\u00e3o da infraestrutura el\u00e9trica.<\/p>\n<p>\u00a0\u00a0\u00a0\u00a0\u00a0Tudo isso para compatibilizar a seguran\u00e7a e o bem comum individual e coletivo. Nosso projeto disp\u00f5e ainda que a instala\u00e7\u00e3o de infraestrutura coletiva para recarga de ve\u00edculos el\u00e9tricos ser\u00e1 disciplinada mediante delibera\u00e7\u00e3o em Assembleia do Condom\u00ednio, permitindo que os condom\u00ednios ajustem suas necessidades de forma colaborativa, promovendo o compartilhamento de despesas.<\/p>\n<p>\u00a0\u00a0\u00a0\u00a0\u00a0Diante da crescente demanda por instala\u00e7\u00e3o de equipamentos individuais de recarga de ve\u00edculos el\u00e9tricos sem dispensar a seguran\u00e7a e o respeito aos direitos de todos os cond\u00f4minos, a proposta visa em especial garantir direitos e estabelecer deveres.<\/p>\n<p>\u00a0\u00a0\u00a0\u00a0\u00a0Portanto, solicitamos o apoio dos Nobres Pares para a aprova\u00e7\u00e3o deste projeto de Lei.<\/article>\n<p><\/p>\n<p style='text-align: center'><a href='https:\/\/app.legislapp.com.br\/#\/busca?termo='><\/a><\/p>\n<p><\/p>\n<article>\u00a0\u00a0\u00a0\u00a0\u00a0Art. 1\u00ba Fica determinado que os cond\u00f4minos podem instalar infraestrutura el\u00e9trica e esta\u00e7\u00e3o de recarga individual para ve\u00edculo el\u00e9trico em garagem privativa de sua unidade aut\u00f4noma, ou em \u00e1rea adequada, salvo disposi\u00e7\u00e3o em contr\u00e1rio na Conven\u00e7\u00e3o do Condom\u00ednio.<\/p>\n<p>\u00a0\u00a0\u00a0\u00a0\u00a0Art. 2\u00ba \u00c9 permitido aos condom\u00ednios residenciais, industriais, de log\u00edstica e de servi\u00e7os, que n\u00e3o possuem infraestrutura para o carregamento el\u00e9trico de ve\u00edculos, a instala\u00e7\u00e3o das centrais de abastecimento nas suas depend\u00eancias, desde que:<\/p>\n<p>\u00a0\u00a0\u00a0\u00a0\u00a0I &#8211; os custos da instala\u00e7\u00e3o e manuten\u00e7\u00e3o corram unicamente sob a responsabilidade do cond\u00f4mino propriet\u00e1rio do ve\u00edculo;<\/p>\n<p>\u00a0\u00a0\u00a0\u00a0\u00a0II &#8211; que a instala\u00e7\u00e3o seja realizada seguindo os padr\u00f5es j\u00e1 estabelecidos pela Associa\u00e7\u00e3o Brasileira de Normas T\u00e9cnicas (ABNT) por profissionais reconhecidos e devidamente qualificados nessa modalidade el\u00e9trica;<\/p>\n<p>\u00a0\u00a0\u00a0\u00a0\u00a0III &#8211; que as faturas do consumo desses terminais sejam unicamente de responsabilidade do cond\u00f4mino;<\/p>\n<p>\u00a0\u00a0\u00a0\u00a0\u00a0IV &#8211; que as manuten\u00e7\u00f5es dos equipamentos sejam autorizadas pelo condom\u00ednio e em hor\u00e1rio e datas que a administra\u00e7\u00e3o condominial determinar.<\/p>\n<p>\u00a0\u00a0\u00a0\u00a0\u00a0Art. 3\u00ba A instala\u00e7\u00e3o de infraestrutura e esta\u00e7\u00e3o de recarga individual desde custos de instala\u00e7\u00e3o, manuten\u00e7\u00e3o, opera\u00e7\u00e3o e consumo de energia el\u00e9trica de responsabilidade exclusiva do cond\u00f4mino propriet\u00e1rio da esta\u00e7\u00e3o de recarga, incluindo eventuais repara\u00e7\u00f5es por danos causados ao condom\u00ednio ou a terceiros.<\/p>\n<p>\u00a0\u00a0\u00a0\u00a0\u00a0Par\u00e1grafo \u00fanico. A instala\u00e7\u00e3o dever\u00e1 respeitar os limites de carga, tens\u00e3o e demais par\u00e2metros t\u00e9cnicos aplic\u00e1veis \u00e0 unidade aut\u00f4noma, conforme a regula\u00e7\u00e3o do setor el\u00e9trico e as normas t\u00e9cnicas e de seguran\u00e7a da distribuidora local de energia el\u00e9trica.<\/p>\n<p>\u00a0\u00a0\u00a0\u00a0\u00a0Art. 4\u00ba A instala\u00e7\u00e3o deve contemplar dispositivos de seguran\u00e7a e prote\u00e7\u00e3o contra sobrecorrentes, surtos el\u00e9tricos, choques el\u00e9tricos e outros riscos especificados na legisla\u00e7\u00e3o.<\/p>\n<p>\u00a0\u00a0\u00a0\u00a0\u00a0Art. 5\u00ba O cond\u00f4mino deve apresentar \u00e0 Administra\u00e7\u00e3o do Condom\u00ednio, previamente \u00e0 instala\u00e7\u00e3o, a Anota\u00e7\u00e3o de Responsabilidade T\u00e9cnica (ART) ou o Registro de Responsabilidade T\u00e9cnica (RRT), emitida por profissional habilitado e respons\u00e1vel pela execu\u00e7\u00e3o do servi\u00e7o.<\/p>\n<p>\u00a0\u00a0\u00a0\u00a0\u00a0Par\u00e1grafo \u00fanico. A infraestrutura el\u00e9trica instalada n\u00e3o pode prejudicar o uso das \u00e1reas comuns do condom\u00ednio e deve ser posicionada de maneira a minimizar impactos ambientais, visuais e funcionais para os demais cond\u00f4minos.<\/p>\n<p>\u00a0\u00a0\u00a0\u00a0\u00a0Art. 6\u00ba A instala\u00e7\u00e3o de infraestrutura coletiva de recarga para ve\u00edculos el\u00e9tricos em condom\u00ednios, poder\u00e1 ocorrer em conformidade com o tema deliberado em Assembleia.<\/p>\n<p>\u00a0\u00a0\u00a0\u00a0\u00a0Art. 7\u00ba A Conven\u00e7\u00e3o ou Regimento do Condom\u00ednio dispor\u00e1 sobre regras complementares para a utiliza\u00e7\u00e3o e a instala\u00e7\u00e3o de esta\u00e7\u00f5es de recarga, individual ou coletiva, incluindo a forma de rateio dos custos de instala\u00e7\u00e3o, opera\u00e7\u00e3o, manuten\u00e7\u00e3o e consumo de energia e infraestrutura coletiva.<\/p>\n<p>\u00a0\u00a0\u00a0\u00a0\u00a0Art. 8\u00ba Esta Lei entra em vigor 60 (sessenta) dias ap\u00f3s a data de sua publica\u00e7\u00e3o.<\/article>\n<div style=\"text-align: center\">\n<div style=\"margin-bottom: 20px;\" class=\"et_pb_button_module_wrapper et_pb_button_5_tb_body_wrapper et_pb_button_alignment_center et_pb_module \">\n         <a class=\"et_pb_button et_pb_button_5_tb_body et_hover_enabled et_pb_bg_layout_dark\" style=\"width: 50%;background-color: black;\" href=\"https:\/\/app.legislapp.com.br\" target=\"_blank\" rel=\"noopener\">Visualizar completo na nossa plataforma (30 dias gr\u00e1tis)<\/a><\/p><\/div>\n<p>      <a href=\"https:\/\/play.google.com\/store\/apps\/details?id=br.com.legislapp\"><img decoding=\"async\" style=\"width: 15%; min-width: 130px;\" src=\"https:\/\/www.legislapp.com.br\/wp-content\/uploads\/google-play.png\"><\/a><br \/>\n      <a href=\"https:\/\/apps.apple.com\/us\/app\/legislapp\/id1568929859\"><img decoding=\"async\" style=\"width: 15%; min-width: 130px\" src=\"https:\/\/www.legislapp.com.br\/wp-content\/uploads\/apple-store.png\"><\/a>\n   <\/div>\n","protected":false},"excerpt":{"rendered":"<p>C\u00e2m. Legislativa de PE &#8211; Autoria de Gilmar Junior A proposi\u00e7\u00e3o em tela, visa preencher uma lacuna atual na legisla\u00e7\u00e3o condominial para assegurar o exerc\u00edcio do direito do cond\u00f4mino de instalar a infraestrutura de recarga em sua unidade aut\u00f4noma, mas em plena observ\u00e2ncia das normas t\u00e9cnicas e de seguran\u00e7a. \u00a0\u00a0\u00a0\u00a0\u00a0A crescente demanda por mobilidade sustent\u00e1vel [&hellip;]<\/p>\n","protected":false},"author":1,"featured_media":0,"parent":0,"menu_order":0,"comment_status":"closed","ping_status":"closed","template":"page-template-blank.php","meta":{"_et_pb_use_builder":"","_et_pb_old_content":"","_et_gb_content_width":"1080","ngg_post_thumbnail":0,"footnotes":""},"class_list":["post-8589","page","type-page","status-publish","hentry"],"yoast_head":"<!-- This site is optimized with the Yoast SEO plugin v24.4 - https:\/\/yoast.com\/wordpress\/plugins\/seo\/ -->\n<title>PL 3094\/2025 - Gilmar Junior - Legislapp<\/title>\n<meta name=\"robots\" content=\"index, follow, max-snippet:-1, max-image-preview:large, max-video-preview:-1\" \/>\n<link rel=\"canonical\" href=\"https:\/\/www.legislapp.com.br\/index.php\/cam-legislativa-de-pe-pl-3094-2025-2\/\" \/>\n<meta property=\"og:locale\" content=\"pt_BR\" \/>\n<meta property=\"og:type\" content=\"article\" \/>\n<meta property=\"og:title\" content=\"PL 3094\/2025 - Gilmar Junior - Legislapp\" \/>\n<meta property=\"og:description\" content=\"C\u00e2m. Legislativa de PE &#8211; Autoria de Gilmar Junior A proposi\u00e7\u00e3o em tela, visa preencher uma lacuna atual na legisla\u00e7\u00e3o condominial para assegurar o exerc\u00edcio do direito do cond\u00f4mino de instalar a infraestrutura de recarga em sua unidade aut\u00f4noma, mas em plena observ\u00e2ncia das normas t\u00e9cnicas e de seguran\u00e7a. \u00a0\u00a0\u00a0\u00a0\u00a0A crescente demanda por mobilidade sustent\u00e1vel [&hellip;]\" \/>\n<meta property=\"og:url\" content=\"https:\/\/www.legislapp.com.br\/index.php\/cam-legislativa-de-pe-pl-3094-2025-2\/\" \/>\n<meta property=\"og:site_name\" content=\"Legislapp\" \/>\n<meta property=\"article:publisher\" content=\"https:\/\/www.instagram.com\/legislapp\/\" \/>\n<meta property=\"og:image\" content=\"https:\/\/www.alepe.pe.gov.br\/\/wp-content\/uploads\/2023\/02\/GILMAR-JUNIOR-scaled-e1675859139299.jpg\" \/>\n<meta name=\"twitter:card\" content=\"summary_large_image\" \/>\n<meta name=\"twitter:label1\" content=\"Est. tempo de leitura\" \/>\n\t<meta name=\"twitter:data1\" content=\"4 minutos\" \/>\n<script type=\"application\/ld+json\" class=\"yoast-schema-graph\">{\"@context\":\"https:\/\/schema.org\",\"@graph\":[{\"@type\":\"WebPage\",\"@id\":\"https:\/\/www.legislapp.com.br\/index.php\/cam-legislativa-de-pe-pl-3094-2025-2\/\",\"url\":\"https:\/\/www.legislapp.com.br\/index.php\/cam-legislativa-de-pe-pl-3094-2025-2\/\",\"name\":\"PL 3094\/2025 - Gilmar Junior - Legislapp\",\"isPartOf\":{\"@id\":\"https:\/\/www.legislapp.com.br\/#website\"},\"primaryImageOfPage\":{\"@id\":\"https:\/\/www.legislapp.com.br\/index.php\/cam-legislativa-de-pe-pl-3094-2025-2\/#primaryimage\"},\"image\":{\"@id\":\"https:\/\/www.legislapp.com.br\/index.php\/cam-legislativa-de-pe-pl-3094-2025-2\/#primaryimage\"},\"thumbnailUrl\":\"https:\/\/www.alepe.pe.gov.br\/\/wp-content\/uploads\/2023\/02\/GILMAR-JUNIOR-scaled-e1675859139299.jpg\",\"datePublished\":\"2025-10-08T14:42:45+00:00\",\"breadcrumb\":{\"@id\":\"https:\/\/www.legislapp.com.br\/index.php\/cam-legislativa-de-pe-pl-3094-2025-2\/#breadcrumb\"},\"inLanguage\":\"pt-BR\",\"potentialAction\":[{\"@type\":\"ReadAction\",\"target\":[\"https:\/\/www.legislapp.com.br\/index.php\/cam-legislativa-de-pe-pl-3094-2025-2\/\"]}]},{\"@type\":\"ImageObject\",\"inLanguage\":\"pt-BR\",\"@id\":\"https:\/\/www.legislapp.com.br\/index.php\/cam-legislativa-de-pe-pl-3094-2025-2\/#primaryimage\",\"url\":\"https:\/\/www.alepe.pe.gov.br\/\/wp-content\/uploads\/2023\/02\/GILMAR-JUNIOR-scaled-e1675859139299.jpg\",\"contentUrl\":\"https:\/\/www.alepe.pe.gov.br\/\/wp-content\/uploads\/2023\/02\/GILMAR-JUNIOR-scaled-e1675859139299.jpg\"},{\"@type\":\"BreadcrumbList\",\"@id\":\"https:\/\/www.legislapp.com.br\/index.php\/cam-legislativa-de-pe-pl-3094-2025-2\/#breadcrumb\",\"itemListElement\":[{\"@type\":\"ListItem\",\"position\":1,\"name\":\"In\u00edcio\",\"item\":\"https:\/\/www.legislapp.com.br\/\"},{\"@type\":\"ListItem\",\"position\":2,\"name\":\"PL 3094\/2025 &#8211; Gilmar Junior\"}]},{\"@type\":\"WebSite\",\"@id\":\"https:\/\/www.legislapp.com.br\/#website\",\"url\":\"https:\/\/www.legislapp.com.br\/\",\"name\":\"Legislapp\",\"description\":\"Intelig\u00eancia governamental em tempo real\",\"publisher\":{\"@id\":\"https:\/\/www.legislapp.com.br\/#organization\"},\"potentialAction\":[{\"@type\":\"SearchAction\",\"target\":{\"@type\":\"EntryPoint\",\"urlTemplate\":\"https:\/\/www.legislapp.com.br\/?s={search_term_string}\"},\"query-input\":{\"@type\":\"PropertyValueSpecification\",\"valueRequired\":true,\"valueName\":\"search_term_string\"}}],\"inLanguage\":\"pt-BR\"},{\"@type\":\"Organization\",\"@id\":\"https:\/\/www.legislapp.com.br\/#organization\",\"name\":\"Legislapp Monitoramento e Intelig\u00eancia Governamental\",\"url\":\"https:\/\/www.legislapp.com.br\/\",\"logo\":{\"@type\":\"ImageObject\",\"inLanguage\":\"pt-BR\",\"@id\":\"https:\/\/www.legislapp.com.br\/#\/schema\/logo\/image\/\",\"url\":\"https:\/\/www.legislapp.com.br\/wp-content\/uploads\/icon.png\",\"contentUrl\":\"https:\/\/www.legislapp.com.br\/wp-content\/uploads\/icon.png\",\"width\":1024,\"height\":1024,\"caption\":\"Legislapp Monitoramento e Intelig\u00eancia Governamental\"},\"image\":{\"@id\":\"https:\/\/www.legislapp.com.br\/#\/schema\/logo\/image\/\"},\"sameAs\":[\"https:\/\/www.instagram.com\/legislapp\/\"]}]}<\/script>\n<!-- \/ Yoast SEO plugin. -->","yoast_head_json":{"title":"PL 3094\/2025 - Gilmar Junior - Legislapp","robots":{"index":"index","follow":"follow","max-snippet":"max-snippet:-1","max-image-preview":"max-image-preview:large","max-video-preview":"max-video-preview:-1"},"canonical":"https:\/\/www.legislapp.com.br\/index.php\/cam-legislativa-de-pe-pl-3094-2025-2\/","og_locale":"pt_BR","og_type":"article","og_title":"PL 3094\/2025 - Gilmar Junior - Legislapp","og_description":"C\u00e2m. Legislativa de PE &#8211; Autoria de Gilmar Junior A proposi\u00e7\u00e3o em tela, visa preencher uma lacuna atual na legisla\u00e7\u00e3o condominial para assegurar o exerc\u00edcio do direito do cond\u00f4mino de instalar a infraestrutura de recarga em sua unidade aut\u00f4noma, mas em plena observ\u00e2ncia das normas t\u00e9cnicas e de seguran\u00e7a. \u00a0\u00a0\u00a0\u00a0\u00a0A crescente demanda por mobilidade sustent\u00e1vel [&hellip;]","og_url":"https:\/\/www.legislapp.com.br\/index.php\/cam-legislativa-de-pe-pl-3094-2025-2\/","og_site_name":"Legislapp","article_publisher":"https:\/\/www.instagram.com\/legislapp\/","og_image":[{"url":"https:\/\/www.alepe.pe.gov.br\/\/wp-content\/uploads\/2023\/02\/GILMAR-JUNIOR-scaled-e1675859139299.jpg","type":"","width":"","height":""}],"twitter_card":"summary_large_image","twitter_misc":{"Est. tempo de leitura":"4 minutos"},"schema":{"@context":"https:\/\/schema.org","@graph":[{"@type":"WebPage","@id":"https:\/\/www.legislapp.com.br\/index.php\/cam-legislativa-de-pe-pl-3094-2025-2\/","url":"https:\/\/www.legislapp.com.br\/index.php\/cam-legislativa-de-pe-pl-3094-2025-2\/","name":"PL 3094\/2025 - Gilmar Junior - Legislapp","isPartOf":{"@id":"https:\/\/www.legislapp.com.br\/#website"},"primaryImageOfPage":{"@id":"https:\/\/www.legislapp.com.br\/index.php\/cam-legislativa-de-pe-pl-3094-2025-2\/#primaryimage"},"image":{"@id":"https:\/\/www.legislapp.com.br\/index.php\/cam-legislativa-de-pe-pl-3094-2025-2\/#primaryimage"},"thumbnailUrl":"https:\/\/www.alepe.pe.gov.br\/\/wp-content\/uploads\/2023\/02\/GILMAR-JUNIOR-scaled-e1675859139299.jpg","datePublished":"2025-10-08T14:42:45+00:00","breadcrumb":{"@id":"https:\/\/www.legislapp.com.br\/index.php\/cam-legislativa-de-pe-pl-3094-2025-2\/#breadcrumb"},"inLanguage":"pt-BR","potentialAction":[{"@type":"ReadAction","target":["https:\/\/www.legislapp.com.br\/index.php\/cam-legislativa-de-pe-pl-3094-2025-2\/"]}]},{"@type":"ImageObject","inLanguage":"pt-BR","@id":"https:\/\/www.legislapp.com.br\/index.php\/cam-legislativa-de-pe-pl-3094-2025-2\/#primaryimage","url":"https:\/\/www.alepe.pe.gov.br\/\/wp-content\/uploads\/2023\/02\/GILMAR-JUNIOR-scaled-e1675859139299.jpg","contentUrl":"https:\/\/www.alepe.pe.gov.br\/\/wp-content\/uploads\/2023\/02\/GILMAR-JUNIOR-scaled-e1675859139299.jpg"},{"@type":"BreadcrumbList","@id":"https:\/\/www.legislapp.com.br\/index.php\/cam-legislativa-de-pe-pl-3094-2025-2\/#breadcrumb","itemListElement":[{"@type":"ListItem","position":1,"name":"In\u00edcio","item":"https:\/\/www.legislapp.com.br\/"},{"@type":"ListItem","position":2,"name":"PL 3094\/2025 &#8211; Gilmar Junior"}]},{"@type":"WebSite","@id":"https:\/\/www.legislapp.com.br\/#website","url":"https:\/\/www.legislapp.com.br\/","name":"Legislapp","description":"Intelig\u00eancia governamental em tempo real","publisher":{"@id":"https:\/\/www.legislapp.com.br\/#organization"},"potentialAction":[{"@type":"SearchAction","target":{"@type":"EntryPoint","urlTemplate":"https:\/\/www.legislapp.com.br\/?s={search_term_string}"},"query-input":{"@type":"PropertyValueSpecification","valueRequired":true,"valueName":"search_term_string"}}],"inLanguage":"pt-BR"},{"@type":"Organization","@id":"https:\/\/www.legislapp.com.br\/#organization","name":"Legislapp Monitoramento e Intelig\u00eancia Governamental","url":"https:\/\/www.legislapp.com.br\/","logo":{"@type":"ImageObject","inLanguage":"pt-BR","@id":"https:\/\/www.legislapp.com.br\/#\/schema\/logo\/image\/","url":"https:\/\/www.legislapp.com.br\/wp-content\/uploads\/icon.png","contentUrl":"https:\/\/www.legislapp.com.br\/wp-content\/uploads\/icon.png","width":1024,"height":1024,"caption":"Legislapp Monitoramento e Intelig\u00eancia Governamental"},"image":{"@id":"https:\/\/www.legislapp.com.br\/#\/schema\/logo\/image\/"},"sameAs":["https:\/\/www.instagram.com\/legislapp\/"]}]}},"_links":{"self":[{"href":"https:\/\/www.legislapp.com.br\/index.php\/wp-json\/wp\/v2\/pages\/8589","targetHints":{"allow":["GET"]}}],"collection":[{"href":"https:\/\/www.legislapp.com.br\/index.php\/wp-json\/wp\/v2\/pages"}],"about":[{"href":"https:\/\/www.legislapp.com.br\/index.php\/wp-json\/wp\/v2\/types\/page"}],"author":[{"embeddable":true,"href":"https:\/\/www.legislapp.com.br\/index.php\/wp-json\/wp\/v2\/users\/1"}],"replies":[{"embeddable":true,"href":"https:\/\/www.legislapp.com.br\/index.php\/wp-json\/wp\/v2\/comments?post=8589"}],"version-history":[{"count":0,"href":"https:\/\/www.legislapp.com.br\/index.php\/wp-json\/wp\/v2\/pages\/8589\/revisions"}],"wp:attachment":[{"href":"https:\/\/www.legislapp.com.br\/index.php\/wp-json\/wp\/v2\/media?parent=8589"}],"curies":[{"name":"wp","href":"https:\/\/api.w.org\/{rel}","templated":true}]}}