{"id":8595,"date":"2025-10-08T11:43:06","date_gmt":"2025-10-08T14:43:06","guid":{"rendered":"https:\/\/www.legislapp.com.br\/index.php\/cam-legislativa-de-sc-pl-0529-2025\/"},"modified":"2025-10-08T11:43:06","modified_gmt":"2025-10-08T14:43:06","slug":"cam-legislativa-de-sc-pl-0529-2025","status":"publish","type":"page","link":"https:\/\/www.legislapp.com.br\/index.php\/cam-legislativa-de-sc-pl-0529-2025\/","title":{"rendered":"PL.\/0529\/2025 &#8211; Paulinha"},"content":{"rendered":"<h1 style='text-align: center;'>C\u00e2m. Legislativa de SC &#8211; Autoria de Paulinha<\/h3>\n<p><\/p>\n<article style='text-align: center'>Estabelece diretrizes para garantir a participa\u00e7\u00e3o m\u00ednima de mulheres nos conselhos de administra\u00e7\u00e3o das empresas p\u00fablicas, sociedades de economia mista, suas subsidi\u00e1rias e controladas, no \u00e2mbito do Estado de Santa Catarina.<\/article>\n<p><\/p>\n<p style='text-align: center'><a href='https:\/\/app.legislapp.com.br\/#\/busca?termo='><\/a><\/p>\n<p><\/p>\n<article>ASSEMBLEIA LEGISLATIVA GABINETE DEPUTADA<br \/>\nESTADO DE SANTA CATARINA PAULINHA<\/p>\n<p>PROJETO DE LEI<\/p>\n<p>Estabelece diretrizes para garantir a participa\u00e7\u00e3o m\u00ednima de<br \/>\nmulheres nos conselhos de administra\u00e7\u00e3o das empresas<br \/>\np\u00fablicas, sociedades de economia mista, suas subsidi\u00e1rias e<br \/>\ncontroladas, no \u00e2mbito do Estado de Santa Catarina.<\/p>\n<p>Art. 1\u00ba Esta Lei estabelece diretrizes para a promo\u00e7\u00e3o da<br \/>\nequidade de g\u00eanero e da diversidade nos conselhos de administra\u00e7\u00e3o das empresas<br \/>\np\u00fablicas, sociedades de economia mista, suas subsidi\u00e1rias e controladas no \u00e2mbito do<br \/>\nEstado de Santa Catarina, nos termos da Lei Federal n\u00ba 15.177, de 23 de julho de<br \/>\n2025.<\/p>\n<p>Art. 2\u00ba As empresas p\u00fablicas, sociedades de economia mista,<br \/>\nsuas subsidi\u00e1rias e controladas dever\u00e3o assegurar, na composi\u00e7\u00e3o dos respectivos<br \/>\nconselhos de administra\u00e7\u00e3o, o m\u00ednimo de 30% (trinta por cento) das vagas para<br \/>\nmulheres.<\/p>\n<p>\u00a71\u00ba A exig\u00eancia prevista no caput aplica-se \u00e0 composi\u00e7\u00e3o<br \/>\ntotal do colegiado, independentemente do n\u00famero de conselheiros.   <\/p>\n<p>\u00a72\u00ba Dentro do percentual m\u00ednimo estabelecido no caput,<br \/>\ndever\u00e1 ser assegurada a participa\u00e7\u00e3o de mulheres negras, mulheres LBTI e mulheres<br \/>\ncom defici\u00eancia, conforme autodeclara\u00e7\u00e3o, observada a proporcionalidade demogr\u00e1fica<br \/>\ne a pol\u00edtica interna de diversidade da empresa como respeitados os princ\u00edpios da<br \/>\nimpessoalidade, isonomia e efici\u00eancia.<\/p>\n<p>Art. 3\u00ba As nomea\u00e7\u00f5es dever\u00e3o observar o crit\u00e9rio de<br \/>\naltern\u00e2ncia de g\u00eanero at\u00e9 que o percentual m\u00ednimo seja atingido, de forma progressiva,<br \/>\nconforme vac\u00e2ncia dos cargos.<\/p>\n<p>Art. 4\u00ba As empresas p\u00fablicas e sociedades de economia<br \/>\nmista dever\u00e3o, no prazo de at\u00e9 2 (dois) anos a contar da publica\u00e7\u00e3o desta Lei, ajustar<br \/>\nseus estatutos e regimentos internos \u00e0s diretrizes aqui previstas, de modo<br \/>\ncompat\u00edvel com a Lei Federal n\u00ba 15.177\/2025 e com a Lei Federal n\u00ba 13.303\/2016 (Lei<br \/>\ndas Estatais).<\/p>\n<p>Art. 5\u00ba A aplica\u00e7\u00e3o desta Lei observar\u00e1 os princ\u00edpios da<br \/>\nadministra\u00e7\u00e3o p\u00fablica, especialmente os da legalidade, impessoalidade, moralidade,<br \/>\npublicidade, efici\u00eancia e da igualdade de g\u00eanero.<\/p>\n<p>Art. 6\u00ba Esta Lei entra em vigor na data de sua publica\u00e7\u00e3o.<\/p>\n<p>Sala da Sess\u00f5es,     <\/p>\n<p>Deputada PAULINHA &#8211; Secretaria da Mulher<br \/>\n JUSTIFICA\u00c7\u00c3O<\/p>\n<p>A presente proposi\u00e7\u00e3o visa instituir diretrizes complementares \u00e0 Lei Federal n\u00ba<br \/>\n15.177\/2025, que estabelece a reserva m\u00ednima de participa\u00e7\u00e3o feminina nos conselhos<br \/>\nde administra\u00e7\u00e3o das empresas p\u00fablicas e sociedades de economia mista, com o<br \/>\nobjetivo de promover a equidade de g\u00eanero, diversidade e governan\u00e7a inclusiva no<br \/>\n\u00e2mbito do Estado de Santa Catarina.<\/p>\n<p>Pesquisas comprovam que conselhos mais diversos contribuem para uma gest\u00e3o mais<br \/>\n\u00e9tica, transparente e inovadora. A presen\u00e7a de mulheres \u2014 especialmente aquelas<br \/>\npertencentes a grupos sociais historicamente sub-representados \u2014 fortalece as<br \/>\npr\u00e1ticas de responsabilidade social, pluralidade de vis\u00f5es e tomada de decis\u00e3o<br \/>\nestrat\u00e9gica.<\/p>\n<p>Este Projeto de Lei respeita a autonomia do Poder Executivo e das empresas estatais,<br \/>\nao propor diretrizes compat\u00edveis com a legisla\u00e7\u00e3o federal, sem interferir na estrutura<br \/>\nadministrativa nem incorrer em v\u00edcio de iniciativa.<\/p>\n<p>Ao propor esse avan\u00e7o, Santa Catarina reafirma seu compromisso com uma sociedade<br \/>\nmais justa, plural e representativa. <\/p>\n<p>Contamos com o apoio dos nobres parlamentares para aprovar esta iniciativa que<br \/>\nimpulsiona a moderniza\u00e7\u00e3o da gest\u00e3o p\u00fablica e o protagonismo feminino nos espa\u00e7os<br \/>\nde decis\u00e3o.<\/p>\n<p>ELEGIS<br \/>\nDocumento assinado eletronicamente por Ana Paula da Silva,<br \/>\nSistema de Processo<br \/>\nem 30\/07\/2025, \u00e0s 02:17.<br \/>\nLegislativo Eletr\u00f4nico<\/article>\n<div style=\"text-align: center\">\n<div style=\"margin-bottom: 20px;\" class=\"et_pb_button_module_wrapper et_pb_button_5_tb_body_wrapper et_pb_button_alignment_center et_pb_module \">\n         <a class=\"et_pb_button et_pb_button_5_tb_body et_hover_enabled et_pb_bg_layout_dark\" style=\"width: 50%;background-color: black;\" href=\"https:\/\/app.legislapp.com.br\" target=\"_blank\" rel=\"noopener\">Visualizar completo na nossa plataforma (30 dias gr\u00e1tis)<\/a><\/p><\/div>\n<p>      <a href=\"https:\/\/play.google.com\/store\/apps\/details?id=br.com.legislapp\"><img decoding=\"async\" style=\"width: 15%; min-width: 130px;\" src=\"https:\/\/www.legislapp.com.br\/wp-content\/uploads\/google-play.png\"><\/a><br \/>\n      <a href=\"https:\/\/apps.apple.com\/us\/app\/legislapp\/id1568929859\"><img decoding=\"async\" style=\"width: 15%; min-width: 130px\" src=\"https:\/\/www.legislapp.com.br\/wp-content\/uploads\/apple-store.png\"><\/a>\n   <\/div>\n","protected":false},"excerpt":{"rendered":"<p>C\u00e2m. Legislativa de SC &#8211; Autoria de Paulinha Estabelece diretrizes para garantir a participa\u00e7\u00e3o m\u00ednima de mulheres nos conselhos de administra\u00e7\u00e3o das empresas p\u00fablicas, sociedades de economia mista, suas subsidi\u00e1rias e controladas, no \u00e2mbito do Estado de Santa Catarina. ASSEMBLEIA LEGISLATIVA GABINETE DEPUTADA ESTADO DE SANTA CATARINA PAULINHA PROJETO DE LEI Estabelece diretrizes para garantir [&hellip;]<\/p>\n","protected":false},"author":1,"featured_media":0,"parent":0,"menu_order":0,"comment_status":"closed","ping_status":"closed","template":"page-template-blank.php","meta":{"_et_pb_use_builder":"","_et_pb_old_content":"","_et_gb_content_width":"1080","ngg_post_thumbnail":0,"footnotes":""},"class_list":["post-8595","page","type-page","status-publish","hentry"],"yoast_head":"<!-- This site is optimized with the Yoast SEO plugin v24.4 - https:\/\/yoast.com\/wordpress\/plugins\/seo\/ -->\n<title>PL.\/0529\/2025 - Paulinha - Legislapp<\/title>\n<meta name=\"robots\" content=\"index, follow, max-snippet:-1, max-image-preview:large, max-video-preview:-1\" \/>\n<link rel=\"canonical\" href=\"https:\/\/www.legislapp.com.br\/index.php\/cam-legislativa-de-sc-pl-0529-2025\/\" \/>\n<meta property=\"og:locale\" content=\"pt_BR\" \/>\n<meta property=\"og:type\" content=\"article\" \/>\n<meta property=\"og:title\" content=\"PL.\/0529\/2025 - Paulinha - Legislapp\" \/>\n<meta property=\"og:description\" content=\"C\u00e2m. Legislativa de SC &#8211; Autoria de Paulinha Estabelece diretrizes para garantir a participa\u00e7\u00e3o m\u00ednima de mulheres nos conselhos de administra\u00e7\u00e3o das empresas p\u00fablicas, sociedades de economia mista, suas subsidi\u00e1rias e controladas, no \u00e2mbito do Estado de Santa Catarina. ASSEMBLEIA LEGISLATIVA GABINETE DEPUTADA ESTADO DE SANTA CATARINA PAULINHA PROJETO DE LEI Estabelece diretrizes para garantir [&hellip;]\" \/>\n<meta property=\"og:url\" content=\"https:\/\/www.legislapp.com.br\/index.php\/cam-legislativa-de-sc-pl-0529-2025\/\" \/>\n<meta property=\"og:site_name\" content=\"Legislapp\" \/>\n<meta property=\"article:publisher\" content=\"https:\/\/www.instagram.com\/legislapp\/\" \/>\n<meta property=\"og:image\" content=\"https:\/\/www.legislapp.com.br\/wp-content\/uploads\/google-play.png\" \/>\n<meta name=\"twitter:card\" content=\"summary_large_image\" \/>\n<meta name=\"twitter:label1\" content=\"Est. tempo de leitura\" \/>\n\t<meta name=\"twitter:data1\" content=\"3 minutos\" \/>\n<script type=\"application\/ld+json\" class=\"yoast-schema-graph\">{\"@context\":\"https:\/\/schema.org\",\"@graph\":[{\"@type\":\"WebPage\",\"@id\":\"https:\/\/www.legislapp.com.br\/index.php\/cam-legislativa-de-sc-pl-0529-2025\/\",\"url\":\"https:\/\/www.legislapp.com.br\/index.php\/cam-legislativa-de-sc-pl-0529-2025\/\",\"name\":\"PL.\/0529\/2025 - Paulinha - Legislapp\",\"isPartOf\":{\"@id\":\"https:\/\/www.legislapp.com.br\/#website\"},\"primaryImageOfPage\":{\"@id\":\"https:\/\/www.legislapp.com.br\/index.php\/cam-legislativa-de-sc-pl-0529-2025\/#primaryimage\"},\"image\":{\"@id\":\"https:\/\/www.legislapp.com.br\/index.php\/cam-legislativa-de-sc-pl-0529-2025\/#primaryimage\"},\"thumbnailUrl\":\"https:\/\/www.legislapp.com.br\/wp-content\/uploads\/google-play.png\",\"datePublished\":\"2025-10-08T14:43:06+00:00\",\"breadcrumb\":{\"@id\":\"https:\/\/www.legislapp.com.br\/index.php\/cam-legislativa-de-sc-pl-0529-2025\/#breadcrumb\"},\"inLanguage\":\"pt-BR\",\"potentialAction\":[{\"@type\":\"ReadAction\",\"target\":[\"https:\/\/www.legislapp.com.br\/index.php\/cam-legislativa-de-sc-pl-0529-2025\/\"]}]},{\"@type\":\"ImageObject\",\"inLanguage\":\"pt-BR\",\"@id\":\"https:\/\/www.legislapp.com.br\/index.php\/cam-legislativa-de-sc-pl-0529-2025\/#primaryimage\",\"url\":\"https:\/\/www.legislapp.com.br\/wp-content\/uploads\/google-play.png\",\"contentUrl\":\"https:\/\/www.legislapp.com.br\/wp-content\/uploads\/google-play.png\",\"width\":564,\"height\":168},{\"@type\":\"BreadcrumbList\",\"@id\":\"https:\/\/www.legislapp.com.br\/index.php\/cam-legislativa-de-sc-pl-0529-2025\/#breadcrumb\",\"itemListElement\":[{\"@type\":\"ListItem\",\"position\":1,\"name\":\"In\u00edcio\",\"item\":\"https:\/\/www.legislapp.com.br\/\"},{\"@type\":\"ListItem\",\"position\":2,\"name\":\"PL.\/0529\/2025 &#8211; Paulinha\"}]},{\"@type\":\"WebSite\",\"@id\":\"https:\/\/www.legislapp.com.br\/#website\",\"url\":\"https:\/\/www.legislapp.com.br\/\",\"name\":\"Legislapp\",\"description\":\"Intelig\u00eancia governamental em tempo real\",\"publisher\":{\"@id\":\"https:\/\/www.legislapp.com.br\/#organization\"},\"potentialAction\":[{\"@type\":\"SearchAction\",\"target\":{\"@type\":\"EntryPoint\",\"urlTemplate\":\"https:\/\/www.legislapp.com.br\/?s={search_term_string}\"},\"query-input\":{\"@type\":\"PropertyValueSpecification\",\"valueRequired\":true,\"valueName\":\"search_term_string\"}}],\"inLanguage\":\"pt-BR\"},{\"@type\":\"Organization\",\"@id\":\"https:\/\/www.legislapp.com.br\/#organization\",\"name\":\"Legislapp Monitoramento e Intelig\u00eancia Governamental\",\"url\":\"https:\/\/www.legislapp.com.br\/\",\"logo\":{\"@type\":\"ImageObject\",\"inLanguage\":\"pt-BR\",\"@id\":\"https:\/\/www.legislapp.com.br\/#\/schema\/logo\/image\/\",\"url\":\"https:\/\/www.legislapp.com.br\/wp-content\/uploads\/icon.png\",\"contentUrl\":\"https:\/\/www.legislapp.com.br\/wp-content\/uploads\/icon.png\",\"width\":1024,\"height\":1024,\"caption\":\"Legislapp Monitoramento e Intelig\u00eancia Governamental\"},\"image\":{\"@id\":\"https:\/\/www.legislapp.com.br\/#\/schema\/logo\/image\/\"},\"sameAs\":[\"https:\/\/www.instagram.com\/legislapp\/\"]}]}<\/script>\n<!-- \/ Yoast SEO plugin. -->","yoast_head_json":{"title":"PL.\/0529\/2025 - Paulinha - Legislapp","robots":{"index":"index","follow":"follow","max-snippet":"max-snippet:-1","max-image-preview":"max-image-preview:large","max-video-preview":"max-video-preview:-1"},"canonical":"https:\/\/www.legislapp.com.br\/index.php\/cam-legislativa-de-sc-pl-0529-2025\/","og_locale":"pt_BR","og_type":"article","og_title":"PL.\/0529\/2025 - Paulinha - Legislapp","og_description":"C\u00e2m. Legislativa de SC &#8211; Autoria de Paulinha Estabelece diretrizes para garantir a participa\u00e7\u00e3o m\u00ednima de mulheres nos conselhos de administra\u00e7\u00e3o das empresas p\u00fablicas, sociedades de economia mista, suas subsidi\u00e1rias e controladas, no \u00e2mbito do Estado de Santa Catarina. ASSEMBLEIA LEGISLATIVA GABINETE DEPUTADA ESTADO DE SANTA CATARINA PAULINHA PROJETO DE LEI Estabelece diretrizes para garantir [&hellip;]","og_url":"https:\/\/www.legislapp.com.br\/index.php\/cam-legislativa-de-sc-pl-0529-2025\/","og_site_name":"Legislapp","article_publisher":"https:\/\/www.instagram.com\/legislapp\/","og_image":[{"url":"https:\/\/www.legislapp.com.br\/wp-content\/uploads\/google-play.png","type":"","width":"","height":""}],"twitter_card":"summary_large_image","twitter_misc":{"Est. tempo de leitura":"3 minutos"},"schema":{"@context":"https:\/\/schema.org","@graph":[{"@type":"WebPage","@id":"https:\/\/www.legislapp.com.br\/index.php\/cam-legislativa-de-sc-pl-0529-2025\/","url":"https:\/\/www.legislapp.com.br\/index.php\/cam-legislativa-de-sc-pl-0529-2025\/","name":"PL.\/0529\/2025 - Paulinha - Legislapp","isPartOf":{"@id":"https:\/\/www.legislapp.com.br\/#website"},"primaryImageOfPage":{"@id":"https:\/\/www.legislapp.com.br\/index.php\/cam-legislativa-de-sc-pl-0529-2025\/#primaryimage"},"image":{"@id":"https:\/\/www.legislapp.com.br\/index.php\/cam-legislativa-de-sc-pl-0529-2025\/#primaryimage"},"thumbnailUrl":"https:\/\/www.legislapp.com.br\/wp-content\/uploads\/google-play.png","datePublished":"2025-10-08T14:43:06+00:00","breadcrumb":{"@id":"https:\/\/www.legislapp.com.br\/index.php\/cam-legislativa-de-sc-pl-0529-2025\/#breadcrumb"},"inLanguage":"pt-BR","potentialAction":[{"@type":"ReadAction","target":["https:\/\/www.legislapp.com.br\/index.php\/cam-legislativa-de-sc-pl-0529-2025\/"]}]},{"@type":"ImageObject","inLanguage":"pt-BR","@id":"https:\/\/www.legislapp.com.br\/index.php\/cam-legislativa-de-sc-pl-0529-2025\/#primaryimage","url":"https:\/\/www.legislapp.com.br\/wp-content\/uploads\/google-play.png","contentUrl":"https:\/\/www.legislapp.com.br\/wp-content\/uploads\/google-play.png","width":564,"height":168},{"@type":"BreadcrumbList","@id":"https:\/\/www.legislapp.com.br\/index.php\/cam-legislativa-de-sc-pl-0529-2025\/#breadcrumb","itemListElement":[{"@type":"ListItem","position":1,"name":"In\u00edcio","item":"https:\/\/www.legislapp.com.br\/"},{"@type":"ListItem","position":2,"name":"PL.\/0529\/2025 &#8211; Paulinha"}]},{"@type":"WebSite","@id":"https:\/\/www.legislapp.com.br\/#website","url":"https:\/\/www.legislapp.com.br\/","name":"Legislapp","description":"Intelig\u00eancia governamental em tempo real","publisher":{"@id":"https:\/\/www.legislapp.com.br\/#organization"},"potentialAction":[{"@type":"SearchAction","target":{"@type":"EntryPoint","urlTemplate":"https:\/\/www.legislapp.com.br\/?s={search_term_string}"},"query-input":{"@type":"PropertyValueSpecification","valueRequired":true,"valueName":"search_term_string"}}],"inLanguage":"pt-BR"},{"@type":"Organization","@id":"https:\/\/www.legislapp.com.br\/#organization","name":"Legislapp Monitoramento e Intelig\u00eancia Governamental","url":"https:\/\/www.legislapp.com.br\/","logo":{"@type":"ImageObject","inLanguage":"pt-BR","@id":"https:\/\/www.legislapp.com.br\/#\/schema\/logo\/image\/","url":"https:\/\/www.legislapp.com.br\/wp-content\/uploads\/icon.png","contentUrl":"https:\/\/www.legislapp.com.br\/wp-content\/uploads\/icon.png","width":1024,"height":1024,"caption":"Legislapp Monitoramento e Intelig\u00eancia Governamental"},"image":{"@id":"https:\/\/www.legislapp.com.br\/#\/schema\/logo\/image\/"},"sameAs":["https:\/\/www.instagram.com\/legislapp\/"]}]}},"_links":{"self":[{"href":"https:\/\/www.legislapp.com.br\/index.php\/wp-json\/wp\/v2\/pages\/8595","targetHints":{"allow":["GET"]}}],"collection":[{"href":"https:\/\/www.legislapp.com.br\/index.php\/wp-json\/wp\/v2\/pages"}],"about":[{"href":"https:\/\/www.legislapp.com.br\/index.php\/wp-json\/wp\/v2\/types\/page"}],"author":[{"embeddable":true,"href":"https:\/\/www.legislapp.com.br\/index.php\/wp-json\/wp\/v2\/users\/1"}],"replies":[{"embeddable":true,"href":"https:\/\/www.legislapp.com.br\/index.php\/wp-json\/wp\/v2\/comments?post=8595"}],"version-history":[{"count":0,"href":"https:\/\/www.legislapp.com.br\/index.php\/wp-json\/wp\/v2\/pages\/8595\/revisions"}],"wp:attachment":[{"href":"https:\/\/www.legislapp.com.br\/index.php\/wp-json\/wp\/v2\/media?parent=8595"}],"curies":[{"name":"wp","href":"https:\/\/api.w.org\/{rel}","templated":true}]}}