{"id":8849,"date":"2025-10-08T11:58:04","date_gmt":"2025-10-08T14:58:04","guid":{"rendered":"https:\/\/www.legislapp.com.br\/index.php\/cam-legislativa-de-pe-pl-3056-2025-2\/"},"modified":"2025-10-08T11:58:04","modified_gmt":"2025-10-08T14:58:04","slug":"cam-legislativa-de-pe-pl-3056-2025-2","status":"publish","type":"page","link":"https:\/\/www.legislapp.com.br\/index.php\/cam-legislativa-de-pe-pl-3056-2025-2\/","title":{"rendered":"PL 3056\/2025 &#8211; Gilmar Junior"},"content":{"rendered":"<h1 style='text-align: center;'>C\u00e2m. Legislativa de PE &#8211; Autoria de Gilmar Junior<br \/><img src='https:\/\/www.alepe.pe.gov.br\/\/wp-content\/uploads\/2023\/02\/GILMAR-JUNIOR-scaled-e1675859139299.jpg' alt='Gilmar Junior' \/><\/h3>\n<p><\/p>\n<article style='text-align: center'>A presente proposta visa instituir o Protocolo Estadual de Pronto Atendimento, Conscientiza\u00e7\u00e3o e Preven\u00e7\u00e3o da S\u00edndrome HELLP em Pernambuco, com foco em ampliar o conhecimento, a preven\u00e7\u00e3o, o diagn\u00f3stico precoce e o tratamento adequado dessa condi\u00e7\u00e3o m\u00e9dica grave que pode acometer gestantes, especialmente durante o terceiro trimestre da gesta\u00e7\u00e3o ou no per\u00edodo p\u00f3s-parto.<\/p>\n<p>\u00a0\u00a0\u00a0\u00a0\u00a0A S\u00edndrome HELLP \u00e9 uma complica\u00e7\u00e3o obst\u00e9trica potencialmente fatal. Sua detec\u00e7\u00e3o precoce e manejo adequado s\u00e3o essenciais para a preserva\u00e7\u00e3o da vida da m\u00e3e e do beb\u00ea. No entanto, a baixa difus\u00e3o de informa\u00e7\u00f5es entre a popula\u00e7\u00e3o e a aus\u00eancia de protocolos espec\u00edficos no atendimento pr\u00e9-natal dificultam a identifica\u00e7\u00e3o e o tratamento oportuno da s\u00edndrome.<\/p>\n<p>\u00a0\u00a0\u00a0\u00a0\u00a0O protocolo tem como pilares a\u00e7\u00f5es aliadas aos manejos j\u00e1 existentes na estrutura do Sistema \u00danico de Sa\u00fade (SUS) em Pernambuco, utilizando estrat\u00e9gias que incluem campanhas de conscientiza\u00e7\u00e3o por meio de plataformas digitais, capacita\u00e7\u00e3o remota de profissionais da sa\u00fade, est\u00edmulo ao diagn\u00f3stico precoce, fortalecimento da rede de aten\u00e7\u00e3o \u00e0 gestante e apoio psicol\u00f3gico e social \u00e0s fam\u00edlias afetadas.<\/p>\n<p>\u00a0\u00a0\u00a0\u00a0\u00a0Trata-se, portanto, de uma iniciativa com grande potencial de impacto positivo na sa\u00fade materna e perinatal, sem gerar custos adicionais, ao mesmo tempo em que promove cidadania, prote\u00e7\u00e3o \u00e0 vida e fortalecimento da aten\u00e7\u00e3o b\u00e1sica \u00e0 sa\u00fade da mulher.<\/p>\n<p>\u00a0\u00a0\u00a0\u00a0\u00a0Diante do exposto, solicito a aprova\u00e7\u00e3o dos Nobres Pares.<\/article>\n<p><\/p>\n<p style='text-align: center'><a href='https:\/\/app.legislapp.com.br\/#\/busca?termo='><\/a><\/p>\n<p><\/p>\n<article>\u00a0\u00a0\u00a0\u00a0\u00a0Art. 1\u00ba Fica criado o Protocolo Estadual de Pronto Atendimento, Conscientiza\u00e7\u00e3o e Preven\u00e7\u00e3o da S\u00edndrome HELLP em Pernambuco.<\/p>\n<p>\u00a0\u00a0\u00a0\u00a0\u00a0Par\u00e1grafo \u00fanico. A S\u00edndrome HELLP &#8211; sigla em ingl\u00eas para Hemolysis, Elevated Liver enzymes and Low Platelets (hem\u00f3lise, eleva\u00e7\u00e3o de enzimas hep\u00e1ticas e baixa contagem de plaquetas) &#8211; \u00e9 uma complica\u00e7\u00e3o obst\u00e9trica frequentemente associada \u00e0 pr\u00e9-ecl\u00e2mpsia, caracterizada por hem\u00f3lise (destrui\u00e7\u00e3o de gl\u00f3bulos vermelhos), enzimas hep\u00e1ticas elevadas e plaquetopenia (baixa contagem de plaquetas).<\/p>\n<p>\u00a0\u00a0\u00a0\u00a0\u00a0Art. 2\u00ba A inser\u00e7\u00e3o desse protocolo tem o objetivo de ampliar o conhecimento, a preven\u00e7\u00e3o e o tratamento desta condi\u00e7\u00e3o grave que pode acometer gestantes e parturientes, utilizando recursos j\u00e1 existentes e parcerias com entidades p\u00fablicas e privadas.<\/p>\n<p>\u00a0\u00a0\u00a0\u00a0\u00a0Art. 3\u00ba O Protocolo ter\u00e1 as seguintes diretrizes:<\/p>\n<p>\u00a0\u00a0\u00a0\u00a0\u00a0I &#8211; promo\u00e7\u00e3o de campanhas educativas sobre a S\u00edndrome HELLP, nas etapas do pr\u00e9 natal, sobre seus sintomas, fatores de risco e preven\u00e7\u00e3o;<\/p>\n<p>\u00a0\u00a0\u00a0\u00a0\u00a0II &#8211; incentivo a orienta\u00e7\u00e3o de profissionais da sa\u00fade por meio de recursos internos do sistema \u00fanico de sa\u00fade;<\/p>\n<p>\u00a0\u00a0\u00a0\u00a0\u00a0III &#8211; incentivo \u00e0 realiza\u00e7\u00e3o de exames laboratoriais e cl\u00ednicos para a identifica\u00e7\u00e3o precoce da s\u00edndrome, com foco na otimiza\u00e7\u00e3o de recursos existentes no Sistema \u00danico de Sa\u00fade (SUS);<\/p>\n<p>\u00a0\u00a0\u00a0\u00a0\u00a0IV &#8211; garantia de acesso a atendimento especializado no SUS, por meio de a\u00e7\u00f5es de integra\u00e7\u00e3o e fortalecimento da rede de aten\u00e7\u00e3o \u00e0 gestante;<\/p>\n<p>\u00a0\u00a0\u00a0\u00a0\u00a0V &#8211; desenvolvimento de manejos cl\u00ednicos e diretrizes terap\u00eauticas espec\u00edficas para a s\u00edndrome, utilizando materiais e orienta\u00e7\u00f5es j\u00e1 dispon\u00edveis em fontes p\u00fablicas e institui\u00e7\u00f5es de refer\u00eancia;<\/p>\n<p>\u00a0\u00a0\u00a0\u00a0\u00a0VI &#8211; apoio \u00e0s gestantes diagnosticadas e suas fam\u00edlias por meio de acompanhamento psicol\u00f3gico e social, preferencialmente com profissionais volunt\u00e1rios ou programas de apoio j\u00e1 existentes na rede p\u00fablica.<\/p>\n<p>\u00a0\u00a0\u00a0\u00a0\u00a0Art. 4\u00ba O Poder Executivo poder\u00e1 firmar parcerias com entidades p\u00fablicas e privadas para a execu\u00e7\u00e3o das a\u00e7\u00f5es previstas nesta Lei.<\/p>\n<p>\u00a0\u00a0\u00a0\u00a0\u00a0Art. 5\u00ba Esta Lei entra em vigor na data de sua publica\u00e7\u00e3o.<\/article>\n<div style=\"text-align: center\">\n<div style=\"margin-bottom: 20px;\" class=\"et_pb_button_module_wrapper et_pb_button_5_tb_body_wrapper et_pb_button_alignment_center et_pb_module \">\n         <a class=\"et_pb_button et_pb_button_5_tb_body et_hover_enabled et_pb_bg_layout_dark\" style=\"width: 50%;background-color: black;\" href=\"https:\/\/app.legislapp.com.br\" target=\"_blank\" rel=\"noopener\">Visualizar completo na nossa plataforma (30 dias gr\u00e1tis)<\/a><\/p><\/div>\n<p>      <a href=\"https:\/\/play.google.com\/store\/apps\/details?id=br.com.legislapp\"><img decoding=\"async\" style=\"width: 15%; min-width: 130px;\" src=\"https:\/\/www.legislapp.com.br\/wp-content\/uploads\/google-play.png\"><\/a><br \/>\n      <a href=\"https:\/\/apps.apple.com\/us\/app\/legislapp\/id1568929859\"><img decoding=\"async\" style=\"width: 15%; min-width: 130px\" src=\"https:\/\/www.legislapp.com.br\/wp-content\/uploads\/apple-store.png\"><\/a>\n   <\/div>\n","protected":false},"excerpt":{"rendered":"<p>C\u00e2m. Legislativa de PE &#8211; Autoria de Gilmar Junior A presente proposta visa instituir o Protocolo Estadual de Pronto Atendimento, Conscientiza\u00e7\u00e3o e Preven\u00e7\u00e3o da S\u00edndrome HELLP em Pernambuco, com foco em ampliar o conhecimento, a preven\u00e7\u00e3o, o diagn\u00f3stico precoce e o tratamento adequado dessa condi\u00e7\u00e3o m\u00e9dica grave que pode acometer gestantes, especialmente durante o terceiro [&hellip;]<\/p>\n","protected":false},"author":1,"featured_media":0,"parent":0,"menu_order":0,"comment_status":"closed","ping_status":"closed","template":"page-template-blank.php","meta":{"_et_pb_use_builder":"","_et_pb_old_content":"","_et_gb_content_width":"1080","ngg_post_thumbnail":0,"footnotes":""},"class_list":["post-8849","page","type-page","status-publish","hentry"],"yoast_head":"<!-- This site is optimized with the Yoast SEO plugin v24.4 - https:\/\/yoast.com\/wordpress\/plugins\/seo\/ -->\n<title>PL 3056\/2025 - Gilmar Junior - Legislapp<\/title>\n<meta name=\"robots\" content=\"index, follow, max-snippet:-1, max-image-preview:large, max-video-preview:-1\" \/>\n<link rel=\"canonical\" href=\"https:\/\/www.legislapp.com.br\/index.php\/cam-legislativa-de-pe-pl-3056-2025-2\/\" \/>\n<meta property=\"og:locale\" content=\"pt_BR\" \/>\n<meta property=\"og:type\" content=\"article\" \/>\n<meta property=\"og:title\" content=\"PL 3056\/2025 - Gilmar Junior - Legislapp\" \/>\n<meta property=\"og:description\" content=\"C\u00e2m. Legislativa de PE &#8211; Autoria de Gilmar Junior A presente proposta visa instituir o Protocolo Estadual de Pronto Atendimento, Conscientiza\u00e7\u00e3o e Preven\u00e7\u00e3o da S\u00edndrome HELLP em Pernambuco, com foco em ampliar o conhecimento, a preven\u00e7\u00e3o, o diagn\u00f3stico precoce e o tratamento adequado dessa condi\u00e7\u00e3o m\u00e9dica grave que pode acometer gestantes, especialmente durante o terceiro [&hellip;]\" \/>\n<meta property=\"og:url\" content=\"https:\/\/www.legislapp.com.br\/index.php\/cam-legislativa-de-pe-pl-3056-2025-2\/\" \/>\n<meta property=\"og:site_name\" content=\"Legislapp\" \/>\n<meta property=\"article:publisher\" content=\"https:\/\/www.instagram.com\/legislapp\/\" \/>\n<meta property=\"og:image\" content=\"https:\/\/www.alepe.pe.gov.br\/\/wp-content\/uploads\/2023\/02\/GILMAR-JUNIOR-scaled-e1675859139299.jpg\" \/>\n<meta name=\"twitter:card\" content=\"summary_large_image\" \/>\n<meta name=\"twitter:label1\" content=\"Est. tempo de leitura\" \/>\n\t<meta name=\"twitter:data1\" content=\"3 minutos\" \/>\n<script type=\"application\/ld+json\" class=\"yoast-schema-graph\">{\"@context\":\"https:\/\/schema.org\",\"@graph\":[{\"@type\":\"WebPage\",\"@id\":\"https:\/\/www.legislapp.com.br\/index.php\/cam-legislativa-de-pe-pl-3056-2025-2\/\",\"url\":\"https:\/\/www.legislapp.com.br\/index.php\/cam-legislativa-de-pe-pl-3056-2025-2\/\",\"name\":\"PL 3056\/2025 - Gilmar Junior - Legislapp\",\"isPartOf\":{\"@id\":\"https:\/\/www.legislapp.com.br\/#website\"},\"primaryImageOfPage\":{\"@id\":\"https:\/\/www.legislapp.com.br\/index.php\/cam-legislativa-de-pe-pl-3056-2025-2\/#primaryimage\"},\"image\":{\"@id\":\"https:\/\/www.legislapp.com.br\/index.php\/cam-legislativa-de-pe-pl-3056-2025-2\/#primaryimage\"},\"thumbnailUrl\":\"https:\/\/www.alepe.pe.gov.br\/\/wp-content\/uploads\/2023\/02\/GILMAR-JUNIOR-scaled-e1675859139299.jpg\",\"datePublished\":\"2025-10-08T14:58:04+00:00\",\"breadcrumb\":{\"@id\":\"https:\/\/www.legislapp.com.br\/index.php\/cam-legislativa-de-pe-pl-3056-2025-2\/#breadcrumb\"},\"inLanguage\":\"pt-BR\",\"potentialAction\":[{\"@type\":\"ReadAction\",\"target\":[\"https:\/\/www.legislapp.com.br\/index.php\/cam-legislativa-de-pe-pl-3056-2025-2\/\"]}]},{\"@type\":\"ImageObject\",\"inLanguage\":\"pt-BR\",\"@id\":\"https:\/\/www.legislapp.com.br\/index.php\/cam-legislativa-de-pe-pl-3056-2025-2\/#primaryimage\",\"url\":\"https:\/\/www.alepe.pe.gov.br\/\/wp-content\/uploads\/2023\/02\/GILMAR-JUNIOR-scaled-e1675859139299.jpg\",\"contentUrl\":\"https:\/\/www.alepe.pe.gov.br\/\/wp-content\/uploads\/2023\/02\/GILMAR-JUNIOR-scaled-e1675859139299.jpg\"},{\"@type\":\"BreadcrumbList\",\"@id\":\"https:\/\/www.legislapp.com.br\/index.php\/cam-legislativa-de-pe-pl-3056-2025-2\/#breadcrumb\",\"itemListElement\":[{\"@type\":\"ListItem\",\"position\":1,\"name\":\"In\u00edcio\",\"item\":\"https:\/\/www.legislapp.com.br\/\"},{\"@type\":\"ListItem\",\"position\":2,\"name\":\"PL 3056\/2025 &#8211; Gilmar Junior\"}]},{\"@type\":\"WebSite\",\"@id\":\"https:\/\/www.legislapp.com.br\/#website\",\"url\":\"https:\/\/www.legislapp.com.br\/\",\"name\":\"Legislapp\",\"description\":\"Intelig\u00eancia governamental em tempo real\",\"publisher\":{\"@id\":\"https:\/\/www.legislapp.com.br\/#organization\"},\"potentialAction\":[{\"@type\":\"SearchAction\",\"target\":{\"@type\":\"EntryPoint\",\"urlTemplate\":\"https:\/\/www.legislapp.com.br\/?s={search_term_string}\"},\"query-input\":{\"@type\":\"PropertyValueSpecification\",\"valueRequired\":true,\"valueName\":\"search_term_string\"}}],\"inLanguage\":\"pt-BR\"},{\"@type\":\"Organization\",\"@id\":\"https:\/\/www.legislapp.com.br\/#organization\",\"name\":\"Legislapp Monitoramento e Intelig\u00eancia Governamental\",\"url\":\"https:\/\/www.legislapp.com.br\/\",\"logo\":{\"@type\":\"ImageObject\",\"inLanguage\":\"pt-BR\",\"@id\":\"https:\/\/www.legislapp.com.br\/#\/schema\/logo\/image\/\",\"url\":\"https:\/\/www.legislapp.com.br\/wp-content\/uploads\/icon.png\",\"contentUrl\":\"https:\/\/www.legislapp.com.br\/wp-content\/uploads\/icon.png\",\"width\":1024,\"height\":1024,\"caption\":\"Legislapp Monitoramento e Intelig\u00eancia Governamental\"},\"image\":{\"@id\":\"https:\/\/www.legislapp.com.br\/#\/schema\/logo\/image\/\"},\"sameAs\":[\"https:\/\/www.instagram.com\/legislapp\/\"]}]}<\/script>\n<!-- \/ Yoast SEO plugin. -->","yoast_head_json":{"title":"PL 3056\/2025 - Gilmar Junior - Legislapp","robots":{"index":"index","follow":"follow","max-snippet":"max-snippet:-1","max-image-preview":"max-image-preview:large","max-video-preview":"max-video-preview:-1"},"canonical":"https:\/\/www.legislapp.com.br\/index.php\/cam-legislativa-de-pe-pl-3056-2025-2\/","og_locale":"pt_BR","og_type":"article","og_title":"PL 3056\/2025 - Gilmar Junior - Legislapp","og_description":"C\u00e2m. Legislativa de PE &#8211; Autoria de Gilmar Junior A presente proposta visa instituir o Protocolo Estadual de Pronto Atendimento, Conscientiza\u00e7\u00e3o e Preven\u00e7\u00e3o da S\u00edndrome HELLP em Pernambuco, com foco em ampliar o conhecimento, a preven\u00e7\u00e3o, o diagn\u00f3stico precoce e o tratamento adequado dessa condi\u00e7\u00e3o m\u00e9dica grave que pode acometer gestantes, especialmente durante o terceiro [&hellip;]","og_url":"https:\/\/www.legislapp.com.br\/index.php\/cam-legislativa-de-pe-pl-3056-2025-2\/","og_site_name":"Legislapp","article_publisher":"https:\/\/www.instagram.com\/legislapp\/","og_image":[{"url":"https:\/\/www.alepe.pe.gov.br\/\/wp-content\/uploads\/2023\/02\/GILMAR-JUNIOR-scaled-e1675859139299.jpg","type":"","width":"","height":""}],"twitter_card":"summary_large_image","twitter_misc":{"Est. tempo de leitura":"3 minutos"},"schema":{"@context":"https:\/\/schema.org","@graph":[{"@type":"WebPage","@id":"https:\/\/www.legislapp.com.br\/index.php\/cam-legislativa-de-pe-pl-3056-2025-2\/","url":"https:\/\/www.legislapp.com.br\/index.php\/cam-legislativa-de-pe-pl-3056-2025-2\/","name":"PL 3056\/2025 - Gilmar Junior - Legislapp","isPartOf":{"@id":"https:\/\/www.legislapp.com.br\/#website"},"primaryImageOfPage":{"@id":"https:\/\/www.legislapp.com.br\/index.php\/cam-legislativa-de-pe-pl-3056-2025-2\/#primaryimage"},"image":{"@id":"https:\/\/www.legislapp.com.br\/index.php\/cam-legislativa-de-pe-pl-3056-2025-2\/#primaryimage"},"thumbnailUrl":"https:\/\/www.alepe.pe.gov.br\/\/wp-content\/uploads\/2023\/02\/GILMAR-JUNIOR-scaled-e1675859139299.jpg","datePublished":"2025-10-08T14:58:04+00:00","breadcrumb":{"@id":"https:\/\/www.legislapp.com.br\/index.php\/cam-legislativa-de-pe-pl-3056-2025-2\/#breadcrumb"},"inLanguage":"pt-BR","potentialAction":[{"@type":"ReadAction","target":["https:\/\/www.legislapp.com.br\/index.php\/cam-legislativa-de-pe-pl-3056-2025-2\/"]}]},{"@type":"ImageObject","inLanguage":"pt-BR","@id":"https:\/\/www.legislapp.com.br\/index.php\/cam-legislativa-de-pe-pl-3056-2025-2\/#primaryimage","url":"https:\/\/www.alepe.pe.gov.br\/\/wp-content\/uploads\/2023\/02\/GILMAR-JUNIOR-scaled-e1675859139299.jpg","contentUrl":"https:\/\/www.alepe.pe.gov.br\/\/wp-content\/uploads\/2023\/02\/GILMAR-JUNIOR-scaled-e1675859139299.jpg"},{"@type":"BreadcrumbList","@id":"https:\/\/www.legislapp.com.br\/index.php\/cam-legislativa-de-pe-pl-3056-2025-2\/#breadcrumb","itemListElement":[{"@type":"ListItem","position":1,"name":"In\u00edcio","item":"https:\/\/www.legislapp.com.br\/"},{"@type":"ListItem","position":2,"name":"PL 3056\/2025 &#8211; Gilmar Junior"}]},{"@type":"WebSite","@id":"https:\/\/www.legislapp.com.br\/#website","url":"https:\/\/www.legislapp.com.br\/","name":"Legislapp","description":"Intelig\u00eancia governamental em tempo real","publisher":{"@id":"https:\/\/www.legislapp.com.br\/#organization"},"potentialAction":[{"@type":"SearchAction","target":{"@type":"EntryPoint","urlTemplate":"https:\/\/www.legislapp.com.br\/?s={search_term_string}"},"query-input":{"@type":"PropertyValueSpecification","valueRequired":true,"valueName":"search_term_string"}}],"inLanguage":"pt-BR"},{"@type":"Organization","@id":"https:\/\/www.legislapp.com.br\/#organization","name":"Legislapp Monitoramento e Intelig\u00eancia Governamental","url":"https:\/\/www.legislapp.com.br\/","logo":{"@type":"ImageObject","inLanguage":"pt-BR","@id":"https:\/\/www.legislapp.com.br\/#\/schema\/logo\/image\/","url":"https:\/\/www.legislapp.com.br\/wp-content\/uploads\/icon.png","contentUrl":"https:\/\/www.legislapp.com.br\/wp-content\/uploads\/icon.png","width":1024,"height":1024,"caption":"Legislapp Monitoramento e Intelig\u00eancia Governamental"},"image":{"@id":"https:\/\/www.legislapp.com.br\/#\/schema\/logo\/image\/"},"sameAs":["https:\/\/www.instagram.com\/legislapp\/"]}]}},"_links":{"self":[{"href":"https:\/\/www.legislapp.com.br\/index.php\/wp-json\/wp\/v2\/pages\/8849","targetHints":{"allow":["GET"]}}],"collection":[{"href":"https:\/\/www.legislapp.com.br\/index.php\/wp-json\/wp\/v2\/pages"}],"about":[{"href":"https:\/\/www.legislapp.com.br\/index.php\/wp-json\/wp\/v2\/types\/page"}],"author":[{"embeddable":true,"href":"https:\/\/www.legislapp.com.br\/index.php\/wp-json\/wp\/v2\/users\/1"}],"replies":[{"embeddable":true,"href":"https:\/\/www.legislapp.com.br\/index.php\/wp-json\/wp\/v2\/comments?post=8849"}],"version-history":[{"count":0,"href":"https:\/\/www.legislapp.com.br\/index.php\/wp-json\/wp\/v2\/pages\/8849\/revisions"}],"wp:attachment":[{"href":"https:\/\/www.legislapp.com.br\/index.php\/wp-json\/wp\/v2\/media?parent=8849"}],"curies":[{"name":"wp","href":"https:\/\/api.w.org\/{rel}","templated":true}]}}