{"id":8961,"date":"2025-10-08T12:04:54","date_gmt":"2025-10-08T15:04:54","guid":{"rendered":"https:\/\/www.legislapp.com.br\/index.php\/cam-legislativa-de-mg-pl-3813-2025-3\/"},"modified":"2025-10-08T12:04:54","modified_gmt":"2025-10-08T15:04:54","slug":"cam-legislativa-de-mg-pl-3813-2025-3","status":"publish","type":"page","link":"https:\/\/www.legislapp.com.br\/index.php\/cam-legislativa-de-mg-pl-3813-2025-3\/","title":{"rendered":"PL 3813\/2025 &#8211; Deputados"},"content":{"rendered":"<h1 style='text-align: center;'>C\u00e2m. Legislativa de MG &#8211; Autoria de Deputados<\/h3>\n<p><\/p>\n<article style='text-align: center'>Disp\u00f5e sobre o exerc\u00edcio da profiss\u00e3o de pod\u00f3logo e d\u00e1 outras<br \/>\nprovid\u00eancias.<\/article>\n<p><\/p>\n<p style='text-align: center'><a href='https:\/\/app.legislapp.com.br\/#\/busca?termo='><\/a><\/p>\n<p><\/p>\n<article>Disp\u00f5e sobre o exerc\u00edcio da profiss\u00e3o de pod\u00f3logo e d\u00e1 outras provid\u00eancias.<br \/>\nA Assembleia Legislativa do Estado de Minas Gerais decreta:<br \/>\nArt. 1\u00ba \u2013 Fica estabelecido, no \u00e2mbito do Estado de Minas Gerais, o exerc\u00edcio da podologia.<br \/>\nArt. 2\u00ba \u2013 Atendidas as qualifica\u00e7\u00f5es estabelecidas nesta lei, ser\u00e3o considerados profissionais da \u00e1rea de podologia:<br \/>\nI \u2013 pod\u00f3logo: o profissional de aten\u00e7\u00e3o \u00e0 sa\u00fade com forma\u00e7\u00e3o de n\u00edvel m\u00e9dio, devidamente habilitado em curso t\u00e9cnico de podologia aprovado por \u00f3rg\u00e3o competente e regulamentado pelo Minist\u00e9rio da Educa\u00e7\u00e3o, conforme a Lei de Diretrizes e Bases, ou possuidor de diploma de habilita\u00e7\u00e3o profissional expedido por escolas que ministrem cursos de gradua\u00e7\u00e3o em podologia, conforme orienta\u00e7\u00e3o da Lei de Diretrizes e Bases vigentes;<br \/>\nII \u2013 pedicuro: o profissional de aten\u00e7\u00e3o \u00e0 sa\u00fade, com a prova de registro do respectivo certificado da Secretaria de Estado de Sa\u00fade;<br \/>\nIII \u2013 calista-pedicuro: o profissional de aten\u00e7\u00e3o \u00e0 sa\u00fade, com a prova do respectivo certificado da Secretaria de Estado de Sa\u00fade.<br \/>\nArt. 3\u00ba \u2013 \u00c9 de compet\u00eancia do pod\u00f3logo o exerc\u00edcio das seguintes atividades e fun\u00e7\u00f5es, conforme inserido na Classifica\u00e7\u00e3o Brasileira de Ocupa\u00e7\u00f5es \u2013 CBO \u2013, do Minist\u00e9rio do Trabalho e Emprego:<br \/>\nI \u2013 tratar as podopatias superficiais dos p\u00e9s, como o tratamento de calos, calosidades plantares, onicocriptose (unha encravada), altera\u00e7\u00f5es nas l\u00e2minas ungueais e asperezas plantares utilizando-se de instrumental adequado;<br \/>\nII \u2013 alinhar l\u00e2mina ungueal atrav\u00e9s de procedimento superficial (\u00f3rteses);<br \/>\nIII \u2013 promover prote\u00e7\u00f5es e corre\u00e7\u00f5es podol\u00f3gicas, preparar moldes e modelos para \u00f3rteses e pr\u00f3teses;<br \/>\nIV \u2013 ouvir e orientar pacientes sobre medidas preventivas, bem como explicar t\u00e9cnicas de procedimentos;<br \/>\nV \u2013 empreender atividades educativas e orienta\u00e7\u00f5es nas esferas p\u00fablica e privada, promovendo a melhora podol\u00f3gica da popula\u00e7\u00e3o;<br \/>\nVI \u2013 emitir pareceres t\u00e9cnicos dentro de sua \u00e1rea de atua\u00e7\u00e3o;<br \/>\nVII \u2013 responsabilizar-se pelos atos praticados no exerc\u00edcio da profiss\u00e3o.<br \/>\nArt. 4\u00ba \u2013 Os estabelecimentos comerciais de podologia dever\u00e3o ter, obrigatoriamente, um pod\u00f3logo como respons\u00e1vel t\u00e9cnico.<br \/>\nArt. 5\u00ba \u2013 S\u00e3o deveres do pod\u00f3logo:<br \/>\nI \u2013 trabalhar com Biosseguran\u00e7a; higienizar local de trabalho, usar EPI (equipamento de prote\u00e7\u00e3o individual), esterilizar instrumental, acondicionar instrumentais cortantes para descarte, acondicionar lixo contaminado para incinera\u00e7\u00e3o;<br \/>\nII \u2013 manuten\u00e7\u00e3o de fichas de cadastro de usu\u00e1rios atualizadas, \u00e0 disposi\u00e7\u00e3o das autoridades competentes, contendo os seguintes dados: nome, endere\u00e7o, telefone, data de atendimento, informa\u00e7\u00f5es sobre a sa\u00fade do usu\u00e1rio, servi\u00e7o realizado, observa\u00e7\u00f5es e assinatura do respons\u00e1vel, dentre outros dados relevantes;<br \/>\nIII \u2013 reconhecimento e tratamento com seguran\u00e7a de afec\u00e7\u00f5es superficiais podol\u00f3gicas do paciente diab\u00e9tico, utilizando-se do seu conhecimento t\u00e9cnico para orienta\u00e7\u00e3o e educa\u00e7\u00e3o do paciente sobre os riscos da n\u00e3o higieniza\u00e7\u00e3o dos p\u00e9s;<br \/>\nIV \u2013 identifica\u00e7\u00e3o e encaminhamento quanto \u00e0s afec\u00e7\u00f5es que requeiram cuidados m\u00e9dicos especializados;<br \/>\nV \u2013 demonstrar compet\u00eancias pessoais; trabalhar com \u00e9tica, cuidar da higiene e apar\u00eancia pessoal, saber manipular materiais, produtos qu\u00edmicos e medicamentos para uso no atendimento dos pacientes e atualizar-se profissionalmente.<br \/>\nArt. 6\u00ba \u2013 O local onde haver\u00e1 o exerc\u00edcio da podologia somente poder\u00e1 funcionar mediante a expedi\u00e7\u00e3o de alvar\u00e1 ou licen\u00e7a de funcionamento emitidos pelo \u00f3rg\u00e3o competente.<br \/>\nArt. 7\u00ba \u2013 O exerc\u00edcio da podologia ser\u00e1 realizado em cl\u00ednicas de est\u00e9tica, estabelecimentos que ofere\u00e7am servi\u00e7os e produtos de podologia, associa\u00e7\u00f5es, hospitais, unidades b\u00e1sicas de sa\u00fade, domic\u00edlios ou na atua\u00e7\u00e3o como profissional aut\u00f4nomo.<br \/>\nArt. 8\u00ba \u2013 Esta lei entra em vigor na data de sua publica\u00e7\u00e3o.<br \/>\nSala das Reuni\u00f5es, 20 de maio de 2025.<br \/>\nAna Paula Siqueira (Rede)<br \/>\nJustifica\u00e7\u00e3o: Este projeto de lei visa assegurar o exerc\u00edcio da profiss\u00e3o de pod\u00f3logo no Estado. O Podologo \u00e9 o profissional da \u00e1rea de sa\u00fade com forma\u00e7\u00e3o em curso de t\u00e9cnico de n\u00edvel m\u00e9dio e curso de n\u00edvel superior devidamente cadastrado desde 2002, no C\u00f3digo Brasileiro de Ocupa\u00e7\u00f5es \u2013 C. B. O. \u2013, sob o n\u00ba 3221-10, como pod\u00f3logo e exig\u00eancia de forma\u00e7\u00e3o b\u00e1sica para o seu exerc\u00edcio profissional o curso t\u00e9cnico de n\u00edvel m\u00e9dio. Em 2017 a profiss\u00e3o foi abra\u00e7ada pelo conselho de Biomedicina cabendo ao profissional se registrar no mesmo.<br \/>\nCom forma\u00e7\u00e3o em curso de t\u00e9cnico de n\u00edvel m\u00e9dio, cuida das afec\u00e7\u00f5es superficiais dos p\u00e9s como: calos, calos plantares, calosidades, onicrocpitose (unha encravada), altera\u00e7\u00f5es nas l\u00e2minas ungueais, asperezas plantares. Atua na preven\u00e7\u00e3o, educa\u00e7\u00e3o e cuidado nos p\u00e9s de idosos, dos esportistas e na preven\u00e7\u00e3o, promo\u00e7\u00e3o, educa\u00e7\u00e3o nos cuidados dos p\u00e9s dos portadores de diabetes.<br \/>\nE em n\u00edvel superior, o curso de Podologia proporciona conhecimentos cient\u00edficos que englobam anatomia, fisiologia, cuidados com p\u00e9s de diab\u00e9ticos, podogeriatria, quiropodologia e toda gama de t\u00e9cnicas da cl\u00ednica podol\u00f3gica.<br \/>\nH\u00e1 um projeto de lei (Projeto de Lei n\u00ba 6.042\/2005) para regulamentar a profiss\u00e3o de pod\u00f3logo no Brasil e que aguarda para ser discutido e votado em plen\u00e1rio no Senado Federal.<br \/>\nEm S\u00e3o Paulo, entrou em vigor, em junho de 2018, a Lei Estadual n\u00ba 16.763\/18, que trata exclusivamente do exerc\u00edcio da profiss\u00e3o de pod\u00f3logo no Estado.<br \/>\nO cuidado com os p\u00e9s e a podologia t\u00eam sido cada vez mais valorizados por profissionais da \u00e1rea da sa\u00fade, sendo parte importante no bem-estar integral do corpo. Considerada uma atividade auxiliar \u00e0 medicina, a podologia tem como fun\u00e7\u00e3o promover a sa\u00fade dos p\u00e9s, prevenindo e tratando problemas espec\u00edficos. H\u00e1, tamb\u00e9m, o ganho em est\u00e9tica, autoestima e qualidade de vida.<br \/>\nSendo assim, o presente projeto de lei, visa atender pleito de uma categoria que presta inestim\u00e1veis servi\u00e7os \u00e0 popula\u00e7\u00e3o.<br \/>\nDiante do exposto, contamos com o apoio dos nobres pares para a aprova\u00e7\u00e3o deste projeto de lei.<br \/>\n\u2013 Publicado, vai o projeto \u00e0s Comiss\u00f5es de Justi\u00e7a, de Sa\u00fade e do Trabalho para parecer, nos termos do art. 188, c\/c o art. 102, do Regimento Interno.<\/article>\n<div style=\"text-align: center\">\n<div style=\"margin-bottom: 20px;\" class=\"et_pb_button_module_wrapper et_pb_button_5_tb_body_wrapper et_pb_button_alignment_center et_pb_module \">\n         <a class=\"et_pb_button et_pb_button_5_tb_body et_hover_enabled et_pb_bg_layout_dark\" style=\"width: 50%;background-color: black;\" href=\"https:\/\/app.legislapp.com.br\" target=\"_blank\" rel=\"noopener\">Visualizar completo na nossa plataforma (30 dias gr\u00e1tis)<\/a><\/p><\/div>\n<p>      <a href=\"https:\/\/play.google.com\/store\/apps\/details?id=br.com.legislapp\"><img decoding=\"async\" style=\"width: 15%; min-width: 130px;\" src=\"https:\/\/www.legislapp.com.br\/wp-content\/uploads\/google-play.png\"><\/a><br \/>\n      <a href=\"https:\/\/apps.apple.com\/us\/app\/legislapp\/id1568929859\"><img decoding=\"async\" style=\"width: 15%; min-width: 130px\" src=\"https:\/\/www.legislapp.com.br\/wp-content\/uploads\/apple-store.png\"><\/a>\n   <\/div>\n","protected":false},"excerpt":{"rendered":"<p>C\u00e2m. Legislativa de MG &#8211; Autoria de Deputados Disp\u00f5e sobre o exerc\u00edcio da profiss\u00e3o de pod\u00f3logo e d\u00e1 outras provid\u00eancias. Disp\u00f5e sobre o exerc\u00edcio da profiss\u00e3o de pod\u00f3logo e d\u00e1 outras provid\u00eancias. A Assembleia Legislativa do Estado de Minas Gerais decreta: Art. 1\u00ba \u2013 Fica estabelecido, no \u00e2mbito do Estado de Minas Gerais, o exerc\u00edcio [&hellip;]<\/p>\n","protected":false},"author":1,"featured_media":0,"parent":0,"menu_order":0,"comment_status":"closed","ping_status":"closed","template":"page-template-blank.php","meta":{"_et_pb_use_builder":"","_et_pb_old_content":"","_et_gb_content_width":"1080","ngg_post_thumbnail":0,"footnotes":""},"class_list":["post-8961","page","type-page","status-publish","hentry"],"yoast_head":"<!-- This site is optimized with the Yoast SEO plugin v24.4 - https:\/\/yoast.com\/wordpress\/plugins\/seo\/ -->\n<title>PL 3813\/2025 - Deputados - Legislapp<\/title>\n<meta name=\"robots\" content=\"index, follow, max-snippet:-1, max-image-preview:large, max-video-preview:-1\" \/>\n<link rel=\"canonical\" href=\"https:\/\/www.legislapp.com.br\/index.php\/cam-legislativa-de-mg-pl-3813-2025-3\/\" \/>\n<meta property=\"og:locale\" content=\"pt_BR\" \/>\n<meta property=\"og:type\" content=\"article\" \/>\n<meta property=\"og:title\" content=\"PL 3813\/2025 - Deputados - Legislapp\" \/>\n<meta property=\"og:description\" content=\"C\u00e2m. Legislativa de MG &#8211; Autoria de Deputados Disp\u00f5e sobre o exerc\u00edcio da profiss\u00e3o de pod\u00f3logo e d\u00e1 outras provid\u00eancias. Disp\u00f5e sobre o exerc\u00edcio da profiss\u00e3o de pod\u00f3logo e d\u00e1 outras provid\u00eancias. A Assembleia Legislativa do Estado de Minas Gerais decreta: Art. 1\u00ba \u2013 Fica estabelecido, no \u00e2mbito do Estado de Minas Gerais, o exerc\u00edcio [&hellip;]\" \/>\n<meta property=\"og:url\" content=\"https:\/\/www.legislapp.com.br\/index.php\/cam-legislativa-de-mg-pl-3813-2025-3\/\" \/>\n<meta property=\"og:site_name\" content=\"Legislapp\" \/>\n<meta property=\"article:publisher\" content=\"https:\/\/www.instagram.com\/legislapp\/\" \/>\n<meta property=\"og:image\" content=\"https:\/\/www.legislapp.com.br\/wp-content\/uploads\/google-play.png\" \/>\n<meta name=\"twitter:card\" content=\"summary_large_image\" \/>\n<meta name=\"twitter:label1\" content=\"Est. tempo de leitura\" \/>\n\t<meta name=\"twitter:data1\" content=\"5 minutos\" \/>\n<script type=\"application\/ld+json\" class=\"yoast-schema-graph\">{\"@context\":\"https:\/\/schema.org\",\"@graph\":[{\"@type\":\"WebPage\",\"@id\":\"https:\/\/www.legislapp.com.br\/index.php\/cam-legislativa-de-mg-pl-3813-2025-3\/\",\"url\":\"https:\/\/www.legislapp.com.br\/index.php\/cam-legislativa-de-mg-pl-3813-2025-3\/\",\"name\":\"PL 3813\/2025 - Deputados - Legislapp\",\"isPartOf\":{\"@id\":\"https:\/\/www.legislapp.com.br\/#website\"},\"primaryImageOfPage\":{\"@id\":\"https:\/\/www.legislapp.com.br\/index.php\/cam-legislativa-de-mg-pl-3813-2025-3\/#primaryimage\"},\"image\":{\"@id\":\"https:\/\/www.legislapp.com.br\/index.php\/cam-legislativa-de-mg-pl-3813-2025-3\/#primaryimage\"},\"thumbnailUrl\":\"https:\/\/www.legislapp.com.br\/wp-content\/uploads\/google-play.png\",\"datePublished\":\"2025-10-08T15:04:54+00:00\",\"breadcrumb\":{\"@id\":\"https:\/\/www.legislapp.com.br\/index.php\/cam-legislativa-de-mg-pl-3813-2025-3\/#breadcrumb\"},\"inLanguage\":\"pt-BR\",\"potentialAction\":[{\"@type\":\"ReadAction\",\"target\":[\"https:\/\/www.legislapp.com.br\/index.php\/cam-legislativa-de-mg-pl-3813-2025-3\/\"]}]},{\"@type\":\"ImageObject\",\"inLanguage\":\"pt-BR\",\"@id\":\"https:\/\/www.legislapp.com.br\/index.php\/cam-legislativa-de-mg-pl-3813-2025-3\/#primaryimage\",\"url\":\"https:\/\/www.legislapp.com.br\/wp-content\/uploads\/google-play.png\",\"contentUrl\":\"https:\/\/www.legislapp.com.br\/wp-content\/uploads\/google-play.png\",\"width\":564,\"height\":168},{\"@type\":\"BreadcrumbList\",\"@id\":\"https:\/\/www.legislapp.com.br\/index.php\/cam-legislativa-de-mg-pl-3813-2025-3\/#breadcrumb\",\"itemListElement\":[{\"@type\":\"ListItem\",\"position\":1,\"name\":\"In\u00edcio\",\"item\":\"https:\/\/www.legislapp.com.br\/\"},{\"@type\":\"ListItem\",\"position\":2,\"name\":\"PL 3813\/2025 &#8211; Deputados\"}]},{\"@type\":\"WebSite\",\"@id\":\"https:\/\/www.legislapp.com.br\/#website\",\"url\":\"https:\/\/www.legislapp.com.br\/\",\"name\":\"Legislapp\",\"description\":\"Intelig\u00eancia governamental em tempo real\",\"publisher\":{\"@id\":\"https:\/\/www.legislapp.com.br\/#organization\"},\"potentialAction\":[{\"@type\":\"SearchAction\",\"target\":{\"@type\":\"EntryPoint\",\"urlTemplate\":\"https:\/\/www.legislapp.com.br\/?s={search_term_string}\"},\"query-input\":{\"@type\":\"PropertyValueSpecification\",\"valueRequired\":true,\"valueName\":\"search_term_string\"}}],\"inLanguage\":\"pt-BR\"},{\"@type\":\"Organization\",\"@id\":\"https:\/\/www.legislapp.com.br\/#organization\",\"name\":\"Legislapp Monitoramento e Intelig\u00eancia Governamental\",\"url\":\"https:\/\/www.legislapp.com.br\/\",\"logo\":{\"@type\":\"ImageObject\",\"inLanguage\":\"pt-BR\",\"@id\":\"https:\/\/www.legislapp.com.br\/#\/schema\/logo\/image\/\",\"url\":\"https:\/\/www.legislapp.com.br\/wp-content\/uploads\/icon.png\",\"contentUrl\":\"https:\/\/www.legislapp.com.br\/wp-content\/uploads\/icon.png\",\"width\":1024,\"height\":1024,\"caption\":\"Legislapp Monitoramento e Intelig\u00eancia Governamental\"},\"image\":{\"@id\":\"https:\/\/www.legislapp.com.br\/#\/schema\/logo\/image\/\"},\"sameAs\":[\"https:\/\/www.instagram.com\/legislapp\/\"]}]}<\/script>\n<!-- \/ Yoast SEO plugin. -->","yoast_head_json":{"title":"PL 3813\/2025 - Deputados - Legislapp","robots":{"index":"index","follow":"follow","max-snippet":"max-snippet:-1","max-image-preview":"max-image-preview:large","max-video-preview":"max-video-preview:-1"},"canonical":"https:\/\/www.legislapp.com.br\/index.php\/cam-legislativa-de-mg-pl-3813-2025-3\/","og_locale":"pt_BR","og_type":"article","og_title":"PL 3813\/2025 - Deputados - Legislapp","og_description":"C\u00e2m. Legislativa de MG &#8211; Autoria de Deputados Disp\u00f5e sobre o exerc\u00edcio da profiss\u00e3o de pod\u00f3logo e d\u00e1 outras provid\u00eancias. Disp\u00f5e sobre o exerc\u00edcio da profiss\u00e3o de pod\u00f3logo e d\u00e1 outras provid\u00eancias. A Assembleia Legislativa do Estado de Minas Gerais decreta: Art. 1\u00ba \u2013 Fica estabelecido, no \u00e2mbito do Estado de Minas Gerais, o exerc\u00edcio [&hellip;]","og_url":"https:\/\/www.legislapp.com.br\/index.php\/cam-legislativa-de-mg-pl-3813-2025-3\/","og_site_name":"Legislapp","article_publisher":"https:\/\/www.instagram.com\/legislapp\/","og_image":[{"url":"https:\/\/www.legislapp.com.br\/wp-content\/uploads\/google-play.png","type":"","width":"","height":""}],"twitter_card":"summary_large_image","twitter_misc":{"Est. tempo de leitura":"5 minutos"},"schema":{"@context":"https:\/\/schema.org","@graph":[{"@type":"WebPage","@id":"https:\/\/www.legislapp.com.br\/index.php\/cam-legislativa-de-mg-pl-3813-2025-3\/","url":"https:\/\/www.legislapp.com.br\/index.php\/cam-legislativa-de-mg-pl-3813-2025-3\/","name":"PL 3813\/2025 - Deputados - Legislapp","isPartOf":{"@id":"https:\/\/www.legislapp.com.br\/#website"},"primaryImageOfPage":{"@id":"https:\/\/www.legislapp.com.br\/index.php\/cam-legislativa-de-mg-pl-3813-2025-3\/#primaryimage"},"image":{"@id":"https:\/\/www.legislapp.com.br\/index.php\/cam-legislativa-de-mg-pl-3813-2025-3\/#primaryimage"},"thumbnailUrl":"https:\/\/www.legislapp.com.br\/wp-content\/uploads\/google-play.png","datePublished":"2025-10-08T15:04:54+00:00","breadcrumb":{"@id":"https:\/\/www.legislapp.com.br\/index.php\/cam-legislativa-de-mg-pl-3813-2025-3\/#breadcrumb"},"inLanguage":"pt-BR","potentialAction":[{"@type":"ReadAction","target":["https:\/\/www.legislapp.com.br\/index.php\/cam-legislativa-de-mg-pl-3813-2025-3\/"]}]},{"@type":"ImageObject","inLanguage":"pt-BR","@id":"https:\/\/www.legislapp.com.br\/index.php\/cam-legislativa-de-mg-pl-3813-2025-3\/#primaryimage","url":"https:\/\/www.legislapp.com.br\/wp-content\/uploads\/google-play.png","contentUrl":"https:\/\/www.legislapp.com.br\/wp-content\/uploads\/google-play.png","width":564,"height":168},{"@type":"BreadcrumbList","@id":"https:\/\/www.legislapp.com.br\/index.php\/cam-legislativa-de-mg-pl-3813-2025-3\/#breadcrumb","itemListElement":[{"@type":"ListItem","position":1,"name":"In\u00edcio","item":"https:\/\/www.legislapp.com.br\/"},{"@type":"ListItem","position":2,"name":"PL 3813\/2025 &#8211; Deputados"}]},{"@type":"WebSite","@id":"https:\/\/www.legislapp.com.br\/#website","url":"https:\/\/www.legislapp.com.br\/","name":"Legislapp","description":"Intelig\u00eancia governamental em tempo real","publisher":{"@id":"https:\/\/www.legislapp.com.br\/#organization"},"potentialAction":[{"@type":"SearchAction","target":{"@type":"EntryPoint","urlTemplate":"https:\/\/www.legislapp.com.br\/?s={search_term_string}"},"query-input":{"@type":"PropertyValueSpecification","valueRequired":true,"valueName":"search_term_string"}}],"inLanguage":"pt-BR"},{"@type":"Organization","@id":"https:\/\/www.legislapp.com.br\/#organization","name":"Legislapp Monitoramento e Intelig\u00eancia Governamental","url":"https:\/\/www.legislapp.com.br\/","logo":{"@type":"ImageObject","inLanguage":"pt-BR","@id":"https:\/\/www.legislapp.com.br\/#\/schema\/logo\/image\/","url":"https:\/\/www.legislapp.com.br\/wp-content\/uploads\/icon.png","contentUrl":"https:\/\/www.legislapp.com.br\/wp-content\/uploads\/icon.png","width":1024,"height":1024,"caption":"Legislapp Monitoramento e Intelig\u00eancia Governamental"},"image":{"@id":"https:\/\/www.legislapp.com.br\/#\/schema\/logo\/image\/"},"sameAs":["https:\/\/www.instagram.com\/legislapp\/"]}]}},"_links":{"self":[{"href":"https:\/\/www.legislapp.com.br\/index.php\/wp-json\/wp\/v2\/pages\/8961","targetHints":{"allow":["GET"]}}],"collection":[{"href":"https:\/\/www.legislapp.com.br\/index.php\/wp-json\/wp\/v2\/pages"}],"about":[{"href":"https:\/\/www.legislapp.com.br\/index.php\/wp-json\/wp\/v2\/types\/page"}],"author":[{"embeddable":true,"href":"https:\/\/www.legislapp.com.br\/index.php\/wp-json\/wp\/v2\/users\/1"}],"replies":[{"embeddable":true,"href":"https:\/\/www.legislapp.com.br\/index.php\/wp-json\/wp\/v2\/comments?post=8961"}],"version-history":[{"count":0,"href":"https:\/\/www.legislapp.com.br\/index.php\/wp-json\/wp\/v2\/pages\/8961\/revisions"}],"wp:attachment":[{"href":"https:\/\/www.legislapp.com.br\/index.php\/wp-json\/wp\/v2\/media?parent=8961"}],"curies":[{"name":"wp","href":"https:\/\/api.w.org\/{rel}","templated":true}]}}