{"id":8969,"date":"2025-10-08T12:05:23","date_gmt":"2025-10-08T15:05:23","guid":{"rendered":"https:\/\/www.legislapp.com.br\/index.php\/cam-legislativa-de-mg-pl-3823-2025-3\/"},"modified":"2025-10-08T12:05:23","modified_gmt":"2025-10-08T15:05:23","slug":"cam-legislativa-de-mg-pl-3823-2025-3","status":"publish","type":"page","link":"https:\/\/www.legislapp.com.br\/index.php\/cam-legislativa-de-mg-pl-3823-2025-3\/","title":{"rendered":"PL 3823\/2025 &#8211; Deputados"},"content":{"rendered":"<h1 style='text-align: center;'>C\u00e2m. Legislativa de MG &#8211; Autoria de Deputados<\/h3>\n<p><\/p>\n<article style='text-align: center'>Disp\u00f5e sobre a obrigatoriedade da realiza\u00e7\u00e3o, pelas unidades hospitalares<br \/>\ndas redes p\u00fablica e privada do Estado, de exames para diagn\u00f3stico precoce<br \/>\nda encefalopatia cr\u00f4nica n\u00e3o progressiva da inf\u00e2ncia (paralisia cerebral)<br \/>\nem crian\u00e7as de dois a tr\u00eas anos de idade.<\/article>\n<p><\/p>\n<p style='text-align: center'><a href='https:\/\/app.legislapp.com.br\/#\/busca?termo='><\/a><\/p>\n<p><\/p>\n<article>Disp\u00f5e sobre a obrigatoriedade da realiza\u00e7\u00e3o, pelas unidades hospitalares das redes p\u00fablica e privada do Estado de Minas Gerais, de exames para diagn\u00f3stico precoce da encefalopatia cr\u00f4nica n\u00e3o progressiva da inf\u00e2ncia (paralisia cerebral) em crian\u00e7as de dois a tr\u00eas anos de idade.<br \/>\nA Assembleia Legislativa do Estado de Minas Gerais decreta:<br \/>\nArt. 1\u00ba \u2013 As unidades hospitalares das redes p\u00fablica e privada do Estado de Minas Gerais dever\u00e3o realizar exames para diagn\u00f3stico precoce da encefalopatia cr\u00f4nica n\u00e3o progressiva da inf\u00e2ncia (paralisia cerebral).<br \/>\nArt. 2\u00ba \u2013 Os exames dever\u00e3o ser realizados de dois a tr\u00eas anos ap\u00f3s o nascimento da crian\u00e7a, salvo quando, por determina\u00e7\u00e3o m\u00e9dica, outra data for julgada necess\u00e1ria.<br \/>\nArt. 3\u00ba \u2013 Os exames de que trata esta lei s\u00e3o os seguintes:<br \/>\nI \u2013 Posi\u00e7\u00e3o Prona;<br \/>\nII \u2013 O Reflexo de Moro;<br \/>\nIII \u2013 O Reflexo de Marcha.<br \/>\nArt. 4\u00ba \u2013 O Poder Executivo Estadual regulamentar\u00e1 a presente lei no que couber.<br \/>\nArt. 5\u00ba \u2013 Esta lei entra em vigor na data de sua publica\u00e7\u00e3o.<br \/>\nSala das Reuni\u00f5es, 8 de maio de 2025.<br \/>\nCharles Santos (Republicanos)<br \/>\nJustifica\u00e7\u00e3o: A paralisia cerebral ou encefalopatia cr\u00f4nica n\u00e3o progressiva \u00e9 uma les\u00e3o de uma ou mais partes do c\u00e9rebro, n\u00e3o \u00e9 uma doen\u00e7a e sim um quadro ou estado patol\u00f3gico, pois nesse caso a les\u00e3o \u00e9 irrevers\u00edvel. Essa patologia designa um grupo de afec\u00e7\u00f5es do Sistema Nervoso Central da inf\u00e2ncia que n\u00e3o t\u00eam car\u00e1ter progressivo e que apresenta clinicamente dist\u00farbios da motricidade, isto \u00e9, altera\u00e7\u00f5es do movimento, da postura, do equil\u00edbrio, da coordena\u00e7\u00e3o com presen\u00e7a vari\u00e1vel de movimentos involunt\u00e1rios.\u00a0<br \/>\nA incid\u00eancia da Encefalopatia Cr\u00f4nica N\u00e3o Progressiva na Inf\u00e2ncia ocorre de forma moderada a severa entre 1,5 e 2,5 de 1000 nascidos vivos em pa\u00edses desenvolvidos; por\u00e9m tamb\u00e9m h\u00e1 registros de 7 de 1000. Na Inglaterra estuda-se que a incid\u00eancia ocorre em cerca de 1,5\/1000, j\u00e1 no Brasil os estudos n\u00e3o foram capazes de especificar a propor\u00e7\u00e3o de incid\u00eancia, suspeitando apenas de que seja alta.\u00a0<br \/>\nO objetivo principal da apresenta\u00e7\u00e3o desse projeto \u00e9 a necessidade de que os testes para diagn\u00f3sticos precoces da encefalopatia cr\u00f4nica n\u00e3o progressiva da inf\u00e2ncia sejam realizados obrigatoriamente devido ao fato de quando sejam realizados tardiamente as crian\u00e7as saem da maternidade com PC severa sem diagn\u00f3stico, perdendo a chance de iniciar tratamentos importantes que as levar\u00e3o a uma vida mais saud\u00e1vel e inclu\u00edda no dia a dia das fam\u00edlias.\u00a0<br \/>\nDe uma maneira geral, no desenvolvimento motor normal, at\u00e9 o terceiro m\u00eas a crian\u00e7a deve ter um bom controle da cabe\u00e7a e colocar as m\u00e3os \u00e0 frente dos olhos; entre o quarto e quinto m\u00eas deve rolar o\u00a0corpo; do sexto ao s\u00e9timo m\u00eas, sentar sem apoio; do oitavo ao nono, engatinhar; do d\u00e9cimo ao und\u00e9cimo, ficar em p\u00e9, e entre 12 e 16 meses deve caminhar. Cada movimento que fazemos \u00e9 resultado do ac\u00famulo de informa\u00e7\u00f5es sensoriais e respostas motoras que o c\u00e9rebro adquiriu durante sua fase de matura\u00e7\u00e3o (o c\u00e9rebro n\u00e3o entende nada de m\u00fasculos, mas de movimentos, quando a crian\u00e7a come\u00e7a a levar as m\u00e3ozinhas, uma duas vezes \u00e0 frente dos olhos o c\u00e9rebro, automatiza o movimento, acontecendo assim com o levantar da cabe\u00e7a, o rolar do corpo, o sentar, levantar e andar).\u00a0<br \/>\nTodas essas informa\u00e7\u00f5es s\u00e3o recebidas, interpretadas e armazenadas pelo c\u00e9rebro e quando houver necessidade, estar\u00e3o prontas para serem usadas. A crian\u00e7a come\u00e7a a ter consci\u00eancia do pr\u00f3prio corpo e da integra\u00e7\u00e3o deste com o meio ambiente, seu c\u00e9rebro vai sendo estimulado e evoluindo e a crian\u00e7a pode controlar seus movimentos. No desenvolvimento motor da crian\u00e7a com PC, a les\u00e3o interfere na sequ\u00eancia de desenvolvimento. Os sintomas de retardo motor s\u00e3o seguidos, cedo ou tarde, pelo aparecimento de padr\u00f5es anormais de postura e movimento, em associa\u00e7\u00e3o com o t\u00f4nus postural anormal, com o gradual aparecimento da atividade. O beb\u00ea com PC n\u00e3o desenvolve o t\u00f4nus postural contra a gravidade (n\u00e3o consegue colocar as m\u00e3ozinhas a frente dos olhos, n\u00e3o levanta a cabecinha, n\u00e3o senta etc.) como acontece com uma crian\u00e7a normal, por\u00e9m desenvolve atividade postural anormal que de fato faz com que seu corpo n\u00e3o ven\u00e7a a for\u00e7a da gravidade.\u00a0<br \/>\nN\u00e3o se pode esperar que a crian\u00e7a PC reaja por conta pr\u00f3pria aos est\u00edmulos do meio ambiente, principalmente por n\u00e3o ter condi\u00e7\u00f5es sens\u00f3rio-motoras para isso. A falta de est\u00edmulos n\u00e3o possibilitar\u00e1 que essa crian\u00e7a atinja todos os seus potenciais poss\u00edveis. Essa dificuldade de movimento que a crian\u00e7a apresenta significa a perda de oportunidades de vivenciar posi\u00e7\u00f5es diferentes e variedades de movimentos, o que representar\u00e1 um atraso na sua matura\u00e7\u00e3o cerebral e com certeza uma maior dificuldade em seu desenvolvimento motor futuramente.\u00a0<br \/>\nPor isso na paralisia cerebral severa quanto mais cedo for diagnosticado mais cedo se iniciar\u00e1 a estimula\u00e7\u00e3o precoce que tem como objetivo fazer com que a crian\u00e7a atrav\u00e9s do manuseio e posicionamento perceba seu corpo e a partir da\u00ed tenha possibilidade de interagir com o ambiente, tendo mais chances de desenvolver o m\u00e1ximo do seu potencial. A diferen\u00e7a de um tratamento tardio para um precoce \u00e9 que quando se inicia tarde a estimula\u00e7\u00e3o (depois de 1 m\u00eas), o beb\u00ea j\u00e1 tem deformidades instaladas e reflexos que poderiam ser inibidos com a estimula\u00e7\u00e3o precoce por\u00e9m, permanecem atrapalhando o desenvolvimento de uma coordena\u00e7\u00e3o motora adequada. Enfim, a encefalopatia trata-se de uma complexa condi\u00e7\u00e3o cl\u00ednica que exige r\u00e1pida identifica\u00e7\u00e3o e preciso manuseio cl\u00ednico com o intuito de reduzir sua elevada taxa de morbimortalidade.\u00a0<br \/>\nO atraso no reconhecimento dessa condi\u00e7\u00e3o cl\u00ednica poder\u00e1 ser extremamente prejudicial a crian\u00e7a que sofrer\u00e1 les\u00e3o cerebral muitas vezes irrevers\u00edvel. Conforme exposto, considerando a relev\u00e2ncia da mat\u00e9ria e o interesse p\u00fablico por ele defendido, esperamos, contar com o apoio dos nobres colegas para a aprova\u00e7\u00e3o deste projeto de lei, considerando seu potencial de impacto positivo na qualidade de vida da popula\u00e7\u00e3o do Estado de Minas Gerais.<br \/>\n\u2013 Publicado, vai o projeto \u00e0s Comiss\u00f5es de Justi\u00e7a, de Sa\u00fade e de Fiscaliza\u00e7\u00e3o Financeira para parecer, nos termos do art. 188, c\/c o art. 102, do Regimento Interno.<\/article>\n<div style=\"text-align: center\">\n<div style=\"margin-bottom: 20px;\" class=\"et_pb_button_module_wrapper et_pb_button_5_tb_body_wrapper et_pb_button_alignment_center et_pb_module \">\n         <a class=\"et_pb_button et_pb_button_5_tb_body et_hover_enabled et_pb_bg_layout_dark\" style=\"width: 50%;background-color: black;\" href=\"https:\/\/app.legislapp.com.br\" target=\"_blank\" rel=\"noopener\">Visualizar completo na nossa plataforma (30 dias gr\u00e1tis)<\/a><\/p><\/div>\n<p>      <a href=\"https:\/\/play.google.com\/store\/apps\/details?id=br.com.legislapp\"><img decoding=\"async\" style=\"width: 15%; min-width: 130px;\" src=\"https:\/\/www.legislapp.com.br\/wp-content\/uploads\/google-play.png\"><\/a><br \/>\n      <a href=\"https:\/\/apps.apple.com\/us\/app\/legislapp\/id1568929859\"><img decoding=\"async\" style=\"width: 15%; min-width: 130px\" src=\"https:\/\/www.legislapp.com.br\/wp-content\/uploads\/apple-store.png\"><\/a>\n   <\/div>\n","protected":false},"excerpt":{"rendered":"<p>C\u00e2m. Legislativa de MG &#8211; Autoria de Deputados Disp\u00f5e sobre a obrigatoriedade da realiza\u00e7\u00e3o, pelas unidades hospitalares das redes p\u00fablica e privada do Estado, de exames para diagn\u00f3stico precoce da encefalopatia cr\u00f4nica n\u00e3o progressiva da inf\u00e2ncia (paralisia cerebral) em crian\u00e7as de dois a tr\u00eas anos de idade. Disp\u00f5e sobre a obrigatoriedade da realiza\u00e7\u00e3o, pelas unidades [&hellip;]<\/p>\n","protected":false},"author":1,"featured_media":0,"parent":0,"menu_order":0,"comment_status":"closed","ping_status":"closed","template":"page-template-blank.php","meta":{"_et_pb_use_builder":"","_et_pb_old_content":"","_et_gb_content_width":"1080","ngg_post_thumbnail":0,"footnotes":""},"class_list":["post-8969","page","type-page","status-publish","hentry"],"yoast_head":"<!-- This site is optimized with the Yoast SEO plugin v24.4 - https:\/\/yoast.com\/wordpress\/plugins\/seo\/ -->\n<title>PL 3823\/2025 - Deputados - Legislapp<\/title>\n<meta name=\"robots\" content=\"index, follow, max-snippet:-1, max-image-preview:large, max-video-preview:-1\" \/>\n<link rel=\"canonical\" href=\"https:\/\/www.legislapp.com.br\/index.php\/cam-legislativa-de-mg-pl-3823-2025-3\/\" \/>\n<meta property=\"og:locale\" content=\"pt_BR\" \/>\n<meta property=\"og:type\" content=\"article\" \/>\n<meta property=\"og:title\" content=\"PL 3823\/2025 - Deputados - Legislapp\" \/>\n<meta property=\"og:description\" content=\"C\u00e2m. Legislativa de MG &#8211; Autoria de Deputados Disp\u00f5e sobre a obrigatoriedade da realiza\u00e7\u00e3o, pelas unidades hospitalares das redes p\u00fablica e privada do Estado, de exames para diagn\u00f3stico precoce da encefalopatia cr\u00f4nica n\u00e3o progressiva da inf\u00e2ncia (paralisia cerebral) em crian\u00e7as de dois a tr\u00eas anos de idade. Disp\u00f5e sobre a obrigatoriedade da realiza\u00e7\u00e3o, pelas unidades [&hellip;]\" \/>\n<meta property=\"og:url\" content=\"https:\/\/www.legislapp.com.br\/index.php\/cam-legislativa-de-mg-pl-3823-2025-3\/\" \/>\n<meta property=\"og:site_name\" content=\"Legislapp\" \/>\n<meta property=\"article:publisher\" content=\"https:\/\/www.instagram.com\/legislapp\/\" \/>\n<meta property=\"og:image\" content=\"https:\/\/www.legislapp.com.br\/wp-content\/uploads\/google-play.png\" \/>\n<meta name=\"twitter:card\" content=\"summary_large_image\" \/>\n<meta name=\"twitter:label1\" content=\"Est. tempo de leitura\" \/>\n\t<meta name=\"twitter:data1\" content=\"6 minutos\" \/>\n<script type=\"application\/ld+json\" class=\"yoast-schema-graph\">{\"@context\":\"https:\/\/schema.org\",\"@graph\":[{\"@type\":\"WebPage\",\"@id\":\"https:\/\/www.legislapp.com.br\/index.php\/cam-legislativa-de-mg-pl-3823-2025-3\/\",\"url\":\"https:\/\/www.legislapp.com.br\/index.php\/cam-legislativa-de-mg-pl-3823-2025-3\/\",\"name\":\"PL 3823\/2025 - Deputados - Legislapp\",\"isPartOf\":{\"@id\":\"https:\/\/www.legislapp.com.br\/#website\"},\"primaryImageOfPage\":{\"@id\":\"https:\/\/www.legislapp.com.br\/index.php\/cam-legislativa-de-mg-pl-3823-2025-3\/#primaryimage\"},\"image\":{\"@id\":\"https:\/\/www.legislapp.com.br\/index.php\/cam-legislativa-de-mg-pl-3823-2025-3\/#primaryimage\"},\"thumbnailUrl\":\"https:\/\/www.legislapp.com.br\/wp-content\/uploads\/google-play.png\",\"datePublished\":\"2025-10-08T15:05:23+00:00\",\"breadcrumb\":{\"@id\":\"https:\/\/www.legislapp.com.br\/index.php\/cam-legislativa-de-mg-pl-3823-2025-3\/#breadcrumb\"},\"inLanguage\":\"pt-BR\",\"potentialAction\":[{\"@type\":\"ReadAction\",\"target\":[\"https:\/\/www.legislapp.com.br\/index.php\/cam-legislativa-de-mg-pl-3823-2025-3\/\"]}]},{\"@type\":\"ImageObject\",\"inLanguage\":\"pt-BR\",\"@id\":\"https:\/\/www.legislapp.com.br\/index.php\/cam-legislativa-de-mg-pl-3823-2025-3\/#primaryimage\",\"url\":\"https:\/\/www.legislapp.com.br\/wp-content\/uploads\/google-play.png\",\"contentUrl\":\"https:\/\/www.legislapp.com.br\/wp-content\/uploads\/google-play.png\",\"width\":564,\"height\":168},{\"@type\":\"BreadcrumbList\",\"@id\":\"https:\/\/www.legislapp.com.br\/index.php\/cam-legislativa-de-mg-pl-3823-2025-3\/#breadcrumb\",\"itemListElement\":[{\"@type\":\"ListItem\",\"position\":1,\"name\":\"In\u00edcio\",\"item\":\"https:\/\/www.legislapp.com.br\/\"},{\"@type\":\"ListItem\",\"position\":2,\"name\":\"PL 3823\/2025 &#8211; Deputados\"}]},{\"@type\":\"WebSite\",\"@id\":\"https:\/\/www.legislapp.com.br\/#website\",\"url\":\"https:\/\/www.legislapp.com.br\/\",\"name\":\"Legislapp\",\"description\":\"Intelig\u00eancia governamental em tempo real\",\"publisher\":{\"@id\":\"https:\/\/www.legislapp.com.br\/#organization\"},\"potentialAction\":[{\"@type\":\"SearchAction\",\"target\":{\"@type\":\"EntryPoint\",\"urlTemplate\":\"https:\/\/www.legislapp.com.br\/?s={search_term_string}\"},\"query-input\":{\"@type\":\"PropertyValueSpecification\",\"valueRequired\":true,\"valueName\":\"search_term_string\"}}],\"inLanguage\":\"pt-BR\"},{\"@type\":\"Organization\",\"@id\":\"https:\/\/www.legislapp.com.br\/#organization\",\"name\":\"Legislapp Monitoramento e Intelig\u00eancia Governamental\",\"url\":\"https:\/\/www.legislapp.com.br\/\",\"logo\":{\"@type\":\"ImageObject\",\"inLanguage\":\"pt-BR\",\"@id\":\"https:\/\/www.legislapp.com.br\/#\/schema\/logo\/image\/\",\"url\":\"https:\/\/www.legislapp.com.br\/wp-content\/uploads\/icon.png\",\"contentUrl\":\"https:\/\/www.legislapp.com.br\/wp-content\/uploads\/icon.png\",\"width\":1024,\"height\":1024,\"caption\":\"Legislapp Monitoramento e Intelig\u00eancia Governamental\"},\"image\":{\"@id\":\"https:\/\/www.legislapp.com.br\/#\/schema\/logo\/image\/\"},\"sameAs\":[\"https:\/\/www.instagram.com\/legislapp\/\"]}]}<\/script>\n<!-- \/ Yoast SEO plugin. -->","yoast_head_json":{"title":"PL 3823\/2025 - Deputados - Legislapp","robots":{"index":"index","follow":"follow","max-snippet":"max-snippet:-1","max-image-preview":"max-image-preview:large","max-video-preview":"max-video-preview:-1"},"canonical":"https:\/\/www.legislapp.com.br\/index.php\/cam-legislativa-de-mg-pl-3823-2025-3\/","og_locale":"pt_BR","og_type":"article","og_title":"PL 3823\/2025 - Deputados - Legislapp","og_description":"C\u00e2m. Legislativa de MG &#8211; Autoria de Deputados Disp\u00f5e sobre a obrigatoriedade da realiza\u00e7\u00e3o, pelas unidades hospitalares das redes p\u00fablica e privada do Estado, de exames para diagn\u00f3stico precoce da encefalopatia cr\u00f4nica n\u00e3o progressiva da inf\u00e2ncia (paralisia cerebral) em crian\u00e7as de dois a tr\u00eas anos de idade. Disp\u00f5e sobre a obrigatoriedade da realiza\u00e7\u00e3o, pelas unidades [&hellip;]","og_url":"https:\/\/www.legislapp.com.br\/index.php\/cam-legislativa-de-mg-pl-3823-2025-3\/","og_site_name":"Legislapp","article_publisher":"https:\/\/www.instagram.com\/legislapp\/","og_image":[{"url":"https:\/\/www.legislapp.com.br\/wp-content\/uploads\/google-play.png","type":"","width":"","height":""}],"twitter_card":"summary_large_image","twitter_misc":{"Est. tempo de leitura":"6 minutos"},"schema":{"@context":"https:\/\/schema.org","@graph":[{"@type":"WebPage","@id":"https:\/\/www.legislapp.com.br\/index.php\/cam-legislativa-de-mg-pl-3823-2025-3\/","url":"https:\/\/www.legislapp.com.br\/index.php\/cam-legislativa-de-mg-pl-3823-2025-3\/","name":"PL 3823\/2025 - Deputados - Legislapp","isPartOf":{"@id":"https:\/\/www.legislapp.com.br\/#website"},"primaryImageOfPage":{"@id":"https:\/\/www.legislapp.com.br\/index.php\/cam-legislativa-de-mg-pl-3823-2025-3\/#primaryimage"},"image":{"@id":"https:\/\/www.legislapp.com.br\/index.php\/cam-legislativa-de-mg-pl-3823-2025-3\/#primaryimage"},"thumbnailUrl":"https:\/\/www.legislapp.com.br\/wp-content\/uploads\/google-play.png","datePublished":"2025-10-08T15:05:23+00:00","breadcrumb":{"@id":"https:\/\/www.legislapp.com.br\/index.php\/cam-legislativa-de-mg-pl-3823-2025-3\/#breadcrumb"},"inLanguage":"pt-BR","potentialAction":[{"@type":"ReadAction","target":["https:\/\/www.legislapp.com.br\/index.php\/cam-legislativa-de-mg-pl-3823-2025-3\/"]}]},{"@type":"ImageObject","inLanguage":"pt-BR","@id":"https:\/\/www.legislapp.com.br\/index.php\/cam-legislativa-de-mg-pl-3823-2025-3\/#primaryimage","url":"https:\/\/www.legislapp.com.br\/wp-content\/uploads\/google-play.png","contentUrl":"https:\/\/www.legislapp.com.br\/wp-content\/uploads\/google-play.png","width":564,"height":168},{"@type":"BreadcrumbList","@id":"https:\/\/www.legislapp.com.br\/index.php\/cam-legislativa-de-mg-pl-3823-2025-3\/#breadcrumb","itemListElement":[{"@type":"ListItem","position":1,"name":"In\u00edcio","item":"https:\/\/www.legislapp.com.br\/"},{"@type":"ListItem","position":2,"name":"PL 3823\/2025 &#8211; Deputados"}]},{"@type":"WebSite","@id":"https:\/\/www.legislapp.com.br\/#website","url":"https:\/\/www.legislapp.com.br\/","name":"Legislapp","description":"Intelig\u00eancia governamental em tempo real","publisher":{"@id":"https:\/\/www.legislapp.com.br\/#organization"},"potentialAction":[{"@type":"SearchAction","target":{"@type":"EntryPoint","urlTemplate":"https:\/\/www.legislapp.com.br\/?s={search_term_string}"},"query-input":{"@type":"PropertyValueSpecification","valueRequired":true,"valueName":"search_term_string"}}],"inLanguage":"pt-BR"},{"@type":"Organization","@id":"https:\/\/www.legislapp.com.br\/#organization","name":"Legislapp Monitoramento e Intelig\u00eancia Governamental","url":"https:\/\/www.legislapp.com.br\/","logo":{"@type":"ImageObject","inLanguage":"pt-BR","@id":"https:\/\/www.legislapp.com.br\/#\/schema\/logo\/image\/","url":"https:\/\/www.legislapp.com.br\/wp-content\/uploads\/icon.png","contentUrl":"https:\/\/www.legislapp.com.br\/wp-content\/uploads\/icon.png","width":1024,"height":1024,"caption":"Legislapp Monitoramento e Intelig\u00eancia Governamental"},"image":{"@id":"https:\/\/www.legislapp.com.br\/#\/schema\/logo\/image\/"},"sameAs":["https:\/\/www.instagram.com\/legislapp\/"]}]}},"_links":{"self":[{"href":"https:\/\/www.legislapp.com.br\/index.php\/wp-json\/wp\/v2\/pages\/8969","targetHints":{"allow":["GET"]}}],"collection":[{"href":"https:\/\/www.legislapp.com.br\/index.php\/wp-json\/wp\/v2\/pages"}],"about":[{"href":"https:\/\/www.legislapp.com.br\/index.php\/wp-json\/wp\/v2\/types\/page"}],"author":[{"embeddable":true,"href":"https:\/\/www.legislapp.com.br\/index.php\/wp-json\/wp\/v2\/users\/1"}],"replies":[{"embeddable":true,"href":"https:\/\/www.legislapp.com.br\/index.php\/wp-json\/wp\/v2\/comments?post=8969"}],"version-history":[{"count":0,"href":"https:\/\/www.legislapp.com.br\/index.php\/wp-json\/wp\/v2\/pages\/8969\/revisions"}],"wp:attachment":[{"href":"https:\/\/www.legislapp.com.br\/index.php\/wp-json\/wp\/v2\/media?parent=8969"}],"curies":[{"name":"wp","href":"https:\/\/api.w.org\/{rel}","templated":true}]}}