{"id":9002,"date":"2025-10-08T12:07:18","date_gmt":"2025-10-08T15:07:18","guid":{"rendered":"https:\/\/www.legislapp.com.br\/index.php\/cam-legislativa-de-mg-pl-3852-2025-3\/"},"modified":"2025-10-08T12:07:18","modified_gmt":"2025-10-08T15:07:18","slug":"cam-legislativa-de-mg-pl-3852-2025-3","status":"publish","type":"page","link":"https:\/\/www.legislapp.com.br\/index.php\/cam-legislativa-de-mg-pl-3852-2025-3\/","title":{"rendered":"PL 3852\/2025 &#8211; Deputados"},"content":{"rendered":"<h1 style='text-align: center;'>C\u00e2m. Legislativa de MG &#8211; Autoria de Deputados<\/h3>\n<p><\/p>\n<article style='text-align: center'>Institui a pol\u00edtica estadual de prote\u00e7\u00e3o e de aten\u00e7\u00e3o \u00e0 pessoa\u00a0idosa com<br \/>\ndefici\u00eancia.<\/article>\n<p><\/p>\n<p style='text-align: center'><a href='https:\/\/app.legislapp.com.br\/#\/busca?termo='><\/a><\/p>\n<p><\/p>\n<article>Institui a pol\u00edtica estadual de prote\u00e7\u00e3o e de aten\u00e7\u00e3o \u00e0 pessoa com defici\u00eancia idosa.<br \/>\nA Assembleia Legislativa do Estado de Minas Gerais decreta:<br \/>\nArt. 1\u00ba \u2013 Fica institu\u00edda a pol\u00edtica estadual de prote\u00e7\u00e3o e de aten\u00e7\u00e3o \u00e0 pessoa com defici\u00eancia idosa.<br \/>\nArt. 2\u00ba \u2013 S\u00e3o objetivos da pol\u00edtica de que trata esta lei:<br \/>\nI \u2013 promover a prote\u00e7\u00e3o e a aten\u00e7\u00e3o integral \u00e0 pessoa com defici\u00eancia em seu processo de envelhecimento e \u00e0 pessoa idosa que adquira defici\u00eancia ou perca funcionalidades ao longo da vida, assegurando-lhes o cumprimento de seus direitos e a promo\u00e7\u00e3o de autonomia, de inclus\u00e3o social, de bem-estar e de qualidade de vida;<br \/>\nII \u2013 garantir, nas pol\u00edticas setoriais, a aten\u00e7\u00e3o qualificada, integral e adequada \u00e0s especificidades advindas da interse\u00e7\u00e3o entre a condi\u00e7\u00e3o de defici\u00eancia e o ciclo de vida da pessoa idosa;<br \/>\nIII \u2013 incentivar o desenvolvimento de a\u00e7\u00f5es e de servi\u00e7os p\u00fablicos que contribuam para prevenir ou minimizar a perda de funcionalidades e o desenvolvimento de impedimentos de longo prazo de natureza f\u00edsica, mental, intelectual ou sensorial advindos do envelhecimento;<br \/>\nIV \u2013 fomentar o combate \u00e0s diversas barreiras de acessibilidade na sociedade, considerando os diferentes graus de dificuldade que as pessoas idosas com defici\u00eancia podem enfrentar para exercer as atividades de vida di\u00e1ria.<br \/>\nArt. 3\u00ba \u2013 A pol\u00edtica de que trata esta lei obedecer\u00e1 \u00e0s seguintes diretrizes:<br \/>\nI \u2013 promo\u00e7\u00e3o do envelhecimento ativo da pessoa com defici\u00eancia, de maneira que ela possa participar da vida social, cultural, econ\u00f4mica e civil de sua comunidade;<br \/>\nII \u2013 desenvolvimento de pol\u00edticas p\u00fablicas intersetoriais, intergeracionais, acess\u00edveis e inclusivas \u00e0 pessoa com defici\u00eancia idosa;<br \/>\nIII \u2013 aprimoramento dos servi\u00e7os e das a\u00e7\u00f5es, p\u00fablicos e privados, de preven\u00e7\u00e3o de doen\u00e7as, tratamento e reabilita\u00e7\u00e3o de aten\u00e7\u00e3o \u00e0 sa\u00fade, considerando as especificidades da pessoa idosa com defici\u00eancia;<br \/>\nIV \u2013 est\u00edmulo \u00e0 oferta de servi\u00e7os p\u00fablicos e privados nas \u00e1reas de sa\u00fade, educa\u00e7\u00e3o, assist\u00eancia social, trabalho, cultura, esporte, lazer, mobilidade urbana, habita\u00e7\u00e3o que garantam o protagonismo da pessoa com defici\u00eancia idosa;<br \/>\nV \u2013 fomento \u00e0 educa\u00e7\u00e3o em sa\u00fade e \u00e0 preven\u00e7\u00e3o e tratamento de doen\u00e7as que possam levar \u00e0 perda de funcionalidades e ao agravamento de impedimentos de longo prazo de natureza f\u00edsica, mental, intelectual ou sensorial;<br \/>\nVI \u2013 garantia de divulga\u00e7\u00e3o de informa\u00e7\u00f5es e orienta\u00e7\u00f5es sobre as pol\u00edticas p\u00fablicas dispon\u00edveis \u00e0 pessoa com defici\u00eancia idosa e sua fam\u00edlia e sobre as formas de acess\u00e1-las;<br \/>\nVII \u2013 fomento \u00e0 participa\u00e7\u00e3o da pessoa com defici\u00eancia idosa, de sua fam\u00edlia e de seus cuidadores na formula\u00e7\u00e3o de pol\u00edticas p\u00fablicas sobre o envelhecimento da pessoa com defici\u00eancia;<br \/>\nVIII \u2013 incentivo \u00e0 capacita\u00e7\u00e3o continuada e \u00e0 educa\u00e7\u00e3o permanente dos profissionais da administra\u00e7\u00e3o p\u00fablica estadual, com \u00eanfase nas \u00e1reas de educa\u00e7\u00e3o, sa\u00fade e assist\u00eancia social, para o atendimento especializado, adequado e humanizado \u00e0 pessoa com defici\u00eancia idosa;<br \/>\nIX \u2013 fomento \u00e0 preven\u00e7\u00e3o e ao enfrentamento da viol\u00eancia contra a pessoa com defici\u00eancia idosa;<br \/>\nX \u2013 promo\u00e7\u00e3o de apoio institucional, material e emocional \u00e0 fam\u00edlia cuidadora da pessoa com defici\u00eancia idosa;<br \/>\nXI \u2013 preven\u00e7\u00e3o ao rompimento de v\u00ednculos familiares e ao isolamento social da pessoa com defici\u00eancia idosa;<br \/>\nXII \u2013 enfrentamento das situa\u00e7\u00f5es de vulnerabilidade social e econ\u00f4mica por que passam a pessoa com defici\u00eancia idosa e sua fam\u00edlia;<br \/>\nXIII \u2013 fomento \u00e0 realiza\u00e7\u00e3o de estudos e pesquisas cient\u00edficas sobre a interse\u00e7\u00e3o entre defici\u00eancia e envelhecimento;<br \/>\nXIV \u2013 articula\u00e7\u00e3o entre as pol\u00edticas de sa\u00fade e de assist\u00eancia social para o atendimento das especificidades da pessoa com defici\u00eancia idosa e para o aprimoramento dos servi\u00e7os, dos programas e das a\u00e7\u00f5es de aten\u00e7\u00e3o domiciliar e de acolhimento institucional desse p\u00fablico.<br \/>\nArt. 4\u00ba \u2013 Esta lei entra em vigor na data de sua publica\u00e7\u00e3o.<br \/>\nSala das Reuni\u00f5es, 26 de maio de 2025.<br \/>\nGrego da Funda\u00e7\u00e3o (PMN), ouvidor \u2013 Maria Clara Marra (PSDB), presidente da Comiss\u00e3o de Defesa dos Direitos da Pessoa com Defici\u00eancia.<br \/>\nJustifica\u00e7\u00e3o: A pessoa com defici\u00eancia idosa enfrenta, de forma acumulada, os desafios impostos pela defici\u00eancia e pelo processo natural de envelhecimento. Al\u00e9m disso, tanto as pessoas idosas quanto as pessoas com defici\u00eancia potencialmente compartilham a experi\u00eancia de exclus\u00e3o social que pode ser agravada pela presen\u00e7a desses dois marcadores. Assim, ambos os grupos podem ser benefici\u00e1rios de pol\u00edticas p\u00fablicas transversais.<br \/>\nAdemais, muitas pessoas com defici\u00eancia vivem em situa\u00e7\u00e3o de depend\u00eancia e, com o tempo, perdem seus cuidadores principais \u2013 geralmente pais ou familiares pr\u00f3ximos \u2013, ficando expostas a riscos de neglig\u00eancia, institucionaliza\u00e7\u00e3o e exclus\u00e3o social. A aus\u00eancia de redes formais de apoio compromete a seguran\u00e7a, a sa\u00fade e a dignidade dessas pessoas.<br \/>\nA legisla\u00e7\u00e3o brasileira e estadual avan\u00e7a em termos de direitos das pessoas com defici\u00eancia e das pessoas idosas, mas ainda carece de dispositivos espec\u00edficos que articulem essas duas dimens\u00f5es. Este projeto de lei prop\u00f5e justamente o preenchimento dessa lacuna, ao instituir uma pol\u00edtica estadual voltada \u00e0 prote\u00e7\u00e3o e ao apoio no envelhecimento da pessoa com defici\u00eancia, com especial aten\u00e7\u00e3o \u00e0quelas em situa\u00e7\u00e3o de vulnerabilidade e depend\u00eancia.<br \/>\nDessa forma, contamos com o apoio dos nobres parlamentares para a aprova\u00e7\u00e3o deste projeto de lei.<br \/>\n\u2013 Semelhante proposi\u00e7\u00e3o foi apresentada anteriormente pelo deputado Elismar Prado. Anexe-se ao Projeto de Lei n\u00ba 2.011\/2015, nos termos do \u00a7 2\u00ba do art. 173 do Regimento Interno.<\/article>\n<div style=\"text-align: center\">\n<div style=\"margin-bottom: 20px;\" class=\"et_pb_button_module_wrapper et_pb_button_5_tb_body_wrapper et_pb_button_alignment_center et_pb_module \">\n         <a class=\"et_pb_button et_pb_button_5_tb_body et_hover_enabled et_pb_bg_layout_dark\" style=\"width: 50%;background-color: black;\" href=\"https:\/\/app.legislapp.com.br\" target=\"_blank\" rel=\"noopener\">Visualizar completo na nossa plataforma (30 dias gr\u00e1tis)<\/a><\/p><\/div>\n<p>      <a href=\"https:\/\/play.google.com\/store\/apps\/details?id=br.com.legislapp\"><img decoding=\"async\" style=\"width: 15%; min-width: 130px;\" src=\"https:\/\/www.legislapp.com.br\/wp-content\/uploads\/google-play.png\"><\/a><br \/>\n      <a href=\"https:\/\/apps.apple.com\/us\/app\/legislapp\/id1568929859\"><img decoding=\"async\" style=\"width: 15%; min-width: 130px\" src=\"https:\/\/www.legislapp.com.br\/wp-content\/uploads\/apple-store.png\"><\/a>\n   <\/div>\n","protected":false},"excerpt":{"rendered":"<p>C\u00e2m. Legislativa de MG &#8211; Autoria de Deputados Institui a pol\u00edtica estadual de prote\u00e7\u00e3o e de aten\u00e7\u00e3o \u00e0 pessoa\u00a0idosa com defici\u00eancia. Institui a pol\u00edtica estadual de prote\u00e7\u00e3o e de aten\u00e7\u00e3o \u00e0 pessoa com defici\u00eancia idosa. A Assembleia Legislativa do Estado de Minas Gerais decreta: Art. 1\u00ba \u2013 Fica institu\u00edda a pol\u00edtica estadual de prote\u00e7\u00e3o e [&hellip;]<\/p>\n","protected":false},"author":1,"featured_media":0,"parent":0,"menu_order":0,"comment_status":"closed","ping_status":"closed","template":"page-template-blank.php","meta":{"_et_pb_use_builder":"","_et_pb_old_content":"","_et_gb_content_width":"1080","ngg_post_thumbnail":0,"footnotes":""},"class_list":["post-9002","page","type-page","status-publish","hentry"],"yoast_head":"<!-- This site is optimized with the Yoast SEO plugin v24.4 - https:\/\/yoast.com\/wordpress\/plugins\/seo\/ -->\n<title>PL 3852\/2025 - Deputados - Legislapp<\/title>\n<meta name=\"robots\" content=\"index, follow, max-snippet:-1, max-image-preview:large, max-video-preview:-1\" \/>\n<link rel=\"canonical\" href=\"https:\/\/www.legislapp.com.br\/index.php\/cam-legislativa-de-mg-pl-3852-2025-3\/\" \/>\n<meta property=\"og:locale\" content=\"pt_BR\" \/>\n<meta property=\"og:type\" content=\"article\" \/>\n<meta property=\"og:title\" content=\"PL 3852\/2025 - Deputados - Legislapp\" \/>\n<meta property=\"og:description\" content=\"C\u00e2m. Legislativa de MG &#8211; Autoria de Deputados Institui a pol\u00edtica estadual de prote\u00e7\u00e3o e de aten\u00e7\u00e3o \u00e0 pessoa\u00a0idosa com defici\u00eancia. Institui a pol\u00edtica estadual de prote\u00e7\u00e3o e de aten\u00e7\u00e3o \u00e0 pessoa com defici\u00eancia idosa. A Assembleia Legislativa do Estado de Minas Gerais decreta: Art. 1\u00ba \u2013 Fica institu\u00edda a pol\u00edtica estadual de prote\u00e7\u00e3o e [&hellip;]\" \/>\n<meta property=\"og:url\" content=\"https:\/\/www.legislapp.com.br\/index.php\/cam-legislativa-de-mg-pl-3852-2025-3\/\" \/>\n<meta property=\"og:site_name\" content=\"Legislapp\" \/>\n<meta property=\"article:publisher\" content=\"https:\/\/www.instagram.com\/legislapp\/\" \/>\n<meta property=\"og:image\" content=\"https:\/\/www.legislapp.com.br\/wp-content\/uploads\/google-play.png\" \/>\n<meta name=\"twitter:card\" content=\"summary_large_image\" \/>\n<meta name=\"twitter:label1\" content=\"Est. tempo de leitura\" \/>\n\t<meta name=\"twitter:data1\" content=\"5 minutos\" \/>\n<script type=\"application\/ld+json\" class=\"yoast-schema-graph\">{\"@context\":\"https:\/\/schema.org\",\"@graph\":[{\"@type\":\"WebPage\",\"@id\":\"https:\/\/www.legislapp.com.br\/index.php\/cam-legislativa-de-mg-pl-3852-2025-3\/\",\"url\":\"https:\/\/www.legislapp.com.br\/index.php\/cam-legislativa-de-mg-pl-3852-2025-3\/\",\"name\":\"PL 3852\/2025 - Deputados - Legislapp\",\"isPartOf\":{\"@id\":\"https:\/\/www.legislapp.com.br\/#website\"},\"primaryImageOfPage\":{\"@id\":\"https:\/\/www.legislapp.com.br\/index.php\/cam-legislativa-de-mg-pl-3852-2025-3\/#primaryimage\"},\"image\":{\"@id\":\"https:\/\/www.legislapp.com.br\/index.php\/cam-legislativa-de-mg-pl-3852-2025-3\/#primaryimage\"},\"thumbnailUrl\":\"https:\/\/www.legislapp.com.br\/wp-content\/uploads\/google-play.png\",\"datePublished\":\"2025-10-08T15:07:18+00:00\",\"breadcrumb\":{\"@id\":\"https:\/\/www.legislapp.com.br\/index.php\/cam-legislativa-de-mg-pl-3852-2025-3\/#breadcrumb\"},\"inLanguage\":\"pt-BR\",\"potentialAction\":[{\"@type\":\"ReadAction\",\"target\":[\"https:\/\/www.legislapp.com.br\/index.php\/cam-legislativa-de-mg-pl-3852-2025-3\/\"]}]},{\"@type\":\"ImageObject\",\"inLanguage\":\"pt-BR\",\"@id\":\"https:\/\/www.legislapp.com.br\/index.php\/cam-legislativa-de-mg-pl-3852-2025-3\/#primaryimage\",\"url\":\"https:\/\/www.legislapp.com.br\/wp-content\/uploads\/google-play.png\",\"contentUrl\":\"https:\/\/www.legislapp.com.br\/wp-content\/uploads\/google-play.png\",\"width\":564,\"height\":168},{\"@type\":\"BreadcrumbList\",\"@id\":\"https:\/\/www.legislapp.com.br\/index.php\/cam-legislativa-de-mg-pl-3852-2025-3\/#breadcrumb\",\"itemListElement\":[{\"@type\":\"ListItem\",\"position\":1,\"name\":\"In\u00edcio\",\"item\":\"https:\/\/www.legislapp.com.br\/\"},{\"@type\":\"ListItem\",\"position\":2,\"name\":\"PL 3852\/2025 &#8211; Deputados\"}]},{\"@type\":\"WebSite\",\"@id\":\"https:\/\/www.legislapp.com.br\/#website\",\"url\":\"https:\/\/www.legislapp.com.br\/\",\"name\":\"Legislapp\",\"description\":\"Intelig\u00eancia governamental em tempo real\",\"publisher\":{\"@id\":\"https:\/\/www.legislapp.com.br\/#organization\"},\"potentialAction\":[{\"@type\":\"SearchAction\",\"target\":{\"@type\":\"EntryPoint\",\"urlTemplate\":\"https:\/\/www.legislapp.com.br\/?s={search_term_string}\"},\"query-input\":{\"@type\":\"PropertyValueSpecification\",\"valueRequired\":true,\"valueName\":\"search_term_string\"}}],\"inLanguage\":\"pt-BR\"},{\"@type\":\"Organization\",\"@id\":\"https:\/\/www.legislapp.com.br\/#organization\",\"name\":\"Legislapp Monitoramento e Intelig\u00eancia Governamental\",\"url\":\"https:\/\/www.legislapp.com.br\/\",\"logo\":{\"@type\":\"ImageObject\",\"inLanguage\":\"pt-BR\",\"@id\":\"https:\/\/www.legislapp.com.br\/#\/schema\/logo\/image\/\",\"url\":\"https:\/\/www.legislapp.com.br\/wp-content\/uploads\/icon.png\",\"contentUrl\":\"https:\/\/www.legislapp.com.br\/wp-content\/uploads\/icon.png\",\"width\":1024,\"height\":1024,\"caption\":\"Legislapp Monitoramento e Intelig\u00eancia Governamental\"},\"image\":{\"@id\":\"https:\/\/www.legislapp.com.br\/#\/schema\/logo\/image\/\"},\"sameAs\":[\"https:\/\/www.instagram.com\/legislapp\/\"]}]}<\/script>\n<!-- \/ Yoast SEO plugin. -->","yoast_head_json":{"title":"PL 3852\/2025 - Deputados - Legislapp","robots":{"index":"index","follow":"follow","max-snippet":"max-snippet:-1","max-image-preview":"max-image-preview:large","max-video-preview":"max-video-preview:-1"},"canonical":"https:\/\/www.legislapp.com.br\/index.php\/cam-legislativa-de-mg-pl-3852-2025-3\/","og_locale":"pt_BR","og_type":"article","og_title":"PL 3852\/2025 - Deputados - Legislapp","og_description":"C\u00e2m. Legislativa de MG &#8211; Autoria de Deputados Institui a pol\u00edtica estadual de prote\u00e7\u00e3o e de aten\u00e7\u00e3o \u00e0 pessoa\u00a0idosa com defici\u00eancia. Institui a pol\u00edtica estadual de prote\u00e7\u00e3o e de aten\u00e7\u00e3o \u00e0 pessoa com defici\u00eancia idosa. A Assembleia Legislativa do Estado de Minas Gerais decreta: Art. 1\u00ba \u2013 Fica institu\u00edda a pol\u00edtica estadual de prote\u00e7\u00e3o e [&hellip;]","og_url":"https:\/\/www.legislapp.com.br\/index.php\/cam-legislativa-de-mg-pl-3852-2025-3\/","og_site_name":"Legislapp","article_publisher":"https:\/\/www.instagram.com\/legislapp\/","og_image":[{"url":"https:\/\/www.legislapp.com.br\/wp-content\/uploads\/google-play.png","type":"","width":"","height":""}],"twitter_card":"summary_large_image","twitter_misc":{"Est. tempo de leitura":"5 minutos"},"schema":{"@context":"https:\/\/schema.org","@graph":[{"@type":"WebPage","@id":"https:\/\/www.legislapp.com.br\/index.php\/cam-legislativa-de-mg-pl-3852-2025-3\/","url":"https:\/\/www.legislapp.com.br\/index.php\/cam-legislativa-de-mg-pl-3852-2025-3\/","name":"PL 3852\/2025 - Deputados - Legislapp","isPartOf":{"@id":"https:\/\/www.legislapp.com.br\/#website"},"primaryImageOfPage":{"@id":"https:\/\/www.legislapp.com.br\/index.php\/cam-legislativa-de-mg-pl-3852-2025-3\/#primaryimage"},"image":{"@id":"https:\/\/www.legislapp.com.br\/index.php\/cam-legislativa-de-mg-pl-3852-2025-3\/#primaryimage"},"thumbnailUrl":"https:\/\/www.legislapp.com.br\/wp-content\/uploads\/google-play.png","datePublished":"2025-10-08T15:07:18+00:00","breadcrumb":{"@id":"https:\/\/www.legislapp.com.br\/index.php\/cam-legislativa-de-mg-pl-3852-2025-3\/#breadcrumb"},"inLanguage":"pt-BR","potentialAction":[{"@type":"ReadAction","target":["https:\/\/www.legislapp.com.br\/index.php\/cam-legislativa-de-mg-pl-3852-2025-3\/"]}]},{"@type":"ImageObject","inLanguage":"pt-BR","@id":"https:\/\/www.legislapp.com.br\/index.php\/cam-legislativa-de-mg-pl-3852-2025-3\/#primaryimage","url":"https:\/\/www.legislapp.com.br\/wp-content\/uploads\/google-play.png","contentUrl":"https:\/\/www.legislapp.com.br\/wp-content\/uploads\/google-play.png","width":564,"height":168},{"@type":"BreadcrumbList","@id":"https:\/\/www.legislapp.com.br\/index.php\/cam-legislativa-de-mg-pl-3852-2025-3\/#breadcrumb","itemListElement":[{"@type":"ListItem","position":1,"name":"In\u00edcio","item":"https:\/\/www.legislapp.com.br\/"},{"@type":"ListItem","position":2,"name":"PL 3852\/2025 &#8211; Deputados"}]},{"@type":"WebSite","@id":"https:\/\/www.legislapp.com.br\/#website","url":"https:\/\/www.legislapp.com.br\/","name":"Legislapp","description":"Intelig\u00eancia governamental em tempo real","publisher":{"@id":"https:\/\/www.legislapp.com.br\/#organization"},"potentialAction":[{"@type":"SearchAction","target":{"@type":"EntryPoint","urlTemplate":"https:\/\/www.legislapp.com.br\/?s={search_term_string}"},"query-input":{"@type":"PropertyValueSpecification","valueRequired":true,"valueName":"search_term_string"}}],"inLanguage":"pt-BR"},{"@type":"Organization","@id":"https:\/\/www.legislapp.com.br\/#organization","name":"Legislapp Monitoramento e Intelig\u00eancia Governamental","url":"https:\/\/www.legislapp.com.br\/","logo":{"@type":"ImageObject","inLanguage":"pt-BR","@id":"https:\/\/www.legislapp.com.br\/#\/schema\/logo\/image\/","url":"https:\/\/www.legislapp.com.br\/wp-content\/uploads\/icon.png","contentUrl":"https:\/\/www.legislapp.com.br\/wp-content\/uploads\/icon.png","width":1024,"height":1024,"caption":"Legislapp Monitoramento e Intelig\u00eancia Governamental"},"image":{"@id":"https:\/\/www.legislapp.com.br\/#\/schema\/logo\/image\/"},"sameAs":["https:\/\/www.instagram.com\/legislapp\/"]}]}},"_links":{"self":[{"href":"https:\/\/www.legislapp.com.br\/index.php\/wp-json\/wp\/v2\/pages\/9002","targetHints":{"allow":["GET"]}}],"collection":[{"href":"https:\/\/www.legislapp.com.br\/index.php\/wp-json\/wp\/v2\/pages"}],"about":[{"href":"https:\/\/www.legislapp.com.br\/index.php\/wp-json\/wp\/v2\/types\/page"}],"author":[{"embeddable":true,"href":"https:\/\/www.legislapp.com.br\/index.php\/wp-json\/wp\/v2\/users\/1"}],"replies":[{"embeddable":true,"href":"https:\/\/www.legislapp.com.br\/index.php\/wp-json\/wp\/v2\/comments?post=9002"}],"version-history":[{"count":0,"href":"https:\/\/www.legislapp.com.br\/index.php\/wp-json\/wp\/v2\/pages\/9002\/revisions"}],"wp:attachment":[{"href":"https:\/\/www.legislapp.com.br\/index.php\/wp-json\/wp\/v2\/media?parent=9002"}],"curies":[{"name":"wp","href":"https:\/\/api.w.org\/{rel}","templated":true}]}}