{"id":9082,"date":"2025-10-08T12:11:56","date_gmt":"2025-10-08T15:11:56","guid":{"rendered":"https:\/\/www.legislapp.com.br\/index.php\/cam-legislativa-de-mg-pl-3784-2025-3\/"},"modified":"2025-10-08T12:11:56","modified_gmt":"2025-10-08T15:11:56","slug":"cam-legislativa-de-mg-pl-3784-2025-3","status":"publish","type":"page","link":"https:\/\/www.legislapp.com.br\/index.php\/cam-legislativa-de-mg-pl-3784-2025-3\/","title":{"rendered":"PL 3784\/2025 &#8211; Deputados"},"content":{"rendered":"<h1 style='text-align: center;'>C\u00e2m. Legislativa de MG &#8211; Autoria de Deputados<\/h3>\n<p><\/p>\n<article style='text-align: center'>Autoriza o Poder Executivo a promover, direta ou indiretamente,<br \/>\niniciativas de acolhimento institucional para v\u00edtimas de trabalho em<br \/>\ncondi\u00e7\u00e3o an\u00e1loga \u00e0 de escravo.<\/article>\n<p><\/p>\n<p style='text-align: center'><a href='https:\/\/app.legislapp.com.br\/#\/busca?termo='><\/a><\/p>\n<p><\/p>\n<article>Autoriza o poder executivo a promover, direta ou indiretamente, iniciativas de acolhimento institucional para v\u00edtimas de trabalho em condi\u00e7\u00e3o an\u00e1loga \u00e0 de escravo e d\u00e1 outras provid\u00eancias.<br \/>\nA Assembleia Legislativa do Estado de Minas Gerais decreta:<br \/>\nArt. 1\u00ba \u2013 Fica o Poder Executivo autorizado a promover, direta ou indiretamente, iniciativas de acolhimento institucional que englobem as \u00e1reas da assist\u00eancia social, sa\u00fade, habita\u00e7\u00e3o, para v\u00edtimas de trabalho em condi\u00e7\u00e3o an\u00e1loga \u00e0 de escravo.<br \/>\nPar\u00e1grafo \u00fanico \u2013 Para os fins desta lei, consideram-se condi\u00e7\u00f5es an\u00e1logas \u00e0 de escravo aquelas previstas na legisla\u00e7\u00e3o federal.<br \/>\nArt. 2\u00ba \u2013 Os \u00f3rg\u00e3os e autoridades estaduais, no acolhimento humanizado das v\u00edtimas resgatadas da condi\u00e7\u00e3o an\u00e1loga \u00e0 de escravo, devem seguir o seguinte protocolo:<br \/>\nI \u2013 Identifica\u00e7\u00e3o da pessoa com emiss\u00e3o de documentos e encaminhamento para emiss\u00e3o de documentos de compet\u00eancia de outros \u00f3rg\u00e3os;<br \/>\nII \u2013 Inser\u00e7\u00e3o em programas estaduais de habita\u00e7\u00e3o popular, renda e trabalho, concomitante ao encaminhamento para outros programas federais e municipais de car\u00e1ter assistencial.<br \/>\nIII \u2013 Encaminhamento \u00e0 Defensoria P\u00fablica e ao Minist\u00e9rio P\u00fablico, a fim de possibilitar a reivindica\u00e7\u00e3o, tanto administrativa quanto judicial, dos direitos individuais decorrentes da submiss\u00e3o \u00e0 condi\u00e7\u00e3o an\u00e1loga \u00e0 de escravo, sem preju\u00edzo dos direitos de natureza coletiva que o caso eventualmente envolva;<br \/>\nArt. 3\u00ba \u2013 O Poder Executivo dever\u00e1 promover, al\u00e9m desta lei, pol\u00edticas p\u00fablicas para a execu\u00e7\u00e3o de a\u00e7\u00f5es que resultem no acolhimento institucional para v\u00edtimas de trabalho em condi\u00e7\u00e3o an\u00e1loga \u00e0 de escravo.<br \/>\nArt. 4\u00ba \u2013 Compreendem-se iniciativas de acolhimento institucional, para as v\u00edtimas de trabalho em condi\u00e7\u00e3o an\u00e1loga \u00e0 de escravo, as seguintes a\u00e7\u00f5es:<br \/>\nI \u2013 Atendimento assistencial voltado ao fortalecimento de v\u00ednculos sociofamiliares;<br \/>\nII \u2013 Acesso a benef\u00edcios socioassistenciais, \u00e0 preven\u00e7\u00e3o de riscos sociais e \u00e0 garantia de direitos;<br \/>\nIII \u2013 Cuidados de sa\u00fade, como atendimento m\u00e9dico, odontol\u00f3gico, psicol\u00f3gico e outros que se fizerem necess\u00e1rios, garantidos pelo Sistema \u00danico de Sa\u00fade \u2013 SUS;<br \/>\nIV \u2013 Acionar\/notificar os \u00f3rg\u00e3os respons\u00e1veis para a aplicabilidade das quest\u00f5es criminais, judiciais e administrativas.<br \/>\nV \u2013 Encaminhamento a programas e pol\u00edticas p\u00fablicas voltadas \u00e0 forma\u00e7\u00e3o, profissionaliza\u00e7\u00e3o e inser\u00e7\u00e3o no mercado de trabalho formal.<br \/>\nArt. 5\u00ba \u2013 O Poder Executivo Estadual poder\u00e1 conceder benef\u00edcios para utiliza\u00e7\u00e3o do transporte p\u00fablico estadual por per\u00edodo tempor\u00e1rio, que ser\u00e1 estipulado por meio de seu poder regulamentador.<br \/>\nArt. 6\u00ba \u2013 Fica o Poder Executivo autorizado a conceder, \u00e0s v\u00edtimas de trabalho em condi\u00e7\u00e3o an\u00e1loga \u00e0 de escravo, orienta\u00e7\u00f5es jur\u00eddicas e sociais, para que sejam instru\u00eddas sobre a possibilidade de repara\u00e7\u00e3o de danos decorrentes do trabalho an\u00e1logo a escravo; da regulariza\u00e7\u00e3o migrat\u00f3ria; e da emiss\u00e3o de guias referentes ao Seguro-Desemprego Trabalhador Resgatado.<br \/>\nArt. 7\u00ba \u2013 Fica o Poder Executivo autorizado a estipular prioridade, \u00e0s pessoas resgatadas de trabalho an\u00e1logo \u00e0 escravid\u00e3o, em eventuais programas habitacionais da Secretaria de Estado de Desenvolvimento Social (SEDESE).<br \/>\nArt. 8\u00ba \u2013 Esta lei entra em vigor na data de sua publica\u00e7\u00e3o.<br \/>\nSala das Reuni\u00f5es, 16 de maio de 2025.<br \/>\nBet\u00e3o (PT), presidente da Comiss\u00e3o do Trabalho, da Previd\u00eancia e da Assist\u00eancia Social.<br \/>\nJustifica\u00e7\u00e3o: Inspirado em Projetos an\u00e1logos existentes nos Estados do Rio de Janeiro, S\u00e3o Paulo e Goi\u00e1s, o presente projeto visa refor\u00e7ar as pol\u00edticas de combate ao trabalho escravo no Estado de Minas Gerais, tendo como princ\u00edpios a promo\u00e7\u00e3o dos direitos humanos e das condi\u00e7\u00f5es de trabalho dignas. Esse projeto desdobra-se especialmente sobre as defici\u00eancias do p\u00f3s resgate, a reinser\u00e7\u00e3o das v\u00edtimas na sociedade e as possibilidades de ingresso ao mercado de trabalho formal.<br \/>\n\u2013 Publicado, vai o projeto \u00e0s Comiss\u00f5es de Justi\u00e7a, do Trabalho, de Administra\u00e7\u00e3o P\u00fablica e de Fiscaliza\u00e7\u00e3o Financeira para parecer, nos termos do art. 188, c\/c o art. 102, do Regimento Interno.<\/article>\n<div style=\"text-align: center\">\n<div style=\"margin-bottom: 20px;\" class=\"et_pb_button_module_wrapper et_pb_button_5_tb_body_wrapper et_pb_button_alignment_center et_pb_module \">\n         <a class=\"et_pb_button et_pb_button_5_tb_body et_hover_enabled et_pb_bg_layout_dark\" style=\"width: 50%;background-color: black;\" href=\"https:\/\/app.legislapp.com.br\" target=\"_blank\" rel=\"noopener\">Visualizar completo na nossa plataforma (30 dias gr\u00e1tis)<\/a><\/p><\/div>\n<p>      <a href=\"https:\/\/play.google.com\/store\/apps\/details?id=br.com.legislapp\"><img decoding=\"async\" style=\"width: 15%; min-width: 130px;\" src=\"https:\/\/www.legislapp.com.br\/wp-content\/uploads\/google-play.png\"><\/a><br \/>\n      <a href=\"https:\/\/apps.apple.com\/us\/app\/legislapp\/id1568929859\"><img decoding=\"async\" style=\"width: 15%; min-width: 130px\" src=\"https:\/\/www.legislapp.com.br\/wp-content\/uploads\/apple-store.png\"><\/a>\n   <\/div>\n","protected":false},"excerpt":{"rendered":"<p>C\u00e2m. Legislativa de MG &#8211; Autoria de Deputados Autoriza o Poder Executivo a promover, direta ou indiretamente, iniciativas de acolhimento institucional para v\u00edtimas de trabalho em condi\u00e7\u00e3o an\u00e1loga \u00e0 de escravo. Autoriza o poder executivo a promover, direta ou indiretamente, iniciativas de acolhimento institucional para v\u00edtimas de trabalho em condi\u00e7\u00e3o an\u00e1loga \u00e0 de escravo e [&hellip;]<\/p>\n","protected":false},"author":1,"featured_media":0,"parent":0,"menu_order":0,"comment_status":"closed","ping_status":"closed","template":"page-template-blank.php","meta":{"_et_pb_use_builder":"","_et_pb_old_content":"","_et_gb_content_width":"1080","ngg_post_thumbnail":0,"footnotes":""},"class_list":["post-9082","page","type-page","status-publish","hentry"],"yoast_head":"<!-- This site is optimized with the Yoast SEO plugin v24.4 - https:\/\/yoast.com\/wordpress\/plugins\/seo\/ -->\n<title>PL 3784\/2025 - Deputados - Legislapp<\/title>\n<meta name=\"robots\" content=\"index, follow, max-snippet:-1, max-image-preview:large, max-video-preview:-1\" \/>\n<link rel=\"canonical\" href=\"https:\/\/www.legislapp.com.br\/index.php\/cam-legislativa-de-mg-pl-3784-2025-3\/\" \/>\n<meta property=\"og:locale\" content=\"pt_BR\" \/>\n<meta property=\"og:type\" content=\"article\" \/>\n<meta property=\"og:title\" content=\"PL 3784\/2025 - Deputados - Legislapp\" \/>\n<meta property=\"og:description\" content=\"C\u00e2m. Legislativa de MG &#8211; Autoria de Deputados Autoriza o Poder Executivo a promover, direta ou indiretamente, iniciativas de acolhimento institucional para v\u00edtimas de trabalho em condi\u00e7\u00e3o an\u00e1loga \u00e0 de escravo. Autoriza o poder executivo a promover, direta ou indiretamente, iniciativas de acolhimento institucional para v\u00edtimas de trabalho em condi\u00e7\u00e3o an\u00e1loga \u00e0 de escravo e [&hellip;]\" \/>\n<meta property=\"og:url\" content=\"https:\/\/www.legislapp.com.br\/index.php\/cam-legislativa-de-mg-pl-3784-2025-3\/\" \/>\n<meta property=\"og:site_name\" content=\"Legislapp\" \/>\n<meta property=\"article:publisher\" content=\"https:\/\/www.instagram.com\/legislapp\/\" \/>\n<meta property=\"og:image\" content=\"https:\/\/www.legislapp.com.br\/wp-content\/uploads\/google-play.png\" \/>\n<meta name=\"twitter:card\" content=\"summary_large_image\" \/>\n<meta name=\"twitter:label1\" content=\"Est. tempo de leitura\" \/>\n\t<meta name=\"twitter:data1\" content=\"3 minutos\" \/>\n<script type=\"application\/ld+json\" class=\"yoast-schema-graph\">{\"@context\":\"https:\/\/schema.org\",\"@graph\":[{\"@type\":\"WebPage\",\"@id\":\"https:\/\/www.legislapp.com.br\/index.php\/cam-legislativa-de-mg-pl-3784-2025-3\/\",\"url\":\"https:\/\/www.legislapp.com.br\/index.php\/cam-legislativa-de-mg-pl-3784-2025-3\/\",\"name\":\"PL 3784\/2025 - Deputados - Legislapp\",\"isPartOf\":{\"@id\":\"https:\/\/www.legislapp.com.br\/#website\"},\"primaryImageOfPage\":{\"@id\":\"https:\/\/www.legislapp.com.br\/index.php\/cam-legislativa-de-mg-pl-3784-2025-3\/#primaryimage\"},\"image\":{\"@id\":\"https:\/\/www.legislapp.com.br\/index.php\/cam-legislativa-de-mg-pl-3784-2025-3\/#primaryimage\"},\"thumbnailUrl\":\"https:\/\/www.legislapp.com.br\/wp-content\/uploads\/google-play.png\",\"datePublished\":\"2025-10-08T15:11:56+00:00\",\"breadcrumb\":{\"@id\":\"https:\/\/www.legislapp.com.br\/index.php\/cam-legislativa-de-mg-pl-3784-2025-3\/#breadcrumb\"},\"inLanguage\":\"pt-BR\",\"potentialAction\":[{\"@type\":\"ReadAction\",\"target\":[\"https:\/\/www.legislapp.com.br\/index.php\/cam-legislativa-de-mg-pl-3784-2025-3\/\"]}]},{\"@type\":\"ImageObject\",\"inLanguage\":\"pt-BR\",\"@id\":\"https:\/\/www.legislapp.com.br\/index.php\/cam-legislativa-de-mg-pl-3784-2025-3\/#primaryimage\",\"url\":\"https:\/\/www.legislapp.com.br\/wp-content\/uploads\/google-play.png\",\"contentUrl\":\"https:\/\/www.legislapp.com.br\/wp-content\/uploads\/google-play.png\",\"width\":564,\"height\":168},{\"@type\":\"BreadcrumbList\",\"@id\":\"https:\/\/www.legislapp.com.br\/index.php\/cam-legislativa-de-mg-pl-3784-2025-3\/#breadcrumb\",\"itemListElement\":[{\"@type\":\"ListItem\",\"position\":1,\"name\":\"In\u00edcio\",\"item\":\"https:\/\/www.legislapp.com.br\/\"},{\"@type\":\"ListItem\",\"position\":2,\"name\":\"PL 3784\/2025 &#8211; Deputados\"}]},{\"@type\":\"WebSite\",\"@id\":\"https:\/\/www.legislapp.com.br\/#website\",\"url\":\"https:\/\/www.legislapp.com.br\/\",\"name\":\"Legislapp\",\"description\":\"Intelig\u00eancia governamental em tempo real\",\"publisher\":{\"@id\":\"https:\/\/www.legislapp.com.br\/#organization\"},\"potentialAction\":[{\"@type\":\"SearchAction\",\"target\":{\"@type\":\"EntryPoint\",\"urlTemplate\":\"https:\/\/www.legislapp.com.br\/?s={search_term_string}\"},\"query-input\":{\"@type\":\"PropertyValueSpecification\",\"valueRequired\":true,\"valueName\":\"search_term_string\"}}],\"inLanguage\":\"pt-BR\"},{\"@type\":\"Organization\",\"@id\":\"https:\/\/www.legislapp.com.br\/#organization\",\"name\":\"Legislapp Monitoramento e Intelig\u00eancia Governamental\",\"url\":\"https:\/\/www.legislapp.com.br\/\",\"logo\":{\"@type\":\"ImageObject\",\"inLanguage\":\"pt-BR\",\"@id\":\"https:\/\/www.legislapp.com.br\/#\/schema\/logo\/image\/\",\"url\":\"https:\/\/www.legislapp.com.br\/wp-content\/uploads\/icon.png\",\"contentUrl\":\"https:\/\/www.legislapp.com.br\/wp-content\/uploads\/icon.png\",\"width\":1024,\"height\":1024,\"caption\":\"Legislapp Monitoramento e Intelig\u00eancia Governamental\"},\"image\":{\"@id\":\"https:\/\/www.legislapp.com.br\/#\/schema\/logo\/image\/\"},\"sameAs\":[\"https:\/\/www.instagram.com\/legislapp\/\"]}]}<\/script>\n<!-- \/ Yoast SEO plugin. -->","yoast_head_json":{"title":"PL 3784\/2025 - Deputados - Legislapp","robots":{"index":"index","follow":"follow","max-snippet":"max-snippet:-1","max-image-preview":"max-image-preview:large","max-video-preview":"max-video-preview:-1"},"canonical":"https:\/\/www.legislapp.com.br\/index.php\/cam-legislativa-de-mg-pl-3784-2025-3\/","og_locale":"pt_BR","og_type":"article","og_title":"PL 3784\/2025 - Deputados - Legislapp","og_description":"C\u00e2m. Legislativa de MG &#8211; Autoria de Deputados Autoriza o Poder Executivo a promover, direta ou indiretamente, iniciativas de acolhimento institucional para v\u00edtimas de trabalho em condi\u00e7\u00e3o an\u00e1loga \u00e0 de escravo. Autoriza o poder executivo a promover, direta ou indiretamente, iniciativas de acolhimento institucional para v\u00edtimas de trabalho em condi\u00e7\u00e3o an\u00e1loga \u00e0 de escravo e [&hellip;]","og_url":"https:\/\/www.legislapp.com.br\/index.php\/cam-legislativa-de-mg-pl-3784-2025-3\/","og_site_name":"Legislapp","article_publisher":"https:\/\/www.instagram.com\/legislapp\/","og_image":[{"url":"https:\/\/www.legislapp.com.br\/wp-content\/uploads\/google-play.png","type":"","width":"","height":""}],"twitter_card":"summary_large_image","twitter_misc":{"Est. tempo de leitura":"3 minutos"},"schema":{"@context":"https:\/\/schema.org","@graph":[{"@type":"WebPage","@id":"https:\/\/www.legislapp.com.br\/index.php\/cam-legislativa-de-mg-pl-3784-2025-3\/","url":"https:\/\/www.legislapp.com.br\/index.php\/cam-legislativa-de-mg-pl-3784-2025-3\/","name":"PL 3784\/2025 - Deputados - Legislapp","isPartOf":{"@id":"https:\/\/www.legislapp.com.br\/#website"},"primaryImageOfPage":{"@id":"https:\/\/www.legislapp.com.br\/index.php\/cam-legislativa-de-mg-pl-3784-2025-3\/#primaryimage"},"image":{"@id":"https:\/\/www.legislapp.com.br\/index.php\/cam-legislativa-de-mg-pl-3784-2025-3\/#primaryimage"},"thumbnailUrl":"https:\/\/www.legislapp.com.br\/wp-content\/uploads\/google-play.png","datePublished":"2025-10-08T15:11:56+00:00","breadcrumb":{"@id":"https:\/\/www.legislapp.com.br\/index.php\/cam-legislativa-de-mg-pl-3784-2025-3\/#breadcrumb"},"inLanguage":"pt-BR","potentialAction":[{"@type":"ReadAction","target":["https:\/\/www.legislapp.com.br\/index.php\/cam-legislativa-de-mg-pl-3784-2025-3\/"]}]},{"@type":"ImageObject","inLanguage":"pt-BR","@id":"https:\/\/www.legislapp.com.br\/index.php\/cam-legislativa-de-mg-pl-3784-2025-3\/#primaryimage","url":"https:\/\/www.legislapp.com.br\/wp-content\/uploads\/google-play.png","contentUrl":"https:\/\/www.legislapp.com.br\/wp-content\/uploads\/google-play.png","width":564,"height":168},{"@type":"BreadcrumbList","@id":"https:\/\/www.legislapp.com.br\/index.php\/cam-legislativa-de-mg-pl-3784-2025-3\/#breadcrumb","itemListElement":[{"@type":"ListItem","position":1,"name":"In\u00edcio","item":"https:\/\/www.legislapp.com.br\/"},{"@type":"ListItem","position":2,"name":"PL 3784\/2025 &#8211; Deputados"}]},{"@type":"WebSite","@id":"https:\/\/www.legislapp.com.br\/#website","url":"https:\/\/www.legislapp.com.br\/","name":"Legislapp","description":"Intelig\u00eancia governamental em tempo real","publisher":{"@id":"https:\/\/www.legislapp.com.br\/#organization"},"potentialAction":[{"@type":"SearchAction","target":{"@type":"EntryPoint","urlTemplate":"https:\/\/www.legislapp.com.br\/?s={search_term_string}"},"query-input":{"@type":"PropertyValueSpecification","valueRequired":true,"valueName":"search_term_string"}}],"inLanguage":"pt-BR"},{"@type":"Organization","@id":"https:\/\/www.legislapp.com.br\/#organization","name":"Legislapp Monitoramento e Intelig\u00eancia Governamental","url":"https:\/\/www.legislapp.com.br\/","logo":{"@type":"ImageObject","inLanguage":"pt-BR","@id":"https:\/\/www.legislapp.com.br\/#\/schema\/logo\/image\/","url":"https:\/\/www.legislapp.com.br\/wp-content\/uploads\/icon.png","contentUrl":"https:\/\/www.legislapp.com.br\/wp-content\/uploads\/icon.png","width":1024,"height":1024,"caption":"Legislapp Monitoramento e Intelig\u00eancia Governamental"},"image":{"@id":"https:\/\/www.legislapp.com.br\/#\/schema\/logo\/image\/"},"sameAs":["https:\/\/www.instagram.com\/legislapp\/"]}]}},"_links":{"self":[{"href":"https:\/\/www.legislapp.com.br\/index.php\/wp-json\/wp\/v2\/pages\/9082","targetHints":{"allow":["GET"]}}],"collection":[{"href":"https:\/\/www.legislapp.com.br\/index.php\/wp-json\/wp\/v2\/pages"}],"about":[{"href":"https:\/\/www.legislapp.com.br\/index.php\/wp-json\/wp\/v2\/types\/page"}],"author":[{"embeddable":true,"href":"https:\/\/www.legislapp.com.br\/index.php\/wp-json\/wp\/v2\/users\/1"}],"replies":[{"embeddable":true,"href":"https:\/\/www.legislapp.com.br\/index.php\/wp-json\/wp\/v2\/comments?post=9082"}],"version-history":[{"count":0,"href":"https:\/\/www.legislapp.com.br\/index.php\/wp-json\/wp\/v2\/pages\/9082\/revisions"}],"wp:attachment":[{"href":"https:\/\/www.legislapp.com.br\/index.php\/wp-json\/wp\/v2\/media?parent=9082"}],"curies":[{"name":"wp","href":"https:\/\/api.w.org\/{rel}","templated":true}]}}