{"id":9184,"date":"2025-10-08T12:17:54","date_gmt":"2025-10-08T15:17:54","guid":{"rendered":"https:\/\/www.legislapp.com.br\/index.php\/cam-legislativa-de-sc-pl-0280-2025-3\/"},"modified":"2025-10-08T12:17:54","modified_gmt":"2025-10-08T15:17:54","slug":"cam-legislativa-de-sc-pl-0280-2025-3","status":"publish","type":"page","link":"https:\/\/www.legislapp.com.br\/index.php\/cam-legislativa-de-sc-pl-0280-2025-3\/","title":{"rendered":"PL.\/0280\/2025 &#8211; M\u00e1rio Motta"},"content":{"rendered":"<h1 style='text-align: center;'>C\u00e2m. Legislativa de SC &#8211; Autoria de M\u00e1rio Motta<\/h3>\n<p><\/p>\n<article style='text-align: center'>Estabelece prefer\u00eancia, nos editais de licita\u00e7\u00e3o para constru\u00e7\u00e3o  ou reforma de pr\u00e9dios p\u00fablicos no Estado de Santa Catarina,  para os projetos arquitet\u00f4nicos que proponham a gera\u00e7\u00e3o de  energia de matriz sustent\u00e1vel.<\/article>\n<p><\/p>\n<p style='text-align: center'><a href='https:\/\/app.legislapp.com.br\/#\/busca?termo='><\/a><\/p>\n<p><\/p>\n<article>\n<p>PROJETO DE LEI N\u00ba <\/p>\n<p>Estabelece prefer\u00eancia, nos editais de licita\u00e7\u00e3o para constru\u00e7\u00e3o<br \/>\nou reforma de pr\u00e9dios p\u00fablicos no Estado de Santa Catarina,<br \/>\npara os projetos arquitet\u00f4nicos que proponham a gera\u00e7\u00e3o de<br \/>\nenergia de matriz sustent\u00e1vel. <\/p>\n<p>Art. 1\u00ba  Esta Lei estabelece prefer\u00eancia na promo\u00e7\u00e3o da<br \/>\nsustentabilidade energ\u00e9tica nos contratos p\u00fablicos de obras no Estado de Santa Catarina,<br \/>\nmediante a inclus\u00e3o de crit\u00e9rios de prefer\u00eancia nos procedimentos licitat\u00f3rios. <\/p>\n<p>Art. 2\u00ba Os editais de licita\u00e7\u00f5es para constru\u00e7\u00e3o ou reforma de<br \/>\npr\u00e9dios p\u00fablicos, promovidas pela administra\u00e7\u00e3o p\u00fablica direta e indireta de qualquer dos<br \/>\nPoderes do Estado, dever\u00e3o estabelecer cl\u00e1usula de prefer\u00eancia para os projetos<br \/>\narquitet\u00f4nicos que proponham t\u00e9cnica economicamente vi\u00e1vel para a gera\u00e7\u00e3o e utiliza\u00e7\u00e3o<br \/>\nde energia de matriz solar, e\u00f3lica ou de outra matriz sustent\u00e1vel no pr\u00e9dio p\u00fablico a ser<br \/>\nconstru\u00eddo ou reformado. <\/p>\n<p>Art. 3\u00ba Esta lei entra em vigor na data de sua publica\u00e7\u00e3o. <\/p>\n<p>Sala das sess\u00f5es, <\/p>\n<p>M\u00c1RIO MOTTA<br \/>\nDeputado Estadual <\/p>\n<p>Pal\u00e1cio Barriga-Verde<br \/>\nRua Dr. Jorge Luz Fontes, 310 \u2013 Sala 110<br \/>\n88020-900 &#8211; Florian\u00f3polis &#8211; SC<br \/>\n(48) 3221.2839 <\/p>\n<p>1  <\/p>\n<p>JUSTIFICATIVA <\/p>\n<p>A presente proposta legislativa tem por finalidade incentivar a<br \/>\nincorpora\u00e7\u00e3o de solu\u00e7\u00f5es sustent\u00e1veis nos projetos de obras p\u00fablicas no Estado<br \/>\nde Santa Catarina, sem criar obriga\u00e7\u00f5es diretas ou custos adicionais obrigat\u00f3rios<br \/>\n\u00e0 Administra\u00e7\u00e3o P\u00fablica, mas estabelecendo prefer\u00eancia t\u00e9cnica nos processos<br \/>\nlicitat\u00f3rios. <\/p>\n<p>A medida est\u00e1 alinhada aos princ\u00edpios constitucionais do<br \/>\ndesenvolvimento sustent\u00e1vel, conforme disposto nos arts. 170, VI, e 225 da<br \/>\nConstitui\u00e7\u00e3o da Rep\u00fablica, e respeita os limites da compet\u00eancia legislativa dos<br \/>\nEstados, uma vez que trata de normas regulamentares \u00e0s normas gerais de<br \/>\nlicita\u00e7\u00e3o, n\u00e3o confrontando com o art. 22, XXVII da CRFB. <\/p>\n<p>A Lei Federal n\u00ba 14.133\/2021 \u2014 Nova Lei de Licita\u00e7\u00f5es e<br \/>\nContratos \u2014 em seus artigos 5\u00ba e 11, estabelece que as contrata\u00e7\u00f5es p\u00fablicas<br \/>\ndevem observar os princ\u00edpios da sustentabilidade e da busca pela melhor rela\u00e7\u00e3o<br \/>\nentre benef\u00edcios e custos para a Administra\u00e7\u00e3o. Assim, esse projeto n\u00e3o interfere<br \/>\nnas normas gerais da Uni\u00e3o, mas atua de forma espec\u00edfica e compat\u00edvel com a<br \/>\nrealidade estadual. <\/p>\n<p>Al\u00e9m disso, j\u00e1 existe precedente normativo federal com esse<br \/>\nesp\u00edrito, a exemplo do Decreto n\u00ba 7.746, de 2012, que trata da sustentabilidade<br \/>\nnas contrata\u00e7\u00f5es da Administra\u00e7\u00e3o P\u00fablica. Assim, a presente iniciativa segue<br \/>\ntend\u00eancia consolidada e promove uma atua\u00e7\u00e3o p\u00fablica mais eficiente e<br \/>\nambientalmente respons\u00e1vel, fortalecendo a pol\u00edtica estadual de transi\u00e7\u00e3o<br \/>\nenerg\u00e9tica e racionaliza\u00e7\u00e3o dos gastos p\u00fablicos. <\/p>\n<p>Pal\u00e1cio Barriga-Verde<br \/>\nRua Dr. Jorge Luz Fontes, 310 \u2013 Sala 110<br \/>\n88020-900 &#8211; Florian\u00f3polis &#8211; SC<br \/>\n(48) 3221.2839 <\/p>\n<p>2<br \/>\nCom isso, o Estado de Santa Catarina poder\u00e1 qualificar seus<br \/>\ninvestimentos em infraestrutura com base em crit\u00e9rios t\u00e9cnicos modernos e<br \/>\nalinhados \u00e0s boas pr\u00e1ticas de gest\u00e3o p\u00fablica. <\/p>\n<p>Dessa forma, o projeto representa avan\u00e7o estrat\u00e9gico para a<br \/>\npol\u00edtica p\u00fablica catarinense, ao fomentar a sustentabilidade ambiental e a<br \/>\ninova\u00e7\u00e3o tecnol\u00f3gica nas edifica\u00e7\u00f5es p\u00fablicas, promovendo, ainda, economia de<br \/>\nrecursos e redu\u00e7\u00e3o do impacto ambiental, sem comprometer a transpar\u00eancia e a<br \/>\ncompetitividade nos processos licitat\u00f3rios. <\/p>\n<p>Por essas raz\u00f5es, solicito o apoio dos nobres pares para a<br \/>\naprova\u00e7\u00e3o deste projeto, que representa um passo fundamental para o avan\u00e7o da<br \/>\nsustentabilidade nas pol\u00edticas p\u00fablicas do Estado de Santa Catarina. <\/p>\n<p>Sala das sess\u00f5es, <\/p>\n<p>M\u00c1RIO MOTTA<br \/>\nDeputado Estadual <\/p>\n<p>Pal\u00e1cio Barriga-Verde<br \/>\nRua Dr. Jorge Luz Fontes, 310 \u2013 Sala 110<br \/>\n88020-900 &#8211; Florian\u00f3polis &#8211; SC<br \/>\n(48) 3221.2839 <\/p>\n<p>3 <\/article>\n<div style=\"text-align: center\">\n<div style=\"margin-bottom: 20px;\" class=\"et_pb_button_module_wrapper et_pb_button_5_tb_body_wrapper et_pb_button_alignment_center et_pb_module \">\n         <a class=\"et_pb_button et_pb_button_5_tb_body et_hover_enabled et_pb_bg_layout_dark\" style=\"width: 50%;background-color: black;\" href=\"https:\/\/app.legislapp.com.br\" target=\"_blank\" rel=\"noopener\">Visualizar completo na nossa plataforma (30 dias gr\u00e1tis)<\/a><\/p><\/div>\n<p>      <a href=\"https:\/\/play.google.com\/store\/apps\/details?id=br.com.legislapp\"><img decoding=\"async\" style=\"width: 15%; min-width: 130px;\" src=\"https:\/\/www.legislapp.com.br\/wp-content\/uploads\/google-play.png\"><\/a><br \/>\n      <a href=\"https:\/\/apps.apple.com\/us\/app\/legislapp\/id1568929859\"><img decoding=\"async\" style=\"width: 15%; min-width: 130px\" src=\"https:\/\/www.legislapp.com.br\/wp-content\/uploads\/apple-store.png\"><\/a>\n   <\/div>\n","protected":false},"excerpt":{"rendered":"<p>C\u00e2m. Legislativa de SC &#8211; Autoria de M\u00e1rio Motta Estabelece prefer\u00eancia, nos editais de licita\u00e7\u00e3o para constru\u00e7\u00e3o ou reforma de pr\u00e9dios p\u00fablicos no Estado de Santa Catarina, para os projetos arquitet\u00f4nicos que proponham a gera\u00e7\u00e3o de energia de matriz sustent\u00e1vel. PROJETO DE LEI N\u00ba Estabelece prefer\u00eancia, nos editais de licita\u00e7\u00e3o para constru\u00e7\u00e3o ou reforma de [&hellip;]<\/p>\n","protected":false},"author":1,"featured_media":0,"parent":0,"menu_order":0,"comment_status":"closed","ping_status":"closed","template":"page-template-blank.php","meta":{"_et_pb_use_builder":"","_et_pb_old_content":"","_et_gb_content_width":"1080","ngg_post_thumbnail":0,"footnotes":""},"class_list":["post-9184","page","type-page","status-publish","hentry"],"yoast_head":"<!-- This site is optimized with the Yoast SEO plugin v24.4 - https:\/\/yoast.com\/wordpress\/plugins\/seo\/ -->\n<title>PL.\/0280\/2025 - M\u00e1rio Motta - Legislapp<\/title>\n<meta name=\"robots\" content=\"index, follow, max-snippet:-1, max-image-preview:large, max-video-preview:-1\" \/>\n<link rel=\"canonical\" href=\"https:\/\/www.legislapp.com.br\/index.php\/cam-legislativa-de-sc-pl-0280-2025-3\/\" \/>\n<meta property=\"og:locale\" content=\"pt_BR\" \/>\n<meta property=\"og:type\" content=\"article\" \/>\n<meta property=\"og:title\" content=\"PL.\/0280\/2025 - M\u00e1rio Motta - Legislapp\" \/>\n<meta property=\"og:description\" content=\"C\u00e2m. Legislativa de SC &#8211; Autoria de M\u00e1rio Motta Estabelece prefer\u00eancia, nos editais de licita\u00e7\u00e3o para constru\u00e7\u00e3o ou reforma de pr\u00e9dios p\u00fablicos no Estado de Santa Catarina, para os projetos arquitet\u00f4nicos que proponham a gera\u00e7\u00e3o de energia de matriz sustent\u00e1vel. PROJETO DE LEI N\u00ba Estabelece prefer\u00eancia, nos editais de licita\u00e7\u00e3o para constru\u00e7\u00e3o ou reforma de [&hellip;]\" \/>\n<meta property=\"og:url\" content=\"https:\/\/www.legislapp.com.br\/index.php\/cam-legislativa-de-sc-pl-0280-2025-3\/\" \/>\n<meta property=\"og:site_name\" content=\"Legislapp\" \/>\n<meta property=\"article:publisher\" content=\"https:\/\/www.instagram.com\/legislapp\/\" \/>\n<meta property=\"og:image\" content=\"https:\/\/www.legislapp.com.br\/wp-content\/uploads\/google-play.png\" \/>\n<meta name=\"twitter:card\" content=\"summary_large_image\" \/>\n<meta name=\"twitter:label1\" content=\"Est. tempo de leitura\" \/>\n\t<meta name=\"twitter:data1\" content=\"3 minutos\" \/>\n<script type=\"application\/ld+json\" class=\"yoast-schema-graph\">{\"@context\":\"https:\/\/schema.org\",\"@graph\":[{\"@type\":\"WebPage\",\"@id\":\"https:\/\/www.legislapp.com.br\/index.php\/cam-legislativa-de-sc-pl-0280-2025-3\/\",\"url\":\"https:\/\/www.legislapp.com.br\/index.php\/cam-legislativa-de-sc-pl-0280-2025-3\/\",\"name\":\"PL.\/0280\/2025 - M\u00e1rio Motta - Legislapp\",\"isPartOf\":{\"@id\":\"https:\/\/www.legislapp.com.br\/#website\"},\"primaryImageOfPage\":{\"@id\":\"https:\/\/www.legislapp.com.br\/index.php\/cam-legislativa-de-sc-pl-0280-2025-3\/#primaryimage\"},\"image\":{\"@id\":\"https:\/\/www.legislapp.com.br\/index.php\/cam-legislativa-de-sc-pl-0280-2025-3\/#primaryimage\"},\"thumbnailUrl\":\"https:\/\/www.legislapp.com.br\/wp-content\/uploads\/google-play.png\",\"datePublished\":\"2025-10-08T15:17:54+00:00\",\"breadcrumb\":{\"@id\":\"https:\/\/www.legislapp.com.br\/index.php\/cam-legislativa-de-sc-pl-0280-2025-3\/#breadcrumb\"},\"inLanguage\":\"pt-BR\",\"potentialAction\":[{\"@type\":\"ReadAction\",\"target\":[\"https:\/\/www.legislapp.com.br\/index.php\/cam-legislativa-de-sc-pl-0280-2025-3\/\"]}]},{\"@type\":\"ImageObject\",\"inLanguage\":\"pt-BR\",\"@id\":\"https:\/\/www.legislapp.com.br\/index.php\/cam-legislativa-de-sc-pl-0280-2025-3\/#primaryimage\",\"url\":\"https:\/\/www.legislapp.com.br\/wp-content\/uploads\/google-play.png\",\"contentUrl\":\"https:\/\/www.legislapp.com.br\/wp-content\/uploads\/google-play.png\",\"width\":564,\"height\":168},{\"@type\":\"BreadcrumbList\",\"@id\":\"https:\/\/www.legislapp.com.br\/index.php\/cam-legislativa-de-sc-pl-0280-2025-3\/#breadcrumb\",\"itemListElement\":[{\"@type\":\"ListItem\",\"position\":1,\"name\":\"In\u00edcio\",\"item\":\"https:\/\/www.legislapp.com.br\/\"},{\"@type\":\"ListItem\",\"position\":2,\"name\":\"PL.\/0280\/2025 &#8211; M\u00e1rio Motta\"}]},{\"@type\":\"WebSite\",\"@id\":\"https:\/\/www.legislapp.com.br\/#website\",\"url\":\"https:\/\/www.legislapp.com.br\/\",\"name\":\"Legislapp\",\"description\":\"Intelig\u00eancia governamental em tempo real\",\"publisher\":{\"@id\":\"https:\/\/www.legislapp.com.br\/#organization\"},\"potentialAction\":[{\"@type\":\"SearchAction\",\"target\":{\"@type\":\"EntryPoint\",\"urlTemplate\":\"https:\/\/www.legislapp.com.br\/?s={search_term_string}\"},\"query-input\":{\"@type\":\"PropertyValueSpecification\",\"valueRequired\":true,\"valueName\":\"search_term_string\"}}],\"inLanguage\":\"pt-BR\"},{\"@type\":\"Organization\",\"@id\":\"https:\/\/www.legislapp.com.br\/#organization\",\"name\":\"Legislapp Monitoramento e Intelig\u00eancia Governamental\",\"url\":\"https:\/\/www.legislapp.com.br\/\",\"logo\":{\"@type\":\"ImageObject\",\"inLanguage\":\"pt-BR\",\"@id\":\"https:\/\/www.legislapp.com.br\/#\/schema\/logo\/image\/\",\"url\":\"https:\/\/www.legislapp.com.br\/wp-content\/uploads\/icon.png\",\"contentUrl\":\"https:\/\/www.legislapp.com.br\/wp-content\/uploads\/icon.png\",\"width\":1024,\"height\":1024,\"caption\":\"Legislapp Monitoramento e Intelig\u00eancia Governamental\"},\"image\":{\"@id\":\"https:\/\/www.legislapp.com.br\/#\/schema\/logo\/image\/\"},\"sameAs\":[\"https:\/\/www.instagram.com\/legislapp\/\"]}]}<\/script>\n<!-- \/ Yoast SEO plugin. -->","yoast_head_json":{"title":"PL.\/0280\/2025 - M\u00e1rio Motta - Legislapp","robots":{"index":"index","follow":"follow","max-snippet":"max-snippet:-1","max-image-preview":"max-image-preview:large","max-video-preview":"max-video-preview:-1"},"canonical":"https:\/\/www.legislapp.com.br\/index.php\/cam-legislativa-de-sc-pl-0280-2025-3\/","og_locale":"pt_BR","og_type":"article","og_title":"PL.\/0280\/2025 - M\u00e1rio Motta - Legislapp","og_description":"C\u00e2m. Legislativa de SC &#8211; Autoria de M\u00e1rio Motta Estabelece prefer\u00eancia, nos editais de licita\u00e7\u00e3o para constru\u00e7\u00e3o ou reforma de pr\u00e9dios p\u00fablicos no Estado de Santa Catarina, para os projetos arquitet\u00f4nicos que proponham a gera\u00e7\u00e3o de energia de matriz sustent\u00e1vel. PROJETO DE LEI N\u00ba Estabelece prefer\u00eancia, nos editais de licita\u00e7\u00e3o para constru\u00e7\u00e3o ou reforma de [&hellip;]","og_url":"https:\/\/www.legislapp.com.br\/index.php\/cam-legislativa-de-sc-pl-0280-2025-3\/","og_site_name":"Legislapp","article_publisher":"https:\/\/www.instagram.com\/legislapp\/","og_image":[{"url":"https:\/\/www.legislapp.com.br\/wp-content\/uploads\/google-play.png","type":"","width":"","height":""}],"twitter_card":"summary_large_image","twitter_misc":{"Est. tempo de leitura":"3 minutos"},"schema":{"@context":"https:\/\/schema.org","@graph":[{"@type":"WebPage","@id":"https:\/\/www.legislapp.com.br\/index.php\/cam-legislativa-de-sc-pl-0280-2025-3\/","url":"https:\/\/www.legislapp.com.br\/index.php\/cam-legislativa-de-sc-pl-0280-2025-3\/","name":"PL.\/0280\/2025 - M\u00e1rio Motta - Legislapp","isPartOf":{"@id":"https:\/\/www.legislapp.com.br\/#website"},"primaryImageOfPage":{"@id":"https:\/\/www.legislapp.com.br\/index.php\/cam-legislativa-de-sc-pl-0280-2025-3\/#primaryimage"},"image":{"@id":"https:\/\/www.legislapp.com.br\/index.php\/cam-legislativa-de-sc-pl-0280-2025-3\/#primaryimage"},"thumbnailUrl":"https:\/\/www.legislapp.com.br\/wp-content\/uploads\/google-play.png","datePublished":"2025-10-08T15:17:54+00:00","breadcrumb":{"@id":"https:\/\/www.legislapp.com.br\/index.php\/cam-legislativa-de-sc-pl-0280-2025-3\/#breadcrumb"},"inLanguage":"pt-BR","potentialAction":[{"@type":"ReadAction","target":["https:\/\/www.legislapp.com.br\/index.php\/cam-legislativa-de-sc-pl-0280-2025-3\/"]}]},{"@type":"ImageObject","inLanguage":"pt-BR","@id":"https:\/\/www.legislapp.com.br\/index.php\/cam-legislativa-de-sc-pl-0280-2025-3\/#primaryimage","url":"https:\/\/www.legislapp.com.br\/wp-content\/uploads\/google-play.png","contentUrl":"https:\/\/www.legislapp.com.br\/wp-content\/uploads\/google-play.png","width":564,"height":168},{"@type":"BreadcrumbList","@id":"https:\/\/www.legislapp.com.br\/index.php\/cam-legislativa-de-sc-pl-0280-2025-3\/#breadcrumb","itemListElement":[{"@type":"ListItem","position":1,"name":"In\u00edcio","item":"https:\/\/www.legislapp.com.br\/"},{"@type":"ListItem","position":2,"name":"PL.\/0280\/2025 &#8211; M\u00e1rio Motta"}]},{"@type":"WebSite","@id":"https:\/\/www.legislapp.com.br\/#website","url":"https:\/\/www.legislapp.com.br\/","name":"Legislapp","description":"Intelig\u00eancia governamental em tempo real","publisher":{"@id":"https:\/\/www.legislapp.com.br\/#organization"},"potentialAction":[{"@type":"SearchAction","target":{"@type":"EntryPoint","urlTemplate":"https:\/\/www.legislapp.com.br\/?s={search_term_string}"},"query-input":{"@type":"PropertyValueSpecification","valueRequired":true,"valueName":"search_term_string"}}],"inLanguage":"pt-BR"},{"@type":"Organization","@id":"https:\/\/www.legislapp.com.br\/#organization","name":"Legislapp Monitoramento e Intelig\u00eancia Governamental","url":"https:\/\/www.legislapp.com.br\/","logo":{"@type":"ImageObject","inLanguage":"pt-BR","@id":"https:\/\/www.legislapp.com.br\/#\/schema\/logo\/image\/","url":"https:\/\/www.legislapp.com.br\/wp-content\/uploads\/icon.png","contentUrl":"https:\/\/www.legislapp.com.br\/wp-content\/uploads\/icon.png","width":1024,"height":1024,"caption":"Legislapp Monitoramento e Intelig\u00eancia Governamental"},"image":{"@id":"https:\/\/www.legislapp.com.br\/#\/schema\/logo\/image\/"},"sameAs":["https:\/\/www.instagram.com\/legislapp\/"]}]}},"_links":{"self":[{"href":"https:\/\/www.legislapp.com.br\/index.php\/wp-json\/wp\/v2\/pages\/9184","targetHints":{"allow":["GET"]}}],"collection":[{"href":"https:\/\/www.legislapp.com.br\/index.php\/wp-json\/wp\/v2\/pages"}],"about":[{"href":"https:\/\/www.legislapp.com.br\/index.php\/wp-json\/wp\/v2\/types\/page"}],"author":[{"embeddable":true,"href":"https:\/\/www.legislapp.com.br\/index.php\/wp-json\/wp\/v2\/users\/1"}],"replies":[{"embeddable":true,"href":"https:\/\/www.legislapp.com.br\/index.php\/wp-json\/wp\/v2\/comments?post=9184"}],"version-history":[{"count":0,"href":"https:\/\/www.legislapp.com.br\/index.php\/wp-json\/wp\/v2\/pages\/9184\/revisions"}],"wp:attachment":[{"href":"https:\/\/www.legislapp.com.br\/index.php\/wp-json\/wp\/v2\/media?parent=9184"}],"curies":[{"name":"wp","href":"https:\/\/api.w.org\/{rel}","templated":true}]}}