{"id":9516,"date":"2025-10-29T10:22:52","date_gmt":"2025-10-29T13:22:52","guid":{"rendered":"https:\/\/www.legislapp.com.br\/index.php\/cam-legislativa-de-sc-plc-0025-2025\/"},"modified":"2025-10-29T10:22:52","modified_gmt":"2025-10-29T13:22:52","slug":"cam-legislativa-de-sc-plc-0025-2025","status":"publish","type":"page","link":"https:\/\/www.legislapp.com.br\/index.php\/cam-legislativa-de-sc-plc-0025-2025\/","title":{"rendered":"PLC\/0025\/2025 &#8211; Tribunal de Justi\u00e7a do Estado"},"content":{"rendered":"<h1 style='text-align: center;'>C\u00e2m. Legislativa de SC &#8211; Autoria de Tribunal de Justi\u00e7a do Estado<\/h3>\n<p><\/p>\n<article style='text-align: center'>Altera a Lei Complementar n\u00ba 755, de 26 de dezembro de 2019, que disp\u00f5e sobre os emolumentos no Estado de Santa Catarina e a Lei Complementar n\u00ba 807, de 21 de dezembro de 2022, que simplifica e desburocratiza a apura\u00e7\u00e3o e a arrecada\u00e7\u00e3o do Fundo de Reaparelhamento da Justi\u00e7a (FRJ) incidente sobre os atos praticados pelas serventias notariais e de registro do Estado de Santa Catarina, a aplica\u00e7\u00e3o do Selo de Fiscaliza\u00e7\u00e3o, e adota outras provid\u00eancias.<\/article>\n<p><\/p>\n<p style='text-align: center'><a href='https:\/\/app.legislapp.com.br\/#\/busca?termo='><\/a><\/p>\n<p><\/p>\n<article>ESTADO DE SANTA CATARINA<br \/>\nPODER JUDICI\u00c1RIO<\/p>\n<p>OF\u00cdCIO N. 2.575\/2025 &#8211; GP<br \/>\nFlorian\u00f3polis\/SC, [data da assinatura digital]<br \/>\n\u00c0 Sua Excel\u00eancia o Senhor<br \/>\nDeputado J\u00daLIO GARCIA<br \/>\nPresidente em exerc\u00edcio da Assembleia Legislativa do Estado de Santa<br \/>\nCatarina \u2013 ALESC<br \/>\nFlorian\u00f3polis\/SC<\/p>\n<p>Assunto: Anteprojeto de Lei &#8211; Conforma\u00e7\u00e3o do Regimento de Emolumentos<br \/>\ndo servi\u00e7o extrajudicial Catarinense \u00e0 reforma tribut\u00e1ria<\/p>\n<p>Excelent\u00edssimo Senhor Presidente,<\/p>\n<p>Cumprimentando-o respeitosamente, sirvo-me do presente para<br \/>\nencaminhar, para aprecia\u00e7\u00e3o dessa augusta Assembleia Legislativa, o<br \/>\nAnteprojeto de Lei aprovado pelo Tribunal Pleno do Tribunal de Justi\u00e7a do<br \/>\nEstado de Santa Catarina, que procura assegurar a conformidade<br \/>\ndo Regimento de Emolumentos do servi\u00e7o extrajudicial catarinense \u00e0<br \/>\nreforma tribut\u00e1ria introduzida pela Emenda Constitucional n. 132\/2023.<br \/>\nA proposta de adequa\u00e7\u00e3o normativa, aprovada por unanimidade<br \/>\npelo \u00d3rg\u00e3o Especial deste Tribunal, contempla altera\u00e7\u00f5es pontuais nas Leis<br \/>\nComplementares estaduais n. 755\/2019 e n. 807\/2022, antecipando o<br \/>\nimpacto da legisla\u00e7\u00e3o vigente \u00e0 futura substitui\u00e7\u00e3o progressiva do ISSQN<br \/>\npelo Imposto sobre Bens e Servi\u00e7os (IBS), de compet\u00eancia compartilhada<br \/>\nentre Estados e Munic\u00edpios. A iniciativa tem car\u00e1ter preventivo, objetivando<br \/>\npreservar a legalidade, a transpar\u00eancia e a seguran\u00e7a jur\u00eddica na composi\u00e7\u00e3o<br \/>\ndo custo final dos servi\u00e7os notariais e de registro.<br \/>\nSubmetida a proposta de minuta ao \u00ednclito Conselho Nacional de<br \/>\nJusti\u00e7a, o Excelent\u00edssimo Ministro Mauro Campbell Marques, Corregedor<br \/>\nNacional de Justi\u00e7a, manifestou-se favoravelmente \u00e0 tramita\u00e7\u00e3o do<br \/>\nanteprojeto, reconhecendo sua adequa\u00e7\u00e3o jur\u00eddica, a pertin\u00eancia t\u00e9cnica da<br \/>\nproposta e sua conson\u00e2ncia \u00e0s diretrizes da Resolu\u00e7\u00e3o CNJ n. 609\/2024.<br \/>\nDiante do exposto, encaminho a Vossa Excel\u00eancia c\u00f3pia do<br \/>\nd e c i s u m e do anteprojeto respectivo para os ?ns de regular tramita\u00e7\u00e3o e<br \/>\ndelibera\u00e7\u00e3o por esse egr\u00e9gio Poder Legislativo.<br \/>\nRenovando protestos de elevada considera\u00e7\u00e3o e apre\u00e7o, coloco-me \u00e0 disposi\u00e7\u00e3o para quaisquer esclarecimentos adicionais que se ?zerem<br \/>\nnecess\u00e1rios.<br \/>\nRespeitosamente,<\/p>\n<p>Desembargador Francisco Oliveira Neto<br \/>\nPresidente<br \/>\nDocumento assinado eletronicamente por Francisco Jose Rodrigues de Oliveira<br \/>\nNeto, Presidente do Tribunal de Justi\u00e7a de Santa Catarina, em 02\/10\/2025,<br \/>\n\u00e0s 11:11, conforme art. 1\u00ba, III, &#8220;b&#8221;, da Lei 11.419\/2006.<br \/>\nA autenticidade do documento pode ser conferida no site<br \/>\nhttp:\/\/sei.tjsc.jus.br\/verificacao informando o c\u00f3digo verificador 9879806 e o<br \/>\nc\u00f3digo CRC 29D72079.<br \/>\n0061331-70.2025.8.24.0710 9879806v5ESTADO DE SANTA CATARINA<br \/>\nPODER JUDICI\u00c1RIO<\/p>\n<p>PROJETO DE LEI COMPLEMENTAR N\u00ba ____, DE ___ DE ____________ DE 2025<\/p>\n<p>Altera a Lei Complementar n\u00ba 755, de 26 de dezembro de 2019, que disp\u00f5e sobre os emolumentos no Estado de Santa<br \/>\nCatarina e a Lei Complementar Estadual n\u00ba 807, de 21 de dezembro de 2022, que simplifica e desburocratiza a apura\u00e7\u00e3o e a<br \/>\narrecada\u00e7\u00e3o do Fundo de Reaparelhamento da Justi\u00e7a (FRJ) incidente sobre os atos praticados pelas serventias notariais e de<br \/>\nregistro do Estado de Santa Catarina, a aplica\u00e7\u00e3o do Selo de Fiscaliza\u00e7\u00e3o, e adota outras provid\u00eancias. <\/p>\n<p>O GOVERNADOR DO ESTADO DE SANTA CATARINA,<br \/>\nFa\u00e7o saber a todos os habitantes deste Estado que a Assembleia Legislativa decreta e eu sanciono a seguinte Lei<br \/>\nComplementar:<br \/>\n?<br \/>\nArt. 1\u00ba Esta Lei Complementar altera a Lei Complementar n\u00ba 755, de 26 de dezembro de 2019, que disp\u00f5e sobre os<br \/>\nemolumentos no Estado de Santa Catarina e a Lei Complementar Estadual n\u00ba 807, de 21 de dezembro de 2022, que simplifica e desburocratiza a<br \/>\napura\u00e7\u00e3o e a arrecada\u00e7\u00e3o do Fundo de Reaparelhamento da Justi\u00e7a (FRJ) incidente sobre os atos praticados pelas serventias notariais e de registro<br \/>\ndo Estado de Santa Catarina, a aplica\u00e7\u00e3o do Selo de Fiscaliza\u00e7\u00e3o, e adota outras provid\u00eancias. <\/p>\n<p>Art. 2\u00ba O \u00a74\u00ba do art. 12 da Lei Complementar Estadual n\u00ba 755, de 26 de dezembro de 2019, passa a vigorar com a seguinte<br \/>\nreda\u00e7\u00e3o: <\/p>\n<p>\u201cArt.12&#8230;&#8230;&#8230;&#8230;&#8230;&#8230;&#8230;&#8230;&#8230;&#8230;&#8230;&#8230;&#8230;&#8230;&#8230;&#8230;&#8230;&#8230;&#8230;&#8230;&#8230;&#8230;&#8230;&#8230;&#8230;&#8230;&#8230;&#8230;&#8230;&#8230;&#8230;&#8230;&#8230;&#8230;&#8230;&#8230;&#8230;&#8230;&#8230;&#8230;&#8230;&#8230;&#8230;&#8230;&#8230;&#8230;&#8230;&#8230;&#8230;&#8230;&#8230;&#8230;&#8230;&#8230;&#8230;&#8230;&#8230;&#8230;&#8230;&#8230;&#8230;&#8230;&#8230;.<br \/>\n\u00a7 4\u00ba Os emolumentos correspondem ao pre\u00e7o dos atos ou servi\u00e7os notariais e de registro.\u201d (NR)<br \/>\n(NR) <\/p>\n<p>Art. 3\u00ba Ficam acrescidos os \u00a7\u00a7 5\u00ba, 6\u00ba e 7\u00ba ao art. 12 da Lei Complementar Estadual n\u00ba 755, de 26 de dezembro de 2019, com<br \/>\na seguinte reda\u00e7\u00e3o: <\/p>\n<p>\u201cArt.12&#8230;&#8230;&#8230;&#8230;&#8230;&#8230;&#8230;&#8230;&#8230;&#8230;&#8230;&#8230;&#8230;&#8230;&#8230;&#8230;&#8230;&#8230;&#8230;&#8230;&#8230;&#8230;&#8230;&#8230;&#8230;&#8230;&#8230;&#8230;&#8230;&#8230;<br \/>\n&#8230;&#8230;&#8230;&#8230;&#8230;&#8230;&#8230;&#8230;&#8230;&#8230;&#8230;&#8230;&#8230;&#8230;&#8230;&#8230;&#8230;&#8230;&#8230;&#8230;&#8230;&#8230;&#8230;&#8230;&#8230;&#8230;&#8230;&#8230;&#8230;&#8230;&#8230;&#8230;&#8230;..<br \/>\n\u00a7 5\u00ba Aos emolumentos ser\u00e3o acrescidos, para c\u00e1lculo do custo final para o usu\u00e1rio, os valores incidentes sobre o pre\u00e7o dos<br \/>\natos e servi\u00e7os dos not\u00e1rios e registradores a t\u00edtulo de:<br \/>\nI \u2013 recolhimento ao Fundo de Reaparelhamento da Justi\u00e7a (FRJ);<br \/>\nII \u2013 recolhimento aos demais fundos criados por lei; e<br \/>\nIII \u2013 tributos institu\u00eddos por lei municipal, estadual ou federal.<br \/>\n\u00a7 6\u00ba Ficam exclu\u00eddos da base de c\u00e1lculo dos emolumentos os acr\u00e9scimos previstos em lei.<br \/>\n\u00a7 7\u00ba Na hip\u00f3tese de nova incid\u00eancia tribut\u00e1ria tendo por base de c\u00e1lculo os emolumentos, o valor correspondente ser\u00e1<br \/>\nacrescido ao custo final ao usu\u00e1rio, cabendo ao delegat\u00e1rio o respectivo recolhimento, autorizada a cobran\u00e7a concomitante<br \/>\nao pagamento dos emolumentos.\u201d (NR) <\/p>\n<p>Art. 4\u00ba O art. 21 da Lei Complementar Estadual n\u00ba 807, de 21 de dezembro de 2022, passa a vigorar com a seguinte reda\u00e7\u00e3o: <\/p>\n<p>\u201cArt. 21. Ao publicar as tabelas anexas \u00e0 Lei Complementar n\u00ba 755, de 2019, o Poder Judici\u00e1rio do Estado de Santa Catarina<br \/>\ndever\u00e1 discriminar os repasses efetuados pelas serventias notariais e de registro ao Fundo de Reaparelhamento da Justi\u00e7a,<br \/>\ncom as respectivas destina\u00e7\u00f5es em colunas, e ao fix\u00e1-las nos murais de suas serventias os not\u00e1rios e registradores dever\u00e3o<br \/>\nadicionar, tamb\u00e9m em colunas, o valor dos tributos criados por lei municipal, estadual ou federal incidentes sobre o pre\u00e7o do<br \/>\nservi\u00e7o e o custo final deste para o usu\u00e1rio.\u201d (NR) <\/p>\n<p>Art. 5\u00ba Esta Lei Complementar entra em vigor na data de sua publica\u00e7\u00e3o.<br \/>\n?<br \/>\nFlorian\u00f3polis, XX de XXXXXX de 2025.<br \/>\n?<br \/>\n?<br \/>\nJORGINHO MELLO<br \/>\nGovernador do Estado <\/p>\n<p>JUSTIFICATIVA <\/p>\n<p>O presente projeto de lei complementar tem por objetivo promover a conforma\u00e7\u00e3o da reforma tribut\u00e1ria \u00e0 legisla\u00e7\u00e3o relativa aos<br \/>\nemolumentos dos servi\u00e7os notariais e de registro e ao respectivo recolhimento ao Fundo de Reaparelhamento da Justi\u00e7a, em raz\u00e3o das recentes<br \/>\nmodifica\u00e7\u00f5es introduzidas pela Emenda Constitucional n\u00ba 132, de 20 de dezembro de 2023, que institui a reforma do Sistema Tribut\u00e1rio Nacional.<br \/>\nA referida Emenda Constitucional promove uma profunda reestrutura\u00e7\u00e3o no sistema tribut\u00e1rio sobre o consumo no Brasil, ao instituir<br \/>\ndois novos tributos \u2014 o Imposto sobre Bens e Servi\u00e7os (IBS), de compet\u00eancia estadual e municipal, e a Contribui\u00e7\u00e3o sobre Bens e Servi\u00e7os (CBS), de<br \/>\ncompet\u00eancia federal \u2014 que substituir\u00e3o progressivamente cinco tributos atualmente vigentes: ICMS, ISSQN, IPI, PIS e COFINS.<br \/>\nAnteprojeto de Lei 9791140         SEI 0061331-70.2025.8.24.0710 \/ pg. 16Diante desse novo cen\u00e1rio, torna-se necess\u00e1rio atualizar a Lei Complementar n\u00ba 755, de 26 de dezembro de 2019 e a Lei<br \/>\nComplementar n\u00ba 807, de 21 de dezembro de 2022, que atualmente consideram apenas os tributos municipais (ISSQN) incidentes sobre os<br \/>\nemolumentos. A proposta legislativa que ora se apresenta visa incluir a previs\u00e3o expressa da incid\u00eancia dos tributos municipais, estaduais e federais<br \/>\nsobre os emolumentos, garantindo seguran\u00e7a jur\u00eddica e transpar\u00eancia na composi\u00e7\u00e3o do custo final dos servi\u00e7os extrajudiciais para os usu\u00e1rios, ante<br \/>\na imin\u00eancia dos efeitos da reforma tribut\u00e1ria.<br \/>\nAl\u00e9m disso, a proposta autoriza o delegat\u00e1rio a realizar a cobran\u00e7a dos tributos concomitante ao pagamento dos servi\u00e7os, com a devida<br \/>\ndiscrimina\u00e7\u00e3o dos valores nos murais das serventias, promovendo maior transpar\u00eancia e previsibilidade ao usu\u00e1rio.<br \/>\nPor fim, ressalta-se que, mesmo na hip\u00f3tese de eventual atraso ou n\u00e3o implementa\u00e7\u00e3o da reforma tribut\u00e1ria nacional, as altera\u00e7\u00f5es<br \/>\npropostas na legisla\u00e7\u00e3o estadual permanecer\u00e3o v\u00e1lidas e aplic\u00e1veis, uma vez que apenas ampliam o leque de possibilidades de recolhimento de<br \/>\nimpostos incluindo os de compet\u00eancia estadual e federal, que, caso n\u00e3o venham a efeito por aus\u00eancia de regulamenta\u00e7\u00e3o, n\u00e3o incidir\u00e3o, de modo<br \/>\nque a proposta n\u00e3o acarreta preju\u00edzo algum ao sistema vigente e tampouco representa qualquer onera\u00e7\u00e3o ao usu\u00e1rio.<br \/>\nDiante do exposto, a presente proposta legislativa se justifica pela necessidade de harmoniza\u00e7\u00e3o normativa, previsibilidade tribut\u00e1ria e<br \/>\ntranspar\u00eancia na presta\u00e7\u00e3o dos servi\u00e7os p\u00fablicos notariais e de registro em benef\u00edcio da sociedade catarinense.<br \/>\n\u00c0 vista do exposto, submete-se o presente projeto de lei \u00e0 aprecia\u00e7\u00e3o da augusta Assembleia Legislativa do Estado de Santa Catarina e<br \/>\naos seus nobres Deputados. <\/p>\n<p>? <\/p>\n<p>Documento assinado eletronicamente por Neide Lara de Souza Broering, Chefe de Se\u00e7\u00e3o, em 08\/09\/2025, \u00e0s 18:53, conforme art.<br \/>\n1\u00ba, III, &#8220;b&#8221;, da Lei 11.419\/2006.<br \/>\nA autenticidade do documento pode ser conferida no site http:\/\/sei.tjsc.jus.br\/verificacao informando o c\u00f3digo verificador 9791140 e o<br \/>\nc\u00f3digo CRC 212C4D17.<br \/>\n0061331-70.2025.8.24.0710 9791140v2<br \/>\nAnteprojeto de Lei 9791140         SEI 0061331-70.2025.8.24.0710 \/ pg. 17<\/article>\n<div style=\"text-align: center\">\n<div style=\"margin-bottom: 20px;\" class=\"et_pb_button_module_wrapper et_pb_button_5_tb_body_wrapper et_pb_button_alignment_center et_pb_module \">\n         <a class=\"et_pb_button et_pb_button_5_tb_body et_hover_enabled et_pb_bg_layout_dark\" style=\"width: 50%;background-color: black;\" href=\"https:\/\/app.legislapp.com.br\" target=\"_blank\" rel=\"noopener\">Visualizar completo na nossa plataforma (30 dias gr\u00e1tis)<\/a><\/p><\/div>\n<p>      <a href=\"https:\/\/play.google.com\/store\/apps\/details?id=br.com.legislapp\"><img decoding=\"async\" style=\"width: 15%; min-width: 130px;\" src=\"https:\/\/www.legislapp.com.br\/wp-content\/uploads\/google-play.png\"><\/a><br \/>\n      <a href=\"https:\/\/apps.apple.com\/us\/app\/legislapp\/id1568929859\"><img decoding=\"async\" style=\"width: 15%; min-width: 130px\" src=\"https:\/\/www.legislapp.com.br\/wp-content\/uploads\/apple-store.png\"><\/a>\n   <\/div>\n","protected":false},"excerpt":{"rendered":"<p>C\u00e2m. Legislativa de SC &#8211; Autoria de Tribunal de Justi\u00e7a do Estado Altera a Lei Complementar n\u00ba 755, de 26 de dezembro de 2019, que disp\u00f5e sobre os emolumentos no Estado de Santa Catarina e a Lei Complementar n\u00ba 807, de 21 de dezembro de 2022, que simplifica e desburocratiza a apura\u00e7\u00e3o e a arrecada\u00e7\u00e3o [&hellip;]<\/p>\n","protected":false},"author":1,"featured_media":0,"parent":0,"menu_order":0,"comment_status":"closed","ping_status":"closed","template":"page-template-blank.php","meta":{"_et_pb_use_builder":"","_et_pb_old_content":"","_et_gb_content_width":"1080","ngg_post_thumbnail":0,"footnotes":""},"class_list":["post-9516","page","type-page","status-publish","hentry"],"yoast_head":"<!-- This site is optimized with the Yoast SEO plugin v24.4 - https:\/\/yoast.com\/wordpress\/plugins\/seo\/ -->\n<title>PLC\/0025\/2025 - Tribunal de Justi\u00e7a do Estado - Legislapp<\/title>\n<meta name=\"robots\" content=\"index, follow, max-snippet:-1, max-image-preview:large, max-video-preview:-1\" \/>\n<link rel=\"canonical\" href=\"https:\/\/www.legislapp.com.br\/index.php\/cam-legislativa-de-sc-plc-0025-2025\/\" \/>\n<meta property=\"og:locale\" content=\"pt_BR\" \/>\n<meta property=\"og:type\" content=\"article\" \/>\n<meta property=\"og:title\" content=\"PLC\/0025\/2025 - Tribunal de Justi\u00e7a do Estado - Legislapp\" \/>\n<meta property=\"og:description\" content=\"C\u00e2m. Legislativa de SC &#8211; Autoria de Tribunal de Justi\u00e7a do Estado Altera a Lei Complementar n\u00ba 755, de 26 de dezembro de 2019, que disp\u00f5e sobre os emolumentos no Estado de Santa Catarina e a Lei Complementar n\u00ba 807, de 21 de dezembro de 2022, que simplifica e desburocratiza a apura\u00e7\u00e3o e a arrecada\u00e7\u00e3o [&hellip;]\" \/>\n<meta property=\"og:url\" content=\"https:\/\/www.legislapp.com.br\/index.php\/cam-legislativa-de-sc-plc-0025-2025\/\" \/>\n<meta property=\"og:site_name\" content=\"Legislapp\" \/>\n<meta property=\"article:publisher\" content=\"https:\/\/www.instagram.com\/legislapp\/\" \/>\n<meta property=\"og:image\" content=\"https:\/\/www.legislapp.com.br\/wp-content\/uploads\/google-play.png\" \/>\n<meta name=\"twitter:card\" content=\"summary_large_image\" \/>\n<meta name=\"twitter:label1\" content=\"Est. tempo de leitura\" \/>\n\t<meta name=\"twitter:data1\" content=\"8 minutos\" \/>\n<script type=\"application\/ld+json\" class=\"yoast-schema-graph\">{\"@context\":\"https:\/\/schema.org\",\"@graph\":[{\"@type\":\"WebPage\",\"@id\":\"https:\/\/www.legislapp.com.br\/index.php\/cam-legislativa-de-sc-plc-0025-2025\/\",\"url\":\"https:\/\/www.legislapp.com.br\/index.php\/cam-legislativa-de-sc-plc-0025-2025\/\",\"name\":\"PLC\/0025\/2025 - Tribunal de Justi\u00e7a do Estado - Legislapp\",\"isPartOf\":{\"@id\":\"https:\/\/www.legislapp.com.br\/#website\"},\"primaryImageOfPage\":{\"@id\":\"https:\/\/www.legislapp.com.br\/index.php\/cam-legislativa-de-sc-plc-0025-2025\/#primaryimage\"},\"image\":{\"@id\":\"https:\/\/www.legislapp.com.br\/index.php\/cam-legislativa-de-sc-plc-0025-2025\/#primaryimage\"},\"thumbnailUrl\":\"https:\/\/www.legislapp.com.br\/wp-content\/uploads\/google-play.png\",\"datePublished\":\"2025-10-29T13:22:52+00:00\",\"breadcrumb\":{\"@id\":\"https:\/\/www.legislapp.com.br\/index.php\/cam-legislativa-de-sc-plc-0025-2025\/#breadcrumb\"},\"inLanguage\":\"pt-BR\",\"potentialAction\":[{\"@type\":\"ReadAction\",\"target\":[\"https:\/\/www.legislapp.com.br\/index.php\/cam-legislativa-de-sc-plc-0025-2025\/\"]}]},{\"@type\":\"ImageObject\",\"inLanguage\":\"pt-BR\",\"@id\":\"https:\/\/www.legislapp.com.br\/index.php\/cam-legislativa-de-sc-plc-0025-2025\/#primaryimage\",\"url\":\"https:\/\/www.legislapp.com.br\/wp-content\/uploads\/google-play.png\",\"contentUrl\":\"https:\/\/www.legislapp.com.br\/wp-content\/uploads\/google-play.png\",\"width\":564,\"height\":168},{\"@type\":\"BreadcrumbList\",\"@id\":\"https:\/\/www.legislapp.com.br\/index.php\/cam-legislativa-de-sc-plc-0025-2025\/#breadcrumb\",\"itemListElement\":[{\"@type\":\"ListItem\",\"position\":1,\"name\":\"In\u00edcio\",\"item\":\"https:\/\/www.legislapp.com.br\/\"},{\"@type\":\"ListItem\",\"position\":2,\"name\":\"PLC\/0025\/2025 &#8211; Tribunal de Justi\u00e7a do Estado\"}]},{\"@type\":\"WebSite\",\"@id\":\"https:\/\/www.legislapp.com.br\/#website\",\"url\":\"https:\/\/www.legislapp.com.br\/\",\"name\":\"Legislapp\",\"description\":\"Intelig\u00eancia governamental em tempo real\",\"publisher\":{\"@id\":\"https:\/\/www.legislapp.com.br\/#organization\"},\"potentialAction\":[{\"@type\":\"SearchAction\",\"target\":{\"@type\":\"EntryPoint\",\"urlTemplate\":\"https:\/\/www.legislapp.com.br\/?s={search_term_string}\"},\"query-input\":{\"@type\":\"PropertyValueSpecification\",\"valueRequired\":true,\"valueName\":\"search_term_string\"}}],\"inLanguage\":\"pt-BR\"},{\"@type\":\"Organization\",\"@id\":\"https:\/\/www.legislapp.com.br\/#organization\",\"name\":\"Legislapp Monitoramento e Intelig\u00eancia Governamental\",\"url\":\"https:\/\/www.legislapp.com.br\/\",\"logo\":{\"@type\":\"ImageObject\",\"inLanguage\":\"pt-BR\",\"@id\":\"https:\/\/www.legislapp.com.br\/#\/schema\/logo\/image\/\",\"url\":\"https:\/\/www.legislapp.com.br\/wp-content\/uploads\/icon.png\",\"contentUrl\":\"https:\/\/www.legislapp.com.br\/wp-content\/uploads\/icon.png\",\"width\":1024,\"height\":1024,\"caption\":\"Legislapp Monitoramento e Intelig\u00eancia Governamental\"},\"image\":{\"@id\":\"https:\/\/www.legislapp.com.br\/#\/schema\/logo\/image\/\"},\"sameAs\":[\"https:\/\/www.instagram.com\/legislapp\/\"]}]}<\/script>\n<!-- \/ Yoast SEO plugin. -->","yoast_head_json":{"title":"PLC\/0025\/2025 - Tribunal de Justi\u00e7a do Estado - Legislapp","robots":{"index":"index","follow":"follow","max-snippet":"max-snippet:-1","max-image-preview":"max-image-preview:large","max-video-preview":"max-video-preview:-1"},"canonical":"https:\/\/www.legislapp.com.br\/index.php\/cam-legislativa-de-sc-plc-0025-2025\/","og_locale":"pt_BR","og_type":"article","og_title":"PLC\/0025\/2025 - Tribunal de Justi\u00e7a do Estado - Legislapp","og_description":"C\u00e2m. Legislativa de SC &#8211; Autoria de Tribunal de Justi\u00e7a do Estado Altera a Lei Complementar n\u00ba 755, de 26 de dezembro de 2019, que disp\u00f5e sobre os emolumentos no Estado de Santa Catarina e a Lei Complementar n\u00ba 807, de 21 de dezembro de 2022, que simplifica e desburocratiza a apura\u00e7\u00e3o e a arrecada\u00e7\u00e3o [&hellip;]","og_url":"https:\/\/www.legislapp.com.br\/index.php\/cam-legislativa-de-sc-plc-0025-2025\/","og_site_name":"Legislapp","article_publisher":"https:\/\/www.instagram.com\/legislapp\/","og_image":[{"url":"https:\/\/www.legislapp.com.br\/wp-content\/uploads\/google-play.png","type":"","width":"","height":""}],"twitter_card":"summary_large_image","twitter_misc":{"Est. tempo de leitura":"8 minutos"},"schema":{"@context":"https:\/\/schema.org","@graph":[{"@type":"WebPage","@id":"https:\/\/www.legislapp.com.br\/index.php\/cam-legislativa-de-sc-plc-0025-2025\/","url":"https:\/\/www.legislapp.com.br\/index.php\/cam-legislativa-de-sc-plc-0025-2025\/","name":"PLC\/0025\/2025 - Tribunal de Justi\u00e7a do Estado - Legislapp","isPartOf":{"@id":"https:\/\/www.legislapp.com.br\/#website"},"primaryImageOfPage":{"@id":"https:\/\/www.legislapp.com.br\/index.php\/cam-legislativa-de-sc-plc-0025-2025\/#primaryimage"},"image":{"@id":"https:\/\/www.legislapp.com.br\/index.php\/cam-legislativa-de-sc-plc-0025-2025\/#primaryimage"},"thumbnailUrl":"https:\/\/www.legislapp.com.br\/wp-content\/uploads\/google-play.png","datePublished":"2025-10-29T13:22:52+00:00","breadcrumb":{"@id":"https:\/\/www.legislapp.com.br\/index.php\/cam-legislativa-de-sc-plc-0025-2025\/#breadcrumb"},"inLanguage":"pt-BR","potentialAction":[{"@type":"ReadAction","target":["https:\/\/www.legislapp.com.br\/index.php\/cam-legislativa-de-sc-plc-0025-2025\/"]}]},{"@type":"ImageObject","inLanguage":"pt-BR","@id":"https:\/\/www.legislapp.com.br\/index.php\/cam-legislativa-de-sc-plc-0025-2025\/#primaryimage","url":"https:\/\/www.legislapp.com.br\/wp-content\/uploads\/google-play.png","contentUrl":"https:\/\/www.legislapp.com.br\/wp-content\/uploads\/google-play.png","width":564,"height":168},{"@type":"BreadcrumbList","@id":"https:\/\/www.legislapp.com.br\/index.php\/cam-legislativa-de-sc-plc-0025-2025\/#breadcrumb","itemListElement":[{"@type":"ListItem","position":1,"name":"In\u00edcio","item":"https:\/\/www.legislapp.com.br\/"},{"@type":"ListItem","position":2,"name":"PLC\/0025\/2025 &#8211; Tribunal de Justi\u00e7a do Estado"}]},{"@type":"WebSite","@id":"https:\/\/www.legislapp.com.br\/#website","url":"https:\/\/www.legislapp.com.br\/","name":"Legislapp","description":"Intelig\u00eancia governamental em tempo real","publisher":{"@id":"https:\/\/www.legislapp.com.br\/#organization"},"potentialAction":[{"@type":"SearchAction","target":{"@type":"EntryPoint","urlTemplate":"https:\/\/www.legislapp.com.br\/?s={search_term_string}"},"query-input":{"@type":"PropertyValueSpecification","valueRequired":true,"valueName":"search_term_string"}}],"inLanguage":"pt-BR"},{"@type":"Organization","@id":"https:\/\/www.legislapp.com.br\/#organization","name":"Legislapp Monitoramento e Intelig\u00eancia Governamental","url":"https:\/\/www.legislapp.com.br\/","logo":{"@type":"ImageObject","inLanguage":"pt-BR","@id":"https:\/\/www.legislapp.com.br\/#\/schema\/logo\/image\/","url":"https:\/\/www.legislapp.com.br\/wp-content\/uploads\/icon.png","contentUrl":"https:\/\/www.legislapp.com.br\/wp-content\/uploads\/icon.png","width":1024,"height":1024,"caption":"Legislapp Monitoramento e Intelig\u00eancia Governamental"},"image":{"@id":"https:\/\/www.legislapp.com.br\/#\/schema\/logo\/image\/"},"sameAs":["https:\/\/www.instagram.com\/legislapp\/"]}]}},"_links":{"self":[{"href":"https:\/\/www.legislapp.com.br\/index.php\/wp-json\/wp\/v2\/pages\/9516","targetHints":{"allow":["GET"]}}],"collection":[{"href":"https:\/\/www.legislapp.com.br\/index.php\/wp-json\/wp\/v2\/pages"}],"about":[{"href":"https:\/\/www.legislapp.com.br\/index.php\/wp-json\/wp\/v2\/types\/page"}],"author":[{"embeddable":true,"href":"https:\/\/www.legislapp.com.br\/index.php\/wp-json\/wp\/v2\/users\/1"}],"replies":[{"embeddable":true,"href":"https:\/\/www.legislapp.com.br\/index.php\/wp-json\/wp\/v2\/comments?post=9516"}],"version-history":[{"count":0,"href":"https:\/\/www.legislapp.com.br\/index.php\/wp-json\/wp\/v2\/pages\/9516\/revisions"}],"wp:attachment":[{"href":"https:\/\/www.legislapp.com.br\/index.php\/wp-json\/wp\/v2\/media?parent=9516"}],"curies":[{"name":"wp","href":"https:\/\/api.w.org\/{rel}","templated":true}]}}