{"id":9551,"date":"2025-10-29T10:25:40","date_gmt":"2025-10-29T13:25:40","guid":{"rendered":"https:\/\/www.legislapp.com.br\/index.php\/cam-legislativa-de-mg-pl-4436-2025-2\/"},"modified":"2025-10-29T10:25:40","modified_gmt":"2025-10-29T13:25:40","slug":"cam-legislativa-de-mg-pl-4436-2025-2","status":"publish","type":"page","link":"https:\/\/www.legislapp.com.br\/index.php\/cam-legislativa-de-mg-pl-4436-2025-2\/","title":{"rendered":"PL 4436\/2025 &#8211; Deputados"},"content":{"rendered":"<h1 style='text-align: center;'>C\u00e2m. Legislativa de MG &#8211; Autoria de Deputados<\/h3>\n<p><\/p>\n<article style='text-align: center'>Reconhece como de relevante interesse cultural e social do Estado o<br \/>\nServi\u00e7o Volunt\u00e1rio de Resgate &#8211; Sevor -, na regi\u00e3o de Jo\u00e3o Monlevade,<br \/>\nmicrorregi\u00e3o do M\u00e9dio Piracicaba.<\/article>\n<p><\/p>\n<p style='text-align: center'><a href='https:\/\/app.legislapp.com.br\/#\/busca?termo='><\/a><\/p>\n<p><\/p>\n<article>Reconhece o relevante interesse cultural e social para o Estado de Minas Gerais do Servi\u00e7o Volunt\u00e1rio de Resgate \u2013 Sevor \u2013, na regi\u00e3o de Jo\u00e3o Monlevade, microrregi\u00e3o do M\u00e9dio Piracicaba.<br \/>\nA Assembleia Legislativa do Estado de Minas Gerais decreta:<br \/>\nArt. 1\u00ba \u2013 Fica reconhecido o relevante interesse cultural e social para o Estado de Minas Gerais, nos termos da Lei n\u00ba 24.219, de 15 de julho de 2022, o Servi\u00e7o Volunt\u00e1rio de Resgate \u2013 Sevor \u2013, na regi\u00e3o de Jo\u00e3o Monlevade, microrregi\u00e3o do M\u00e9dio Piracicaba, que atende a mais de 16 munic\u00edpios, com o esp\u00edrito de salvar vidas no tr\u00e2nsito e produzir efetiva a\u00e7\u00e3o de resgate, contribuindo para fomentar atitudes de empatia, responsabilidade, educa\u00e7\u00e3o e conscientiza\u00e7\u00e3o sobre a import\u00e2ncia da seguran\u00e7a vi\u00e1ria.<br \/>\nArt. 2\u00ba \u2013 O reconhecimento de que trata esta lei, tem por objetivo valorizar bens, express\u00f5es e manifesta\u00e7\u00f5es culturais dos diferentes grupos formadores da sociedade mineira.\u00a0<br \/>\nArt. 3\u00ba \u2013 Esta lei entra em vigor na data de sua publica\u00e7\u00e3o.<br \/>\nSala das Reuni\u00f5es, 17 de setembro de 2025.<br \/>\nLeleco Pimentel (PT), presidente da Comiss\u00e3o Extraordin\u00e1ria de Defesa da Habita\u00e7\u00e3o e da Reforma Urbana, respons\u00e1vel da Frente Parlamentar em Defesa da Agroecologia, Agricultura Familiar, Soberania e Seguran\u00e7a Alimentar e Nutricional e vice-presidente da Comiss\u00e3o de Assuntos Municipais e Regionaliza\u00e7\u00e3o.<br \/>\nJustifica\u00e7\u00e3o: O Servi\u00e7o Volunt\u00e1rio de Resgate \u2013 Sevor \u2013 presta relevantes servi\u00e7os em favor da vida na regi\u00e3o de Jo\u00e3o Monlevade, microrregi\u00e3o do M\u00e9dio Piracicaba, envolvendo mais de 16 munic\u00edpios.<br \/>\nFundado em 4 de novembro de 2000, com praticamente 25 anos j\u00e1 de exist\u00eancia, se constitui como uma entidade civil de direito privado, sem fins lucrativos e sem discrimina\u00e7\u00e3o religiosa ou racial. A sede e o foro encontram-se na cidade de Jo\u00e3o Monlevade.<br \/>\nTem dentre seus objetivos, a miss\u00e3o de levar o conforto e cuidados necess\u00e1rios \u00e0s v\u00edtimas de acidentes no atendimento pr\u00e9-hospitalar, amenizando e prevenindo poss\u00edveis sequelas; conscientizar a popula\u00e7\u00e3o atrav\u00e9s de palestras e reuni\u00f5es sobre preven\u00e7\u00e3o de acidentes, dire\u00e7\u00e3o defensiva, primeiros socorros e outros; promover a cidadania individual e coletiva; al\u00e9m de incentivar outros setores da sociedade em prol da inspira\u00e7\u00e3o de \u201cSalvar Vidas\u201d.<br \/>\nAs constantes trag\u00e9dias ocorridas na BR-381 e BR-262, foram um incentivo a mais para que um grupo de integrantes dos escoteiros de Jo\u00e3o Monlevade, preocupados em aliviar o sofrimento de quem necessitava de apoio nesses momentos, criassem uma organiza\u00e7\u00e3o com a miss\u00e3o de salvar vidas.<br \/>\nA cidade de Jo\u00e3o Monlevade localiza-se a 110km de Belo Horizonte, capital do estado de Minas Gerais, e a 125km da cidade de Ipatinga, um dos principais polos econ\u00f4micos do Estado. Cerca de 16 munic\u00edpios localizam-se num raio de 60 km da cidade compondo a microrregi\u00e3o do M\u00e9dio Piracicaba, totalizando aproximadamente 350.000 habitantes, composta pelos Munic\u00edpios de Itabira, Bela Vista de Minas, Nova Era, S\u00e3o Gon\u00e7alo do Rio Abaixo, S\u00e3o Domingos do Prata, Santa B\u00e1rbara, Bar\u00e3o de Cocais, Bom Jesus do Amparo, Cata\u00a0Altas, Alvin\u00f3polis, Dom Silv\u00e9rio, Sem Peixe, S\u00e3o Jos\u00e9 do Goiabal, Dion\u00edsio e Rio Piracicaba que atualmente integram a Associa\u00e7\u00e3o dos Munic\u00edpios da Microrregi\u00e3o do M\u00e9dio Rio Piracicaba \u2013 Amepi \u2013, cuja sede administrativa situa-se no Munic\u00edpio de Jo\u00e3o Monlevade.\u00a0<br \/>\nOs principais acessos rodovi\u00e1rios s\u00e3o a BR 381 \u2013 que corta o pa\u00eds em diagonal, com in\u00edcio no Estado de S\u00e3o Paulo e t\u00e9rmino no estado do Esp\u00edrito Santo \u2013 e a BR 262 \u2013 transversal, de in\u00edcio no Estado do Mato Grosso do Sul e t\u00e9rmino tamb\u00e9m no Esp\u00edrito Santo, por onde escoa parte expressiva da economia nacional.\u00a0<br \/>\nO Sevor tem expressiva atua\u00e7\u00e3o humanit\u00e1ria, social, t\u00e9cnica, e contribui para a eleva\u00e7\u00e3o do nome dos mineiros e mineiras, que, tendo suas vidas amea\u00e7adas pela viol\u00eancia do tr\u00e2nsito, podem contar com o trabalho volunt\u00e1rio imediato de socorro, bem como o trabalho de educa\u00e7\u00e3o para preven\u00e7\u00e3o da dire\u00e7\u00e3o respons\u00e1vel.<br \/>\nConta hoje com cerca de 78 volunt\u00e1rios. Realiza cerca de 220 atendimentos por m\u00eas, tanto nas rodovias, quanto nas \u00e1reas urbanas, rurais, 24 horas por dia. Recebem parcerias diversas, apoio volunt\u00e1rio da comunidade local, oriundos de campanhas e ped\u00e1gios solid\u00e1rios.<br \/>\n\u2013 Publicado, vai o projeto \u00e0s Comiss\u00f5es de Justi\u00e7a e de Cultura para parecer, nos termos do art. 188, c\/c o art. 102, do Regimento Interno.<\/article>\n<div style=\"text-align: center\">\n<div style=\"margin-bottom: 20px;\" class=\"et_pb_button_module_wrapper et_pb_button_5_tb_body_wrapper et_pb_button_alignment_center et_pb_module \">\n         <a class=\"et_pb_button et_pb_button_5_tb_body et_hover_enabled et_pb_bg_layout_dark\" style=\"width: 50%;background-color: black;\" href=\"https:\/\/app.legislapp.com.br\" target=\"_blank\" rel=\"noopener\">Visualizar completo na nossa plataforma (30 dias gr\u00e1tis)<\/a><\/p><\/div>\n<p>      <a href=\"https:\/\/play.google.com\/store\/apps\/details?id=br.com.legislapp\"><img decoding=\"async\" style=\"width: 15%; min-width: 130px;\" src=\"https:\/\/www.legislapp.com.br\/wp-content\/uploads\/google-play.png\"><\/a><br \/>\n      <a href=\"https:\/\/apps.apple.com\/us\/app\/legislapp\/id1568929859\"><img decoding=\"async\" style=\"width: 15%; min-width: 130px\" src=\"https:\/\/www.legislapp.com.br\/wp-content\/uploads\/apple-store.png\"><\/a>\n   <\/div>\n","protected":false},"excerpt":{"rendered":"<p>C\u00e2m. Legislativa de MG &#8211; Autoria de Deputados Reconhece como de relevante interesse cultural e social do Estado o Servi\u00e7o Volunt\u00e1rio de Resgate &#8211; Sevor -, na regi\u00e3o de Jo\u00e3o Monlevade, microrregi\u00e3o do M\u00e9dio Piracicaba. Reconhece o relevante interesse cultural e social para o Estado de Minas Gerais do Servi\u00e7o Volunt\u00e1rio de Resgate \u2013 Sevor [&hellip;]<\/p>\n","protected":false},"author":1,"featured_media":0,"parent":0,"menu_order":0,"comment_status":"closed","ping_status":"closed","template":"page-template-blank.php","meta":{"_et_pb_use_builder":"","_et_pb_old_content":"","_et_gb_content_width":"1080","ngg_post_thumbnail":0,"footnotes":""},"class_list":["post-9551","page","type-page","status-publish","hentry"],"yoast_head":"<!-- This site is optimized with the Yoast SEO plugin v24.4 - https:\/\/yoast.com\/wordpress\/plugins\/seo\/ -->\n<title>PL 4436\/2025 - Deputados - Legislapp<\/title>\n<meta name=\"robots\" content=\"index, follow, max-snippet:-1, max-image-preview:large, max-video-preview:-1\" \/>\n<link rel=\"canonical\" href=\"https:\/\/www.legislapp.com.br\/index.php\/cam-legislativa-de-mg-pl-4436-2025-2\/\" \/>\n<meta property=\"og:locale\" content=\"pt_BR\" \/>\n<meta property=\"og:type\" content=\"article\" \/>\n<meta property=\"og:title\" content=\"PL 4436\/2025 - Deputados - Legislapp\" \/>\n<meta property=\"og:description\" content=\"C\u00e2m. Legislativa de MG &#8211; Autoria de Deputados Reconhece como de relevante interesse cultural e social do Estado o Servi\u00e7o Volunt\u00e1rio de Resgate &#8211; Sevor -, na regi\u00e3o de Jo\u00e3o Monlevade, microrregi\u00e3o do M\u00e9dio Piracicaba. Reconhece o relevante interesse cultural e social para o Estado de Minas Gerais do Servi\u00e7o Volunt\u00e1rio de Resgate \u2013 Sevor [&hellip;]\" \/>\n<meta property=\"og:url\" content=\"https:\/\/www.legislapp.com.br\/index.php\/cam-legislativa-de-mg-pl-4436-2025-2\/\" \/>\n<meta property=\"og:site_name\" content=\"Legislapp\" \/>\n<meta property=\"article:publisher\" content=\"https:\/\/www.instagram.com\/legislapp\/\" \/>\n<meta property=\"og:image\" content=\"https:\/\/www.legislapp.com.br\/wp-content\/uploads\/google-play.png\" \/>\n<meta name=\"twitter:card\" content=\"summary_large_image\" \/>\n<meta name=\"twitter:label1\" content=\"Est. tempo de leitura\" \/>\n\t<meta name=\"twitter:data1\" content=\"4 minutos\" \/>\n<script type=\"application\/ld+json\" class=\"yoast-schema-graph\">{\"@context\":\"https:\/\/schema.org\",\"@graph\":[{\"@type\":\"WebPage\",\"@id\":\"https:\/\/www.legislapp.com.br\/index.php\/cam-legislativa-de-mg-pl-4436-2025-2\/\",\"url\":\"https:\/\/www.legislapp.com.br\/index.php\/cam-legislativa-de-mg-pl-4436-2025-2\/\",\"name\":\"PL 4436\/2025 - Deputados - Legislapp\",\"isPartOf\":{\"@id\":\"https:\/\/www.legislapp.com.br\/#website\"},\"primaryImageOfPage\":{\"@id\":\"https:\/\/www.legislapp.com.br\/index.php\/cam-legislativa-de-mg-pl-4436-2025-2\/#primaryimage\"},\"image\":{\"@id\":\"https:\/\/www.legislapp.com.br\/index.php\/cam-legislativa-de-mg-pl-4436-2025-2\/#primaryimage\"},\"thumbnailUrl\":\"https:\/\/www.legislapp.com.br\/wp-content\/uploads\/google-play.png\",\"datePublished\":\"2025-10-29T13:25:40+00:00\",\"breadcrumb\":{\"@id\":\"https:\/\/www.legislapp.com.br\/index.php\/cam-legislativa-de-mg-pl-4436-2025-2\/#breadcrumb\"},\"inLanguage\":\"pt-BR\",\"potentialAction\":[{\"@type\":\"ReadAction\",\"target\":[\"https:\/\/www.legislapp.com.br\/index.php\/cam-legislativa-de-mg-pl-4436-2025-2\/\"]}]},{\"@type\":\"ImageObject\",\"inLanguage\":\"pt-BR\",\"@id\":\"https:\/\/www.legislapp.com.br\/index.php\/cam-legislativa-de-mg-pl-4436-2025-2\/#primaryimage\",\"url\":\"https:\/\/www.legislapp.com.br\/wp-content\/uploads\/google-play.png\",\"contentUrl\":\"https:\/\/www.legislapp.com.br\/wp-content\/uploads\/google-play.png\",\"width\":564,\"height\":168},{\"@type\":\"BreadcrumbList\",\"@id\":\"https:\/\/www.legislapp.com.br\/index.php\/cam-legislativa-de-mg-pl-4436-2025-2\/#breadcrumb\",\"itemListElement\":[{\"@type\":\"ListItem\",\"position\":1,\"name\":\"In\u00edcio\",\"item\":\"https:\/\/www.legislapp.com.br\/\"},{\"@type\":\"ListItem\",\"position\":2,\"name\":\"PL 4436\/2025 &#8211; Deputados\"}]},{\"@type\":\"WebSite\",\"@id\":\"https:\/\/www.legislapp.com.br\/#website\",\"url\":\"https:\/\/www.legislapp.com.br\/\",\"name\":\"Legislapp\",\"description\":\"Intelig\u00eancia governamental em tempo real\",\"publisher\":{\"@id\":\"https:\/\/www.legislapp.com.br\/#organization\"},\"potentialAction\":[{\"@type\":\"SearchAction\",\"target\":{\"@type\":\"EntryPoint\",\"urlTemplate\":\"https:\/\/www.legislapp.com.br\/?s={search_term_string}\"},\"query-input\":{\"@type\":\"PropertyValueSpecification\",\"valueRequired\":true,\"valueName\":\"search_term_string\"}}],\"inLanguage\":\"pt-BR\"},{\"@type\":\"Organization\",\"@id\":\"https:\/\/www.legislapp.com.br\/#organization\",\"name\":\"Legislapp Monitoramento e Intelig\u00eancia Governamental\",\"url\":\"https:\/\/www.legislapp.com.br\/\",\"logo\":{\"@type\":\"ImageObject\",\"inLanguage\":\"pt-BR\",\"@id\":\"https:\/\/www.legislapp.com.br\/#\/schema\/logo\/image\/\",\"url\":\"https:\/\/www.legislapp.com.br\/wp-content\/uploads\/icon.png\",\"contentUrl\":\"https:\/\/www.legislapp.com.br\/wp-content\/uploads\/icon.png\",\"width\":1024,\"height\":1024,\"caption\":\"Legislapp Monitoramento e Intelig\u00eancia Governamental\"},\"image\":{\"@id\":\"https:\/\/www.legislapp.com.br\/#\/schema\/logo\/image\/\"},\"sameAs\":[\"https:\/\/www.instagram.com\/legislapp\/\"]}]}<\/script>\n<!-- \/ Yoast SEO plugin. -->","yoast_head_json":{"title":"PL 4436\/2025 - Deputados - Legislapp","robots":{"index":"index","follow":"follow","max-snippet":"max-snippet:-1","max-image-preview":"max-image-preview:large","max-video-preview":"max-video-preview:-1"},"canonical":"https:\/\/www.legislapp.com.br\/index.php\/cam-legislativa-de-mg-pl-4436-2025-2\/","og_locale":"pt_BR","og_type":"article","og_title":"PL 4436\/2025 - Deputados - Legislapp","og_description":"C\u00e2m. Legislativa de MG &#8211; Autoria de Deputados Reconhece como de relevante interesse cultural e social do Estado o Servi\u00e7o Volunt\u00e1rio de Resgate &#8211; Sevor -, na regi\u00e3o de Jo\u00e3o Monlevade, microrregi\u00e3o do M\u00e9dio Piracicaba. Reconhece o relevante interesse cultural e social para o Estado de Minas Gerais do Servi\u00e7o Volunt\u00e1rio de Resgate \u2013 Sevor [&hellip;]","og_url":"https:\/\/www.legislapp.com.br\/index.php\/cam-legislativa-de-mg-pl-4436-2025-2\/","og_site_name":"Legislapp","article_publisher":"https:\/\/www.instagram.com\/legislapp\/","og_image":[{"url":"https:\/\/www.legislapp.com.br\/wp-content\/uploads\/google-play.png","type":"","width":"","height":""}],"twitter_card":"summary_large_image","twitter_misc":{"Est. tempo de leitura":"4 minutos"},"schema":{"@context":"https:\/\/schema.org","@graph":[{"@type":"WebPage","@id":"https:\/\/www.legislapp.com.br\/index.php\/cam-legislativa-de-mg-pl-4436-2025-2\/","url":"https:\/\/www.legislapp.com.br\/index.php\/cam-legislativa-de-mg-pl-4436-2025-2\/","name":"PL 4436\/2025 - Deputados - Legislapp","isPartOf":{"@id":"https:\/\/www.legislapp.com.br\/#website"},"primaryImageOfPage":{"@id":"https:\/\/www.legislapp.com.br\/index.php\/cam-legislativa-de-mg-pl-4436-2025-2\/#primaryimage"},"image":{"@id":"https:\/\/www.legislapp.com.br\/index.php\/cam-legislativa-de-mg-pl-4436-2025-2\/#primaryimage"},"thumbnailUrl":"https:\/\/www.legislapp.com.br\/wp-content\/uploads\/google-play.png","datePublished":"2025-10-29T13:25:40+00:00","breadcrumb":{"@id":"https:\/\/www.legislapp.com.br\/index.php\/cam-legislativa-de-mg-pl-4436-2025-2\/#breadcrumb"},"inLanguage":"pt-BR","potentialAction":[{"@type":"ReadAction","target":["https:\/\/www.legislapp.com.br\/index.php\/cam-legislativa-de-mg-pl-4436-2025-2\/"]}]},{"@type":"ImageObject","inLanguage":"pt-BR","@id":"https:\/\/www.legislapp.com.br\/index.php\/cam-legislativa-de-mg-pl-4436-2025-2\/#primaryimage","url":"https:\/\/www.legislapp.com.br\/wp-content\/uploads\/google-play.png","contentUrl":"https:\/\/www.legislapp.com.br\/wp-content\/uploads\/google-play.png","width":564,"height":168},{"@type":"BreadcrumbList","@id":"https:\/\/www.legislapp.com.br\/index.php\/cam-legislativa-de-mg-pl-4436-2025-2\/#breadcrumb","itemListElement":[{"@type":"ListItem","position":1,"name":"In\u00edcio","item":"https:\/\/www.legislapp.com.br\/"},{"@type":"ListItem","position":2,"name":"PL 4436\/2025 &#8211; Deputados"}]},{"@type":"WebSite","@id":"https:\/\/www.legislapp.com.br\/#website","url":"https:\/\/www.legislapp.com.br\/","name":"Legislapp","description":"Intelig\u00eancia governamental em tempo real","publisher":{"@id":"https:\/\/www.legislapp.com.br\/#organization"},"potentialAction":[{"@type":"SearchAction","target":{"@type":"EntryPoint","urlTemplate":"https:\/\/www.legislapp.com.br\/?s={search_term_string}"},"query-input":{"@type":"PropertyValueSpecification","valueRequired":true,"valueName":"search_term_string"}}],"inLanguage":"pt-BR"},{"@type":"Organization","@id":"https:\/\/www.legislapp.com.br\/#organization","name":"Legislapp Monitoramento e Intelig\u00eancia Governamental","url":"https:\/\/www.legislapp.com.br\/","logo":{"@type":"ImageObject","inLanguage":"pt-BR","@id":"https:\/\/www.legislapp.com.br\/#\/schema\/logo\/image\/","url":"https:\/\/www.legislapp.com.br\/wp-content\/uploads\/icon.png","contentUrl":"https:\/\/www.legislapp.com.br\/wp-content\/uploads\/icon.png","width":1024,"height":1024,"caption":"Legislapp Monitoramento e Intelig\u00eancia Governamental"},"image":{"@id":"https:\/\/www.legislapp.com.br\/#\/schema\/logo\/image\/"},"sameAs":["https:\/\/www.instagram.com\/legislapp\/"]}]}},"_links":{"self":[{"href":"https:\/\/www.legislapp.com.br\/index.php\/wp-json\/wp\/v2\/pages\/9551","targetHints":{"allow":["GET"]}}],"collection":[{"href":"https:\/\/www.legislapp.com.br\/index.php\/wp-json\/wp\/v2\/pages"}],"about":[{"href":"https:\/\/www.legislapp.com.br\/index.php\/wp-json\/wp\/v2\/types\/page"}],"author":[{"embeddable":true,"href":"https:\/\/www.legislapp.com.br\/index.php\/wp-json\/wp\/v2\/users\/1"}],"replies":[{"embeddable":true,"href":"https:\/\/www.legislapp.com.br\/index.php\/wp-json\/wp\/v2\/comments?post=9551"}],"version-history":[{"count":0,"href":"https:\/\/www.legislapp.com.br\/index.php\/wp-json\/wp\/v2\/pages\/9551\/revisions"}],"wp:attachment":[{"href":"https:\/\/www.legislapp.com.br\/index.php\/wp-json\/wp\/v2\/media?parent=9551"}],"curies":[{"name":"wp","href":"https:\/\/api.w.org\/{rel}","templated":true}]}}