{"id":9626,"date":"2025-10-29T10:42:15","date_gmt":"2025-10-29T13:42:15","guid":{"rendered":"https:\/\/www.legislapp.com.br\/index.php\/cam-legislativa-de-sc-plc-0020-2025\/"},"modified":"2025-10-29T10:42:15","modified_gmt":"2025-10-29T13:42:15","slug":"cam-legislativa-de-sc-plc-0020-2025","status":"publish","type":"page","link":"https:\/\/www.legislapp.com.br\/index.php\/cam-legislativa-de-sc-plc-0020-2025\/","title":{"rendered":"PLC\/0020\/2025 &#8211; Luciane Carminatti"},"content":{"rendered":"<h1 style='text-align: center;'>C\u00e2m. Legislativa de SC &#8211; Autoria de Luciane Carminatti<\/h3>\n<p><\/p>\n<article style='text-align: center'>Acrescenta o artigo 6\u00ba-A na Lei Complementar Estadual n\u00ba 831.<\/article>\n<p><\/p>\n<p style='text-align: center'><a href='https:\/\/app.legislapp.com.br\/#\/busca?termo='><\/a><\/p>\n<p><\/p>\n<article>ASSEMBLEIA LEGISLATIVA GABINETE DEPUTADA<br \/>\nESTADO DE SANTA CATARINA LUCIANE CARMINATTI<br \/>\nPROJETO DE LEI COMPLEMENTAR <\/p>\n<p>Acrescenta o artigo 6\u00ba-A na Lei<br \/>\nComplementar Estadual n\u00ba 831.<\/p>\n<p>Art. 1\u00ba. Acrescenta artigo 6\u00ba-A na Lei Complementar n\u00ba 831, de 31 de julho de 2023,<br \/>\ncom a seguinte reda\u00e7\u00e3o:<\/p>\n<p>Art.6\u00ba-A. O estudante benefici\u00e1rio de outros programas de bolsas, em<br \/>\nqualquer esfera p\u00fablica, n\u00e3o poder\u00e1 ser impedido de fazer a inscri\u00e7\u00e3o<br \/>\nno programa Universidade Gratuita.<\/p>\n<p>Par\u00e1grafo \u00fanico. Em caso de veda\u00e7\u00e3o de acumula\u00e7\u00e3o de bolsa do<br \/>\nprograma Universidade Gratuita e de outros programas de bolsas, o<br \/>\nestudante far\u00e1 a op\u00e7\u00e3o de escolha ap\u00f3s firmar contrato como<br \/>\nbenefici\u00e1rio do programa Universidade Gratuita.         <\/p>\n<p> Art. 2\u00ba. Esta Lei entra em vigor na data de sua publica\u00e7\u00e3o.<\/p>\n<p> Sala das sess\u00f5es,      de agosto de 2025.<\/p>\n<p>Deputada Luciane Carminatti<\/p>\n<p>JUSTIFICATIVA<\/p>\n<p>Este Projeto de Lei Complementar visa fazer uma altera\u00e7\u00e3o na Lei Complementar n\u00ba<br \/>\n831, que trata do programa Universidade Gratuita.<\/p>\n<p>A altera\u00e7\u00e3o proposta \u00e9 para acrescentar o artigo 6\u00ba-A na Lei Complementar n\u00ba 831.<\/p>\n<p>Esse novo artigo, a ser criado, visa proibir\/vedar que os\/as estudantes benefici\u00e1rios\/as<br \/>\nde outros programas de bolsas (estadual, federal ou municipal) sejam impedidos de<br \/>\nfazer a inscri\u00e7\u00e3o para tentar obter uma bolsa do programa Universidade Gratuita.<\/p>\n<p>Pode se considerar justo o impedimento de, efetivamente, de acumular o recebimento<br \/>\nde dois programas de bolsa com a mesma finalidade, como o Universidade Gratuita e<br \/>\noutro programa que tenham como objetivo pagar a mensalidade do curso de<br \/>\ngradua\u00e7\u00e3o.<\/p>\n<p>Entretanto, n\u00e3o h\u00e1 como se considerar justo exigir que o\/a estudante hipossuficiente<br \/>\nque \u00e9 benefici\u00e1rio de algum outro programa de bolsa (como exemplo o PROUNI)<br \/>\nsomente possa se inscrever para tentar ser benefici\u00e1rio\/a do programa Universidade<br \/>\nGratuita desistir do programa do qual \u00e9 benefici\u00e1rio (muitas vezes somente com bolsa<br \/>\nparcial).<br \/>\n Isso gera uma inseguran\u00e7a em um grande n\u00famero de estudantes hipossuficientes que,<br \/>\natualmente, recebem outros tipos de bolsas e tem sido impedidos de tentar obter a<br \/>\nbolsa do Universidade Gratuita pela utiliza\u00e7\u00e3o desse \u201ccrit\u00e9rio\u201d, dessa interpreta\u00e7\u00e3o do<br \/>\nque n\u00e3o est\u00e1 previsto na atual Lei do programa Universidade Gratuita (Lei<br \/>\nComplementar n\u00b0 831). Nenhum\/a estudante vai querer arriscar desistir da bolsa que j\u00e1<br \/>\n\u00e9 benefici\u00e1rio\/a para, somente ap\u00f3s isso, poder se inscrever noutro programa de bolsa. <\/p>\n<p>O que pode ser exigido \u00e9 que o\/a estudante que conseguir ser selecionado\/a,<br \/>\nsimultaneamente, como benefici\u00e1rio\/a para dois programas de bolsas (um deles o<br \/>\nUniversidade Gratuita), tenha que formalizar a desist\u00eancia de um programa somente<br \/>\nap\u00f3s ter sido selecionado\/a, e n\u00e3o antes disso.<\/p>\n<p>O PLC, ora apresentado, visa colocar isso na Lei de forma taxativa, impedindo que o<br \/>\nGoverno do Estado e seus \u00d3rg\u00e3os ou qualquer Institui\u00e7\u00e3o de Ensino Superior (IES)<br \/>\ncoloquem mais um obst\u00e1culo para estudantes hipossuficientes. Visa impedir que os\/as<br \/>\nestudantes tenham que desistir algo j\u00e1 consolidado para simplesmente se inscreverem<br \/>\npara tentar (o que \u00e9 somente uma expectativa) uma bolsa do programa Universidade<br \/>\nGratuita.<\/p>\n<p>Ante o exposto, solicito aos colegas Parlamentares a aprova\u00e7\u00e3o deste Projeto de Lei<br \/>\nComplementar.<\/p>\n<p>Sala das sess\u00f5es,     de agosto de 2025.<\/p>\n<p>Deputada Luciane Carminatti<\/p>\n<p>ELEGIS<br \/>\nDocumento assinado eletronicamente por Luciane Maria<br \/>\nSistema de Processo<br \/>\nCarminatti, em 13\/08\/2025, \u00e0s 14:41.<br \/>\nLegislativo Eletr\u00f4nico<\/article>\n<div style=\"text-align: center\">\n<div style=\"margin-bottom: 20px;\" class=\"et_pb_button_module_wrapper et_pb_button_5_tb_body_wrapper et_pb_button_alignment_center et_pb_module \">\n         <a class=\"et_pb_button et_pb_button_5_tb_body et_hover_enabled et_pb_bg_layout_dark\" style=\"width: 50%;background-color: black;\" href=\"https:\/\/app.legislapp.com.br\" target=\"_blank\" rel=\"noopener\">Visualizar completo na nossa plataforma (30 dias gr\u00e1tis)<\/a><\/p><\/div>\n<p>      <a href=\"https:\/\/play.google.com\/store\/apps\/details?id=br.com.legislapp\"><img decoding=\"async\" style=\"width: 15%; min-width: 130px;\" src=\"https:\/\/www.legislapp.com.br\/wp-content\/uploads\/google-play.png\"><\/a><br \/>\n      <a href=\"https:\/\/apps.apple.com\/us\/app\/legislapp\/id1568929859\"><img decoding=\"async\" style=\"width: 15%; min-width: 130px\" src=\"https:\/\/www.legislapp.com.br\/wp-content\/uploads\/apple-store.png\"><\/a>\n   <\/div>\n","protected":false},"excerpt":{"rendered":"<p>C\u00e2m. Legislativa de SC &#8211; Autoria de Luciane Carminatti Acrescenta o artigo 6\u00ba-A na Lei Complementar Estadual n\u00ba 831. ASSEMBLEIA LEGISLATIVA GABINETE DEPUTADA ESTADO DE SANTA CATARINA LUCIANE CARMINATTI PROJETO DE LEI COMPLEMENTAR Acrescenta o artigo 6\u00ba-A na Lei Complementar Estadual n\u00ba 831. Art. 1\u00ba. Acrescenta artigo 6\u00ba-A na Lei Complementar n\u00ba 831, de 31 [&hellip;]<\/p>\n","protected":false},"author":1,"featured_media":0,"parent":0,"menu_order":0,"comment_status":"closed","ping_status":"closed","template":"page-template-blank.php","meta":{"_et_pb_use_builder":"","_et_pb_old_content":"","_et_gb_content_width":"1080","ngg_post_thumbnail":0,"footnotes":""},"class_list":["post-9626","page","type-page","status-publish","hentry"],"yoast_head":"<!-- This site is optimized with the Yoast SEO plugin v24.4 - https:\/\/yoast.com\/wordpress\/plugins\/seo\/ -->\n<title>PLC\/0020\/2025 - Luciane Carminatti - Legislapp<\/title>\n<meta name=\"robots\" content=\"index, follow, max-snippet:-1, max-image-preview:large, max-video-preview:-1\" \/>\n<link rel=\"canonical\" href=\"https:\/\/www.legislapp.com.br\/index.php\/cam-legislativa-de-sc-plc-0020-2025\/\" \/>\n<meta property=\"og:locale\" content=\"pt_BR\" \/>\n<meta property=\"og:type\" content=\"article\" \/>\n<meta property=\"og:title\" content=\"PLC\/0020\/2025 - Luciane Carminatti - Legislapp\" \/>\n<meta property=\"og:description\" content=\"C\u00e2m. Legislativa de SC &#8211; Autoria de Luciane Carminatti Acrescenta o artigo 6\u00ba-A na Lei Complementar Estadual n\u00ba 831. ASSEMBLEIA LEGISLATIVA GABINETE DEPUTADA ESTADO DE SANTA CATARINA LUCIANE CARMINATTI PROJETO DE LEI COMPLEMENTAR Acrescenta o artigo 6\u00ba-A na Lei Complementar Estadual n\u00ba 831. Art. 1\u00ba. Acrescenta artigo 6\u00ba-A na Lei Complementar n\u00ba 831, de 31 [&hellip;]\" \/>\n<meta property=\"og:url\" content=\"https:\/\/www.legislapp.com.br\/index.php\/cam-legislativa-de-sc-plc-0020-2025\/\" \/>\n<meta property=\"og:site_name\" content=\"Legislapp\" \/>\n<meta property=\"article:publisher\" content=\"https:\/\/www.instagram.com\/legislapp\/\" \/>\n<meta property=\"og:image\" content=\"https:\/\/www.legislapp.com.br\/wp-content\/uploads\/google-play.png\" \/>\n<meta name=\"twitter:card\" content=\"summary_large_image\" \/>\n<meta name=\"twitter:label1\" content=\"Est. tempo de leitura\" \/>\n\t<meta name=\"twitter:data1\" content=\"3 minutos\" \/>\n<script type=\"application\/ld+json\" class=\"yoast-schema-graph\">{\"@context\":\"https:\/\/schema.org\",\"@graph\":[{\"@type\":\"WebPage\",\"@id\":\"https:\/\/www.legislapp.com.br\/index.php\/cam-legislativa-de-sc-plc-0020-2025\/\",\"url\":\"https:\/\/www.legislapp.com.br\/index.php\/cam-legislativa-de-sc-plc-0020-2025\/\",\"name\":\"PLC\/0020\/2025 - Luciane Carminatti - Legislapp\",\"isPartOf\":{\"@id\":\"https:\/\/www.legislapp.com.br\/#website\"},\"primaryImageOfPage\":{\"@id\":\"https:\/\/www.legislapp.com.br\/index.php\/cam-legislativa-de-sc-plc-0020-2025\/#primaryimage\"},\"image\":{\"@id\":\"https:\/\/www.legislapp.com.br\/index.php\/cam-legislativa-de-sc-plc-0020-2025\/#primaryimage\"},\"thumbnailUrl\":\"https:\/\/www.legislapp.com.br\/wp-content\/uploads\/google-play.png\",\"datePublished\":\"2025-10-29T13:42:15+00:00\",\"breadcrumb\":{\"@id\":\"https:\/\/www.legislapp.com.br\/index.php\/cam-legislativa-de-sc-plc-0020-2025\/#breadcrumb\"},\"inLanguage\":\"pt-BR\",\"potentialAction\":[{\"@type\":\"ReadAction\",\"target\":[\"https:\/\/www.legislapp.com.br\/index.php\/cam-legislativa-de-sc-plc-0020-2025\/\"]}]},{\"@type\":\"ImageObject\",\"inLanguage\":\"pt-BR\",\"@id\":\"https:\/\/www.legislapp.com.br\/index.php\/cam-legislativa-de-sc-plc-0020-2025\/#primaryimage\",\"url\":\"https:\/\/www.legislapp.com.br\/wp-content\/uploads\/google-play.png\",\"contentUrl\":\"https:\/\/www.legislapp.com.br\/wp-content\/uploads\/google-play.png\",\"width\":564,\"height\":168},{\"@type\":\"BreadcrumbList\",\"@id\":\"https:\/\/www.legislapp.com.br\/index.php\/cam-legislativa-de-sc-plc-0020-2025\/#breadcrumb\",\"itemListElement\":[{\"@type\":\"ListItem\",\"position\":1,\"name\":\"In\u00edcio\",\"item\":\"https:\/\/www.legislapp.com.br\/\"},{\"@type\":\"ListItem\",\"position\":2,\"name\":\"PLC\/0020\/2025 &#8211; Luciane Carminatti\"}]},{\"@type\":\"WebSite\",\"@id\":\"https:\/\/www.legislapp.com.br\/#website\",\"url\":\"https:\/\/www.legislapp.com.br\/\",\"name\":\"Legislapp\",\"description\":\"Intelig\u00eancia governamental em tempo real\",\"publisher\":{\"@id\":\"https:\/\/www.legislapp.com.br\/#organization\"},\"potentialAction\":[{\"@type\":\"SearchAction\",\"target\":{\"@type\":\"EntryPoint\",\"urlTemplate\":\"https:\/\/www.legislapp.com.br\/?s={search_term_string}\"},\"query-input\":{\"@type\":\"PropertyValueSpecification\",\"valueRequired\":true,\"valueName\":\"search_term_string\"}}],\"inLanguage\":\"pt-BR\"},{\"@type\":\"Organization\",\"@id\":\"https:\/\/www.legislapp.com.br\/#organization\",\"name\":\"Legislapp Monitoramento e Intelig\u00eancia Governamental\",\"url\":\"https:\/\/www.legislapp.com.br\/\",\"logo\":{\"@type\":\"ImageObject\",\"inLanguage\":\"pt-BR\",\"@id\":\"https:\/\/www.legislapp.com.br\/#\/schema\/logo\/image\/\",\"url\":\"https:\/\/www.legislapp.com.br\/wp-content\/uploads\/icon.png\",\"contentUrl\":\"https:\/\/www.legislapp.com.br\/wp-content\/uploads\/icon.png\",\"width\":1024,\"height\":1024,\"caption\":\"Legislapp Monitoramento e Intelig\u00eancia Governamental\"},\"image\":{\"@id\":\"https:\/\/www.legislapp.com.br\/#\/schema\/logo\/image\/\"},\"sameAs\":[\"https:\/\/www.instagram.com\/legislapp\/\"]}]}<\/script>\n<!-- \/ Yoast SEO plugin. -->","yoast_head_json":{"title":"PLC\/0020\/2025 - Luciane Carminatti - Legislapp","robots":{"index":"index","follow":"follow","max-snippet":"max-snippet:-1","max-image-preview":"max-image-preview:large","max-video-preview":"max-video-preview:-1"},"canonical":"https:\/\/www.legislapp.com.br\/index.php\/cam-legislativa-de-sc-plc-0020-2025\/","og_locale":"pt_BR","og_type":"article","og_title":"PLC\/0020\/2025 - Luciane Carminatti - Legislapp","og_description":"C\u00e2m. Legislativa de SC &#8211; Autoria de Luciane Carminatti Acrescenta o artigo 6\u00ba-A na Lei Complementar Estadual n\u00ba 831. ASSEMBLEIA LEGISLATIVA GABINETE DEPUTADA ESTADO DE SANTA CATARINA LUCIANE CARMINATTI PROJETO DE LEI COMPLEMENTAR Acrescenta o artigo 6\u00ba-A na Lei Complementar Estadual n\u00ba 831. Art. 1\u00ba. Acrescenta artigo 6\u00ba-A na Lei Complementar n\u00ba 831, de 31 [&hellip;]","og_url":"https:\/\/www.legislapp.com.br\/index.php\/cam-legislativa-de-sc-plc-0020-2025\/","og_site_name":"Legislapp","article_publisher":"https:\/\/www.instagram.com\/legislapp\/","og_image":[{"url":"https:\/\/www.legislapp.com.br\/wp-content\/uploads\/google-play.png","type":"","width":"","height":""}],"twitter_card":"summary_large_image","twitter_misc":{"Est. tempo de leitura":"3 minutos"},"schema":{"@context":"https:\/\/schema.org","@graph":[{"@type":"WebPage","@id":"https:\/\/www.legislapp.com.br\/index.php\/cam-legislativa-de-sc-plc-0020-2025\/","url":"https:\/\/www.legislapp.com.br\/index.php\/cam-legislativa-de-sc-plc-0020-2025\/","name":"PLC\/0020\/2025 - Luciane Carminatti - Legislapp","isPartOf":{"@id":"https:\/\/www.legislapp.com.br\/#website"},"primaryImageOfPage":{"@id":"https:\/\/www.legislapp.com.br\/index.php\/cam-legislativa-de-sc-plc-0020-2025\/#primaryimage"},"image":{"@id":"https:\/\/www.legislapp.com.br\/index.php\/cam-legislativa-de-sc-plc-0020-2025\/#primaryimage"},"thumbnailUrl":"https:\/\/www.legislapp.com.br\/wp-content\/uploads\/google-play.png","datePublished":"2025-10-29T13:42:15+00:00","breadcrumb":{"@id":"https:\/\/www.legislapp.com.br\/index.php\/cam-legislativa-de-sc-plc-0020-2025\/#breadcrumb"},"inLanguage":"pt-BR","potentialAction":[{"@type":"ReadAction","target":["https:\/\/www.legislapp.com.br\/index.php\/cam-legislativa-de-sc-plc-0020-2025\/"]}]},{"@type":"ImageObject","inLanguage":"pt-BR","@id":"https:\/\/www.legislapp.com.br\/index.php\/cam-legislativa-de-sc-plc-0020-2025\/#primaryimage","url":"https:\/\/www.legislapp.com.br\/wp-content\/uploads\/google-play.png","contentUrl":"https:\/\/www.legislapp.com.br\/wp-content\/uploads\/google-play.png","width":564,"height":168},{"@type":"BreadcrumbList","@id":"https:\/\/www.legislapp.com.br\/index.php\/cam-legislativa-de-sc-plc-0020-2025\/#breadcrumb","itemListElement":[{"@type":"ListItem","position":1,"name":"In\u00edcio","item":"https:\/\/www.legislapp.com.br\/"},{"@type":"ListItem","position":2,"name":"PLC\/0020\/2025 &#8211; Luciane Carminatti"}]},{"@type":"WebSite","@id":"https:\/\/www.legislapp.com.br\/#website","url":"https:\/\/www.legislapp.com.br\/","name":"Legislapp","description":"Intelig\u00eancia governamental em tempo real","publisher":{"@id":"https:\/\/www.legislapp.com.br\/#organization"},"potentialAction":[{"@type":"SearchAction","target":{"@type":"EntryPoint","urlTemplate":"https:\/\/www.legislapp.com.br\/?s={search_term_string}"},"query-input":{"@type":"PropertyValueSpecification","valueRequired":true,"valueName":"search_term_string"}}],"inLanguage":"pt-BR"},{"@type":"Organization","@id":"https:\/\/www.legislapp.com.br\/#organization","name":"Legislapp Monitoramento e Intelig\u00eancia Governamental","url":"https:\/\/www.legislapp.com.br\/","logo":{"@type":"ImageObject","inLanguage":"pt-BR","@id":"https:\/\/www.legislapp.com.br\/#\/schema\/logo\/image\/","url":"https:\/\/www.legislapp.com.br\/wp-content\/uploads\/icon.png","contentUrl":"https:\/\/www.legislapp.com.br\/wp-content\/uploads\/icon.png","width":1024,"height":1024,"caption":"Legislapp Monitoramento e Intelig\u00eancia Governamental"},"image":{"@id":"https:\/\/www.legislapp.com.br\/#\/schema\/logo\/image\/"},"sameAs":["https:\/\/www.instagram.com\/legislapp\/"]}]}},"_links":{"self":[{"href":"https:\/\/www.legislapp.com.br\/index.php\/wp-json\/wp\/v2\/pages\/9626","targetHints":{"allow":["GET"]}}],"collection":[{"href":"https:\/\/www.legislapp.com.br\/index.php\/wp-json\/wp\/v2\/pages"}],"about":[{"href":"https:\/\/www.legislapp.com.br\/index.php\/wp-json\/wp\/v2\/types\/page"}],"author":[{"embeddable":true,"href":"https:\/\/www.legislapp.com.br\/index.php\/wp-json\/wp\/v2\/users\/1"}],"replies":[{"embeddable":true,"href":"https:\/\/www.legislapp.com.br\/index.php\/wp-json\/wp\/v2\/comments?post=9626"}],"version-history":[{"count":0,"href":"https:\/\/www.legislapp.com.br\/index.php\/wp-json\/wp\/v2\/pages\/9626\/revisions"}],"wp:attachment":[{"href":"https:\/\/www.legislapp.com.br\/index.php\/wp-json\/wp\/v2\/media?parent=9626"}],"curies":[{"name":"wp","href":"https:\/\/api.w.org\/{rel}","templated":true}]}}