{"id":9894,"date":"2025-12-01T10:48:36","date_gmt":"2025-12-01T13:48:36","guid":{"rendered":"https:\/\/www.legislapp.com.br\/index.php\/avulso-inicial-pl-3449-2025-camara\/"},"modified":"2025-12-01T10:48:36","modified_gmt":"2025-12-01T13:48:36","slug":"avulso-inicial-pl-3449-2025-camara","status":"publish","type":"page","link":"https:\/\/www.legislapp.com.br\/index.php\/avulso-inicial-pl-3449-2025-camara\/","title":{"rendered":"Avulso Inicial &#8211; PL 3449\/2025 &#8211; C\u00e2mara"},"content":{"rendered":"<h1 style='text-align: center;'>Avulso Inicial &#8211; Autoria de Amom Mandel<\/h3>\n<p><\/p>\n<article>C\u00c2MARA DOS DEPUTADOS<br \/>\nGabinete do Deputado Federal AMOM MANDEL \u2013 CIDADANIA\/AM<br \/>\n   PROJETO DE LEI N\u00ba      , DE 2025<br \/>\n(Do Sr. AMOM MANDEL)<br \/>\nDisp\u00f5e sobre a valoriza\u00e7\u00e3o do trabalho<br \/>\ndom\u00e9stico, institui medidas de combate \u00e0<br \/>\ninformalidade e \u00e0 viola\u00e7\u00e3o de direitos trabalhistas<br \/>\ne d\u00e1 outras provid\u00eancias.<br \/>\nO Congresso Nacional decreta:<br \/>\nArt. 1\u00ba  Esta Lei estabelece medidas para a promo\u00e7\u00e3o do trabalho dom\u00e9stico<br \/>\ndecente, com foco na valoriza\u00e7\u00e3o profissional, no combate \u00e0 informalidade e na<br \/>\nefetiva\u00e7\u00e3o dos direitos assegurados pela Constitui\u00e7\u00e3o Federal, pela Lei<br \/>\nComplementar n\u00ba 150\/2015 e pelas conven\u00e7\u00f5es internacionais ratificadas pelo<br \/>\nBrasil.<br \/>\nArt. 2\u00ba  Fica institu\u00eddo o Programa Nacional de Valoriza\u00e7\u00e3o do Trabalho<br \/>\nDom\u00e9stico, com os seguintes objetivos:<br \/>\nI \u2013 reduzir os \u00edndices de informalidade no setor dom\u00e9stico;<br \/>\nII \u2013 assegurar o cumprimento de todos os direitos trabalhistas previstos em<br \/>\nlei;<br \/>\nIII \u2013 promover campanhas p\u00fablicas de valoriza\u00e7\u00e3o do trabalho dom\u00e9stico e de<br \/>\ncombate \u00e0 vis\u00e3o discriminat\u00f3ria sobre a categoria;<br \/>\nIV \u2013 fomentar a profissionaliza\u00e7\u00e3o e o reconhecimento do trabalho dom\u00e9stico<br \/>\ncomo atividade t\u00e9cnica e especializada.<br \/>\n___________________________________________________________________________<br \/>\nC\u00e2mara dos Deputados | Anexo IV Gabinete 760 | \u2013 CEP: 70160-900 \u2013<br \/>\nBras\u00edlia-DF<br \/>\nTel (61) 3215-5760 | dep.amommandel@camara.leg.br<br \/>\nPara verificar a assinatura, acesse https:\/\/infoleg-autenticidade-assinatura.camara.leg.br\/CD254570654700<br \/>\nAssinado eletronicamente pelo(a) Dep. Amom Mandel<br \/>\nApresenta\u00e7\u00e3o: 15\/07\/2025 19:08:44.160 &#8211; Mesa<br \/>\n*CD254570654700* PL n.3449\/2025<br \/>C\u00c2MARA DOS DEPUTADOS<br \/>\nGabinete do Deputado Federal AMOM MANDEL \u2013 CIDADANIA\/AM<br \/>\nArt. 3\u00ba O Poder Executivo dever\u00e1:<br \/>\nI \u2013 implementar a\u00e7\u00f5es peri\u00f3dicas de fiscaliza\u00e7\u00e3o, com foco especial em<br \/>\nregi\u00f5es com maior concentra\u00e7\u00e3o de trabalho dom\u00e9stico informal;<br \/>\nII \u2013 ampliar a divulga\u00e7\u00e3o de cartilhas, orienta\u00e7\u00f5es e materiais educativos<br \/>\nsobre os direitos e deveres de empregadores e empregados dom\u00e9sticos;<br \/>\nIII \u2013 criar um selo de responsabilidade social do trabalho dom\u00e9stico decente,<br \/>\na ser concedido a empregadores que mantenham v\u00ednculo regular e registrado com<br \/>\ntrabalhadores dom\u00e9sticos, com base em crit\u00e9rios a serem definidos por<br \/>\nregulamenta\u00e7\u00e3o;<br \/>\nIV \u2013 instituir uma linha de cr\u00e9dito subsidiado para empregadores de baixa<br \/>\nrenda, destinada \u00e0 regulariza\u00e7\u00e3o trabalhista de trabalhadores dom\u00e9sticos, com foco<br \/>\nem regi\u00f5es com menor \u00edndice de formaliza\u00e7\u00e3o.<br \/>\nArt. 4\u00ba O Minist\u00e9rio do Trabalho e Emprego, em articula\u00e7\u00e3o com os \u00f3rg\u00e3os de<br \/>\nassist\u00eancia social, educa\u00e7\u00e3o e seguran\u00e7a p\u00fablica, dever\u00e1 desenvolver, no \u00e2mbito do<br \/>\nprograma referido no artigo 2\u00ba, a\u00e7\u00f5es espec\u00edficas voltadas para:<br \/>\nI \u2013 o combate a condi\u00e7\u00f5es an\u00e1logas \u00e0 escravid\u00e3o no trabalho dom\u00e9stico;<br \/>\nII \u2013 a fiscaliza\u00e7\u00e3o de jornadas extenuantes, aus\u00eancia de controle de ponto,<br \/>\nn\u00e3o pagamento de horas extras e de adicional noturno;<br \/>\nIII \u2013 a garantia do acesso das trabalhadoras dom\u00e9sticas ao seguro-<br \/>\ndesemprego em igualdade de condi\u00e7\u00f5es com as demais categorias profissionais.<\/p>\n<p>Art. 5\u00ba O artigo 3\u00ba da Lei n\u00ba 7.998, de 11 de janeiro de 1990, passa a vigorar<br \/>\ncom a seguinte reda\u00e7\u00e3o:<br \/>\n\u201cArt. 3\u00ba<br \/>\n\u2026\u2026\u2026\u2026\u2026\u2026\u2026\u2026\u2026\u2026\u2026\u2026\u2026\u2026\u2026\u2026\u2026\u2026\u2026\u2026\u2026\u2026\u2026\u2026\u2026\u2026\u2026\u2026\u2026\u2026\u2026<br \/>\n\u2026\u2026\u2026\u2026\u2026\u2026\u2026\u2026\u2026\u2026\u2026\u2026\u2026\u2026\u2026\u2026\u2026\u2026\u2026\u2026\u2026\u2026\u2026\u2026\u2026\u2026\u2026\u2026\u2026\u2026\u2026<br \/>\n___________________________________________________________________________<br \/>\nC\u00e2mara dos Deputados | Anexo IV Gabinete 760 | \u2013 CEP: 70160-900 \u2013<br \/>\nBras\u00edlia-DF<br \/>\nTel (61) 3215-5760 | dep.amommandel@camara.leg.br<br \/>\nPara verificar a assinatura, acesse https:\/\/infoleg-autenticidade-assinatura.camara.leg.br\/CD254570654700<br \/>\nAssinado eletronicamente pelo(a) Dep. Amom Mandel<br \/>\nApresenta\u00e7\u00e3o: 15\/07\/2025 19:08:44.160 &#8211; Mesa<br \/>\n*CD254570654700* PL n.3449\/2025<br \/>C\u00c2MARA DOS DEPUTADOS<br \/>\nGabinete do Deputado Federal AMOM MANDEL \u2013 CIDADANIA\/AM<br \/>\n\u00a7 3\u00ba O benef\u00edcio do seguro-desemprego ser\u00e1 pago por at\u00e9 cinco<br \/>\nparcelas mensais aos empregados dom\u00e9sticos, desde que<br \/>\npreenchidos os requisitos legais.\u201d (NR)<br \/>\nArt. 6\u00ba Esta Lei ser\u00e1 regulamentada no prazo de 90 (noventa) dias a contar<br \/>\nda data de sua publica\u00e7\u00e3o.<br \/>\nArt. 7\u00ba Esta Lei entra em vigor na data de sua publica\u00e7\u00e3o.<br \/>\nJUSTIFICA\u00c7\u00c3O<br \/>\nO presente Projeto de Lei tem como objetivo enfrentar uma das mais<br \/>\npersistentes formas de desigualdade e viola\u00e7\u00e3o de direitos humanos no Brasil: a<br \/>\nprecariedade nas condi\u00e7\u00f5es do trabalho dom\u00e9stico, historicamente exercido por<br \/>\nmulheres em situa\u00e7\u00e3o de vulnerabilidade social e econ\u00f4mica. A proposta se justifica<br \/>\ndiante do contraste entre os avan\u00e7os normativos e a realidade ainda marcada por<br \/>\nexplora\u00e7\u00e3o, informalidade e invisibilidade das trabalhadoras dom\u00e9sticas.<br \/>\nO trabalho dom\u00e9stico, embora essencial \u00e0 economia e \u00e0 organiza\u00e7\u00e3o da vida<br \/>\ncotidiana das fam\u00edlias brasileiras, \u00e9 frequentemente desvalorizado, sub-remunerado<br \/>\ne exclu\u00eddo do reconhecimento formal como uma atividade profissional digna.<br \/>\nSegundo dados do IBGE (PNAD Cont\u00ednua \u2013 4\u00ba trimestre de 2022), existem<br \/>\naproximadamente 5,8 milh\u00f5es de trabalhadores dom\u00e9sticos no Brasil, sendo 91,4%<br \/>\nmulheres, das quais 67,3% s\u00e3o mulheres negras. Essa composi\u00e7\u00e3o revela o perfil<br \/>\npredominante da categoria: mulheres negras, de baixa escolaridade, em situa\u00e7\u00e3o de<br \/>\nhipossufici\u00eancia, que enfrentam m\u00faltiplas formas de exclus\u00e3o.<br \/>\nEssa realidade cria um terreno f\u00e9rtil para rela\u00e7\u00f5es de trabalho abusivas, onde<br \/>\ns\u00e3o comuns a aus\u00eancia de registro em carteira, o n\u00e3o pagamento de direitos b\u00e1sicos<br \/>\n___________________________________________________________________________<br \/>\nC\u00e2mara dos Deputados | Anexo IV Gabinete 760 | \u2013 CEP: 70160-900 \u2013<br \/>\nBras\u00edlia-DF<br \/>\nTel (61) 3215-5760 | dep.amommandel@camara.leg.br<br \/>\nPara verificar a assinatura, acesse https:\/\/infoleg-autenticidade-assinatura.camara.leg.br\/CD254570654700<br \/>\nAssinado eletronicamente pelo(a) Dep. Amom Mandel<br \/>\nApresenta\u00e7\u00e3o: 15\/07\/2025 19:08:44.160 &#8211; Mesa<br \/>\n*CD254570654700* PL n.3449\/2025<br \/>C\u00c2MARA DOS DEPUTADOS<br \/>\nGabinete do Deputado Federal AMOM MANDEL \u2013 CIDADANIA\/AM<br \/>\n(como f\u00e9rias, 13\u00ba sal\u00e1rio, horas extras e adicional noturno), jornadas extenuantes \u2014<br \/>\ninclusive noturnas \u2014, e at\u00e9 a submiss\u00e3o a condi\u00e7\u00f5es degradantes e de servid\u00e3o, o<br \/>\nque configura, conforme o artigo 149 do C\u00f3digo Penal Brasileiro, a redu\u00e7\u00e3o \u00e0<br \/>\ncondi\u00e7\u00e3o an\u00e1loga \u00e0 de escravo.<br \/>\nApesar da gravidade desses fatos, a realidade no estado do Amazonas \u00e9<br \/>\nainda mais preocupante. O territ\u00f3rio amaz\u00f4nico, com suas dimens\u00f5es continentais,<br \/>\nisolamento de comunidades e limita\u00e7\u00f5es log\u00edsticas, representa um desafio particular<br \/>\npara o acesso \u00e0 fiscaliza\u00e7\u00e3o do trabalho, principalmente em \u00e1reas de dif\u00edcil<br \/>\nnavega\u00e7\u00e3o ou com aus\u00eancia de estrutura institucional do Estado. At\u00e9 o momento,<br \/>\nsegundo registros oficiais, houve apenas um resgate formal de trabalhadora<br \/>\ndom\u00e9stica em condi\u00e7\u00e3o an\u00e1loga \u00e0 escravid\u00e3o em Manaus, realizado pelo Minist\u00e9rio<br \/>\ndo Trabalho e Emprego. Todavia, h\u00e1 ind\u00edcios fortes de que esse n\u00famero n\u00e3o reflete<br \/>\na realidade oculta nas resid\u00eancias privadas de todo o estado, protegidas por<br \/>\ngarantias constitucionais como a inviolabilidade do domic\u00edlio.<br \/>\nEssa dificuldade de acesso e inspe\u00e7\u00e3o favorece a impunidade e perpetua<br \/>\nsitua\u00e7\u00f5es de explora\u00e7\u00e3o extrema, nas quais trabalhadoras s\u00e3o for\u00e7adas a prestar<br \/>\nservi\u00e7os sem jornada definida, com remunera\u00e7\u00e3o simb\u00f3lica ou inexistente, sem<br \/>\nacesso a \u00e1gua pot\u00e1vel, alimenta\u00e7\u00e3o adequada, ou descanso, sendo muitas vezes<br \/>\nv\u00edtimas tamb\u00e9m de ass\u00e9dio moral ou sexual. O ambiente dom\u00e9stico, que deveria<br \/>\noferecer prote\u00e7\u00e3o e acolhimento, torna-se, em muitos casos, um espa\u00e7o de viol\u00eancia<br \/>\nsilenciosa e institucionalizada.<br \/>\nO trabalho dom\u00e9stico decente \u00e9 um direito, e n\u00e3o um favor. \u00c9 uma quest\u00e3o<br \/>\nde dignidade, justi\u00e7a e reconhecimento da contribui\u00e7\u00e3o fundamental dessas<br \/>\ntrabalhadoras \u00e0 sociedade brasileira. No caso do Amazonas, \u00e9 tamb\u00e9m uma<br \/>\nnecessidade urgente de combate \u00e0 invisibilidade e \u00e0 escravid\u00e3o contempor\u00e2nea,<br \/>\nque ainda persiste nas sombras de muitos lares.<br \/>\n___________________________________________________________________________<br \/>\nC\u00e2mara dos Deputados | Anexo IV Gabinete 760 | \u2013 CEP: 70160-900 \u2013<br \/>\nBras\u00edlia-DF<br \/>\nTel (61) 3215-5760 | dep.amommandel@camara.leg.br<br \/>\nPara verificar a assinatura, acesse https:\/\/infoleg-autenticidade-assinatura.camara.leg.br\/CD254570654700<br \/>\nAssinado eletronicamente pelo(a) Dep. Amom Mandel<br \/>\nApresenta\u00e7\u00e3o: 15\/07\/2025 19:08:44.160 &#8211; Mesa<br \/>\n*CD254570654700* PL n.3449\/2025<br \/>C\u00c2MARA DOS DEPUTADOS<br \/>\nGabinete do Deputado Federal AMOM MANDEL \u2013 CIDADANIA\/AM<br \/>\nPor essas raz\u00f5es, urge a aprova\u00e7\u00e3o desta proposta legislativa como<br \/>\ninstrumento de transforma\u00e7\u00e3o social, repara\u00e7\u00e3o hist\u00f3rica e promo\u00e7\u00e3o de uma<br \/>\nsociedade mais justa, onde o trabalho, em qualquer forma e em qualquer lugar, seja<br \/>\nrespeitado, protegido e valorizado.<br \/>\nSala das Sess\u00f5es, em        de                     de 2025.<br \/>\nDeputado AMOM MANDEL<br \/>\n___________________________________________________________________________<br \/>\nC\u00e2mara dos Deputados | Anexo IV Gabinete 760 | \u2013 CEP: 70160-900 \u2013<br \/>\nBras\u00edlia-DF<br \/>\nTel (61) 3215-5760 | dep.amommandel@camara.leg.br<br \/>\nPara verificar a assinatura, acesse https:\/\/infoleg-autenticidade-assinatura.camara.leg.br\/CD254570654700<br \/>\nAssinado eletronicamente pelo(a) Dep. Amom Mandel<br \/>\nApresenta\u00e7\u00e3o: 15\/07\/2025 19:08:44.160 &#8211; Mesa<br \/>\n*CD254570654700* PL n.3449\/2025<\/article>\n<p><a href='https:\/\/app.legislapp.com.br\/#\/busca?termo='><\/a><\/p>\n<div style=\"text-align: center\">\n      <img decoding=\"async\" style=\"width: 14%;\" src=\"https:\/\/www.legislapp.com.br\/wp-content\/uploads\/2021\/07\/Logo-Legislapp-1-03-1.png\"><br \/>\n      <\/p>\n<div style=\"margin-bottom: 20px;\" class=\"et_pb_button_module_wrapper et_pb_button_5_tb_body_wrapper et_pb_button_alignment_center et_pb_module \">\n         <a class=\"et_pb_button et_pb_button_5_tb_body et_hover_enabled et_pb_bg_layout_dark\" style=\"width: 50%;background-color: black;\" href=\"https:\/\/app.legislapp.com.br\" target=\"_blank\" rel=\"noopener\">Visualizar completo na nossa plataforma (30 dias gr\u00e1tis)<\/a><\/p><\/div>\n<p>      <a href=\"https:\/\/play.google.com\/store\/apps\/details?id=br.com.legislapp\"><img decoding=\"async\" style=\"width: 15%; min-width: 130px;\" src=\"https:\/\/www.legislapp.com.br\/wp-content\/uploads\/google-play.png\"><\/a><br \/>\n      <a href=\"https:\/\/apps.apple.com\/us\/app\/legislapp\/id1568929859\"><img decoding=\"async\" style=\"width: 15%; min-width: 130px\" src=\"https:\/\/www.legislapp.com.br\/wp-content\/uploads\/apple-store.png\"><\/a>\n   <\/div>\n","protected":false},"excerpt":{"rendered":"<p>Avulso Inicial &#8211; Autoria de Amom Mandel C\u00c2MARA DOS DEPUTADOS Gabinete do Deputado Federal AMOM MANDEL \u2013 CIDADANIA\/AM PROJETO DE LEI N\u00ba , DE 2025 (Do Sr. AMOM MANDEL) Disp\u00f5e sobre a valoriza\u00e7\u00e3o do trabalho dom\u00e9stico, institui medidas de combate \u00e0 informalidade e \u00e0 viola\u00e7\u00e3o de direitos trabalhistas e d\u00e1 outras provid\u00eancias. O Congresso Nacional [&hellip;]<\/p>\n","protected":false},"author":1,"featured_media":0,"parent":0,"menu_order":0,"comment_status":"closed","ping_status":"closed","template":"page-template-blank.php","meta":{"_et_pb_use_builder":"","_et_pb_old_content":"","_et_gb_content_width":"1080","ngg_post_thumbnail":0,"footnotes":""},"class_list":["post-9894","page","type-page","status-publish","hentry"],"yoast_head":"<!-- This site is optimized with the Yoast SEO plugin v24.4 - https:\/\/yoast.com\/wordpress\/plugins\/seo\/ -->\n<title>Avulso Inicial - PL 3449\/2025 - C\u00e2mara - Legislapp<\/title>\n<meta name=\"robots\" content=\"index, follow, max-snippet:-1, max-image-preview:large, max-video-preview:-1\" \/>\n<link rel=\"canonical\" href=\"https:\/\/www.legislapp.com.br\/index.php\/avulso-inicial-pl-3449-2025-camara\/\" \/>\n<meta property=\"og:locale\" content=\"pt_BR\" \/>\n<meta property=\"og:type\" content=\"article\" \/>\n<meta property=\"og:title\" content=\"Avulso Inicial - PL 3449\/2025 - C\u00e2mara - Legislapp\" \/>\n<meta property=\"og:description\" content=\"Avulso Inicial &#8211; Autoria de Amom Mandel C\u00c2MARA DOS DEPUTADOS Gabinete do Deputado Federal AMOM MANDEL \u2013 CIDADANIA\/AM PROJETO DE LEI N\u00ba , DE 2025 (Do Sr. AMOM MANDEL) Disp\u00f5e sobre a valoriza\u00e7\u00e3o do trabalho dom\u00e9stico, institui medidas de combate \u00e0 informalidade e \u00e0 viola\u00e7\u00e3o de direitos trabalhistas e d\u00e1 outras provid\u00eancias. O Congresso Nacional [&hellip;]\" \/>\n<meta property=\"og:url\" content=\"https:\/\/www.legislapp.com.br\/index.php\/avulso-inicial-pl-3449-2025-camara\/\" \/>\n<meta property=\"og:site_name\" content=\"Legislapp\" \/>\n<meta property=\"article:publisher\" content=\"https:\/\/www.instagram.com\/legislapp\/\" \/>\n<meta property=\"og:image\" content=\"https:\/\/www.legislapp.com.br\/wp-content\/uploads\/2021\/07\/Logo-Legislapp-1-03-1.png\" \/>\n<meta name=\"twitter:card\" content=\"summary_large_image\" \/>\n<meta name=\"twitter:label1\" content=\"Est. tempo de leitura\" \/>\n\t<meta name=\"twitter:data1\" content=\"7 minutos\" \/>\n<script type=\"application\/ld+json\" class=\"yoast-schema-graph\">{\"@context\":\"https:\/\/schema.org\",\"@graph\":[{\"@type\":\"WebPage\",\"@id\":\"https:\/\/www.legislapp.com.br\/index.php\/avulso-inicial-pl-3449-2025-camara\/\",\"url\":\"https:\/\/www.legislapp.com.br\/index.php\/avulso-inicial-pl-3449-2025-camara\/\",\"name\":\"Avulso Inicial - PL 3449\/2025 - C\u00e2mara - Legislapp\",\"isPartOf\":{\"@id\":\"https:\/\/www.legislapp.com.br\/#website\"},\"primaryImageOfPage\":{\"@id\":\"https:\/\/www.legislapp.com.br\/index.php\/avulso-inicial-pl-3449-2025-camara\/#primaryimage\"},\"image\":{\"@id\":\"https:\/\/www.legislapp.com.br\/index.php\/avulso-inicial-pl-3449-2025-camara\/#primaryimage\"},\"thumbnailUrl\":\"https:\/\/www.legislapp.com.br\/wp-content\/uploads\/2021\/07\/Logo-Legislapp-1-03-1.png\",\"datePublished\":\"2025-12-01T13:48:36+00:00\",\"breadcrumb\":{\"@id\":\"https:\/\/www.legislapp.com.br\/index.php\/avulso-inicial-pl-3449-2025-camara\/#breadcrumb\"},\"inLanguage\":\"pt-BR\",\"potentialAction\":[{\"@type\":\"ReadAction\",\"target\":[\"https:\/\/www.legislapp.com.br\/index.php\/avulso-inicial-pl-3449-2025-camara\/\"]}]},{\"@type\":\"ImageObject\",\"inLanguage\":\"pt-BR\",\"@id\":\"https:\/\/www.legislapp.com.br\/index.php\/avulso-inicial-pl-3449-2025-camara\/#primaryimage\",\"url\":\"https:\/\/www.legislapp.com.br\/wp-content\/uploads\/2021\/07\/Logo-Legislapp-1-03-1.png\",\"contentUrl\":\"https:\/\/www.legislapp.com.br\/wp-content\/uploads\/2021\/07\/Logo-Legislapp-1-03-1.png\",\"width\":2679,\"height\":2697},{\"@type\":\"BreadcrumbList\",\"@id\":\"https:\/\/www.legislapp.com.br\/index.php\/avulso-inicial-pl-3449-2025-camara\/#breadcrumb\",\"itemListElement\":[{\"@type\":\"ListItem\",\"position\":1,\"name\":\"In\u00edcio\",\"item\":\"https:\/\/www.legislapp.com.br\/\"},{\"@type\":\"ListItem\",\"position\":2,\"name\":\"Avulso Inicial &#8211; PL 3449\/2025 &#8211; C\u00e2mara\"}]},{\"@type\":\"WebSite\",\"@id\":\"https:\/\/www.legislapp.com.br\/#website\",\"url\":\"https:\/\/www.legislapp.com.br\/\",\"name\":\"Legislapp\",\"description\":\"Intelig\u00eancia governamental em tempo real\",\"publisher\":{\"@id\":\"https:\/\/www.legislapp.com.br\/#organization\"},\"potentialAction\":[{\"@type\":\"SearchAction\",\"target\":{\"@type\":\"EntryPoint\",\"urlTemplate\":\"https:\/\/www.legislapp.com.br\/?s={search_term_string}\"},\"query-input\":{\"@type\":\"PropertyValueSpecification\",\"valueRequired\":true,\"valueName\":\"search_term_string\"}}],\"inLanguage\":\"pt-BR\"},{\"@type\":\"Organization\",\"@id\":\"https:\/\/www.legislapp.com.br\/#organization\",\"name\":\"Legislapp Monitoramento e Intelig\u00eancia Governamental\",\"url\":\"https:\/\/www.legislapp.com.br\/\",\"logo\":{\"@type\":\"ImageObject\",\"inLanguage\":\"pt-BR\",\"@id\":\"https:\/\/www.legislapp.com.br\/#\/schema\/logo\/image\/\",\"url\":\"https:\/\/www.legislapp.com.br\/wp-content\/uploads\/icon.png\",\"contentUrl\":\"https:\/\/www.legislapp.com.br\/wp-content\/uploads\/icon.png\",\"width\":1024,\"height\":1024,\"caption\":\"Legislapp Monitoramento e Intelig\u00eancia Governamental\"},\"image\":{\"@id\":\"https:\/\/www.legislapp.com.br\/#\/schema\/logo\/image\/\"},\"sameAs\":[\"https:\/\/www.instagram.com\/legislapp\/\"]}]}<\/script>\n<!-- \/ Yoast SEO plugin. -->","yoast_head_json":{"title":"Avulso Inicial - PL 3449\/2025 - C\u00e2mara - Legislapp","robots":{"index":"index","follow":"follow","max-snippet":"max-snippet:-1","max-image-preview":"max-image-preview:large","max-video-preview":"max-video-preview:-1"},"canonical":"https:\/\/www.legislapp.com.br\/index.php\/avulso-inicial-pl-3449-2025-camara\/","og_locale":"pt_BR","og_type":"article","og_title":"Avulso Inicial - PL 3449\/2025 - C\u00e2mara - Legislapp","og_description":"Avulso Inicial &#8211; Autoria de Amom Mandel C\u00c2MARA DOS DEPUTADOS Gabinete do Deputado Federal AMOM MANDEL \u2013 CIDADANIA\/AM PROJETO DE LEI N\u00ba , DE 2025 (Do Sr. AMOM MANDEL) Disp\u00f5e sobre a valoriza\u00e7\u00e3o do trabalho dom\u00e9stico, institui medidas de combate \u00e0 informalidade e \u00e0 viola\u00e7\u00e3o de direitos trabalhistas e d\u00e1 outras provid\u00eancias. O Congresso Nacional [&hellip;]","og_url":"https:\/\/www.legislapp.com.br\/index.php\/avulso-inicial-pl-3449-2025-camara\/","og_site_name":"Legislapp","article_publisher":"https:\/\/www.instagram.com\/legislapp\/","og_image":[{"url":"https:\/\/www.legislapp.com.br\/wp-content\/uploads\/2021\/07\/Logo-Legislapp-1-03-1.png","type":"","width":"","height":""}],"twitter_card":"summary_large_image","twitter_misc":{"Est. tempo de leitura":"7 minutos"},"schema":{"@context":"https:\/\/schema.org","@graph":[{"@type":"WebPage","@id":"https:\/\/www.legislapp.com.br\/index.php\/avulso-inicial-pl-3449-2025-camara\/","url":"https:\/\/www.legislapp.com.br\/index.php\/avulso-inicial-pl-3449-2025-camara\/","name":"Avulso Inicial - PL 3449\/2025 - C\u00e2mara - Legislapp","isPartOf":{"@id":"https:\/\/www.legislapp.com.br\/#website"},"primaryImageOfPage":{"@id":"https:\/\/www.legislapp.com.br\/index.php\/avulso-inicial-pl-3449-2025-camara\/#primaryimage"},"image":{"@id":"https:\/\/www.legislapp.com.br\/index.php\/avulso-inicial-pl-3449-2025-camara\/#primaryimage"},"thumbnailUrl":"https:\/\/www.legislapp.com.br\/wp-content\/uploads\/2021\/07\/Logo-Legislapp-1-03-1.png","datePublished":"2025-12-01T13:48:36+00:00","breadcrumb":{"@id":"https:\/\/www.legislapp.com.br\/index.php\/avulso-inicial-pl-3449-2025-camara\/#breadcrumb"},"inLanguage":"pt-BR","potentialAction":[{"@type":"ReadAction","target":["https:\/\/www.legislapp.com.br\/index.php\/avulso-inicial-pl-3449-2025-camara\/"]}]},{"@type":"ImageObject","inLanguage":"pt-BR","@id":"https:\/\/www.legislapp.com.br\/index.php\/avulso-inicial-pl-3449-2025-camara\/#primaryimage","url":"https:\/\/www.legislapp.com.br\/wp-content\/uploads\/2021\/07\/Logo-Legislapp-1-03-1.png","contentUrl":"https:\/\/www.legislapp.com.br\/wp-content\/uploads\/2021\/07\/Logo-Legislapp-1-03-1.png","width":2679,"height":2697},{"@type":"BreadcrumbList","@id":"https:\/\/www.legislapp.com.br\/index.php\/avulso-inicial-pl-3449-2025-camara\/#breadcrumb","itemListElement":[{"@type":"ListItem","position":1,"name":"In\u00edcio","item":"https:\/\/www.legislapp.com.br\/"},{"@type":"ListItem","position":2,"name":"Avulso Inicial &#8211; PL 3449\/2025 &#8211; C\u00e2mara"}]},{"@type":"WebSite","@id":"https:\/\/www.legislapp.com.br\/#website","url":"https:\/\/www.legislapp.com.br\/","name":"Legislapp","description":"Intelig\u00eancia governamental em tempo real","publisher":{"@id":"https:\/\/www.legislapp.com.br\/#organization"},"potentialAction":[{"@type":"SearchAction","target":{"@type":"EntryPoint","urlTemplate":"https:\/\/www.legislapp.com.br\/?s={search_term_string}"},"query-input":{"@type":"PropertyValueSpecification","valueRequired":true,"valueName":"search_term_string"}}],"inLanguage":"pt-BR"},{"@type":"Organization","@id":"https:\/\/www.legislapp.com.br\/#organization","name":"Legislapp Monitoramento e Intelig\u00eancia Governamental","url":"https:\/\/www.legislapp.com.br\/","logo":{"@type":"ImageObject","inLanguage":"pt-BR","@id":"https:\/\/www.legislapp.com.br\/#\/schema\/logo\/image\/","url":"https:\/\/www.legislapp.com.br\/wp-content\/uploads\/icon.png","contentUrl":"https:\/\/www.legislapp.com.br\/wp-content\/uploads\/icon.png","width":1024,"height":1024,"caption":"Legislapp Monitoramento e Intelig\u00eancia Governamental"},"image":{"@id":"https:\/\/www.legislapp.com.br\/#\/schema\/logo\/image\/"},"sameAs":["https:\/\/www.instagram.com\/legislapp\/"]}]}},"_links":{"self":[{"href":"https:\/\/www.legislapp.com.br\/index.php\/wp-json\/wp\/v2\/pages\/9894","targetHints":{"allow":["GET"]}}],"collection":[{"href":"https:\/\/www.legislapp.com.br\/index.php\/wp-json\/wp\/v2\/pages"}],"about":[{"href":"https:\/\/www.legislapp.com.br\/index.php\/wp-json\/wp\/v2\/types\/page"}],"author":[{"embeddable":true,"href":"https:\/\/www.legislapp.com.br\/index.php\/wp-json\/wp\/v2\/users\/1"}],"replies":[{"embeddable":true,"href":"https:\/\/www.legislapp.com.br\/index.php\/wp-json\/wp\/v2\/comments?post=9894"}],"version-history":[{"count":0,"href":"https:\/\/www.legislapp.com.br\/index.php\/wp-json\/wp\/v2\/pages\/9894\/revisions"}],"wp:attachment":[{"href":"https:\/\/www.legislapp.com.br\/index.php\/wp-json\/wp\/v2\/media?parent=9894"}],"curies":[{"name":"wp","href":"https:\/\/api.w.org\/{rel}","templated":true}]}}