{"id":9921,"date":"2025-12-01T10:50:28","date_gmt":"2025-12-01T13:50:28","guid":{"rendered":"https:\/\/www.legislapp.com.br\/index.php\/avulso-inicial-pl-5046-2025-camara\/"},"modified":"2025-12-01T10:50:28","modified_gmt":"2025-12-01T13:50:28","slug":"avulso-inicial-pl-5046-2025-camara","status":"publish","type":"page","link":"https:\/\/www.legislapp.com.br\/index.php\/avulso-inicial-pl-5046-2025-camara\/","title":{"rendered":"Avulso Inicial &#8211; PL 5046\/2025 &#8211; C\u00e2mara"},"content":{"rendered":"<h1 style='text-align: center;'>Avulso Inicial &#8211; Autoria de Roberto Duarte<\/h3>\n<p><\/p>\n<article>PROJETO DE LEI N\u00ba        DE 2025<br \/>\n(Do Sr. ROBERTO DUARTE)<br \/>\nAltera a Lei n\u00ba 9.394, de 20 de dezembro de 1996 (Lei<br \/>\nde Diretrizes e Bases da Educa\u00e7\u00e3o Nacional), para<br \/>\ndispor sobre a implementa\u00e7\u00e3o da Educa\u00e7\u00e3o<br \/>\nFinanceira e para o Consumo como tema<br \/>\ncontempor\u00e2neo transversal nos curr\u00edculos do ensino<br \/>\nfundamental e do ensino m\u00e9dio.<br \/>\nO Congresso Nacional decreta:<br \/>\nArt. 1\u00ba O art. 26 da Lei n\u00ba 9.394, de 20 de dezembro de 1996 (Lei<br \/>\nde Diretrizes e Bases da Educa\u00e7\u00e3o Nacional), passa a vigorar acrescido do seguinte \u00a7<br \/>\n12:<br \/>\n&#8220;Art. 26&#8230;&#8230;&#8230;&#8230;&#8230;&#8230;&#8230;&#8230;&#8230;&#8230;&#8230;&#8230;&#8230;&#8230;&#8230;&#8230;&#8230;&#8230;&#8230;&#8230;&#8230;&#8230;&#8230;&#8230;&#8230;&#8230;&#8230;&#8230;&#8230;&#8230;&#8230;&#8230;&#8230;..<br \/>\n&#8230;&#8230;&#8230;&#8230;&#8230;&#8230;&#8230;&#8230;&#8230;&#8230;&#8230;&#8230;&#8230;&#8230;&#8230;&#8230;&#8230;&#8230;&#8230;&#8230;&#8230;&#8230;&#8230;&#8230;&#8230;&#8230;&#8230;&#8230;&#8230;&#8230;&#8230;&#8230;&#8230;&#8230;&#8230;&#8230;&#8230;..<br \/>\n\u00a7 12. A Educa\u00e7\u00e3o Financeira e para o Consumo ser\u00e1 implementada<br \/>\ncomo tema contempor\u00e2neo transversal nos curr\u00edculos do ensino<br \/>\nfundamental e do ensino m\u00e9dio, observadas as seguintes diretrizes:<br \/>\nI &#8211; os sistemas de ensino dever\u00e3o integrar a abordagem dos<br \/>\nconte\u00fados \u00e0s diversas disciplinas do curr\u00edculo, em conformidade com<br \/>\na Base Nacional Comum Curricular (BNCC), contemplando, no<br \/>\nm\u00ednimo, os seguintes eixos tem\u00e1ticos, adequados a cada etapa do<br \/>\ndesenvolvimento do aluno:<br \/>\na) planejamento financeiro pessoal e familiar e no\u00e7\u00f5es de<br \/>\nempreendedorismo;<br \/>\nPara verificar a assinatura, acesse https:\/\/infoleg-autenticidade-assinatura.camara.leg.br\/CD250376105200<br \/>\nAssinado eletronicamente pelo(a) Dep. Roberto Duarte<br \/>\nApresenta\u00e7\u00e3o: 08\/10\/2025 17:03:48.520 &#8211; Mesa<br \/>\n*CD250376105200* PL n.5046\/2025<br \/>b) poupan\u00e7a, investimento, mercado financeiro e no\u00e7\u00f5es de<br \/>\nprevid\u00eancia;<br \/>\nc) uso consciente do cr\u00e9dito, preven\u00e7\u00e3o e renegocia\u00e7\u00e3o de<br \/>\nendividamento;<br \/>\nd) direitos e deveres do consumidor, incluindo aspectos de<br \/>\nsustentabilidade e consumo respons\u00e1vel;<br \/>\ne) no\u00e7\u00f5es b\u00e1sicas sobre tributos, or\u00e7amento p\u00fablico e cidadania<br \/>\nfiscal; e<br \/>\nf) finan\u00e7as digitais, seguran\u00e7a de dados, privacidade e<br \/>\npreven\u00e7\u00e3o a golpes e fraudes cibern\u00e9ticas.<br \/>\nII &#8211; os sistemas de ensino dever\u00e3o promover a forma\u00e7\u00e3o<br \/>\ncontinuada e a capacita\u00e7\u00e3o dos professores, incluindo a<br \/>\ndisponibiliza\u00e7\u00e3o de materiais did\u00e1ticos e metodologias<br \/>\npedag\u00f3gicas, para o desenvolvimento eficaz da abordagem<br \/>\ninterdisciplinar do tema.<br \/>\nIII &#8211;  os sistemas de ensino poder\u00e3o estabelecer parcerias com<br \/>\norganiza\u00e7\u00f5es da sociedade civil, institui\u00e7\u00f5es de ensino superior,<br \/>\nentidades de classe e demais atores relevantes para a<br \/>\nelabora\u00e7\u00e3o de materiais did\u00e1ticos, a promo\u00e7\u00e3o de programas<br \/>\ncomplementares e o interc\u00e2mbio de boas pr\u00e1ticas na<br \/>\nimplementa\u00e7\u00e3o da Educa\u00e7\u00e3o Financeira e para o Consumo.&#8221;<br \/>\n(NR)<br \/>\nArt. 2\u00ba Os sistemas de ensino ter\u00e3o o prazo de 2 (dois) anos, a<br \/>\npartir da publica\u00e7\u00e3o desta Lei, para implementar as adapta\u00e7\u00f5es curriculares e de<br \/>\nforma\u00e7\u00e3o de professores necess\u00e1rias ao seu cumprimento.:<br \/>\nArt. 3\u00ba. Esta Lei entra em vigor na data de sua publica\u00e7\u00e3o.<br \/>\nPara verificar a assinatura, acesse https:\/\/infoleg-autenticidade-assinatura.camara.leg.br\/CD250376105200<br \/>\nAssinado eletronicamente pelo(a) Dep. Roberto Duarte<br \/>\nApresenta\u00e7\u00e3o: 08\/10\/2025 17:03:48.520 &#8211; Mesa<br \/>\n*CD250376105200* PL n.5046\/2025<br \/>JUSTIFICA\u00c7\u00c3O<br \/>\nA realidade socioecon\u00f4mica brasileira, caracterizada por elevados<br \/>\nn\u00edveis de endividamento familiar, baixa taxa de poupan\u00e7a e crescente exposi\u00e7\u00e3o da<br \/>\npopula\u00e7\u00e3o a golpes e fraudes no ambiente digital, revela uma lacuna cr\u00edtica na forma\u00e7\u00e3o<br \/>\ncidad\u00e3. Estudos e dados de \u00f3rg\u00e3os como o Banco Central, a Comiss\u00e3o de Valores<br \/>\nMobili\u00e1rios (CVM) e institui\u00e7\u00f5es de prote\u00e7\u00e3o ao cr\u00e9dito reiteram a urg\u00eancia de capacitar<br \/>\nos indiv\u00edduos para tomarem decis\u00f5es financeiras mais conscientes e respons\u00e1veis. A<br \/>\naus\u00eancia de uma base s\u00f3lida em educa\u00e7\u00e3o financeira e para o consumo desde a inf\u00e2ncia<br \/>\ne a adolesc\u00eancia perpetua um ciclo de vulnerabilidade econ\u00f4mica, comprometendo n\u00e3o<br \/>\napenas o bem-estar individual e familiar, mas tamb\u00e9m o desenvolvimento sustent\u00e1vel e a<br \/>\nredu\u00e7\u00e3o das desigualdades no pa\u00eds.<br \/>\nEste Projeto de Lei prop\u00f5e enfrentar esse desafio de forma<br \/>\nestruturada e eficaz, ao incluir a Educa\u00e7\u00e3o Financeira e para o Consumo como um tema<br \/>\ncontempor\u00e2neo transversal na educa\u00e7\u00e3o b\u00e1sica, focando nos ensinos fundamental e<br \/>\nm\u00e9dio. A escolha por essa abordagem, em conson\u00e2ncia com as diretrizes da Base<br \/>\nNacional Comum Curricular (BNCC), revela-se pedagogicamente mais rica do que a<br \/>\ncria\u00e7\u00e3o de uma nova disciplina. Ela permite que o tema seja explorado em seus m\u00faltiplos<br \/>\naspectos e integrado naturalmente aos diversos componentes curriculares,<br \/>\npotencializando o aprendizado e a aplicabilidade pr\u00e1tica, como, por exemplo:<br \/>\n\uf0d8 Na Matem\u00e1tica: ao calcular juros, porcentagens, proje\u00e7\u00f5es de<br \/>\ninvestimentos e or\u00e7amentos.<br \/>\n\uf0d8 Na Hist\u00f3ria: ao analisar planos econ\u00f4micos, crises financeiras,<br \/>\nprocessos inflacion\u00e1rios e a evolu\u00e7\u00e3o das rela\u00e7\u00f5es de consumo.<br \/>\n\uf0d8 Na Geografia: ao discutir a distribui\u00e7\u00e3o de recursos, desigualdades<br \/>\nsocioecon\u00f4micas e o impacto do consumo no meio ambiente.<br \/>\n\uf0d8 Na L\u00edngua Portuguesa: ao interpretar contratos, ap\u00f3lices de seguro,<br \/>\nnot\u00edcias econ\u00f4micas, publicidades e termos de uso de servi\u00e7os digitais.<br \/>\nPara verificar a assinatura, acesse https:\/\/infoleg-autenticidade-assinatura.camara.leg.br\/CD250376105200<br \/>\nAssinado eletronicamente pelo(a) Dep. Roberto Duarte<br \/>\nApresenta\u00e7\u00e3o: 08\/10\/2025 17:03:48.520 &#8211; Mesa<br \/>\n*CD250376105200* PL n.5046\/2025<br \/>\uf0d8 Nas Ci\u00eancias Humanas e Sociais Aplicadas: ao debater o<br \/>\nconsumismo, a sustentabilidade, a \u00e9tica nas rela\u00e7\u00f5es financeiras, o<br \/>\nimpacto social das decis\u00f5es econ\u00f4micas e a cidadania fiscal.<br \/>\nAo positivar na Lei de Diretrizes e Bases da Educa\u00e7\u00e3o Nacional a<br \/>\nobrigatoriedade desse tema, garantimos que a educa\u00e7\u00e3o financeira e para o consumo<br \/>\ndeixe de ser uma iniciativa pontual e passe a ser um componente curricular permanente e<br \/>\nintegrado em todo o territ\u00f3rio nacional. Os eixos tem\u00e1ticos propostos \u2014 desde o<br \/>\nplanejamento do or\u00e7amento pessoal e familiar, incluindo no\u00e7\u00f5es de empreendedorismo,<br \/>\nat\u00e9 a seguran\u00e7a em transa\u00e7\u00f5es digitais e a cidadania fiscal \u2014 foram pensados para<br \/>\nconstruir, de forma progressiva, as compet\u00eancias necess\u00e1rias para o exerc\u00edcio pleno da<br \/>\ncidadania econ\u00f4mica no s\u00e9culo XXI.<br \/>\nA previs\u00e3o de forma\u00e7\u00e3o continuada e capacita\u00e7\u00e3o para os<br \/>\nprofessores, com a disponibiliza\u00e7\u00e3o de materiais did\u00e1ticos e metodologias adequadas, \u00e9<br \/>\num pilar essencial para o sucesso da medida. Essa forma\u00e7\u00e3o assegurar\u00e1 que os<br \/>\neducadores se sintam preparados e amparados para trabalhar esses conte\u00fados de forma<br \/>\ninterdisciplinar e alinhada aos desafios contempor\u00e2neos.<br \/>\nA possibilidade de estabelecer parcerias com organiza\u00e7\u00f5es da<br \/>\nsociedade civil, institui\u00e7\u00f5es de ensino superior, entidades de classe e outros atores<br \/>\nrelevantes, conforme previsto no Art. 26, \u00a7 12, inciso III, \u00e9 fundamental para enriquecer a<br \/>\nimplementa\u00e7\u00e3o desta lei. Tais parcerias permitem a constru\u00e7\u00e3o colaborativa de materiais<br \/>\ndid\u00e1ticos inovadores, a promo\u00e7\u00e3o de programas complementares que atendam \u00e0s<br \/>\nnecessidades locais e regionais, e o interc\u00e2mbio de boas pr\u00e1ticas, maximizando a<br \/>\nefic\u00e1cia das a\u00e7\u00f5es e a dissemina\u00e7\u00e3o do conhecimento em educa\u00e7\u00e3o financeira e para o<br \/>\nconsumo.<br \/>\nInvestir na educa\u00e7\u00e3o financeira de nossas crian\u00e7as e jovens \u00e9 um<br \/>\ninvestimento estrat\u00e9gico no futuro do Brasil, alinhando-se a esfor\u00e7os de \u00f3rg\u00e3os<br \/>\nreguladores do sistema financeiro nacional na promo\u00e7\u00e3o de uma cultura de educa\u00e7\u00e3o<br \/>\nfinanceira. \u00c9 formar adultos capazes de tomar decis\u00f5es mais conscientes, de planejar<br \/>\nseu futuro, de empreender, de consumir de forma respons\u00e1vel e sustent\u00e1vel, e de<br \/>\nconstruir uma rela\u00e7\u00e3o mais saud\u00e1vel e segura com o dinheiro e o mercado.<br \/>\nPara verificar a assinatura, acesse https:\/\/infoleg-autenticidade-assinatura.camara.leg.br\/CD250376105200<br \/>\nAssinado eletronicamente pelo(a) Dep. Roberto Duarte<br \/>\nApresenta\u00e7\u00e3o: 08\/10\/2025 17:03:48.520 &#8211; Mesa<br \/>\n*CD250376105200* PL n.5046\/2025<br \/>Diante do exposto, e ciente da relev\u00e2ncia crucial desta mat\u00e9ria para<br \/>\no desenvolvimento social e econ\u00f4mico de nossa na\u00e7\u00e3o, conclamo os nobres Pares a<br \/>\naprovarem este importante Projeto de Lei.<br \/>\nSala das Sess\u00f5es, em          de                    de 2025<br \/>\nROBERTO DUARTE<br \/>\nDeputado Federal \u2013 REPUBLICANOS\/AC<br \/>\nPara verificar a assinatura, acesse https:\/\/infoleg-autenticidade-assinatura.camara.leg.br\/CD250376105200<br \/>\nAssinado eletronicamente pelo(a) Dep. Roberto Duarte<br \/>\nApresenta\u00e7\u00e3o: 08\/10\/2025 17:03:48.520 &#8211; Mesa<br \/>\n*CD250376105200* PL n.5046\/2025<\/article>\n<p><a href='https:\/\/app.legislapp.com.br\/#\/busca?termo='><\/a><\/p>\n<div style=\"text-align: center\">\n      <img decoding=\"async\" style=\"width: 14%;\" src=\"https:\/\/www.legislapp.com.br\/wp-content\/uploads\/2021\/07\/Logo-Legislapp-1-03-1.png\"><br \/>\n      <\/p>\n<div style=\"margin-bottom: 20px;\" class=\"et_pb_button_module_wrapper et_pb_button_5_tb_body_wrapper et_pb_button_alignment_center et_pb_module \">\n         <a class=\"et_pb_button et_pb_button_5_tb_body et_hover_enabled et_pb_bg_layout_dark\" style=\"width: 50%;background-color: black;\" href=\"https:\/\/app.legislapp.com.br\" target=\"_blank\" rel=\"noopener\">Visualizar completo na nossa plataforma (30 dias gr\u00e1tis)<\/a><\/p><\/div>\n<p>      <a href=\"https:\/\/play.google.com\/store\/apps\/details?id=br.com.legislapp\"><img decoding=\"async\" style=\"width: 15%; min-width: 130px;\" src=\"https:\/\/www.legislapp.com.br\/wp-content\/uploads\/google-play.png\"><\/a><br \/>\n      <a href=\"https:\/\/apps.apple.com\/us\/app\/legislapp\/id1568929859\"><img decoding=\"async\" style=\"width: 15%; min-width: 130px\" src=\"https:\/\/www.legislapp.com.br\/wp-content\/uploads\/apple-store.png\"><\/a>\n   <\/div>\n","protected":false},"excerpt":{"rendered":"<p>Avulso Inicial &#8211; Autoria de Roberto Duarte PROJETO DE LEI N\u00ba DE 2025 (Do Sr. ROBERTO DUARTE) Altera a Lei n\u00ba 9.394, de 20 de dezembro de 1996 (Lei de Diretrizes e Bases da Educa\u00e7\u00e3o Nacional), para dispor sobre a implementa\u00e7\u00e3o da Educa\u00e7\u00e3o Financeira e para o Consumo como tema contempor\u00e2neo transversal nos curr\u00edculos do [&hellip;]<\/p>\n","protected":false},"author":1,"featured_media":0,"parent":0,"menu_order":0,"comment_status":"closed","ping_status":"closed","template":"page-template-blank.php","meta":{"_et_pb_use_builder":"","_et_pb_old_content":"","_et_gb_content_width":"1080","ngg_post_thumbnail":0,"footnotes":""},"class_list":["post-9921","page","type-page","status-publish","hentry"],"yoast_head":"<!-- This site is optimized with the Yoast SEO plugin v24.4 - https:\/\/yoast.com\/wordpress\/plugins\/seo\/ -->\n<title>Avulso Inicial - PL 5046\/2025 - C\u00e2mara - Legislapp<\/title>\n<meta name=\"robots\" content=\"index, follow, max-snippet:-1, max-image-preview:large, max-video-preview:-1\" \/>\n<link rel=\"canonical\" href=\"https:\/\/www.legislapp.com.br\/index.php\/avulso-inicial-pl-5046-2025-camara\/\" \/>\n<meta property=\"og:locale\" content=\"pt_BR\" \/>\n<meta property=\"og:type\" content=\"article\" \/>\n<meta property=\"og:title\" content=\"Avulso Inicial - PL 5046\/2025 - C\u00e2mara - Legislapp\" \/>\n<meta property=\"og:description\" content=\"Avulso Inicial &#8211; Autoria de Roberto Duarte PROJETO DE LEI N\u00ba DE 2025 (Do Sr. ROBERTO DUARTE) Altera a Lei n\u00ba 9.394, de 20 de dezembro de 1996 (Lei de Diretrizes e Bases da Educa\u00e7\u00e3o Nacional), para dispor sobre a implementa\u00e7\u00e3o da Educa\u00e7\u00e3o Financeira e para o Consumo como tema contempor\u00e2neo transversal nos curr\u00edculos do [&hellip;]\" \/>\n<meta property=\"og:url\" content=\"https:\/\/www.legislapp.com.br\/index.php\/avulso-inicial-pl-5046-2025-camara\/\" \/>\n<meta property=\"og:site_name\" content=\"Legislapp\" \/>\n<meta property=\"article:publisher\" content=\"https:\/\/www.instagram.com\/legislapp\/\" \/>\n<meta property=\"og:image\" content=\"https:\/\/www.legislapp.com.br\/wp-content\/uploads\/2021\/07\/Logo-Legislapp-1-03-1.png\" \/>\n<meta name=\"twitter:card\" content=\"summary_large_image\" \/>\n<meta name=\"twitter:label1\" content=\"Est. tempo de leitura\" \/>\n\t<meta name=\"twitter:data1\" content=\"6 minutos\" \/>\n<script type=\"application\/ld+json\" class=\"yoast-schema-graph\">{\"@context\":\"https:\/\/schema.org\",\"@graph\":[{\"@type\":\"WebPage\",\"@id\":\"https:\/\/www.legislapp.com.br\/index.php\/avulso-inicial-pl-5046-2025-camara\/\",\"url\":\"https:\/\/www.legislapp.com.br\/index.php\/avulso-inicial-pl-5046-2025-camara\/\",\"name\":\"Avulso Inicial - PL 5046\/2025 - C\u00e2mara - Legislapp\",\"isPartOf\":{\"@id\":\"https:\/\/www.legislapp.com.br\/#website\"},\"primaryImageOfPage\":{\"@id\":\"https:\/\/www.legislapp.com.br\/index.php\/avulso-inicial-pl-5046-2025-camara\/#primaryimage\"},\"image\":{\"@id\":\"https:\/\/www.legislapp.com.br\/index.php\/avulso-inicial-pl-5046-2025-camara\/#primaryimage\"},\"thumbnailUrl\":\"https:\/\/www.legislapp.com.br\/wp-content\/uploads\/2021\/07\/Logo-Legislapp-1-03-1.png\",\"datePublished\":\"2025-12-01T13:50:28+00:00\",\"breadcrumb\":{\"@id\":\"https:\/\/www.legislapp.com.br\/index.php\/avulso-inicial-pl-5046-2025-camara\/#breadcrumb\"},\"inLanguage\":\"pt-BR\",\"potentialAction\":[{\"@type\":\"ReadAction\",\"target\":[\"https:\/\/www.legislapp.com.br\/index.php\/avulso-inicial-pl-5046-2025-camara\/\"]}]},{\"@type\":\"ImageObject\",\"inLanguage\":\"pt-BR\",\"@id\":\"https:\/\/www.legislapp.com.br\/index.php\/avulso-inicial-pl-5046-2025-camara\/#primaryimage\",\"url\":\"https:\/\/www.legislapp.com.br\/wp-content\/uploads\/2021\/07\/Logo-Legislapp-1-03-1.png\",\"contentUrl\":\"https:\/\/www.legislapp.com.br\/wp-content\/uploads\/2021\/07\/Logo-Legislapp-1-03-1.png\",\"width\":2679,\"height\":2697},{\"@type\":\"BreadcrumbList\",\"@id\":\"https:\/\/www.legislapp.com.br\/index.php\/avulso-inicial-pl-5046-2025-camara\/#breadcrumb\",\"itemListElement\":[{\"@type\":\"ListItem\",\"position\":1,\"name\":\"In\u00edcio\",\"item\":\"https:\/\/www.legislapp.com.br\/\"},{\"@type\":\"ListItem\",\"position\":2,\"name\":\"Avulso Inicial &#8211; PL 5046\/2025 &#8211; C\u00e2mara\"}]},{\"@type\":\"WebSite\",\"@id\":\"https:\/\/www.legislapp.com.br\/#website\",\"url\":\"https:\/\/www.legislapp.com.br\/\",\"name\":\"Legislapp\",\"description\":\"Intelig\u00eancia governamental em tempo real\",\"publisher\":{\"@id\":\"https:\/\/www.legislapp.com.br\/#organization\"},\"potentialAction\":[{\"@type\":\"SearchAction\",\"target\":{\"@type\":\"EntryPoint\",\"urlTemplate\":\"https:\/\/www.legislapp.com.br\/?s={search_term_string}\"},\"query-input\":{\"@type\":\"PropertyValueSpecification\",\"valueRequired\":true,\"valueName\":\"search_term_string\"}}],\"inLanguage\":\"pt-BR\"},{\"@type\":\"Organization\",\"@id\":\"https:\/\/www.legislapp.com.br\/#organization\",\"name\":\"Legislapp Monitoramento e Intelig\u00eancia Governamental\",\"url\":\"https:\/\/www.legislapp.com.br\/\",\"logo\":{\"@type\":\"ImageObject\",\"inLanguage\":\"pt-BR\",\"@id\":\"https:\/\/www.legislapp.com.br\/#\/schema\/logo\/image\/\",\"url\":\"https:\/\/www.legislapp.com.br\/wp-content\/uploads\/icon.png\",\"contentUrl\":\"https:\/\/www.legislapp.com.br\/wp-content\/uploads\/icon.png\",\"width\":1024,\"height\":1024,\"caption\":\"Legislapp Monitoramento e Intelig\u00eancia Governamental\"},\"image\":{\"@id\":\"https:\/\/www.legislapp.com.br\/#\/schema\/logo\/image\/\"},\"sameAs\":[\"https:\/\/www.instagram.com\/legislapp\/\"]}]}<\/script>\n<!-- \/ Yoast SEO plugin. -->","yoast_head_json":{"title":"Avulso Inicial - PL 5046\/2025 - C\u00e2mara - Legislapp","robots":{"index":"index","follow":"follow","max-snippet":"max-snippet:-1","max-image-preview":"max-image-preview:large","max-video-preview":"max-video-preview:-1"},"canonical":"https:\/\/www.legislapp.com.br\/index.php\/avulso-inicial-pl-5046-2025-camara\/","og_locale":"pt_BR","og_type":"article","og_title":"Avulso Inicial - PL 5046\/2025 - C\u00e2mara - Legislapp","og_description":"Avulso Inicial &#8211; Autoria de Roberto Duarte PROJETO DE LEI N\u00ba DE 2025 (Do Sr. ROBERTO DUARTE) Altera a Lei n\u00ba 9.394, de 20 de dezembro de 1996 (Lei de Diretrizes e Bases da Educa\u00e7\u00e3o Nacional), para dispor sobre a implementa\u00e7\u00e3o da Educa\u00e7\u00e3o Financeira e para o Consumo como tema contempor\u00e2neo transversal nos curr\u00edculos do [&hellip;]","og_url":"https:\/\/www.legislapp.com.br\/index.php\/avulso-inicial-pl-5046-2025-camara\/","og_site_name":"Legislapp","article_publisher":"https:\/\/www.instagram.com\/legislapp\/","og_image":[{"url":"https:\/\/www.legislapp.com.br\/wp-content\/uploads\/2021\/07\/Logo-Legislapp-1-03-1.png","type":"","width":"","height":""}],"twitter_card":"summary_large_image","twitter_misc":{"Est. tempo de leitura":"6 minutos"},"schema":{"@context":"https:\/\/schema.org","@graph":[{"@type":"WebPage","@id":"https:\/\/www.legislapp.com.br\/index.php\/avulso-inicial-pl-5046-2025-camara\/","url":"https:\/\/www.legislapp.com.br\/index.php\/avulso-inicial-pl-5046-2025-camara\/","name":"Avulso Inicial - PL 5046\/2025 - C\u00e2mara - Legislapp","isPartOf":{"@id":"https:\/\/www.legislapp.com.br\/#website"},"primaryImageOfPage":{"@id":"https:\/\/www.legislapp.com.br\/index.php\/avulso-inicial-pl-5046-2025-camara\/#primaryimage"},"image":{"@id":"https:\/\/www.legislapp.com.br\/index.php\/avulso-inicial-pl-5046-2025-camara\/#primaryimage"},"thumbnailUrl":"https:\/\/www.legislapp.com.br\/wp-content\/uploads\/2021\/07\/Logo-Legislapp-1-03-1.png","datePublished":"2025-12-01T13:50:28+00:00","breadcrumb":{"@id":"https:\/\/www.legislapp.com.br\/index.php\/avulso-inicial-pl-5046-2025-camara\/#breadcrumb"},"inLanguage":"pt-BR","potentialAction":[{"@type":"ReadAction","target":["https:\/\/www.legislapp.com.br\/index.php\/avulso-inicial-pl-5046-2025-camara\/"]}]},{"@type":"ImageObject","inLanguage":"pt-BR","@id":"https:\/\/www.legislapp.com.br\/index.php\/avulso-inicial-pl-5046-2025-camara\/#primaryimage","url":"https:\/\/www.legislapp.com.br\/wp-content\/uploads\/2021\/07\/Logo-Legislapp-1-03-1.png","contentUrl":"https:\/\/www.legislapp.com.br\/wp-content\/uploads\/2021\/07\/Logo-Legislapp-1-03-1.png","width":2679,"height":2697},{"@type":"BreadcrumbList","@id":"https:\/\/www.legislapp.com.br\/index.php\/avulso-inicial-pl-5046-2025-camara\/#breadcrumb","itemListElement":[{"@type":"ListItem","position":1,"name":"In\u00edcio","item":"https:\/\/www.legislapp.com.br\/"},{"@type":"ListItem","position":2,"name":"Avulso Inicial &#8211; PL 5046\/2025 &#8211; C\u00e2mara"}]},{"@type":"WebSite","@id":"https:\/\/www.legislapp.com.br\/#website","url":"https:\/\/www.legislapp.com.br\/","name":"Legislapp","description":"Intelig\u00eancia governamental em tempo real","publisher":{"@id":"https:\/\/www.legislapp.com.br\/#organization"},"potentialAction":[{"@type":"SearchAction","target":{"@type":"EntryPoint","urlTemplate":"https:\/\/www.legislapp.com.br\/?s={search_term_string}"},"query-input":{"@type":"PropertyValueSpecification","valueRequired":true,"valueName":"search_term_string"}}],"inLanguage":"pt-BR"},{"@type":"Organization","@id":"https:\/\/www.legislapp.com.br\/#organization","name":"Legislapp Monitoramento e Intelig\u00eancia Governamental","url":"https:\/\/www.legislapp.com.br\/","logo":{"@type":"ImageObject","inLanguage":"pt-BR","@id":"https:\/\/www.legislapp.com.br\/#\/schema\/logo\/image\/","url":"https:\/\/www.legislapp.com.br\/wp-content\/uploads\/icon.png","contentUrl":"https:\/\/www.legislapp.com.br\/wp-content\/uploads\/icon.png","width":1024,"height":1024,"caption":"Legislapp Monitoramento e Intelig\u00eancia Governamental"},"image":{"@id":"https:\/\/www.legislapp.com.br\/#\/schema\/logo\/image\/"},"sameAs":["https:\/\/www.instagram.com\/legislapp\/"]}]}},"_links":{"self":[{"href":"https:\/\/www.legislapp.com.br\/index.php\/wp-json\/wp\/v2\/pages\/9921","targetHints":{"allow":["GET"]}}],"collection":[{"href":"https:\/\/www.legislapp.com.br\/index.php\/wp-json\/wp\/v2\/pages"}],"about":[{"href":"https:\/\/www.legislapp.com.br\/index.php\/wp-json\/wp\/v2\/types\/page"}],"author":[{"embeddable":true,"href":"https:\/\/www.legislapp.com.br\/index.php\/wp-json\/wp\/v2\/users\/1"}],"replies":[{"embeddable":true,"href":"https:\/\/www.legislapp.com.br\/index.php\/wp-json\/wp\/v2\/comments?post=9921"}],"version-history":[{"count":0,"href":"https:\/\/www.legislapp.com.br\/index.php\/wp-json\/wp\/v2\/pages\/9921\/revisions"}],"wp:attachment":[{"href":"https:\/\/www.legislapp.com.br\/index.php\/wp-json\/wp\/v2\/media?parent=9921"}],"curies":[{"name":"wp","href":"https:\/\/api.w.org\/{rel}","templated":true}]}}