{"id":9964,"date":"2025-12-01T10:53:47","date_gmt":"2025-12-01T13:53:47","guid":{"rendered":"https:\/\/www.legislapp.com.br\/index.php\/avulso-inicial-pl-2798-2025-camara\/"},"modified":"2025-12-01T10:53:47","modified_gmt":"2025-12-01T13:53:47","slug":"avulso-inicial-pl-2798-2025-camara","status":"publish","type":"page","link":"https:\/\/www.legislapp.com.br\/index.php\/avulso-inicial-pl-2798-2025-camara\/","title":{"rendered":"Avulso Inicial &#8211; PL 2798\/2025 &#8211; C\u00e2mara"},"content":{"rendered":"<h1 style='text-align: center;'>Avulso Inicial &#8211; Autoria de Antonio Carlos Rodrigues<\/h3>\n<p><\/p>\n<article>PROJETO DE LEI N\u00ba          , DE 2025<br \/>\n(Do Sr. ANTONIO CARLOS RODRIGUES)<br \/>\nEstabelece nova data de refer\u00eancia<br \/>\npara a identifica\u00e7\u00e3o da ocupa\u00e7\u00e3o<br \/>\nconsolidada urbana e rural no \u00e2mbito da<br \/>\nregulariza\u00e7\u00e3o fundi\u00e1ria, de que trata a Lei n\u00ba<br \/>\n13.465, de 11 de julho de 2017, e d\u00e1 outras<br \/>\nprovid\u00eancias.<br \/>\nO Congresso Nacional decreta:<br \/>\nArt. 1\u00ba Esta Lei estabelece a data de 1\u00ba de agosto de 2022<br \/>\ncomo refer\u00eancia para fins de caracteriza\u00e7\u00e3o de ocupa\u00e7\u00e3o consolidada urbana e<br \/>\nrural, conforme os crit\u00e9rios da regulariza\u00e7\u00e3o fundi\u00e1ria previstos na Lei n\u00ba<br \/>\n13.465, de 11 de julho de 2017.<br \/>\nPar\u00e1grafo \u00fanico. A aplica\u00e7\u00e3o da regulariza\u00e7\u00e3o fundi\u00e1ria urbana<br \/>\ne rural com base na data referida no caput observar\u00e1 os par\u00e2metros e<br \/>\nrequisitos estabelecidos na legisla\u00e7\u00e3o espec\u00edfica, especialmente na Lei n\u00ba<br \/>\n13.465, de 11 de julho de 2017.<br \/>\nArt. 2\u00ba Esta Lei entra em vigor na data de sua publica\u00e7\u00e3o.<br \/>\nJUSTIFICA\u00c7\u00c3O<br \/>\nA presente proposta tem como objetivo definir, de forma<br \/>\nexpressa, uma nova data de refer\u00eancia para fins de identifica\u00e7\u00e3o de ocupa\u00e7\u00f5es<br \/>\nconsolidadas urbanas e rurais, nos termos da Lei n\u00ba 13.465, de 2017, que trata<br \/>\nda regulariza\u00e7\u00e3o fundi\u00e1ria. A defini\u00e7\u00e3o de marcos temporais claros e<br \/>\natualizados \u00e9 essencial para assegurar seguran\u00e7a jur\u00eddica e ampliar a<br \/>\nefetividade da pol\u00edtica p\u00fablica de regulariza\u00e7\u00e3o fundi\u00e1ria.<br \/>\nPara verificar a assinatura, acesse https:\/\/infoleg-autenticidade-assinatura.camara.leg.br\/CD252187546100<br \/>\nAssinado eletronicamente pelo(a) Dep. Antonio Carlos Rodrigues<br \/>\nApresenta\u00e7\u00e3o: 10\/06\/2025 19:04:01.147 &#8211; Mesa<br \/>\n*CD252187546100* PL n.2798\/2025<br \/>Dados do Censo Demogr\u00e1fico 2022, conduzido pelo Instituto<br \/>\nBrasileiro de Geografia e Estat\u00edstica (IBGE), revelam que o Brasil possui<br \/>\naproximadamente 5,6 milh\u00f5es de domic\u00edlios localizados em mais de 12 mil<br \/>\nfavelas e comunidades urbanas, onde vivem mais de 16 milh\u00f5es de brasileiras<br \/>\n1<br \/>\ne brasileiros . Esses n\u00fameros evidenciam a magnitude e a relev\u00e2ncia social da<br \/>\nregulariza\u00e7\u00e3o fundi\u00e1ria como instrumento de inclus\u00e3o e justi\u00e7a social.<br \/>\nAl\u00e9m disso, o Censo 2022 levantou coordenadas geogr\u00e1ficas<br \/>\n2<br \/>\nde mais de 90 milh\u00f5es de domic\u00edlios em todo o territ\u00f3rio nacional, oferecendo<br \/>\numa base cartogr\u00e1fica robusta e confi\u00e1vel para a identifica\u00e7\u00e3o precisa das<br \/>\n\u00e1reas ocupadas at\u00e9 1\u00ba de agosto de 2022. Tal precis\u00e3o t\u00e9cnica \u00e9 elemento<br \/>\nessencial para subsidiar a administra\u00e7\u00e3o p\u00fablica na implementa\u00e7\u00e3o da Reurb<br \/>\n(Regulariza\u00e7\u00e3o Fundi\u00e1ria Urbana) e demais instrumentos correlatos.<br \/>\nA defini\u00e7\u00e3o dessa nova data de refer\u00eancia promove o equil\u00edbrio<br \/>\nentre a prote\u00e7\u00e3o jur\u00eddica de ocupa\u00e7\u00f5es consolidadas e a observ\u00e2ncia das<br \/>\nnormas urban\u00edsticas e ambientais vigentes, harmonizando o direito \u00e0 moradia<br \/>\ncom o ordenamento territorial sustent\u00e1vel.<br \/>\n\u00c0 vista do exposto, contamos com o apoio dos Nobres Pares<br \/>\npara a aprova\u00e7\u00e3o desta iniciativa.<br \/>\nSala das Sess\u00f5es, em        de                     de 2025.<br \/>\nANTONIO CARLOS RODRIGUES<br \/>\nDeputado Federal \u2013 PL\/SP<br \/>\n1<br \/>\n IBGE. Censo Demogr\u00e1fico 2022 \u2013 Favelas e Comunidades Urbanas. Dispon\u00edvel em:<br \/>\nhttps:\/\/sidra.ibge.gov.br\/pesquisa\/censo-demografico\/demografico-2022\/universo-favelas-e-<br \/>\ncomunidades-urbanas.<br \/>\n2<br \/>\n IBGE. Censo Demogr\u00e1fico 2022 \u2013 Plataforma Geogr\u00e1fica Interativa (Domic\u00edlios). Dispon\u00edvel em: https:\/\/<br \/>\ncenso2022.ibge.gov.br\/apps\/pgi\/#\/home\/.<br \/>\nPara verificar a assinatura, acesse https:\/\/infoleg-autenticidade-assinatura.camara.leg.br\/CD252187546100<br \/>\nAssinado eletronicamente pelo(a) Dep. Antonio Carlos Rodrigues<br \/>\nApresenta\u00e7\u00e3o: 10\/06\/2025 19:04:01.147 &#8211; Mesa<br \/>\n*CD252187546100* PL n.2798\/2025<\/article>\n<p><a href='https:\/\/app.legislapp.com.br\/#\/busca?termo='><\/a><\/p>\n<div style=\"text-align: center\">\n      <img decoding=\"async\" style=\"width: 14%;\" src=\"https:\/\/www.legislapp.com.br\/wp-content\/uploads\/2021\/07\/Logo-Legislapp-1-03-1.png\"><br \/>\n      <\/p>\n<div style=\"margin-bottom: 20px;\" class=\"et_pb_button_module_wrapper et_pb_button_5_tb_body_wrapper et_pb_button_alignment_center et_pb_module \">\n         <a class=\"et_pb_button et_pb_button_5_tb_body et_hover_enabled et_pb_bg_layout_dark\" style=\"width: 50%;background-color: black;\" href=\"https:\/\/app.legislapp.com.br\" target=\"_blank\" rel=\"noopener\">Visualizar completo na nossa plataforma (30 dias gr\u00e1tis)<\/a><\/p><\/div>\n<p>      <a href=\"https:\/\/play.google.com\/store\/apps\/details?id=br.com.legislapp\"><img decoding=\"async\" style=\"width: 15%; min-width: 130px;\" src=\"https:\/\/www.legislapp.com.br\/wp-content\/uploads\/google-play.png\"><\/a><br \/>\n      <a href=\"https:\/\/apps.apple.com\/us\/app\/legislapp\/id1568929859\"><img decoding=\"async\" style=\"width: 15%; min-width: 130px\" src=\"https:\/\/www.legislapp.com.br\/wp-content\/uploads\/apple-store.png\"><\/a>\n   <\/div>\n","protected":false},"excerpt":{"rendered":"<p>Avulso Inicial &#8211; Autoria de Antonio Carlos Rodrigues PROJETO DE LEI N\u00ba , DE 2025 (Do Sr. ANTONIO CARLOS RODRIGUES) Estabelece nova data de refer\u00eancia para a identifica\u00e7\u00e3o da ocupa\u00e7\u00e3o consolidada urbana e rural no \u00e2mbito da regulariza\u00e7\u00e3o fundi\u00e1ria, de que trata a Lei n\u00ba 13.465, de 11 de julho de 2017, e d\u00e1 outras [&hellip;]<\/p>\n","protected":false},"author":1,"featured_media":0,"parent":0,"menu_order":0,"comment_status":"closed","ping_status":"closed","template":"page-template-blank.php","meta":{"_et_pb_use_builder":"","_et_pb_old_content":"","_et_gb_content_width":"1080","ngg_post_thumbnail":0,"footnotes":""},"class_list":["post-9964","page","type-page","status-publish","hentry"],"yoast_head":"<!-- This site is optimized with the Yoast SEO plugin v24.4 - https:\/\/yoast.com\/wordpress\/plugins\/seo\/ -->\n<title>Avulso Inicial - PL 2798\/2025 - C\u00e2mara - Legislapp<\/title>\n<meta name=\"robots\" content=\"index, follow, max-snippet:-1, max-image-preview:large, max-video-preview:-1\" \/>\n<link rel=\"canonical\" href=\"https:\/\/www.legislapp.com.br\/index.php\/avulso-inicial-pl-2798-2025-camara\/\" \/>\n<meta property=\"og:locale\" content=\"pt_BR\" \/>\n<meta property=\"og:type\" content=\"article\" \/>\n<meta property=\"og:title\" content=\"Avulso Inicial - PL 2798\/2025 - C\u00e2mara - Legislapp\" \/>\n<meta property=\"og:description\" content=\"Avulso Inicial &#8211; Autoria de Antonio Carlos Rodrigues PROJETO DE LEI N\u00ba , DE 2025 (Do Sr. ANTONIO CARLOS RODRIGUES) Estabelece nova data de refer\u00eancia para a identifica\u00e7\u00e3o da ocupa\u00e7\u00e3o consolidada urbana e rural no \u00e2mbito da regulariza\u00e7\u00e3o fundi\u00e1ria, de que trata a Lei n\u00ba 13.465, de 11 de julho de 2017, e d\u00e1 outras [&hellip;]\" \/>\n<meta property=\"og:url\" content=\"https:\/\/www.legislapp.com.br\/index.php\/avulso-inicial-pl-2798-2025-camara\/\" \/>\n<meta property=\"og:site_name\" content=\"Legislapp\" \/>\n<meta property=\"article:publisher\" content=\"https:\/\/www.instagram.com\/legislapp\/\" \/>\n<meta property=\"og:image\" content=\"https:\/\/www.legislapp.com.br\/wp-content\/uploads\/2021\/07\/Logo-Legislapp-1-03-1.png\" \/>\n<meta name=\"twitter:card\" content=\"summary_large_image\" \/>\n<meta name=\"twitter:label1\" content=\"Est. tempo de leitura\" \/>\n\t<meta name=\"twitter:data1\" content=\"3 minutos\" \/>\n<script type=\"application\/ld+json\" class=\"yoast-schema-graph\">{\"@context\":\"https:\/\/schema.org\",\"@graph\":[{\"@type\":\"WebPage\",\"@id\":\"https:\/\/www.legislapp.com.br\/index.php\/avulso-inicial-pl-2798-2025-camara\/\",\"url\":\"https:\/\/www.legislapp.com.br\/index.php\/avulso-inicial-pl-2798-2025-camara\/\",\"name\":\"Avulso Inicial - PL 2798\/2025 - C\u00e2mara - Legislapp\",\"isPartOf\":{\"@id\":\"https:\/\/www.legislapp.com.br\/#website\"},\"primaryImageOfPage\":{\"@id\":\"https:\/\/www.legislapp.com.br\/index.php\/avulso-inicial-pl-2798-2025-camara\/#primaryimage\"},\"image\":{\"@id\":\"https:\/\/www.legislapp.com.br\/index.php\/avulso-inicial-pl-2798-2025-camara\/#primaryimage\"},\"thumbnailUrl\":\"https:\/\/www.legislapp.com.br\/wp-content\/uploads\/2021\/07\/Logo-Legislapp-1-03-1.png\",\"datePublished\":\"2025-12-01T13:53:47+00:00\",\"breadcrumb\":{\"@id\":\"https:\/\/www.legislapp.com.br\/index.php\/avulso-inicial-pl-2798-2025-camara\/#breadcrumb\"},\"inLanguage\":\"pt-BR\",\"potentialAction\":[{\"@type\":\"ReadAction\",\"target\":[\"https:\/\/www.legislapp.com.br\/index.php\/avulso-inicial-pl-2798-2025-camara\/\"]}]},{\"@type\":\"ImageObject\",\"inLanguage\":\"pt-BR\",\"@id\":\"https:\/\/www.legislapp.com.br\/index.php\/avulso-inicial-pl-2798-2025-camara\/#primaryimage\",\"url\":\"https:\/\/www.legislapp.com.br\/wp-content\/uploads\/2021\/07\/Logo-Legislapp-1-03-1.png\",\"contentUrl\":\"https:\/\/www.legislapp.com.br\/wp-content\/uploads\/2021\/07\/Logo-Legislapp-1-03-1.png\",\"width\":2679,\"height\":2697},{\"@type\":\"BreadcrumbList\",\"@id\":\"https:\/\/www.legislapp.com.br\/index.php\/avulso-inicial-pl-2798-2025-camara\/#breadcrumb\",\"itemListElement\":[{\"@type\":\"ListItem\",\"position\":1,\"name\":\"In\u00edcio\",\"item\":\"https:\/\/www.legislapp.com.br\/\"},{\"@type\":\"ListItem\",\"position\":2,\"name\":\"Avulso Inicial &#8211; PL 2798\/2025 &#8211; C\u00e2mara\"}]},{\"@type\":\"WebSite\",\"@id\":\"https:\/\/www.legislapp.com.br\/#website\",\"url\":\"https:\/\/www.legislapp.com.br\/\",\"name\":\"Legislapp\",\"description\":\"Intelig\u00eancia governamental em tempo real\",\"publisher\":{\"@id\":\"https:\/\/www.legislapp.com.br\/#organization\"},\"potentialAction\":[{\"@type\":\"SearchAction\",\"target\":{\"@type\":\"EntryPoint\",\"urlTemplate\":\"https:\/\/www.legislapp.com.br\/?s={search_term_string}\"},\"query-input\":{\"@type\":\"PropertyValueSpecification\",\"valueRequired\":true,\"valueName\":\"search_term_string\"}}],\"inLanguage\":\"pt-BR\"},{\"@type\":\"Organization\",\"@id\":\"https:\/\/www.legislapp.com.br\/#organization\",\"name\":\"Legislapp Monitoramento e Intelig\u00eancia Governamental\",\"url\":\"https:\/\/www.legislapp.com.br\/\",\"logo\":{\"@type\":\"ImageObject\",\"inLanguage\":\"pt-BR\",\"@id\":\"https:\/\/www.legislapp.com.br\/#\/schema\/logo\/image\/\",\"url\":\"https:\/\/www.legislapp.com.br\/wp-content\/uploads\/icon.png\",\"contentUrl\":\"https:\/\/www.legislapp.com.br\/wp-content\/uploads\/icon.png\",\"width\":1024,\"height\":1024,\"caption\":\"Legislapp Monitoramento e Intelig\u00eancia Governamental\"},\"image\":{\"@id\":\"https:\/\/www.legislapp.com.br\/#\/schema\/logo\/image\/\"},\"sameAs\":[\"https:\/\/www.instagram.com\/legislapp\/\"]}]}<\/script>\n<!-- \/ Yoast SEO plugin. -->","yoast_head_json":{"title":"Avulso Inicial - PL 2798\/2025 - C\u00e2mara - Legislapp","robots":{"index":"index","follow":"follow","max-snippet":"max-snippet:-1","max-image-preview":"max-image-preview:large","max-video-preview":"max-video-preview:-1"},"canonical":"https:\/\/www.legislapp.com.br\/index.php\/avulso-inicial-pl-2798-2025-camara\/","og_locale":"pt_BR","og_type":"article","og_title":"Avulso Inicial - PL 2798\/2025 - C\u00e2mara - Legislapp","og_description":"Avulso Inicial &#8211; Autoria de Antonio Carlos Rodrigues PROJETO DE LEI N\u00ba , DE 2025 (Do Sr. ANTONIO CARLOS RODRIGUES) Estabelece nova data de refer\u00eancia para a identifica\u00e7\u00e3o da ocupa\u00e7\u00e3o consolidada urbana e rural no \u00e2mbito da regulariza\u00e7\u00e3o fundi\u00e1ria, de que trata a Lei n\u00ba 13.465, de 11 de julho de 2017, e d\u00e1 outras [&hellip;]","og_url":"https:\/\/www.legislapp.com.br\/index.php\/avulso-inicial-pl-2798-2025-camara\/","og_site_name":"Legislapp","article_publisher":"https:\/\/www.instagram.com\/legislapp\/","og_image":[{"url":"https:\/\/www.legislapp.com.br\/wp-content\/uploads\/2021\/07\/Logo-Legislapp-1-03-1.png","type":"","width":"","height":""}],"twitter_card":"summary_large_image","twitter_misc":{"Est. tempo de leitura":"3 minutos"},"schema":{"@context":"https:\/\/schema.org","@graph":[{"@type":"WebPage","@id":"https:\/\/www.legislapp.com.br\/index.php\/avulso-inicial-pl-2798-2025-camara\/","url":"https:\/\/www.legislapp.com.br\/index.php\/avulso-inicial-pl-2798-2025-camara\/","name":"Avulso Inicial - PL 2798\/2025 - C\u00e2mara - Legislapp","isPartOf":{"@id":"https:\/\/www.legislapp.com.br\/#website"},"primaryImageOfPage":{"@id":"https:\/\/www.legislapp.com.br\/index.php\/avulso-inicial-pl-2798-2025-camara\/#primaryimage"},"image":{"@id":"https:\/\/www.legislapp.com.br\/index.php\/avulso-inicial-pl-2798-2025-camara\/#primaryimage"},"thumbnailUrl":"https:\/\/www.legislapp.com.br\/wp-content\/uploads\/2021\/07\/Logo-Legislapp-1-03-1.png","datePublished":"2025-12-01T13:53:47+00:00","breadcrumb":{"@id":"https:\/\/www.legislapp.com.br\/index.php\/avulso-inicial-pl-2798-2025-camara\/#breadcrumb"},"inLanguage":"pt-BR","potentialAction":[{"@type":"ReadAction","target":["https:\/\/www.legislapp.com.br\/index.php\/avulso-inicial-pl-2798-2025-camara\/"]}]},{"@type":"ImageObject","inLanguage":"pt-BR","@id":"https:\/\/www.legislapp.com.br\/index.php\/avulso-inicial-pl-2798-2025-camara\/#primaryimage","url":"https:\/\/www.legislapp.com.br\/wp-content\/uploads\/2021\/07\/Logo-Legislapp-1-03-1.png","contentUrl":"https:\/\/www.legislapp.com.br\/wp-content\/uploads\/2021\/07\/Logo-Legislapp-1-03-1.png","width":2679,"height":2697},{"@type":"BreadcrumbList","@id":"https:\/\/www.legislapp.com.br\/index.php\/avulso-inicial-pl-2798-2025-camara\/#breadcrumb","itemListElement":[{"@type":"ListItem","position":1,"name":"In\u00edcio","item":"https:\/\/www.legislapp.com.br\/"},{"@type":"ListItem","position":2,"name":"Avulso Inicial &#8211; PL 2798\/2025 &#8211; C\u00e2mara"}]},{"@type":"WebSite","@id":"https:\/\/www.legislapp.com.br\/#website","url":"https:\/\/www.legislapp.com.br\/","name":"Legislapp","description":"Intelig\u00eancia governamental em tempo real","publisher":{"@id":"https:\/\/www.legislapp.com.br\/#organization"},"potentialAction":[{"@type":"SearchAction","target":{"@type":"EntryPoint","urlTemplate":"https:\/\/www.legislapp.com.br\/?s={search_term_string}"},"query-input":{"@type":"PropertyValueSpecification","valueRequired":true,"valueName":"search_term_string"}}],"inLanguage":"pt-BR"},{"@type":"Organization","@id":"https:\/\/www.legislapp.com.br\/#organization","name":"Legislapp Monitoramento e Intelig\u00eancia Governamental","url":"https:\/\/www.legislapp.com.br\/","logo":{"@type":"ImageObject","inLanguage":"pt-BR","@id":"https:\/\/www.legislapp.com.br\/#\/schema\/logo\/image\/","url":"https:\/\/www.legislapp.com.br\/wp-content\/uploads\/icon.png","contentUrl":"https:\/\/www.legislapp.com.br\/wp-content\/uploads\/icon.png","width":1024,"height":1024,"caption":"Legislapp Monitoramento e Intelig\u00eancia Governamental"},"image":{"@id":"https:\/\/www.legislapp.com.br\/#\/schema\/logo\/image\/"},"sameAs":["https:\/\/www.instagram.com\/legislapp\/"]}]}},"_links":{"self":[{"href":"https:\/\/www.legislapp.com.br\/index.php\/wp-json\/wp\/v2\/pages\/9964","targetHints":{"allow":["GET"]}}],"collection":[{"href":"https:\/\/www.legislapp.com.br\/index.php\/wp-json\/wp\/v2\/pages"}],"about":[{"href":"https:\/\/www.legislapp.com.br\/index.php\/wp-json\/wp\/v2\/types\/page"}],"author":[{"embeddable":true,"href":"https:\/\/www.legislapp.com.br\/index.php\/wp-json\/wp\/v2\/users\/1"}],"replies":[{"embeddable":true,"href":"https:\/\/www.legislapp.com.br\/index.php\/wp-json\/wp\/v2\/comments?post=9964"}],"version-history":[{"count":0,"href":"https:\/\/www.legislapp.com.br\/index.php\/wp-json\/wp\/v2\/pages\/9964\/revisions"}],"wp:attachment":[{"href":"https:\/\/www.legislapp.com.br\/index.php\/wp-json\/wp\/v2\/media?parent=9964"}],"curies":[{"name":"wp","href":"https:\/\/api.w.org\/{rel}","templated":true}]}}